CREATE TABLE `geo_paises` (
  `id` int(11) NOT NULL,
  `iso` smallint(6) DEFAULT NULL,
  `iso2` char(2) DEFAULT NULL,
  `iso3` char(3) DEFAULT NULL,
  `value` varchar(80) DEFAULT NULL,
  `estado` int(1) NOT NULL DEFAULT '0',
  `gastos_envio` decimal(10,2) NOT NULL DEFAULT '5.95',
  `zona` varchar(2) NOT NULL
) ENGINE=InnoDB DEFAULT CHARSET=latin1;

--
-- Volcado de datos para la tabla `geo_paises`
--

INSERT INTO `geo_paises` (`id`, `iso`, `iso2`, `iso3`, `value`, `estado`, `gastos_envio`, `zona`) VALUES
(1, 4, 'AF', 'AFG', 'Afganistán', 1, '5.95', 'Z3'),
(2, 248, 'AX', 'ALA', 'Islas Gland', 0, '5.95', 'Z1'),
(3, 8, 'AL', 'ALB', 'Albania', 0, '5.95', 'Z1'),
(4, 276, 'DE', 'DEU', 'Alemania', 0, '5.95', 'Z1'),
(5, 20, 'AD', 'AND', 'Andorra', 0, '5.95', 'Z2'),
(6, 24, 'AO', 'AGO', 'Angola', 0, '5.95', 'Z1'),
(7, 660, 'AI', 'AIA', 'Anguilla', 0, '5.95', 'Z1'),
(8, 10, 'AQ', 'ATA', 'Antártida', 0, '5.95', 'Z1'),
(9, 28, 'AG', 'ATG', 'Antigua y Barbuda', 0, '5.95', 'Z1'),
(10, 530, 'AN', 'ANT', 'Antillas Holandesas', 0, '5.95', 'Z1'),
(11, 682, 'SA', 'SAU', 'Arabia Saudí', 0, '5.95', 'Z1'),
(12, 12, 'DZ', 'DZA', 'Argelia', 0, '5.95', 'Z1'),
(13, 32, 'AR', 'ARG', 'Argentina', 0, '5.95', 'Z1'),
(14, 51, 'AM', 'ARM', 'Armenia', 0, '5.95', 'Z1'),
(15, 533, 'AW', 'ABW', 'Aruba', 0, '5.95', 'Z1'),
(16, 36, 'AU', 'AUS', 'Australia', 0, '5.95', 'Z1'),
(17, 40, 'AT', 'AUT', 'Austria', 0, '5.95', 'Z1'),
(18, 31, 'AZ', 'AZE', 'Azerbaiyán', 0, '5.95', 'Z1'),
(19, 44, 'BS', 'BHS', 'Bahamas', 0, '5.95', 'Z1'),
(20, 48, 'BH', 'BHR', 'Bahréin', 0, '5.95', 'Z1'),
(21, 50, 'BD', 'BGD', 'Bangladesh', 0, '5.95', 'Z1'),
(22, 52, 'BB', 'BRB', 'Barbados', 0, '5.95', 'Z1'),
(23, 112, 'BY', 'BLR', 'Bielorrusia', 0, '5.95', 'Z1'),
(24, 56, 'BE', 'BEL', 'Bélgica', 0, '5.95', 'Z1'),
(25, 84, 'BZ', 'BLZ', 'Belice', 0, '5.95', 'Z1'),
(26, 204, 'BJ', 'BEN', 'Benin', 0, '5.95', 'Z1'),
(27, 60, 'BM', 'BMU', 'Bermudas', 0, '5.95', 'Z1'),
(28, 64, 'BT', 'BTN', 'Bhután', 0, '5.95', 'Z1'),
(29, 68, 'BO', 'BOL', 'Bolivia', 0, '5.95', 'Z1'),
(30, 70, 'BA', 'BIH', 'Bosnia y Herzegovina', 0, '5.95', 'Z1'),
(31, 72, 'BW', 'BWA', 'Botsuana', 0, '5.95', 'Z1'),
(32, 74, 'BV', 'BVT', 'Isla Bouvet', 0, '5.95', 'Z1'),
(33, 76, 'BR', 'BRA', 'Brasil', 0, '5.95', 'Z1'),
(34, 96, 'BN', 'BRN', 'Brunéi', 0, '5.95', 'Z1'),
(35, 100, 'BG', 'BGR', 'Bulgaria', 0, '5.95', 'Z1'),
(36, 854, 'BF', 'BFA', 'Burkina Faso', 0, '5.95', 'Z1'),
(37, 108, 'BI', 'BDI', 'Burundi', 0, '5.95', 'Z1'),
(38, 132, 'CV', 'CPV', 'Cabo Verde', 0, '5.95', 'Z1'),
(39, 136, 'KY', 'CYM', 'Islas Caimán', 0, '5.95', 'Z1'),
(40, 116, 'KH', 'KHM', 'Camboya', 0, '5.95', 'Z1'),
(41, 120, 'CM', 'CMR', 'Camerún', 0, '5.95', 'Z1'),
(42, 124, 'CA', 'CAN', 'Canadá', 0, '5.95', 'Z1'),
(43, 140, 'CF', 'CAF', 'República Centroafricana', 0, '5.95', 'Z1'),
(44, 148, 'TD', 'TCD', 'Chad', 0, '5.95', 'Z1'),
(45, 203, 'CZ', 'CZE', 'República Checa', 0, '5.95', 'Z1'),
(46, 152, 'CL', 'CHL', 'Chile', 0, '5.95', 'Z1'),
(47, 156, 'CN', 'CHN', 'China', 0, '5.95', 'Z1'),
(48, 196, 'CY', 'CYP', 'Chipre', 0, '5.95', 'Z1'),
(49, 162, 'CX', 'CXR', 'Isla de Navidad', 0, '5.95', 'Z1'),
(50, 336, 'VA', 'VAT', 'Ciudad del Vaticano', 0, '5.95', 'Z1'),
(51, 166, 'CC', 'CCK', 'Islas Cocos', 0, '5.95', 'Z1'),
(52, 170, 'CO', 'COL', 'Colombia', 0, '5.95', 'Z1'),
(53, 174, 'KM', 'COM', 'Comoras', 0, '5.95', 'Z1'),
(54, 180, 'CD', 'COD', 'República Democrática del Congo', 0, '5.95', 'Z1'),
(55, 178, 'CG', 'COG', 'Congo', 0, '5.95', 'Z1'),
(56, 184, 'CK', 'COK', 'Islas Cook', 0, '5.95', 'Z1'),
(57, 408, 'KP', 'PRK', 'Corea del Norte', 0, '5.95', 'Z1'),
(58, 410, 'KR', 'KOR', 'Corea del Sur', 0, '5.95', 'Z1'),
(59, 384, 'CI', 'CIV', 'Costa de Marfil', 0, '5.95', 'Z1'),
(60, 188, 'CR', 'CRI', 'Costa Rica', 0, '5.95', 'Z1'),
(61, 191, 'HR', 'HRV', 'Croacia', 0, '5.95', 'Z1'),
(62, 192, 'CU', 'CUB', 'Cuba', 0, '5.95', 'Z1'),
(63, 208, 'DK', 'DNK', 'Dinamarca', 0, '5.95', 'Z1'),
(64, 212, 'DM', 'DMA', 'Dominica', 0, '5.95', 'Z1'),
(65, 214, 'DO', 'DOM', 'República Dominicana', 0, '5.95', 'Z1'),
(66, 218, 'EC', 'ECU', 'Ecuador', 0, '5.95', 'Z1'),
(67, 818, 'EG', 'EGY', 'Egipto', 0, '5.95', 'Z1'),
(68, 222, 'SV', 'SLV', 'El Salvador', 0, '5.95', 'Z1'),
(69, 784, 'AE', 'ARE', 'Emiratos Árabes Unidos', 0, '5.95', 'Z1'),
(70, 232, 'ER', 'ERI', 'Eritrea', 0, '5.95', 'Z1'),
(71, 703, 'SK', 'SVK', 'Eslovaquia', 0, '5.95', 'Z1'),
(72, 705, 'SI', 'SVN', 'Eslovenia', 0, '5.95', 'Z1'),
(73, 724, 'ES', 'ESP', 'España', 1, '5.95', 'Z1'),
(74, 581, 'UM', 'UMI', 'Islas ultramarinas de Estados Unidos', 0, '5.95', 'Z1'),
(75, 840, 'US', 'USA', 'Estados Unidos', 0, '5.95', 'Z1'),
(76, 233, 'EE', 'EST', 'Estonia', 0, '5.95', 'Z1'),
(77, 231, 'ET', 'ETH', 'Etiopía', 0, '5.95', 'Z1'),
(78, 234, 'FO', 'FRO', 'Islas Feroe', 0, '5.95', 'Z1'),
(79, 608, 'PH', 'PHL', 'Filipinas', 0, '5.95', 'Z1'),
(80, 246, 'FI', 'FIN', 'Finlandia', 0, '5.95', 'Z1'),
(81, 242, 'FJ', 'FJI', 'Fiyi', 0, '5.95', 'Z1'),
(82, 250, 'FR', 'FRA', 'Francia', 0, '5.95', 'Z2'),
(83, 266, 'GA', 'GAB', 'Gabón', 0, '5.95', 'Z1'),
(84, 270, 'GM', 'GMB', 'Gambia', 0, '5.95', 'Z1'),
(85, 268, 'GE', 'GEO', 'Georgia', 0, '5.95', 'Z1'),
(86, 239, 'GS', 'SGS', 'Islas Georgias del Sur y Sandwich del Sur', 0, '5.95', 'Z1'),
(87, 288, 'GH', 'GHA', 'Ghana', 0, '5.95', 'Z1'),
(88, 292, 'GI', 'GIB', 'Gibraltar', 0, '5.95', 'Z1'),
(89, 308, 'GD', 'GRD', 'Granada', 0, '5.95', 'Z1'),
(90, 300, 'GR', 'GRC', 'Grecia', 0, '5.95', 'Z1'),
(91, 304, 'GL', 'GRL', 'Groenlandia', 0, '5.95', 'Z1'),
(92, 312, 'GP', 'GLP', 'Guadalupe', 0, '5.95', 'Z1'),
(93, 316, 'GU', 'GUM', 'Guam', 0, '5.95', 'Z1'),
(94, 320, 'GT', 'GTM', 'Guatemala', 0, '5.95', 'Z1'),
(95, 254, 'GF', 'GUF', 'Guayana Francesa', 0, '5.95', 'Z1'),
(96, 324, 'GN', 'GIN', 'Guinea', 0, '5.95', 'Z1'),
(97, 226, 'GQ', 'GNQ', 'Guinea Ecuatorial', 0, '5.95', 'Z1'),
(98, 624, 'GW', 'GNB', 'Guinea-Bissau', 0, '5.95', 'Z1'),
(99, 328, 'GY', 'GUY', 'Guyana', 0, '5.95', 'Z1'),
(100, 332, 'HT', 'HTI', 'Haití', 0, '5.95', 'Z1'),
(101, 334, 'HM', 'HMD', 'Islas Heard y McDonald', 0, '5.95', 'Z1'),
(102, 340, 'HN', 'HND', 'Honduras', 0, '5.95', 'Z1'),
(103, 344, 'HK', 'HKG', 'Hong Kong', 0, '5.95', 'Z1'),
(104, 348, 'HU', 'HUN', 'Hungría', 0, '5.95', 'Z1'),
(105, 356, 'IN', 'IND', 'India', 0, '5.95', 'Z1'),
(106, 360, 'ID', 'IDN', 'Indonesia', 0, '5.95', 'Z1'),
(107, 364, 'IR', 'IRN', 'Irán', 0, '5.95', 'Z1'),
(108, 368, 'IQ', 'IRQ', 'Iraq', 0, '5.95', 'Z1'),
(109, 372, 'IE', 'IRL', 'Irlanda', 0, '5.95', 'Z1'),
(110, 352, 'IS', 'ISL', 'Islandia', 0, '5.95', 'Z1'),
(111, 376, 'IL', 'ISR', 'Israel', 0, '5.95', 'Z1'),
(112, 380, 'IT', 'ITA', 'Italia', 0, '5.95', 'Z1'),
(113, 388, 'JM', 'JAM', 'Jamaica', 0, '5.95', 'Z1'),
(114, 392, 'JP', 'JPN', 'Japón', 0, '5.95', 'Z1'),
(115, 400, 'JO', 'JOR', 'Jordania', 0, '5.95', 'Z1'),
(116, 398, 'KZ', 'KAZ', 'Kazajstán', 0, '5.95', 'Z1'),
(117, 404, 'KE', 'KEN', 'Kenia', 0, '5.95', 'Z1'),
(118, 417, 'KG', 'KGZ', 'Kirguistán', 0, '5.95', 'Z1'),
(119, 296, 'KI', 'KIR', 'Kiribati', 0, '5.95', 'Z1'),
(120, 414, 'KW', 'KWT', 'Kuwait', 0, '5.95', 'Z1'),
(121, 418, 'LA', 'LAO', 'Laos', 0, '5.95', 'Z1'),
(122, 426, 'LS', 'LSO', 'Lesotho', 0, '5.95', 'Z1'),
(123, 428, 'LV', 'LVA', 'Letonia', 0, '5.95', 'Z1'),
(124, 422, 'LB', 'LBN', 'Líbano', 0, '5.95', 'Z1'),
(125, 430, 'LR', 'LBR', 'Liberia', 0, '5.95', 'Z1'),
(126, 434, 'LY', 'LBY', 'Libia', 0, '5.95', 'Z1'),
(127, 438, 'LI', 'LIE', 'Liechtenstein', 0, '5.95', 'Z1'),
(128, 440, 'LT', 'LTU', 'Lituania', 0, '5.95', 'Z1'),
(129, 442, 'LU', 'LUX', 'Luxemburgo', 0, '5.95', 'Z1'),
(130, 446, 'MO', 'MAC', 'Macao', 0, '5.95', 'Z1'),
(131, 807, 'MK', 'MKD', 'ARY Macedonia', 0, '5.95', 'Z1'),
(132, 450, 'MG', 'MDG', 'Madagascar', 0, '5.95', 'Z1'),
(133, 458, 'MY', 'MYS', 'Malasia', 0, '5.95', 'Z1'),
(134, 454, 'MW', 'MWI', 'Malawi', 0, '5.95', 'Z1'),
(135, 462, 'MV', 'MDV', 'Maldivas', 0, '5.95', 'Z1'),
(136, 466, 'ML', 'MLI', 'Malí', 0, '5.95', 'Z1'),
(137, 470, 'MT', 'MLT', 'Malta', 0, '5.95', 'Z1'),
(138, 238, 'FK', 'FLK', 'Islas Malvinas', 0, '5.95', 'Z1'),
(139, 580, 'MP', 'MNP', 'Islas Marianas del Norte', 0, '5.95', 'Z1'),
(140, 504, 'MA', 'MAR', 'Marruecos', 0, '5.95', 'Z1'),
(141, 584, 'MH', 'MHL', 'Islas Marshall', 0, '5.95', 'Z1'),
(142, 474, 'MQ', 'MTQ', 'Martinica', 0, '5.95', 'Z1'),
(143, 480, 'MU', 'MUS', 'Mauricio', 0, '5.95', 'Z1'),
(144, 478, 'MR', 'MRT', 'Mauritania', 0, '5.95', 'Z1'),
(145, 175, 'YT', 'MYT', 'Mayotte', 0, '5.95', 'Z1'),
(146, 484, 'MX', 'MEX', 'México', 0, '5.95', 'Z1'),
(147, 583, 'FM', 'FSM', 'Micronesia', 0, '5.95', 'Z1'),
(148, 498, 'MD', 'MDA', 'Moldavia', 0, '5.95', 'Z1'),
(149, 492, 'MC', 'MCO', 'Mónaco', 0, '5.95', 'Z1'),
(150, 496, 'MN', 'MNG', 'Mongolia', 0, '5.95', 'Z1'),
(151, 500, 'MS', 'MSR', 'Montserrat', 0, '5.95', 'Z1'),
(152, 508, 'MZ', 'MOZ', 'Mozambique', 0, '5.95', 'Z1'),
(153, 104, 'MM', 'MMR', 'Myanmar', 0, '5.95', 'Z1'),
(154, 516, 'NA', 'NAM', 'Namibia', 0, '5.95', 'Z1'),
(155, 520, 'NR', 'NRU', 'Nauru', 0, '5.95', 'Z1'),
(156, 524, 'NP', 'NPL', 'Nepal', 0, '5.95', 'Z1'),
(157, 558, 'NI', 'NIC', 'Nicaragua', 0, '5.95', 'Z1'),
(158, 562, 'NE', 'NER', 'Níger', 0, '5.95', 'Z1'),
(159, 566, 'NG', 'NGA', 'Nigeria', 0, '5.95', 'Z1'),
(160, 570, 'NU', 'NIU', 'Niue', 0, '5.95', 'Z1'),
(161, 574, 'NF', 'NFK', 'Isla Norfolk', 0, '5.95', 'Z1'),
(162, 578, 'NO', 'NOR', 'Noruega', 0, '5.95', 'Z1'),
(163, 540, 'NC', 'NCL', 'Nueva Caledonia', 0, '5.95', 'Z1'),
(164, 554, 'NZ', 'NZL', 'Nueva Zelanda', 0, '5.95', 'Z1'),
(165, 512, 'OM', 'OMN', 'Omán', 0, '5.95', 'Z1'),
(166, 528, 'NL', 'NLD', 'Países Bajos', 0, '5.95', 'Z1'),
(167, 586, 'PK', 'PAK', 'Pakistán', 0, '5.95', 'Z1'),
(168, 585, 'PW', 'PLW', 'Palau', 0, '5.95', 'Z1'),
(169, 275, 'PS', 'PSE', 'Palestina', 0, '5.95', 'Z1'),
(170, 591, 'PA', 'PAN', 'Panamá', 0, '5.95', 'Z1'),
(171, 598, 'PG', 'PNG', 'Papúa Nueva Guinea', 0, '5.95', 'Z1'),
(172, 600, 'PY', 'PRY', 'Paraguay', 0, '5.95', 'Z1'),
(173, 604, 'PE', 'PER', 'Perú', 0, '5.95', 'Z1'),
(174, 612, 'PN', 'PCN', 'Islas Pitcairn', 0, '5.95', 'Z1'),
(175, 258, 'PF', 'PYF', 'Polinesia Francesa', 0, '5.95', 'Z1'),
(176, 616, 'PL', 'POL', 'Polonia', 0, '5.95', 'Z1'),
(177, 620, 'PT', 'PRT', 'Portugal', 0, '5.95', 'Z2'),
(178, 630, 'PR', 'PRI', 'Puerto Rico', 0, '5.95', 'Z1'),
(179, 634, 'QA', 'QAT', 'Qatar', 0, '5.95', 'Z1'),
(180, 826, 'GB', 'GBR', 'Reino Unido', 0, '5.95', 'Z1'),
(181, 638, 'RE', 'REU', 'Reunión', 0, '5.95', 'Z1'),
(182, 646, 'RW', 'RWA', 'Ruanda', 0, '5.95', 'Z1'),
(183, 642, 'RO', 'ROU', 'Rumania', 0, '5.95', 'Z1'),
(184, 643, 'RU', 'RUS', 'Rusia', 0, '5.95', 'Z1'),
(185, 732, 'EH', 'ESH', 'Sahara Occidental', 0, '5.95', 'Z1'),
(186, 90, 'SB', 'SLB', 'Islas Salomón', 0, '5.95', 'Z1'),
(187, 882, 'WS', 'WSM', 'Samoa', 0, '5.95', 'Z1'),
(188, 16, 'AS', 'ASM', 'Samoa Americana', 0, '5.95', 'Z1'),
(189, 659, 'KN', 'KNA', 'San Cristóbal y Nevis', 0, '5.95', 'Z1'),
(190, 674, 'SM', 'SMR', 'San Marino', 0, '5.95', 'Z1'),
(191, 666, 'PM', 'SPM', 'San Pedro y Miquelón', 0, '5.95', 'Z1'),
(192, 670, 'VC', 'VCT', 'San Vicente y las Granadinas', 0, '5.95', 'Z1'),
(193, 654, 'SH', 'SHN', 'Santa Helena', 0, '5.95', 'Z1'),
(194, 662, 'LC', 'LCA', 'Santa Lucía', 0, '5.95', 'Z1'),
(195, 678, 'ST', 'STP', 'Santo Tomé y Príncipe', 0, '5.95', 'Z1'),
(196, 686, 'SN', 'SEN', 'Senegal', 0, '5.95', 'Z1'),
(197, 891, 'CS', 'SCG', 'Serbia y Montenegro', 0, '5.95', 'Z1'),
(198, 690, 'SC', 'SYC', 'Seychelles', 0, '5.95', 'Z1'),
(199, 694, 'SL', 'SLE', 'Sierra Leona', 0, '5.95', 'Z1'),
(200, 702, 'SG', 'SGP', 'Singapur', 0, '5.95', 'Z1'),
(201, 760, 'SY', 'SYR', 'Siria', 0, '5.95', 'Z1'),
(202, 706, 'SO', 'SOM', 'Somalia', 0, '5.95', 'Z1'),
(203, 144, 'LK', 'LKA', 'Sri Lanka', 0, '5.95', 'Z1'),
(204, 748, 'SZ', 'SWZ', 'Suazilandia', 0, '5.95', 'Z1'),
(205, 710, 'ZA', 'ZAF', 'Sudáfrica', 0, '5.95', 'Z1'),
(206, 736, 'SD', 'SDN', 'Sudán', 0, '5.95', 'Z1'),
(207, 752, 'SE', 'SWE', 'Suecia', 0, '5.95', 'Z1'),
(208, 756, 'CH', 'CHE', 'Suiza', 0, '5.95', 'Z1'),
(209, 740, 'SR', 'SUR', 'Surinam', 0, '5.95', 'Z1'),
(210, 744, 'SJ', 'SJM', 'Svalbard y Jan Mayen', 0, '5.95', 'Z1'),
(211, 764, 'TH', 'THA', 'Tailandia', 0, '5.95', 'Z1'),
(212, 158, 'TW', 'TWN', 'Taiwán', 0, '5.95', 'Z1'),
(213, 834, 'TZ', 'TZA', 'Tanzania', 0, '5.95', 'Z1'),
(214, 762, 'TJ', 'TJK', 'Tayikistán', 0, '5.95', 'Z1'),
(215, 86, 'IO', 'IOT', 'Territorio Británico del Océano Índico', 0, '5.95', 'Z1'),
(216, 260, 'TF', 'ATF', 'Territorios Australes Franceses', 0, '5.95', 'Z1'),
(217, 626, 'TL', 'TLS', 'Timor Oriental', 0, '5.95', 'Z1'),
(218, 768, 'TG', 'TGO', 'Togo', 0, '5.95', 'Z1'),
(219, 772, 'TK', 'TKL', 'Tokelau', 0, '5.95', 'Z1'),
(220, 776, 'TO', 'TON', 'Tonga', 0, '5.95', 'Z1'),
(221, 780, 'TT', 'TTO', 'Trinidad y Tobago', 0, '5.95', 'Z1'),
(222, 788, 'TN', 'TUN', 'Túnez', 0, '5.95', 'Z1'),
(223, 796, 'TC', 'TCA', 'Islas Turcas y Caicos', 0, '5.95', 'Z1'),
(224, 795, 'TM', 'TKM', 'Turkmenistán', 0, '5.95', 'Z1'),
(225, 792, 'TR', 'TUR', 'Turquía', 0, '5.95', 'Z1'),
(226, 798, 'TV', 'TUV', 'Tuvalu', 0, '5.95', 'Z1'),
(227, 804, 'UA', 'UKR', 'Ucrania', 0, '5.95', 'Z1'),
(228, 800, 'UG', 'UGA', 'Uganda', 0, '5.95', 'Z1'),
(229, 858, 'UY', 'URY', 'Uruguay', 0, '5.95', 'Z1'),
(230, 860, 'UZ', 'UZB', 'Uzbekistán', 0, '5.95', 'Z1'),
(231, 548, 'VU', 'VUT', 'Vanuatu', 0, '5.95', 'Z1'),
(232, 862, 'VE', 'VEN', 'Venezuela', 0, '5.95', 'Z1'),
(233, 704, 'VN', 'VNM', 'Vietnam', 0, '5.95', 'Z1'),
(234, 92, 'VG', 'VGB', 'Islas Vírgenes Británicas', 0, '5.95', 'Z1'),
(235, 850, 'VI', 'VIR', 'Islas Vírgenes de los Estados Unidos', 0, '5.95', 'Z1'),
(236, 876, 'WF', 'WLF', 'Wallis y Futuna', 0, '5.95', 'Z1'),
(237, 887, 'YE', 'YEM', 'Yemen', 0, '5.95', 'Z1'),
(238, 262, 'DJ', 'DJI', 'Yibuti', 0, '5.95', 'Z1'),
(239, 894, 'ZM', 'ZMB', 'Zambia', 0, '5.95', 'Z1'),
(240, 716, 'ZW', 'ZWE', 'Zimbabue', 0, '5.95', 'Z1');

-- --------------------------------------------------------

--
-- Estructura de tabla para la tabla `geo_provincias`
--

CREATE TABLE `geo_provincias` (
  `id` int(2) NOT NULL,
  `value` varchar(255) CHARACTER SET latin1 COLLATE latin1_spanish_ci NOT NULL,
  `lang` varchar(2) CHARACTER SET latin1 COLLATE latin1_spanish_ci NOT NULL,
  `gastos_envio` decimal(10,2) NOT NULL,
  `estado` int(1) NOT NULL DEFAULT '1',
  `zona` varchar(2) NOT NULL
) ENGINE=MyISAM DEFAULT CHARSET=utf8;

--
-- Volcado de datos para la tabla `geo_provincias`
--

INSERT INTO `geo_provincias` (`id`, `value`, `lang`, `gastos_envio`, `estado`, `zona`) VALUES
(1, 'Alaba', 'es', '4.95', 1, 'R'),
(2, 'Albacete', 'es', '5.95', 1, 'PE'),
(3, 'Alicante', 'es', '5.95', 1, 'PE'),
(4, 'Almería', 'es', '5.95', 1, 'PE'),
(5, 'Ávila', 'es', '5.95', 1, 'PE'),
(6, 'Badajoz', 'es', '5.95', 1, 'PE'),
(7, 'Baleares (Illes)', 'es', '5.95', 1, 'PE'),
(8, 'Barcelona', 'es', '5.95', 1, 'PE'),
(9, 'Burgos', 'es', '4.95', 1, 'R'),
(10, 'Cáceres', 'es', '5.95', 1, 'PE'),
(11, 'Cádiz', 'es', '5.95', 1, 'PE'),
(12, 'Castellón', 'es', '5.95', 1, 'PE'),
(13, 'Ciudad Real', 'es', '5.95', 1, 'PE'),
(14, 'Córdoba', 'es', '5.95', 1, 'PE'),
(15, 'A Coruña', 'es', '5.95', 1, 'PE'),
(16, 'Cuenca', 'es', '5.95', 1, 'PE'),
(17, 'Girona', 'es', '5.95', 1, 'PE'),
(18, 'Granada', 'es', '5.95', 1, 'PE'),
(19, 'Guadalajara', 'es', '5.95', 1, 'PE'),
(20, 'Gipuzkoa', 'es', '3.95', 1, 'PR'),
(21, 'Huelva', 'es', '5.95', 1, 'PE'),
(22, 'Huesca', 'es', '5.95', 1, 'PE'),
(23, 'Jaén', 'es', '5.95', 1, 'PE'),
(24, 'León', 'es', '5.95', 1, 'PE'),
(25, 'Lleida', 'es', '5.95', 1, 'PE'),
(26, 'La Rioja', 'es', '4.95', 1, 'R'),
(27, 'Lugo', 'es', '5.95', 1, 'PE'),
(28, 'Madrid', 'es', '5.95', 1, 'PE'),
(29, 'Málaga', 'es', '5.95', 1, 'PE'),
(30, 'Murcia', 'es', '5.95', 1, 'PE'),
(31, 'Navarra', 'es', '4.95', 1, 'R'),
(32, 'Ourense', 'es', '5.95', 1, 'PE'),
(33, 'Asturias', 'es', '5.95', 1, 'PE'),
(34, 'Palencia', 'es', '5.95', 1, 'PE'),
(35, 'Las Palmas', 'es', '5.95', 1, 'PE'),
(36, 'Pontevedra', 'es', '5.95', 1, 'PE'),
(37, 'Salamanca', 'es', '5.95', 1, 'PE'),
(38, 'Santa Cruz de Tenerife', 'es', '5.95', 1, 'PE'),
(39, 'Cantabria', 'es', '4.95', 1, 'R'),
(40, 'Segovia', 'es', '5.95', 1, 'PE'),
(41, 'Sevilla', 'es', '5.95', 1, 'PE'),
(42, 'Soria', 'es', '5.95', 1, 'PE'),
(43, 'Tarragona', 'es', '5.95', 1, 'PE'),
(44, 'Teruel', 'es', '5.95', 1, 'PE'),
(45, 'Toledo', 'es', '5.95', 1, 'PE'),
(46, 'Valencia', 'es', '5.95', 1, 'PE'),
(47, 'Valladolid', 'es', '5.95', 1, 'PE'),
(48, 'Bizkaia', 'es', '4.95', 1, 'R'),
(49, 'Zamora', 'es', '5.95', 1, 'PE'),
(50, 'Zaragoza', 'es', '5.95', 1, 'PE'),
(51, 'Ceuta', 'es', '5.95', 1, 'PE'),
(52, 'Melilla', 'es', '5.95', 1, 'PE');

-- --------------------------------------------------------

--
-- Estructura de tabla para la tabla `ips`
--

CREATE TABLE `ips` (
  `id` int(2) NOT NULL,
  `ip` text NOT NULL,
  `puerto` int(11) NOT NULL,
  `tipo` int(1) NOT NULL DEFAULT '1',
  `estado` int(1) NOT NULL DEFAULT '1'
) ENGINE=InnoDB DEFAULT CHARSET=utf8;

--
-- Volcado de datos para la tabla `ips`
--

INSERT INTO `ips` (`id`, `ip`, `puerto`, `tipo`, `estado`) VALUES
(1, '192.168.0.66', 80, 1, 1);

-- --------------------------------------------------------

--
-- Estructura de tabla para la tabla `jor_jornadas`
--

CREATE TABLE `jor_jornadas` (
  `id` int(10) NOT NULL,
  `referencia` varchar(255) NOT NULL,
  `creation_date` date NOT NULL,
  `modification_date` date NOT NULL,
  `fecha_descarga` date NOT NULL,
  `id_user` int(10) NOT NULL,
  `kg_estimados` decimal(15,2) NOT NULL,
  `kg_reales` decimal(15,2) DEFAULT NULL,
  `kg_merma` decimal(15,2) DEFAULT NULL,
  `mareas` int(11) NOT NULL DEFAULT '1',
  `mareas_activas` int(3) NOT NULL,
  `lotes` int(11) NOT NULL DEFAULT '0',
  `cajas` int(11) NOT NULL DEFAULT '0',
  `estado` int(1) NOT NULL DEFAULT '1'
) ENGINE=InnoDB DEFAULT CHARSET=utf8;

-- --------------------------------------------------------

--
-- Estructura de tabla para la tabla `languages`
--

CREATE TABLE `languages` (
  `id` int(3) NOT NULL,
  `code` varchar(2) NOT NULL,
  `locale` varchar(20) NOT NULL,
  `lang` varchar(50) NOT NULL,
  `titulo` varchar(20) NOT NULL,
  `estado` int(1) NOT NULL,
  `principal` int(1) NOT NULL,
  `orden` int(3) NOT NULL
) ENGINE=InnoDB DEFAULT CHARSET=utf8;

--
-- Volcado de datos para la tabla `languages`
--

INSERT INTO `languages` (`id`, `code`, `locale`, `lang`, `titulo`, `estado`, `principal`, `orden`) VALUES
(1, 'es', 'es_ES.UTF-8', 'Castellano', 'es', 1, 1, 1),
(2, 'eu', '', 'Euskera', 'eu', 2, 0, 2),
(3, 'en', '', 'English', 'en', 2, 0, 3),
(4, 'fr', '', 'Française', 'fr', 2, 0, 4);

-- --------------------------------------------------------

--
-- Estructura de tabla para la tabla `links`
--

CREATE TABLE `links` (
  `id` int(1) NOT NULL,
  `id_modulo` int(10) NOT NULL,
  `id_rel` int(10) NOT NULL,
  `lang` varchar(2) NOT NULL,
  `link` varchar(150) NOT NULL
) ENGINE=InnoDB DEFAULT CHARSET=utf8;

-- --------------------------------------------------------

--
-- Estructura de tabla para la tabla `lot_lotes`
--

CREATE TABLE `lot_lotes` (
  `id` int(10) NOT NULL,
  `id_user` int(10) NOT NULL,
  `referencia` varchar(255) NOT NULL,
  `id_marea` varchar(255) NOT NULL,
  `creation_date` datetime NOT NULL,
  `modification_date` datetime NOT NULL,
  `identificador` varchar(50) NOT NULL,
  `estado` int(1) NOT NULL DEFAULT '1',
  `id_pescado` varchar(255) NOT NULL,
  `cajas` int(5) NOT NULL,
  `tipo_caja` int(2) NOT NULL DEFAULT '1' COMMENT '1: Grande - 2: Pequeña',
  `kg_reales` decimal(10,3) NOT NULL,
  `kg_estimados` decimal(10,2) NOT NULL,
  `transporte` int(5) NOT NULL,
  `vendido` int(1) NOT NULL DEFAULT '0',
  `id_cliente` int(10) NOT NULL DEFAULT '0'
) ENGINE=InnoDB DEFAULT CHARSET=utf8;

-- --------------------------------------------------------

--
-- Estructura de tabla para la tabla `mar_mareas`
--

CREATE TABLE `mar_mareas` (
  `id` int(10) NOT NULL,
  `referencia` varchar(255) NOT NULL,
  `referencia_parent` varchar(255) NOT NULL,
  `id_user` int(10) NOT NULL,
  `creation_date` datetime NOT NULL,
  `modification_date` datetime NOT NULL,
  `fecha_inicio` datetime NOT NULL,
  `fecha_final` datetime NOT NULL,
  `estado` int(1) NOT NULL,
  `id_zona_pesca` int(10) NOT NULL,
  `fecha_captura` date NOT NULL,
  `id_barco` int(10) NOT NULL,
  `id_camion` int(10) NOT NULL,
  `id_pescado` int(10) NOT NULL,
  `fecha_descarga` date NOT NULL,
  `id_transporte` int(10) NOT NULL,
  `kg_estimados` decimal(15,2) NOT NULL,
  `kg_reales` decimal(15,2) NOT NULL,
  `peso` decimal(15,3) NOT NULL,
  `lotes` int(10) NOT NULL DEFAULT '0',
  `cajas` int(10) NOT NULL DEFAULT '0',
  `cerrada` int(1) NOT NULL,
  `anulada` int(1) NOT NULL,
  `observaciones` text NOT NULL,
  `orden` int(10) NOT NULL
) ENGINE=InnoDB DEFAULT CHARSET=utf8;

-- --------------------------------------------------------

--
-- Estructura de tabla para la tabla `mar_mareas_pescados`
--

CREATE TABLE `mar_mareas_pescados` (
  `referencia` varchar(255) NOT NULL,
  `referencia_parent` varchar(150) NOT NULL,
  `id_pescado` int(10) NOT NULL,
  `kg_estimados` decimal(20,2) NOT NULL DEFAULT '0.00',
  `kg_reales` decimal(20,2) NOT NULL DEFAULT '0.00',
  `lotes` int(5) NOT NULL,
  `cajas` int(10) NOT NULL,
  `estado` int(1) NOT NULL DEFAULT '1'
) ENGINE=MyISAM DEFAULT CHARSET=utf8;

-- --------------------------------------------------------

--
-- Estructura de tabla para la tabla `med_transporte`
--

CREATE TABLE `med_transporte` (
  `id` int(5) NOT NULL,
  `orden` int(5) NOT NULL,
  `estado` int(1) NOT NULL
) ENGINE=InnoDB DEFAULT CHARSET=utf8;

--
-- Volcado de datos para la tabla `med_transporte`
--

INSERT INTO `med_transporte` (`id`, `orden`, `estado`) VALUES
(1, 1, 1),
(2, 2, 1);

-- --------------------------------------------------------

--
-- Estructura de tabla para la tabla `med_transporte_lang`
--

CREATE TABLE `med_transporte_lang` (
  `id` int(5) NOT NULL,
  `id_rel` int(5) NOT NULL,
  `lang` varchar(2) NOT NULL,
  `value` varchar(100) NOT NULL
) ENGINE=InnoDB DEFAULT CHARSET=utf8;

--
-- Volcado de datos para la tabla `med_transporte_lang`
--

INSERT INTO `med_transporte_lang` (`id`, `id_rel`, `lang`, `value`) VALUES
(1, 1, 'es', 'Camión'),
(2, 2, 'es', 'Barco');

-- --------------------------------------------------------

--
-- Estructura de tabla para la tabla `menus`
--

CREATE TABLE `menus` (
  `id` int(10) NOT NULL,
  `id_parent` int(10) NOT NULL,
  `id_modulo` int(10) NOT NULL,
  `id_modulo_element` int(10) NOT NULL,
  `url` varchar(250) NOT NULL,
  `blank` int(1) NOT NULL,
  `posicion` int(1) NOT NULL,
  `orden` int(10) NOT NULL,
  `estado` int(1) NOT NULL,
  `img` varchar(255) NOT NULL,
  `font_css` varchar(60) NOT NULL,
  `creation_date` datetime NOT NULL,
  `modification_date` datetime NOT NULL
) ENGINE=InnoDB DEFAULT CHARSET=utf8;

--
-- Volcado de datos para la tabla `menus`
--

INSERT INTO `menus` (`id`, `id_parent`, `id_modulo`, `id_modulo_element`, `url`, `blank`, `posicion`, `orden`, `estado`, `img`, `font_css`, `creation_date`, `modification_date`) VALUES
(1, 0, 54, 0, '', 0, 1, 2, 2, '', 'fa fa-ship', '2016-02-04 12:07:03', '2016-02-04 12:16:12'),
(2, 0, 1, 0, '', 0, 1, 1, 2, '', 'fa fa-desktop', '2016-02-04 13:09:59', '2016-02-04 13:09:59'),
(3, 0, 56, 0, '', 0, 1, 3, 2, '', 'fa fa-shopping-cart', '2016-02-04 13:12:36', '2016-02-05 09:50:59');

-- --------------------------------------------------------

--
-- Estructura de tabla para la tabla `menus_lang`
--

CREATE TABLE `menus_lang` (
  `id` int(10) NOT NULL,
  `id_rel` int(10) NOT NULL,
  `lang` varchar(2) NOT NULL,
  `titulo` varchar(150) NOT NULL
) ENGINE=InnoDB DEFAULT CHARSET=utf8;

--
-- Volcado de datos para la tabla `menus_lang`
--

INSERT INTO `menus_lang` (`id`, `id_rel`, `lang`, `titulo`) VALUES
(1, 1, 'es', 'Mareas'),
(2, 2, 'es', 'Panel de Herramientas'),
(3, 3, 'es', 'Proceso de Venta');

-- --------------------------------------------------------

--
-- Estructura de tabla para la tabla `menu_posiciones`
--

CREATE TABLE `menu_posiciones` (
  `id` int(5) NOT NULL,
  `orden` int(5) NOT NULL,
  `estado` int(1) NOT NULL
) ENGINE=InnoDB DEFAULT CHARSET=utf8;

--
-- Volcado de datos para la tabla `menu_posiciones`
--

INSERT INTO `menu_posiciones` (`id`, `orden`, `estado`) VALUES
(1, 1, 1),
(2, 2, 1),
(3, 3, 0),
(4, 4, 0),
(5, 5, 1);

-- --------------------------------------------------------

--
-- Estructura de tabla para la tabla `menu_posiciones_lang`
--

CREATE TABLE `menu_posiciones_lang` (
  `id` int(5) NOT NULL,
  `id_rel` int(5) NOT NULL,
  `lang` varchar(2) NOT NULL,
  `value` varchar(100) NOT NULL
) ENGINE=InnoDB DEFAULT CHARSET=utf8;

--
-- Volcado de datos para la tabla `menu_posiciones_lang`
--

INSERT INTO `menu_posiciones_lang` (`id`, `id_rel`, `lang`, `value`) VALUES
(1, 1, 'es', 'Superior'),
(2, 2, 'es', 'Inferior'),
(3, 3, 'es', 'Izquierda'),
(4, 4, 'es', 'Derecha'),
(5, 5, 'es', 'Menu usuario logeado');

-- --------------------------------------------------------

--
-- Estructura de tabla para la tabla `modules`
--

CREATE TABLE `modules` (
  `id` int(10) NOT NULL,
  `estado` int(1) NOT NULL DEFAULT '0',
  `selectable` int(1) NOT NULL,
  `menu` int(1) DEFAULT '0',
  `font_css` varchar(60) NOT NULL,
  `home_history` int(1) NOT NULL,
  `sitemap` int(1) NOT NULL,
  `search` int(1) NOT NULL DEFAULT '0',
  `rss` int(1) NOT NULL DEFAULT '0',
  `id_parent` int(10) DEFAULT '0',
  `orden` int(10) DEFAULT '0',
  `define` varchar(50) NOT NULL,
  `categorized` int(1) DEFAULT '0',
  `placeable` int(5) NOT NULL DEFAULT '0',
  `placeable_values` varchar(150) NOT NULL DEFAULT '',
  `export_xml` int(1) DEFAULT NULL,
  `xml` varchar(150) NOT NULL,
  `comentarios` int(1) NOT NULL DEFAULT '0',
  `multilanguage` int(1) DEFAULT '0',
  `table` varchar(50) NOT NULL,
  `table_index` varchar(50) NOT NULL,
  `table_lang` varchar(50) NOT NULL,
  `table_lang_index` varchar(50) NOT NULL,
  `portada_module` varchar(150) NOT NULL,
  `categorias_module` varchar(250) NOT NULL,
  `elementos_module` varchar(250) NOT NULL,
  `table_galeria` varchar(150) NOT NULL,
  `table_galeria_lang` varchar(150) NOT NULL,
  `cachemodules` text NOT NULL,
  `cache` int(1) NOT NULL,
  `cache_time` int(10) NOT NULL
) ENGINE=InnoDB DEFAULT CHARSET=utf8;

--
-- Volcado de datos para la tabla `modules`
--

INSERT INTO `modules` (`id`, `estado`, `selectable`, `menu`, `font_css`, `home_history`, `sitemap`, `search`, `rss`, `id_parent`, `orden`, `define`, `categorized`, `placeable`, `placeable_values`, `export_xml`, `xml`, `comentarios`, `multilanguage`, `table`, `table_index`, `table_lang`, `table_lang_index`, `portada_module`, `categorias_module`, `elementos_module`, `table_galeria`, `table_galeria_lang`, `cachemodules`, `cache`, `cache_time`) VALUES
(1, 1, 1, 0, '', 0, 0, 0, 0, 0, 36, '_MOD_INICIO', 0, 0, '', 0, '', 0, 0, '', '', '', '', '', '', '', '', '', '', 0, 0),
(2, 1, 0, 0, '', 0, 0, 0, 0, 0, 46, '_MOD_AVISOS', 0, 0, '', 0, '', 0, 1, 'avisos', 'id', 'avisos_lang', 'id_rel', '', '', '', '', '', '', 0, 0),
(3, 1, 0, 0, '', 0, 0, 0, 0, 0, 50, '_MOD_LOGIN', 0, 0, '', 0, '', 0, 0, '', '', '', '', '', '', '', '', '', '', 0, 0),
(4, 1, 0, 0, '', 0, 0, 0, 0, 0, 44, '_MOD_RECORDAR_PASS', 0, 0, '', 0, '', 0, 0, '', '', '', '', '', '', '', '', '', '', 0, 0),
(5, 1, 0, 0, '', 0, 1, 0, 0, 0, 45, '_MOD_MENUS', 1, 1, 'menu_posiciones', 0, '', 0, 1, 'menus', 'id', 'menus_lang', 'id_rel', '', '', '', '', '', '', 0, 0),
(6, 1, 0, 1, 'fa fa-puzzle-piece', 0, 0, 0, 0, 0, 30, '_MOD_MODULES', 0, 0, '', 0, '', 0, 1, 'modules', 'id', 'modules_lang', 'id_rel', '', '', '', '', '', '', 0, 0),
(7, 1, 0, 1, 'fa fa-sitemap', 0, 0, 0, 0, 0, 34, '_MOD_PANEL_MENUS', 1, 1, 'panel_menu_posiciones', 1, '', 0, 1, 'panel_menus', 'id', 'panel_menus_lang', 'id_rel', '', '', '', '', '', '', 0, 0),
(8, 1, 0, 1, 'fa fa-gear', 0, 0, 0, 0, 0, 27, '_MOD_CONFIG', 0, 0, '', 0, '', 0, 0, 'config', 'id', '', '', '', '', '', '', '', '', 0, 0),
(9, 1, 0, 1, 'fa fa-user', 0, 0, 0, 0, 0, 33, '_MOD_CMS_USERS', 0, 0, '', 0, '', 0, 0, 'users', 'id', '', '', '', '', '', '', '', '', 0, 0),
(10, 1, 0, 1, 'fa fa-exclamation', 0, 0, 0, 0, 0, 35, '_MOD_CMS_AVISOS', 0, 0, '', 0, '', 0, 1, 'avisos', 'id', 'avisos_lang', 'id_rel', '', '', '', '', '', '', 0, 0),
(13, 1, 1, 0, '', 0, 0, 0, 0, 0, 49, '_MOD_CONTENIDOS', 0, 0, '', 0, '', 0, 1, 'con_contenidos', 'id', 'con_contenidos_lang', 'id_rel', '', '', '', '', '', '', 0, 0),
(21, 1, 0, 1, 'fa fa-gears', 0, 0, 0, 0, 0, 32, '_MOD_UTILIDADES_SISTEMA', 0, 0, '', 0, '', 0, 0, '', '', '', '', '', '', '', '', '', '', 0, 0),
(22, 1, 0, 1, 'fa fa-comment-o', 0, 0, 0, 0, 0, 31, '_MOD_LANGUAGES', 0, 0, '', 0, '', 0, 0, 'languages', 'id', '', '', '', '', '', '', '', '', 0, 0),
(23, 1, 1, 0, '', 0, 0, 0, 0, 0, 29, '_MOD_USUARIOS_DATOS', 0, 0, '', 0, '', 0, 0, 'public_users', 'id', '', '', '', '', '', '', '', '', 0, 0),
(24, 1, 0, 0, '', 0, 0, 0, 0, 0, 28, '_MOD_USUARIOS_MSG', 0, 0, '', 0, '', 0, 0, 'public_users', 'id', '', '', '', '', '', '', '', '', 0, 0),
(27, 1, 0, 0, '', 0, 0, 0, 0, 0, 2, '_MOD_CONFIGURACION_USUARIO', 0, 0, '', 0, '', 0, 0, '', '', '', '', '', '', '', '', '', '', 0, 0),
(33, 1, 0, 1, 'fa fa-comments-o', 0, 0, 0, 0, 0, 7, '_MOD_DEFINES_IDIOMAS', 0, 0, '', 0, '', 0, 1, 'def_defines', 'id', 'def_defines_lang', 'id_rel', '', '', '', '', '', '', 0, 0),
(51, 1, 0, 0, '', 0, 0, 0, 0, 0, 24, '_MOD_USUARIOS_AVISOS', 0, 0, '', 0, '', 0, 1, 'avisos', 'id', 'avisos_lang', 'id_rel', '', '', '', '', '', '', 0, 0),
(52, 1, 0, 0, '', 0, 0, 0, 0, 0, 25, '_MOD_USUARIOS_MODULOS', 0, 0, '', 0, '', 0, 1, 'modules', 'id', 'modules_lang', 'id_rel', '', '', '', '', '', '', 0, 0),
(53, 1, 0, 0, '', 0, 0, 0, 0, 0, 26, '_MOD_USUARIOS_DEFINES_IDIOMAS', 0, 0, '', 0, '', 0, 1, 'def_defines', 'id', 'def_defines_lang', 'id_rel', '', '', '', '', '', '', 0, 0),
(54, 1, 1, 0, '', 1, 0, 0, 0, 0, 0, '_MOD_MAREAS', 0, 0, '', 0, '', 0, 0, 'mar_mareas', 'id', '', '', '', '', '', '', '', '', 0, 0),
(55, 1, 0, 0, '', 1, 0, 0, 0, 0, 0, '_MOD_LOTES', 0, 0, '', 0, '', 0, 0, 'lot_lotes', 'id', '', '', '', '', '', '', '', '', 0, 0),
(56, 1, 1, 0, '', 0, 0, 0, 0, 0, 0, '_MOD_PROCESO_COMPRA', 0, 0, '', 0, '', 0, 0, '', '', '', '', '', '', '', '', '', '', 0, 0),
(57, 1, 0, 0, '', 1, 0, 0, 0, 0, 0, '_MOD_BARCOS', 0, 0, '', 0, '', 0, 0, 'bar_barcos', 'id', '', '', '', '', '', '', '', '', 0, 0),
(58, 1, 0, 0, 'fa fa-anchor', 0, 0, 0, 0, 0, 0, '_MOD_PESCADOS', 0, 0, '', 0, '', 0, 0, 'pes_pescados', 'id', '', '', '', '', '', '', '', '', 0, 0),
(59, 1, 0, 0, 'fa fa-map-marker', 0, 0, 0, 0, 0, 0, '_MOD_ZONAS_PESCA', 1, 0, '', 0, '', 0, 0, 'zon_zonas_pesca', 'id', '', '', '', '', '', '', '', '', 0, 0),
(60, 1, 0, 0, '', 0, 0, 0, 0, 0, 0, '_MOD_MAREAS', 0, 0, '', 0, '', 0, 0, 'mar_mareas', 'referencia', '', '', '', '', '', '', '', '', 0, 0),
(61, 1, 0, 0, '', 0, 0, 0, 0, 0, 0, '_MOD_CAJAS', 0, 0, '', 0, '', 0, 0, 'caj_cajas', 'id', '', '', '', '', '', '', '', '', 0, 0),
(62, 1, 0, 0, 'fa fa-users', 0, 0, 0, 0, 0, 0, '_MOD_USUARIOS_TIPOS', 0, 0, '', 0, '', 0, 1, 'public_users_tipos', 'id', 'public_users_tipos_lang', 'id_rel', '', '', '', '', '', '', 0, 0),
(63, 1, 0, 0, 'fa fa-truck', 1, 0, 0, 0, 0, 0, '_MOD_CAMIONES', 0, 0, '', 0, '', 0, 0, 'cam_camiones', 'id', '', '', '', '', '', '', '', '', 0, 0),
(64, 1, 0, 0, 'fa fa-file-text-o', 0, 0, 0, 0, 0, 0, '_MOD_INFORME', 0, 0, '', 0, '', 0, 0, '', '', '', '', '', '', '', '', '', '', 0, 0),
(65, 1, 0, 0, 'fa fa-print', 0, 0, 0, 0, 0, 0, '_MOD_MAREAS_IMPRIMIR', 0, 0, '', 0, '', 0, 0, '', '', '', '', '', '', '', '', '', '', 0, 0),
(66, 1, 0, 0, 'fa fa-tags', 0, 0, 0, 0, 0, 0, '_MOD_ETIQUETAS', 0, 0, '', 0, '', 0, 0, 'eti_etiquetas', 'id', '', '', '', '', '', '', '', '', 0, 0);

-- --------------------------------------------------------

--
-- Estructura de tabla para la tabla `modules_attributes`
--

CREATE TABLE `modules_attributes` (
  `id` int(10) NOT NULL,
  `id_rel` int(10) NOT NULL,
  `src` varchar(150) NOT NULL,
  `menu_elementos` varchar(255) NOT NULL,
  `estructure` int(1) NOT NULL DEFAULT '1',
  `start` int(1) NOT NULL DEFAULT '0',
  `login` int(1) NOT NULL DEFAULT '0',
  `class` int(1) NOT NULL DEFAULT '0',
  `ordered` int(1) NOT NULL DEFAULT '0',
  `inverted_order` int(1) NOT NULL DEFAULT '0',
  `query` text NOT NULL,
  `joins` text NOT NULL,
  `where` text NOT NULL,
  `listHead` text NOT NULL,
  `order_by` varchar(50) NOT NULL,
  `listpattern` varchar(100) NOT NULL,
  `export_fields` varchar(150) NOT NULL,
  `export_sql` text NOT NULL
) ENGINE=InnoDB DEFAULT CHARSET=utf8;

--
-- Volcado de datos para la tabla `modules_attributes`
--

INSERT INTO `modules_attributes` (`id`, `id_rel`, `src`, `menu_elementos`, `estructure`, `start`, `login`, `class`, `ordered`, `inverted_order`, `query`, `joins`, `where`, `listHead`, `order_by`, `listpattern`, `export_fields`, `export_sql`) VALUES
(1, 1, 'inicio/index.php', '', 2, 1, 1, 0, 0, 0, '', '', '', '', '', '', '', ''),
(2, 2, 'base/avisos/aviso.php', '', 3, 0, 0, 0, 0, 0, '', '', '', '', '', '', '', ''),
(3, 3, 'login/index.php', '', 3, 0, 0, 0, 0, 0, '', '', '', '', '', '', '', ''),
(4, 4, 'base/usuarios/recordar.php', '', 3, 0, 0, 0, 0, 0, '', '', '', '', '', '', '', ''),
(5, 5, 'menus/panel/index.php', '', 1, 0, 1, 1, 1, 0, '', '', '', '', '', '', '', ''),
(6, 6, 'base/modules/index.php', '', 1, 0, 1, 1, 0, 0, '', '', '', '', 'estado DESC, titulo ASC', '[titulo]', '', ''),
(7, 7, 'base/menus/index.php', '', 1, 0, 1, 1, 1, 0, '', '', '', '', '', '', '', ''),
(8, 8, 'base/configuracion/index.php', '', 1, 0, 0, 1, 0, 0, '', '', '', '_TXT_ID:id;_TXT_TITULO:config;_TXT_VALUE:value', 'config ASC', '[config]', '', ''),
(9, 9, 'usuarios/panel/cms-usuarios.php', '', 1, 0, 1, 1, 0, 0, '', '', '', '_TXT_NOMBRE:nombre;_TXT_APELLIDOS:apellidos;_TXT_EMAIL:email', 'nombre, apellidos ASC', '[alias]', '', ''),
(10, 10, 'base/avisos/index.php', '', 1, 0, 1, 1, 0, 0, '', '', '', '', 'code ASC', '([code]) - [titulo]', '', ''),
(11, 11, 'noticias/panel/index.php', '', 1, 0, 1, 1, 0, 0, '', '', '', '', 'fecha_publicacion DESC', '[fecha_publicacion] [titulo]', '', ''),
(12, 12, 'banners/panel/index.php', '', 1, 0, 1, 1, 1, 0, '', '', '', '', '', '', '', ''),
(13, 13, 'contenidos/panel/index.php', '', 1, 0, 1, 1, 0, 0, '', '', '', '', '', '', '', ''),
(14, 15, 'catalogo-productos/panel/categorias.php', '', 1, 0, 1, 1, 1, 0, '', '', '', '', '', '', '', ''),
(15, 16, 'catalogo-productos/panel/elementos.php', '', 1, 0, 1, 1, 1, 1, '', '', '', '', '', '<img src=''img/[estado].png'' align=''absmiddle''/>  ([id_parent;_MOD_CATALOGO_CATEGORIAS]) [titulo]', '', ''),
(16, 17, 'boletines/panel/boletines.php', '', 1, 0, 1, 1, 0, 0, '', '', '', '', '', '', '', ''),
(17, 18, 'boletines/panel/enviados.php', '', 1, 0, 1, 1, 0, 0, '', '', '', '', 'enviado ASC, fecha_envio DESC', '<img src=''../../../modules/boletines/img/send_[enviado].png'' align=''absmiddle''/> [fecha_envio] ', '', ''),
(18, 19, 'boletines/panel/suscriptores.php', '', 1, 0, 1, 1, 0, 0, '', '', '', '', '', '[nombre] - [email]', '', ''),
(19, 20, 'boletines/panel/categorias.php', '', 1, 0, 1, 1, 1, 0, '', '', '', '', '', '', '', ''),
(20, 21, 'base/utilidades/index.php', '', 4, 0, 1, 1, 0, 0, '', '', '', '', '', '', '', ''),
(21, 22, 'base/idiomas/index.php', '', 1, 0, 1, 1, 1, 0, '', '', '', '', '', '', '', ''),
(22, 23, 'usuarios/panel/usuarios.php', '', 1, 0, 1, 1, 0, 0, '', '', '', '', '', '[apellidos], [nombre]', 'nombre, apellidos, fecha_creacion, fecha_ultimo_acceso, email, division, estado', 'SELECT t.fecha_creacion, t.fecha_ultimo_acceso, t.nombre, t.apellidos, t.email, tl.titulo as division, el.value as estado FROM public_users as t LEFT JOIN div_divisiones_lang as tl ON t.id_division = tl.id_rel LEFT JOIN public_users_estados_lang as el ON t.estado= el.id_rel WHERE tl.lang=''es'''),
(23, 24, 'usuarios/panel/msg.php', '', 1, 0, 1, 1, 0, 0, '', '', '', '', '', '[apellidos], [nombre] - [email]', '', ''),
(24, 26, 'portadas/panel/index.php', '', 1, 0, 1, 1, 1, 1, '', '', '', '', '', '<img src=''img/home_[portada].png'' align=''absmiddle''/> [titulo]', '', ''),
(25, 27, 'configuracion/index.php', '', 2, 0, 1, 1, 0, 0, '', '', '', '', '', '', '', ''),
(26, 28, 'catalogo-productos/panel/portadas.php', '', 1, 0, 0, 1, 1, 1, '', '', '', '', '', '<img src=''img/home_[portada].png'' align=''absmiddle''/> [titulo]', '', ''),
(28, 31, 'estadisticas/index.php', '', 4, 0, 1, 1, 0, 0, '', '', '', '', '', '', '', ''),
(29, 32, 'catalogo-productos/panel/proyectos.php', '', 1, 0, 1, 1, 1, 1, '', '', '', '', '', '', '', ''),
(30, 33, 'base/defines/index.php', '', 1, 0, 1, 1, 0, 0, '', '', '', '_TXT_ESTADO:estado:status;_TXT_DEFINE:define;_TXT_VALUE:value;_TXT_MODIFICATION_DATE:modification_date;_TXT_PARTE_PUBLICA:public;_TXT_DEFINE_BASE:base', 'modification_date DESC', '[define]', 'id, define, lang, value', 'SELECT d.id, define, lang, value FROM def_defines as d INNER JOIN def_defines_lang AS dl ON d.id=dl.id_rel WHERE public = 1'),
(31, 34, 'slider/panel/index.php', '', 1, 0, 1, 1, 1, 1, '', '', '', '', '', '', '', ''),
(32, 35, 'compra/panel/index.php', '', 4, 0, 1, 1, 0, 0, '', '', '', '', 'estado ASC, creation_date DESC', '<img src=''img/pedidos/pedido_[estado].png'' align=''absmiddle''/> [referencia] - [creation_date]', '', ''),
(33, 36, 'inmuebles/panel/elementos.php', '', 1, 0, 1, 1, 1, 1, '', '', '', '', '', '<img src=''img/destacado_[portada].png'' align=''absmiddle''/> [referencia]-[titulo]', '', ''),
(34, 37, 'inmuebles/panel/categorias.php', '', 1, 0, 1, 1, 1, 0, '', '', '', '', '', '', '', ''),
(35, 38, 'inmuebles/panel/ofertas.php', '', 1, 0, 1, 1, 1, 0, '', '', '', '', '', '', '', ''),
(36, 39, 'catalogo-productos/panel/marcas.php', '', 1, 0, 1, 1, 1, 0, '', '', '', '', '', '', '', ''),
(37, 40, 'catalogo-productos/panel/atributos.php', '', 1, 0, 1, 1, 0, 0, '', '', '', '', 'id_parent ASC, orden_parent ASC', '', '', ''),
(38, 41, 'catalogo-productos/panel/categoriasAtributos.php', '', 1, 0, 1, 1, 1, 0, '', '', '', '', '', '', '', ''),
(39, 42, 'catalogo-productos/panel/atributosProductos.php', '', 4, 0, 1, 1, 1, 0, '', '', '', '', '', '', '', ''),
(40, 43, 'comentarios/panel/index.php', '', 4, 0, 1, 1, 0, 0, '', '', '', '', '', '', '', ''),
(41, 45, 'catalogo-productos/panel/cupones.php', '', 1, 0, 1, 1, 0, 0, '', '', '', '', '', '[codigo] - [fecha_inicio] // [fecha_final]', '', ''),
(42, 46, 'promociones/panel/index.php', '', 1, 0, 1, 1, 0, 0, '', '', '', '', '', '', '', ''),
(43, 49, 'catalogo-productos/panel/usos.php', '', 1, 0, 1, 1, 1, 0, '', '', '', '', '', '', '', ''),
(44, 50, 'catalogo-productos/panel/gastosPaises.php', '', 4, 0, 1, 1, 0, 0, '', '', '', '', '', '', '', ''),
(45, 51, 'base/usuarios-avisos/index.php', '', 1, 0, 1, 1, 0, 0, '', '', '', '', 'code ASC', '([code]) - [titulo]', '', ''),
(46, 52, 'base/usuarios-modules/index.php', '', 1, 0, 1, 1, 0, 0, 'map.estructure, map.src', 'modules_attributes_public,map,t.id=map.id_rel', 'map.src != "" AND map.estructure != "" AND t.activo=1', '', 'activo DESC, titulo ASC', '<img src=''img/[activo].png'' align=''absmiddle''/> [titulo]', '', ''),
(47, 53, 'base/usuarios-defines/index.php', '', 1, 0, 1, 1, 0, 0, '', '', 'public=1 AND estado=1', '', 'value ASC', '[define]', '', ''),
(48, 57, 'barcos/panel/index.php', '', 1, 0, 1, 1, 0, 0, '', '', '', '_TXT_NOMBRE:titulo;_TXT_ALIAS:alias;_TXT_MATRICULA:matricula;_TXT_PERSONA_CONTACTO:contacto_nombre;_TXT_TELEFONO:contacto_telefono', 'titulo ASC', '', '', ''),
(49, 58, 'peces/panel/index.php', '', 1, 0, 1, 1, 0, 0, '', '', '', '_TXT_ABREVIATURA:abr;_TXT_NOMBRE_CIENTIFICO:nombre_cientifico;_TXT_NOMBRE:nombre_comun', 'abr ASC', '[abr] - [nombre_comun]', '', ''),
(50, 59, 'zonas/panel/index.php', '', 1, 0, 1, 1, 0, 0, '', '', '', '_TXT_NOMBRE:titulo;_TXT_CODIGO_ETIQUETA:codigo_etiqueta;_TXT_COORDENADAS_GPS:gps;_TXT_ZONA_SUPERIOR:id_parent', 'titulo ASC', '[titulo] - [codigo_etiqueta]', '', ''),
(51, 54, 'mareas/panel/administracion.php', 'mareas/panel/inc/administracion-menu.php', 1, 0, 1, 1, 0, 0, '', '', '', '_TXT_REFERENCIA:referencia;_TXT_FECHA_DESCARGA:fecha_descarga', '', '', '', ''),
(52, 60, 'mareas/panel/gestion.php', '', 2, 0, 1, 1, 0, 0, '', '', '', '_TXT_REFERENCIA:referencia;_TXT_FECHA_DESCARGA:fecha_descarga', '', '', '', ''),
(53, 55, 'lotes/panel/gestion.php', '', 2, 0, 1, 1, 0, 0, '', '', '', '', '', '', '', ''),
(54, 62, 'usuarios/panel/tipos.php', '', 1, 0, 1, 1, 0, 0, '', '', '', '_TXT_TITULO:value;_TXT_ESTADO:estado:status', 'tl.value ASC', '', '', ''),
(55, 63, 'camiones/panel/index.php', '', 1, 0, 1, 1, 0, 0, '', '', '', '_TXT_NOMBRE:titulo;_TXT_ALIAS:alias;_TXT_MATRICULA:matricula;_TXT_PERSONA_CONTACTO:contacto_nombre;_TXT_TELEFONO:contacto_telefono', 'titulo ASC', '', '', ''),
(56, 64, 'lotes/panel/informe.php', '', 2, 0, 1, 1, 0, 0, '', '', '', '', '', '', '', ''),
(57, 65, 'lotes/panel/imprimir.php', '', 2, 0, 1, 1, 0, 0, '', '', '', '', '', '', '', ''),
(58, 66, 'etiquetas/panel/index.php', '', 1, 0, 1, 1, 0, 0, '', '', '', '_TXT_REFERENCIA:referencia;\r\n_TXT_FECHA_CREACION:creation_date', '', '', '', '');

-- --------------------------------------------------------

--
-- Estructura de tabla para la tabla `modules_attributes_public`
--

CREATE TABLE `modules_attributes_public` (
  `id` int(10) NOT NULL,
  `id_rel` int(10) NOT NULL,
  `src` varchar(150) NOT NULL,
  `menu_elementos` varchar(255) NOT NULL,
  `estructure` int(1) NOT NULL DEFAULT '1',
  `start` int(1) NOT NULL DEFAULT '0',
  `login` int(1) NOT NULL DEFAULT '0',
  `class` int(1) NOT NULL DEFAULT '0',
  `ordered` int(1) NOT NULL DEFAULT '0',
  `inverted_order` int(1) NOT NULL DEFAULT '0',
  `query` text NOT NULL,
  `joins` text NOT NULL,
  `where` text NOT NULL,
  `listHead` text NOT NULL,
  `order_by` varchar(50) NOT NULL,
  `listpattern` varchar(100) NOT NULL,
  `export_fields` varchar(150) NOT NULL,
  `export_sql` text NOT NULL
) ENGINE=InnoDB DEFAULT CHARSET=utf8;

--
-- Volcado de datos para la tabla `modules_attributes_public`
--

INSERT INTO `modules_attributes_public` (`id`, `id_rel`, `src`, `menu_elementos`, `estructure`, `start`, `login`, `class`, `ordered`, `inverted_order`, `query`, `joins`, `where`, `listHead`, `order_by`, `listpattern`, `export_fields`, `export_sql`) VALUES
(1, 1, 'inicio/index.php', '', 1, 1, 0, 0, 0, 0, '', '', '', '', '', '', '', ''),
(2, 2, 'avisos/index.php', '', 2, 0, 0, 0, 0, 0, '', '', '', '', '', '', '', ''),
(3, 3, 'usuarios/public/index.php', '', 3, 0, 0, 0, 0, 0, '', '', '', '', '', '', '', ''),
(4, 4, 'usuarios/recordar.php', '', 3, 0, 0, 0, 0, 0, '', '', '', '', '', '', '', ''),
(5, 5, '', '', 0, 0, 0, 0, 1, 0, '', '', '', '', '', '', '', ''),
(6, 11, 'noticias/public/index.php', '', 3, 0, 0, 0, 0, 0, '', '', '', '', 'fecha_publicacion DESC', '', '', ''),
(7, 13, 'contenidos/public/index.php', '', 2, 0, 0, 0, 0, 0, '', '', '', '', '', '', '', ''),
(8, 14, 'contacto/index.php', '', 3, 0, 0, 0, 0, 0, '', '', '', '', '', '', '', ''),
(9, 15, 'catalogo-productos/public/index.php', '', 2, 0, 0, 0, 1, 0, '', '', '', '', '', '', '', ''),
(10, 16, 'catalogo-productos/public/index.php', '', 2, 0, 0, 0, 1, 1, '', '', '', '', 't.novedad DESC, t.portada DESC, t.destacado DEC', '', '', ''),
(11, 25, 'boletines/public/baja.php', '', 1, 0, 0, 0, 0, 0, '', '', '', '', '', '', '', ''),
(12, 26, 'portadas/public/index.php', '', 1, 1, 0, 0, 1, 1, '', '', '', '', '', '', '', ''),
(13, 28, 'catalogo-productos/public/index.php', '', 2, 0, 0, 0, 0, 0, '', '', '', '', '', '', '', ''),
(15, 30, 'boletines/public/alta.php', '', 3, 0, 0, 0, 0, 0, '', '', '', '', '', '', '', ''),
(16, 32, 'catalogo-productos/public/index.php', '', 2, 0, 0, 0, 1, 1, '', '', '', '', '', '', '', ''),
(17, 34, 'catalogo-productos/public/index.php', '', 2, 0, 0, 0, 1, 1, '', '', '', '', '', '', '', ''),
(18, 35, 'usuarios/public/index.php', '', 4, 0, 1, 0, 0, 0, '', '', '', '', '', '', '', ''),
(19, 36, 'inmuebles/public/index.php', '', 3, 0, 0, 0, 1, 1, '', '', '', '', '', '', '', ''),
(20, 37, 'inmuebles/public/index.php', '', 3, 0, 0, 0, 1, 0, '', '', '', '', '', '', '', ''),
(21, 39, 'catalogo-productos/public/index.php', '', 2, 0, 0, 0, 1, 0, '', '', '', '', '', '', '', ''),
(22, 44, 'compra/public/index.php', '', 3, 0, 0, 0, 0, 0, '', '', '', '', '', '', '', ''),
(23, 23, '', '', 0, 0, 0, 0, 0, 0, '', '', '', '', '', '', '', ''),
(24, 46, 'catalogo-productos/public/index.php', '', 2, 0, 0, 0, 0, 0, '', '', '', '', '', '', '', ''),
(25, 47, 'catalogo-productos/public/index.php', '', 2, 0, 0, 0, 0, 0, '', '', '', '', '', '', '', ''),
(26, 48, 'catalogo-productos/public/index.php', '', 2, 0, 0, 0, 0, 0, '', '', '', '', '', '', '', ''),
(27, 43, 'comentarios/public/index.php', '', 3, 0, 0, 0, 0, 0, '', '', '', '', '', '', '', ''),
(28, 49, 'catalogo-productos/public/index.php', '', 3, 0, 0, 0, 1, 0, '', '', '', '', '', '', '', ''),
(29, 41, '', '', 0, 0, 0, 0, 1, 0, '', '', '', '', '', '', '', ''),
(30, 54, 'mareas/index.php', '', 1, 0, 1, 0, 0, 0, '', '', '', '', 'id DESC', '', '', ''),
(31, 55, 'lotes/index.php', '', 1, 0, 1, 0, 0, 0, '', '', '', '', 'creation_date ASC', '', '', ''),
(32, 56, 'venta/index.php', '', 1, 1, 1, 0, 0, 0, '', '', '', '', '', '', '', ''),
(33, 66, 'etiquetas/public/index.php', '', 4, 0, 0, 0, 0, 0, '', '', '', '', '', '', '', '');

-- --------------------------------------------------------

--
-- Estructura de tabla para la tabla `modules_lang`
--

CREATE TABLE `modules_lang` (
  `id` int(10) NOT NULL,
  `id_rel` int(10) NOT NULL,
  `lang` varchar(2) NOT NULL,
  `titulo` varchar(150) NOT NULL,
  `link` varchar(150) NOT NULL,
  `link_pattern` varchar(250) NOT NULL,
  `description` text NOT NULL,
  `meta_title` varchar(250) NOT NULL,
  `meta_metas` text NOT NULL,
  `meta_description` text NOT NULL
) ENGINE=InnoDB DEFAULT CHARSET=utf8;

--
-- Volcado de datos para la tabla `modules_lang`
--

INSERT INTO `modules_lang` (`id`, `id_rel`, `lang`, `titulo`, `link`, `link_pattern`, `description`, `meta_title`, `meta_metas`, `meta_description`) VALUES
(1, 1, 'es', 'Inicio', 'inicio', '', '', '', '', ''),
(2, 2, 'es', 'Avisos', 'avisos', '0', '', '', '', ''),
(3, 3, 'es', 'Login', 'login', '', '', '', '', ''),
(4, 4, 'es', 'Recordar contraseña usuario', 'recordar-contrasena', '', '', '', '', ''),
(9, 5, 'es', 'Menus', 'menus', '0', '', '', '', ''),
(11, 6, 'es', 'CMS Modulos', 'cms-modulos', '', '', '', '', ''),
(13, 7, 'es', 'CMS Menus', 'cms-menus', '0', '', '', '', ''),
(15, 8, 'es', 'CMS Configuración', 'cms-configuracion', '', '', '', '', ''),
(17, 9, 'es', 'CMS Usuarios', 'cms-usuarios', '', '', '', '', ''),
(19, 10, 'es', 'CMS Avisos', 'cms-avisos', '0', '', '', '', ''),
(21, 11, 'es', 'Blog', 'blog', '', '', '', '', ''),
(23, 12, 'es', 'Banners', 'banners', '0', '', '', '', ''),
(25, 13, 'es', 'Contenidos', 'contenidos', '', '', '', '', ''),
(27, 14, 'es', 'Contacto y localización', 'contacto-localizacion', '', '', '', '', ''),
(29, 15, 'es', 'Catalogo Productos Categorias', 'categorias-productos', '', '', '', '', ''),
(31, 16, 'es', 'Catalogo Productos', 'catalogo-productos', '', '', '', '', ''),
(33, 17, 'es', 'Boletines', 'boletines', '', '', '', '', ''),
(34, 18, 'es', 'Boletines enviados', 'boletines-enviados', '', '', '', '', ''),
(35, 19, 'es', 'Boletines Suscriptores', 'boletin-suscriptores', '', '', '', '', ''),
(36, 20, 'es', 'Boletines Listas', 'boletin-listas', '', '', '', '', ''),
(38, 21, 'es', 'CMS Utilidades', 'cms-utilidades', '', '', '', '', ''),
(44, 22, 'es', 'CMS Idiomas', 'cms-idiomas', '', '', '', '', ''),
(45, 23, 'es', 'Usuarios', 'usuarios', '', '', 'Tú Perfil', '', ''),
(46, 24, 'es', 'Usuarios - Enviar mensaje', 'usuarios-publicos-mensaje', '', '', '', '', ''),
(47, 25, 'es', 'Boletínes - Baja suscripción', 'boletin-eliminar-suscripcion', '', '', '', '', ''),
(48, 26, 'es', 'Portadas web', 'portada', '', '', 'Página principal', '', ''),
(49, 27, 'es', 'Configuración', 'configuracion-usuario', '', '', '', '', ''),
(50, 28, 'es', 'Catalogo Productos Portadas', 'catalogo-productos-portada', '', '', '', '', ''),
(51, 30, 'es', 'Boletínes - Alta', 'boletin-suscripcion', '', '', '', '', ''),
(52, 31, 'es', 'Estadisticas', 'estadisticas', '', '', '', '', ''),
(53, 32, 'es', 'Catalogo Productos Trabajos realizados', 'trabajos-realizados', '', '', 'Trabajos realizados', '', ''),
(54, 33, 'es', 'CMS Idiomas Defines', 'cms-defines-idiomas', '0', '', '', '', ''),
(58, 34, 'es', 'Slider', 'slider', '0', '', '', '', ''),
(62, 35, 'es', 'Pedidos Realizados', 'pedidos-realizados', '', '', '', '', ''),
(75, 36, 'es', 'Inmuebles', 'inmuebles', '', '', '', '', ''),
(79, 37, 'es', 'Inmuebles tipos', 'tipos-inmueble', '', '', '', '', ''),
(83, 38, 'es', 'Inmuebles tipos oferta', 'tipos-oferta-inmuebles', '', '', '', '', ''),
(93, 39, 'es', 'Catálogo Productos Marcas', 'catalogo-marcas', 'gama-de-productos-[titulo]', '', '', '', ''),
(97, 40, 'es', 'Catálogo Atributos', 'categoria-atributos', '0', '', '', '', ''),
(101, 41, 'es', 'Catálogo Atributos Categorias', 'catalogo-atributos-categorias', '0', '', '', '', ''),
(105, 42, 'es', 'Catalogo Productos Atributos', 'catalogo-productos-atributos', '', '', '', '', ''),
(109, 43, 'es', 'Opiniones', 'opiniones', 'opinion_[titulo]', '', '', '', ''),
(126, 44, 'es', 'Proceso de compra', 'proceso-de-compra', '', '', '', '', ''),
(128, 45, 'es', 'Cupones descuentos', 'cupones-descuento', '', '', '', '', ''),
(133, 46, 'es', 'Promociones', 'promociones', 'promocion_[titulo]', '', '', '', ''),
(134, 47, 'es', 'Novedades', 'novedades-productos-nuevos', '', '', '', '', ''),
(135, 48, 'es', 'Productos en oferta', 'productos-en-oferta', '', '', '', '', ''),
(155, 49, 'es', 'Usos', 'usos', '', '', '', '', ''),
(156, 50, 'es', 'Paises', 'paises', '0', '', '', '', ''),
(157, 51, 'es', 'CMS Usuarios Avisos', 'cms-usuarios-avisos', '0', '', '', '', ''),
(158, 52, 'es', 'CMS Usuarios Modulos', 'cms-usuarios-modulos', '', '', '', '', ''),
(161, 53, 'es', 'CMS Usuarios Etiquetas', 'cms-usuarios-defines', '0', '', '', '', ''),
(171, 54, 'es', 'Mareas - Administración', 'mareas-administracion', '0', '', '', '', ''),
(172, 55, 'es', 'Alta de Lotes', 'alta-de-lotes', '0', '', '', '', ''),
(173, 56, 'es', 'Proceso de Venta', 'proceso-de-venta', '0', '', '', '', ''),
(174, 57, 'es', 'Barcos', 'barcos', '0', '', '', '', ''),
(175, 58, 'es', 'Pescados', 'pescados', '0', '', '', '', ''),
(176, 59, 'es', 'Zonas de pesca', 'zonas-de-pesca', '0', '', '', '', ''),
(177, 60, 'es', 'Mareas', 'mareas', '0', '', '', '', ''),
(178, 61, 'es', 'Cajas', 'cajas', '0', '', '', '', ''),
(179, 62, 'es', 'Usuarios Tipos', 'usuarios-tipos', '0', '', '', '', ''),
(180, 63, 'es', 'Vehiculos', 'vehiculos', '0', '', '', '', ''),
(181, 64, 'es', 'Informe', 'informe', '0', '', '', '', ''),
(182, 65, 'es', 'Impresión Mareas', 'impresion-mareas', '0', '', '', '', ''),
(183, 66, 'es', 'Etiquetas', 'etiquetas', '0', '', '', '', '');

-- --------------------------------------------------------

--
-- Estructura de tabla para la tabla `modules_rel`
--

CREATE TABLE `modules_rel` (
  `id` int(11) NOT NULL,
  `id_modulo` int(11) NOT NULL,
  `id_rel_modulo` int(11) NOT NULL,
  `index_rel` varchar(20) NOT NULL,
  `orden_rel` varchar(20) NOT NULL
) ENGINE=InnoDB DEFAULT CHARSET=utf8;

--
-- Volcado de datos para la tabla `modules_rel`
--

INSERT INTO `modules_rel` (`id`, `id_modulo`, `id_rel_modulo`, `index_rel`, `orden_rel`) VALUES
(1, 15, 16, 'id_parent', 'orden_parent'),
(2, 11, 13, 'id_rel', ''),
(3, 41, 40, 'id_parent', 'orden_parent'),
(5, 39, 16, 'id_marca', '');

-- --------------------------------------------------------

--
-- Estructura de tabla para la tabla `panel_menus`
--

CREATE TABLE `panel_menus` (
  `id` int(10) NOT NULL,
  `id_parent` int(10) NOT NULL,
  `id_modulo` int(10) NOT NULL,
  `url` varchar(250) NOT NULL,
  `blank` int(1) NOT NULL,
  `posicion` int(1) NOT NULL,
  `orden` int(10) NOT NULL,
  `estado` int(1) NOT NULL,
  `img` varchar(255) NOT NULL,
  `font_css` varchar(60) NOT NULL
) ENGINE=InnoDB DEFAULT CHARSET=utf8;

--
-- Volcado de datos para la tabla `panel_menus`
--

INSERT INTO `panel_menus` (`id`, `id_parent`, `id_modulo`, `url`, `blank`, `posicion`, `orden`, `estado`, `img`, `font_css`) VALUES
(1, 0, 9, '', 0, 1, 1, 1, '', 'fa fa-th'),
(2, 1, 5, '', 0, 1, 1, 2, '', ''),
(5, 1, 12, '', 0, 1, 4, 2, '', ''),
(6, 1, 13, '', 0, 1, 2, 2, '', ''),
(7, 0, 0, '', 0, 1, 3, 2, '', ''),
(8, 35, 15, '', 0, 1, 6, 1, '', ''),
(9, 35, 16, '', 0, 1, 4, 1, '', ''),
(10, 0, 17, '', 0, 1, 4, 2, '', ''),
(11, 10, 19, '', 0, 1, 1, 1, '', ''),
(12, 11, 20, '', 0, 1, 1, 1, '', ''),
(13, 11, 19, '', 0, 1, 2, 1, '', ''),
(14, 10, 17, '', 0, 1, 2, 1, '', ''),
(15, 14, 17, '', 0, 1, 1, 1, '', ''),
(16, 14, 18, '', 0, 1, 2, 1, '', ''),
(17, 1, 23, '', 0, 1, 3, 2, '', ''),
(18, 17, 23, '', 0, 1, 1, 2, '', ''),
(19, 17, 24, '', 0, 1, 2, 1, '', ''),
(22, 2, 5, '', 0, 1, 1, 2, '', ''),
(23, 6, 13, '', 0, 1, 1, 2, '', ''),
(24, 5, 12, '', 0, 1, 1, 1, '', ''),
(25, 1, 27, '', 0, 1, 5, 1, '', 'fa fa-gear'),
(26, 25, 27, '', 0, 1, 1, 2, '', ''),
(27, 7, 32, '', 0, 1, 3, 2, '', ''),
(29, 0, 36, '', 0, 1, 5, 2, '', ''),
(30, 29, 36, '', 0, 1, 1, 1, '', ''),
(31, 29, 37, '', 0, 1, 2, 1, '', ''),
(32, 29, 38, '', 0, 1, 3, 1, '', ''),
(33, 35, 28, '', 0, 1, 1, 2, '', ''),
(34, 36, 39, '', 0, 1, 3, 2, '', ''),
(35, 7, 0, '', 0, 1, 1, 1, '', ''),
(36, 7, 0, '', 0, 1, 2, 1, '', ''),
(37, 36, 40, '', 0, 1, 1, 1, '', ''),
(38, 36, 41, '', 0, 1, 2, 1, '', ''),
(39, 40, 43, '', 0, 1, 1, 1, '', ''),
(40, 1, 43, '', 0, 1, 6, 2, '', ''),
(41, 35, 45, '', 0, 1, 2, 1, '', ''),
(43, 0, 35, '', 0, 1, 6, 2, '', ''),
(44, 43, 35, '', 0, 1, 1, 1, '', ''),
(45, 7, 0, '', 0, 1, 4, 2, '', ''),
(46, 45, 0, 'http://server:8080/fitness_v2/templates/web/fitness-y-bienestar/includes/catalogo-productos/panel/inc/actualizarCatalogo.php', 1, 1, 1, 1, '', ''),
(47, 35, 39, '', 0, 1, 7, 1, '', ''),
(48, 35, 46, '', 0, 1, 3, 2, '', ''),
(49, 50, 31, '', 0, 1, 1, 1, '', ''),
(50, 1, 31, '', 0, 1, 7, 2, '', ''),
(51, 35, 42, '', 0, 1, 5, 1, '', ''),
(52, 35, 49, '', 0, 1, 8, 1, '', ''),
(53, 7, 0, '', 0, 1, 5, 1, '', ''),
(54, 53, 50, '', 0, 1, 1, 1, '', ''),
(55, 1, 0, '', 0, 1, 8, 2, '', ''),
(56, 55, 51, '', 0, 1, 1, 1, '', ''),
(57, 55, 52, '', 0, 1, 2, 1, '', ''),
(58, 55, 53, '', 0, 1, 3, 1, '', ''),
(59, 64, 57, '', 0, 1, 3, 1, '', 'fa fa-ship'),
(60, 64, 58, '', 0, 1, 5, 1, '', 'fa fa-paw'),
(61, 64, 59, '', 0, 1, 2, 1, '', 'fa fa-map-marker'),
(62, 64, 54, '', 0, 1, 1, 1, '', 'fa fa-anchor'),
(63, 69, 9, '', 0, 1, 1, 1, '', 'fa fa-users'),
(64, 0, 54, '', 0, 1, 2, 1, '', 'fa fa-desktop'),
(65, 0, 0, '', 0, 1, 7, 1, '', 'fa fa-anchor'),
(66, 65, 60, '', 0, 1, 1, 2, '', 'fa fa-ship'),
(67, 65, 55, '', 0, 1, 2, 1, '', 'fa fa-reorder'),
(68, 69, 62, '', 0, 1, 2, 1, '', 'fa fa-users'),
(69, 1, 9, '', 0, 1, 9, 1, '', 'fa fa-users'),
(70, 64, 63, '', 0, 1, 4, 1, '', 'fa fa-truck'),
(71, 65, 64, '', 0, 1, 4, 1, '', 'fa fa-file-text-o'),
(72, 65, 65, '', 0, 1, 3, 1, '', 'fa fa-print'),
(73, 0, 66, '', 0, 1, 8, 1, '', 'fa fa-tags'),
(74, 73, 66, '', 0, 1, 1, 1, '', 'fa fa-tags');

-- --------------------------------------------------------

--
-- Estructura de tabla para la tabla `panel_menus_lang`
--

CREATE TABLE `panel_menus_lang` (
  `id` int(10) NOT NULL,
  `id_rel` int(10) NOT NULL,
  `lang` varchar(2) NOT NULL,
  `titulo` varchar(150) NOT NULL,
  `descripcion` text NOT NULL
) ENGINE=InnoDB DEFAULT CHARSET=utf8;

--
-- Volcado de datos para la tabla `panel_menus_lang`
--

INSERT INTO `panel_menus_lang` (`id`, `id_rel`, `lang`, `titulo`, `descripcion`) VALUES
(40, 1, 'es', 'Utilidades', ''),
(42, 2, 'es', 'Menús', ''),
(44, 3, 'es', 'Comunicación', ''),
(46, 4, 'es', 'Noticias', 'Gestión de noticias de la web'),
(48, 5, 'es', 'Banners', ''),
(50, 6, 'es', 'Contenidos', ''),
(52, 7, 'es', 'Catálogo de productos', ''),
(54, 8, 'es', 'Categorias', 'Gestión de las categorias del catálogo de productos'),
(56, 9, 'es', 'Productos', 'Gestión de los productos del catálogo'),
(58, 10, 'es', 'Boletines', ''),
(60, 11, 'es', 'Suscriptores', ''),
(62, 12, 'es', 'Listas de distribución', 'Gestión de listas de suscriptores'),
(64, 13, 'es', 'Suscriptores', 'Gestión de suscriptores'),
(66, 14, 'es', 'Boletines', ''),
(68, 15, 'es', 'Boletines', 'Creación y envio'),
(70, 16, 'es', 'Boletines enviados', 'Informes y control de envios'),
(71, 17, 'es', 'Usuarios', ''),
(72, 18, 'es', 'Usuarios', 'Gestión de usuarios públicos'),
(73, 19, 'es', 'Enviar mensaje', 'Envio de mensajes a usuarios'),
(74, 20, 'es', 'Portadas', ''),
(75, 21, 'es', 'Portadas', 'Gestión de portadas de la web pública'),
(76, 22, 'es', 'Menús', 'Gestión de los menús de la parte pública'),
(77, 23, 'es', 'Contenidos', 'Gestión de contenidos'),
(78, 24, 'es', 'Banners', 'Gestión de los banners de la web'),
(79, 25, 'es', 'Configuración', ''),
(80, 26, 'es', 'Configuración', 'Configuración del sitio'),
(81, 27, 'es', 'Trabajos realizados', 'Gestión de trabajos realizados'),
(82, 28, 'es', 'Slider', 'Gestor de imagenes del slider de portada'),
(83, 28, 'eu', '', ''),
(84, 28, 'en', '', ''),
(85, 28, 'fr', '', ''),
(86, 1, 'eu', '', ''),
(87, 1, 'en', '', ''),
(88, 1, 'fr', '', ''),
(89, 29, 'es', 'Inmuebles', ''),
(90, 29, 'eu', '', ''),
(91, 29, 'en', '', ''),
(92, 29, 'fr', '', ''),
(93, 30, 'es', 'Inmuebles', 'Gestión de Inmuebles'),
(94, 30, 'eu', '', ''),
(95, 30, 'en', '', ''),
(96, 30, 'fr', '', ''),
(97, 31, 'es', 'Inmuebles Tipos', 'Gestión de tipos de Inmueble'),
(98, 31, 'eu', '', ''),
(99, 31, 'en', '', ''),
(100, 31, 'fr', '', ''),
(101, 32, 'es', 'Inmuebles Tipos Ofertas', 'Gestión de tipos de ofertas de Inmuebles'),
(102, 32, 'eu', '', ''),
(103, 32, 'en', '', ''),
(104, 32, 'fr', '', ''),
(105, 3, 'eu', '', ''),
(106, 3, 'en', '', ''),
(107, 3, 'fr', '', ''),
(108, 33, 'es', 'Portadas', 'Portada del Catálogo'),
(109, 33, 'eu', '', ''),
(110, 33, 'en', '', ''),
(111, 33, 'fr', '', ''),
(112, 34, 'es', 'Marcas', 'Gestión de Marcas'),
(113, 34, 'eu', '', ''),
(114, 34, 'en', '', ''),
(115, 34, 'fr', '', ''),
(116, 35, 'es', 'Productos', ''),
(117, 35, 'eu', '', ''),
(118, 35, 'en', '', ''),
(119, 35, 'fr', '', ''),
(120, 9, 'eu', '', ''),
(121, 9, 'en', '', ''),
(122, 9, 'fr', '', ''),
(123, 8, 'eu', '', ''),
(124, 8, 'en', '', ''),
(125, 8, 'fr', '', ''),
(126, 36, 'es', 'Atributos', ''),
(127, 36, 'eu', '', ''),
(128, 36, 'en', '', ''),
(129, 36, 'fr', '', ''),
(130, 37, 'es', 'Atributos', 'Gestión de atributos'),
(131, 37, 'eu', '', ''),
(132, 37, 'en', '', ''),
(133, 37, 'fr', '', ''),
(134, 38, 'es', 'Categorias', 'Gestión de categorias de atributos'),
(135, 38, 'eu', '', ''),
(136, 38, 'en', '', ''),
(137, 38, 'fr', '', ''),
(138, 39, 'es', 'Comentarios', 'Gestión de Comentarios'),
(139, 39, 'eu', '', ''),
(140, 39, 'en', '', ''),
(141, 39, 'fr', '', ''),
(142, 40, 'es', 'Comentarios', ''),
(143, 40, 'eu', '', ''),
(144, 40, 'en', '', ''),
(145, 40, 'fr', '', ''),
(146, 41, 'es', 'Cupón descuento', 'Gestión de cupones de descuento'),
(147, 41, 'eu', '', ''),
(148, 10, 'eu', '', ''),
(149, 27, 'eu', '', ''),
(152, 43, 'es', 'Pedidos', ''),
(153, 43, 'eu', '', ''),
(154, 44, 'es', 'Pedidos', 'Gestión de pedidos realizados'),
(155, 44, 'eu', '', ''),
(156, 45, 'es', 'Importaciones', ''),
(157, 46, 'es', 'Importaciones', ''),
(158, 47, 'es', 'Marcas', 'Gestión de marcas de los Productos'),
(159, 48, 'es', 'Promociones', 'Gestión de promociones de la web'),
(160, 49, 'es', 'Estadisticas', 'Gestión de visitas a la web'),
(161, 50, 'es', 'Estadisticas', ''),
(162, 45, 'eu', '', ''),
(163, 47, 'eu', '', ''),
(164, 48, 'eu', '', ''),
(165, 51, 'es', 'Datos productos', 'Gestión de datos del productos'),
(166, 51, 'eu', '', ''),
(167, 21, 'eu', '', ''),
(168, 46, 'eu', '', ''),
(169, 52, 'es', 'Usos', 'Gestión de los Usos'),
(170, 53, 'es', 'Gastos de Envío', 'Gastos de Envío'),
(171, 54, 'es', 'Paises', 'Gestión de Países'),
(172, 55, 'es', 'Traducciones', ''),
(173, 56, 'es', 'Avisos del Sistema', 'Traducción de los avisos del sistema'),
(174, 57, 'es', 'Modulos', 'Traducción de los Modulos'),
(175, 57, 'eu', '', ''),
(176, 58, 'es', 'Etiquetas', 'Traducción de las etiquetas'),
(177, 58, 'eu', '', ''),
(178, 7, 'eu', '', ''),
(179, 17, 'eu', '', ''),
(180, 59, 'es', 'Barcos', 'Gestión de Barcos'),
(181, 60, 'es', 'Pescados', 'Gestión de pescados'),
(182, 61, 'es', 'Zonas de pesca', 'Gestión de zonas de pesca'),
(183, 62, 'es', 'Mareas', ''),
(184, 63, 'es', 'Usuarios', 'Gestión de usuarios'),
(185, 64, 'es', 'Oficina', ''),
(186, 65, 'es', 'Puerto', ''),
(187, 66, 'es', 'Mareas', 'Manipulación de las mareas'),
(188, 67, 'es', 'Alta de Lotes', 'Alta de Lotes y Cajas'),
(189, 68, 'es', 'Usuarios Tipos', 'Gestión de TIpos de Usuarios'),
(190, 69, 'es', 'Usuarios', ''),
(191, 70, 'es', 'Vehiculos', 'Gestión de Vehiculos'),
(192, 71, 'es', 'Informe', 'Generación de informes'),
(193, 72, 'es', 'Imprimir mareas', ''),
(194, 73, 'es', 'Etiquetas', ''),
(195, 74, 'es', 'Etiquetas', '');

-- --------------------------------------------------------

--
-- Estructura de tabla para la tabla `panel_menu_posiciones`
--

CREATE TABLE `panel_menu_posiciones` (
  `id` int(5) NOT NULL,
  `orden` int(5) NOT NULL,
  `estado` int(1) NOT NULL
) ENGINE=InnoDB DEFAULT CHARSET=utf8;

--
-- Volcado de datos para la tabla `panel_menu_posiciones`
--

INSERT INTO `panel_menu_posiciones` (`id`, `orden`, `estado`) VALUES
(1, 1, 1),
(2, 2, 1),
(3, 3, 1),
(4, 4, 1);

-- --------------------------------------------------------

--
-- Estructura de tabla para la tabla `panel_menu_posiciones_lang`
--

CREATE TABLE `panel_menu_posiciones_lang` (
  `id` int(5) NOT NULL,
  `id_rel` int(5) NOT NULL,
  `lang` varchar(2) NOT NULL,
  `value` varchar(100) NOT NULL
) ENGINE=InnoDB DEFAULT CHARSET=utf8;

--
-- Volcado de datos para la tabla `panel_menu_posiciones_lang`
--

INSERT INTO `panel_menu_posiciones_lang` (`id`, `id_rel`, `lang`, `value`) VALUES
(1, 1, 'es', 'Superior'),
(2, 2, 'es', 'Inferior'),
(3, 3, 'es', 'Izquierda'),
(4, 4, 'es', 'Derecha');

-- --------------------------------------------------------

--
-- Estructura de tabla para la tabla `pes_pescados`
--

CREATE TABLE `pes_pescados` (
  `id` int(11) NOT NULL,
  `creation_date` datetime NOT NULL,
  `modification_date` datetime NOT NULL,
  `nombre_cientifico` varchar(255) NOT NULL,
  `nombre_comun` varchar(255) DEFAULT NULL,
  `abr` varchar(255) DEFAULT NULL,
  `peso_p_min` decimal(10,2) NOT NULL DEFAULT '10.00',
  `peso_p_max` decimal(10,2) NOT NULL DEFAULT '28.00',
  `peso_g_min` decimal(10,2) NOT NULL DEFAULT '40.00',
  `peso_g_max` decimal(10,2) NOT NULL DEFAULT '60.00',
  `digitos` int(5) NOT NULL DEFAULT '2',
  `estado` int(11) NOT NULL DEFAULT '1'
) ENGINE=InnoDB DEFAULT CHARSET=utf8;

--
-- Volcado de datos para la tabla `pes_pescados`
--

INSERT INTO `pes_pescados` (`id`, `creation_date`, `modification_date`, `nombre_cientifico`, `nombre_comun`, `abr`, `peso_p_min`, `peso_p_max`, `peso_g_min`, `peso_g_max`, `digitos`, `estado`) VALUES
(31, '0000-00-00 00:00:00', '0000-00-00 00:00:00', 'RAJA SPP', 'RAYAS', 'SKA', '10.00', '28.00', '40.00', '60.00', 2, 1),
(32, '0000-00-00 00:00:00', '0000-00-00 00:00:00', 'LOLIGO SPP', 'CALAMAR', 'SQC', '10.00', '28.00', '40.00', '60.00', 2, 1),
(33, '0000-00-00 00:00:00', '0000-00-00 00:00:00', 'ILLEX ILLECEBROSUS', 'POTA', 'SQI', '10.00', '28.00', '40.00', '60.00', 2, 1),
(34, '0000-00-00 00:00:00', '0000-00-00 00:00:00', 'DICENTRARCHUS LABRAX', 'LUBINA', 'BSS', '10.00', '28.00', '40.00', '60.00', 2, 1),
(35, '0000-00-00 00:00:00', '0000-00-00 00:00:00', 'MULLUS SURMELETUS', 'SALMONETE', 'MUR', '10.00', '28.00', '40.00', '60.00', 2, 1),
(36, '0000-00-00 00:00:00', '0000-00-00 00:00:00', 'SEPIA SPP', 'SEPIA', 'CTL', '10.00', '28.00', '40.00', '60.00', 2, 1),
(37, '0000-00-00 00:00:00', '0000-00-00 00:00:00', 'OCTOPUS SPP', 'PULPO', 'OCZ', '10.00', '28.00', '40.00', '60.00', 2, 1),
(38, '0000-00-00 00:00:00', '0000-00-00 00:00:00', 'ZEUS FABER', 'PEZ SAN PEDRO', 'JOS', '10.00', '28.00', '40.00', '60.00', 2, 1),
(39, '0000-00-00 00:00:00', '0000-00-00 00:00:00', 'SCYLIORHINUS SPP', 'PINTAROJAS', 'SCL', '10.00', '28.00', '40.00', '60.00', 2, 1),
(40, '0000-00-00 00:00:00', '0000-00-00 00:00:00', 'EUTRIGLA GURNADUS', 'PERLON', 'GUG', '10.00', '28.00', '40.00', '60.00', 2, 1),
(41, '0000-00-00 00:00:00', '0000-00-00 00:00:00', 'EPINEPHELUS SPP', 'MERO', 'GPX', '10.00', '28.00', '40.00', '60.00', 2, 1),
(42, '0000-00-00 00:00:00', '0000-00-00 00:00:00', 'BERYX SPP', 'ALFONSINOS', 'ALF', '10.00', '28.00', '40.00', '60.00', 2, 1),
(43, '0000-00-00 00:00:00', '0000-00-00 00:00:00', 'PAGELLUS BOGARAVEO', 'BESUGO', 'SBR', '10.00', '28.00', '40.00', '60.00', 2, 1),
(44, '0000-00-00 00:00:00', '0000-00-00 00:00:00', 'HELICOLENUS SPP', 'CRABAS', 'SCS', '10.00', '28.00', '40.00', '60.00', 2, 1),
(45, '0000-00-00 00:00:00', '0000-00-00 00:00:00', 'TRACHURUS TRACHURUS', 'JUREL', 'HOM', '10.00', '28.00', '40.00', '60.00', 2, 1),
(46, '0000-00-00 00:00:00', '0000-00-00 00:00:00', 'SARDINA PILCHARDUS', 'SARDINA', 'PIL', '10.00', '28.00', '40.00', '60.00', 2, 1),
(47, '0000-00-00 00:00:00', '0000-00-00 00:00:00', 'ENGRAULIS SPP', 'ANTXOA', 'ENR', '10.00', '28.00', '40.00', '60.00', 2, 1),
(48, '0000-00-00 00:00:00', '0000-00-00 00:00:00', 'DECAPTERUS MACARELLUS', 'MAKAELA', '-', '10.00', '28.00', '40.00', '60.00', 2, 1),
(49, '0000-00-00 00:00:00', '0000-00-00 00:00:00', 'NEPHROPS NORVEGIUS', 'CIGALA CON SULFITO', 'NEP', '10.00', '28.00', '40.00', '60.00', 2, 1),
(50, '0000-00-00 00:00:00', '0000-00-00 00:00:00', 'THUNNDUS ALATUNGA', 'BONITO', 'BON', '10.00', '28.00', '40.00', '60.00', 2, 1),
(51, '0000-00-00 00:00:00', '0000-00-00 00:00:00', 'PLATICHTHYS FLESUS', 'PLATIJA', 'FLE', '10.00', '28.00', '40.00', '60.00', 2, 1),
(52, '0000-00-00 00:00:00', '0000-00-00 00:00:00', 'SPARUS AURATA', 'DORADA', 'SBG', '10.00', '28.00', '40.00', '60.00', 2, 1),
(53, '0000-00-00 00:00:00', '0000-00-00 00:00:00', 'SCOMBER SCOMBRUS', 'CABALLA', 'MAC', '10.00', '28.00', '40.00', '60.00', 2, 1),
(54, '0000-00-00 00:00:00', '0000-00-00 00:00:00', 'HUEVA MERLUCCIUS', 'HUEVA DE MERLUZA', '-', '10.00', '28.00', '40.00', '60.00', 2, 1),
(55, '0000-00-00 00:00:00', '0000-00-00 00:00:00', 'UMBIRNA CIRROSA', 'VERRUGATO', 'COB', '10.00', '28.00', '40.00', '60.00', 2, 1),
(56, '0000-00-00 00:00:00', '0000-00-00 00:00:00', 'OSTREA SPP', 'OSTRA', 'OYX', '10.00', '28.00', '40.00', '60.00', 2, 1),
(57, '0000-00-00 00:00:00', '0000-00-00 00:00:00', 'PALINURUS SPP', 'LANGOSTA', 'CRW', '10.00', '28.00', '40.00', '60.00', 2, 1),
(58, '0000-00-00 00:00:00', '0000-00-00 00:00:00', 'PECTEN SPP', 'VIEIRA', 'SCX', '10.00', '28.00', '40.00', '60.00', 2, 1),
(59, '0000-00-00 00:00:00', '0000-00-00 00:00:00', 'SPISULA SPP', 'ALMEJA', 'SSD', '10.00', '28.00', '40.00', '60.00', 2, 1),
(60, '0000-00-00 00:00:00', '0000-00-00 00:00:00', 'MICROMESISTIUS POUTASSOU', 'PERLITA', 'WHB', '10.00', '28.00', '40.00', '60.00', 2, 1),
(61, '0000-00-00 00:00:00', '0000-00-00 00:00:00', 'LICHIA AMIA', 'PALOMETON', 'LEE', '10.00', '28.00', '40.00', '60.00', 2, 1),
(62, '0000-00-00 00:00:00', '0000-00-00 00:00:00', 'ARGYROSOMOS REGIUS', 'CORVINA', 'MGR', '10.00', '28.00', '40.00', '60.00', 2, 1),
(63, '0000-00-00 00:00:00', '2019-12-20 01:51:48', 'UMBRINA CIRROSA', 'CARCAJAL', 'COB', '10.00', '28.00', '40.00', '60.00', 2, 1),
(64, '0000-00-00 00:00:00', '0000-00-00 00:00:00', 'HOMARUS SPP', 'BOGAVANTE', 'LBS', '10.00', '28.00', '40.00', '60.00', 2, 1),
(65, '0000-00-00 00:00:00', '0000-00-00 00:00:00', 'CANCER PAGURUS', 'BUEY', 'CRE', '10.00', '28.00', '40.00', '60.00', 2, 1),
(66, '0000-00-00 00:00:00', '0000-00-00 00:00:00', 'PAGELLUS ACARNE', 'ALIGOTE', 'SBA', '10.00', '28.00', '40.00', '60.00', 2, 1),
(67, '0000-00-00 00:00:00', '0000-00-00 00:00:00', 'TRACHINUS DRACO', 'SABIRON', 'WEG', '10.00', '28.00', '40.00', '60.00', 2, 1),
(68, '0000-00-00 00:00:00', '0000-00-00 00:00:00', 'MERLUCCIUS MERLUCCIUS', 'MERLUZA', 'HKE', '10.00', '28.00', '40.00', '60.00', 2, 1),
(69, '0000-00-00 00:00:00', '0000-00-00 00:00:00', 'LOPHIUS SPP', 'RAPE', 'MNZ', '10.00', '28.00', '40.00', '60.00', 2, 1),
(70, '0000-00-00 00:00:00', '0000-00-00 00:00:00', 'LEPIDORHOMBUS SPP', 'GALLO', 'LEZ', '10.00', '28.00', '40.00', '60.00', 2, 1),
(71, '0000-00-00 00:00:00', '0000-00-00 00:00:00', 'TRISOPTERUS LUSCUS', 'FANECA', 'BIB', '10.00', '28.00', '40.00', '60.00', 2, 1),
(72, '0000-00-00 00:00:00', '0000-00-00 00:00:00', 'MOLVA MOLVA', 'MARUCA', 'LIN', '10.00', '28.00', '40.00', '60.00', 2, 1),
(73, '0000-00-00 00:00:00', '0000-00-00 00:00:00', 'POLLACHIUS POLLACHIUS', 'ABADEJO', 'POL', '10.00', '28.00', '40.00', '60.00', 2, 1),
(74, '0000-00-00 00:00:00', '0000-00-00 00:00:00', 'SQUALIDAE', 'TOLLA', '-', '10.00', '28.00', '40.00', '60.00', 2, 1),
(75, '0000-00-00 00:00:00', '0000-00-00 00:00:00', 'CONGER CONGER', 'CONGRIO', 'COE', '10.00', '28.00', '40.00', '60.00', 2, 1),
(76, '0000-00-00 00:00:00', '0000-00-00 00:00:00', 'PHYCIS PHYCIS', 'BROTOLA', 'FOR', '10.00', '28.00', '40.00', '60.00', 2, 1),
(77, '0000-00-00 00:00:00', '0000-00-00 00:00:00', 'SOLEA SPP', 'LENGUADO COMUN', 'SOO', '10.00', '28.00', '40.00', '60.00', 2, 1),
(78, '0000-00-00 00:00:00', '0000-00-00 00:00:00', 'PLECTORHICHUS MEDITERRANEUS', 'BURRO', 'GBR', '10.00', '28.00', '40.00', '60.00', 2, 1),
(79, '0000-00-00 00:00:00', '0000-00-00 00:00:00', 'SCOPHTALMUS  MAXIMUS', 'RODABALLO', 'TUR', '10.00', '28.00', '40.00', '60.00', 2, 1),
(80, '0000-00-00 00:00:00', '0000-00-00 00:00:00', 'GADUS MORHUA', 'BACALAO', 'COD', '10.00', '28.00', '40.00', '60.00', 2, 1),
(81, '0000-00-00 00:00:00', '0000-00-00 00:00:00', 'MERLANGIUS MERLANGUS', 'LIBA', 'WHG', '10.00', '28.00', '40.00', '60.00', 2, 1),
(82, '0000-00-00 00:00:00', '0000-00-00 00:00:00', '', 'BOGA', '', '10.00', '28.00', '40.00', '60.00', 2, 1),
(85, '0000-00-00 00:00:00', '0000-00-00 00:00:00', 'SCORPAENA SCROFA', 'CABRACHO', 'SCS', '10.00', '28.00', '40.00', '60.00', 2, 1),
(86, '0000-00-00 00:00:00', '0000-00-00 00:00:00', 'DICOLOGLOSSA CUNEATA', 'ACEDIA', '', '10.00', '28.00', '40.00', '60.00', 2, 1),
(87, '0000-00-00 00:00:00', '0000-00-00 00:00:00', '.', 'LAMPO', '', '10.00', '28.00', '40.00', '60.00', 2, 1),
(92, '0000-00-00 00:00:00', '0000-00-00 00:00:00', '..', 'CORCON', '', '10.00', '28.00', '40.00', '60.00', 2, 1),
(93, '0000-00-00 00:00:00', '0000-00-00 00:00:00', ',', 'ERLA', '', '10.00', '28.00', '40.00', '60.00', 2, 1),
(94, '0000-00-00 00:00:00', '0000-00-00 00:00:00', ',.', 'REYES', '', '10.00', '28.00', '40.00', '60.00', 2, 1),
(97, '0000-00-00 00:00:00', '0000-00-00 00:00:00', 'MERLUCCIUS. MERLUCCIUS', 'COLAS DE MERLUZA', 'HKE', '10.00', '28.00', '40.00', '60.00', 2, 1),
(98, '0000-00-00 00:00:00', '0000-00-00 00:00:00', 'MERLUCCIUS MERLUCCIUS.', 'KOKOTXAS DE MERLUZA', 'HKE', '10.00', '28.00', '40.00', '60.00', 2, 1),
(99, '0000-00-00 00:00:00', '0000-00-00 00:00:00', 'MOLVA DYPTERYGIA', 'MARUCA AZUL', 'SPP', '10.00', '28.00', '40.00', '60.00', 2, 1),
(100, '0000-00-00 00:00:00', '0000-00-00 00:00:00', 'LEPIDOPUS CAUDATUS', 'PEZ CINTO', 'SPP', '10.00', '28.00', '40.00', '60.00', 2, 1),
(103, '0000-00-00 00:00:00', '0000-00-00 00:00:00', 'LOPHIUS SPP.', 'COLAS DE RAPE', 'MNZ', '10.00', '28.00', '40.00', '60.00', 2, 1),
(106, '0000-00-00 00:00:00', '0000-00-00 00:00:00', 'LOPHIUS. SPP', 'HUESOS DE RAPE', 'MNZ', '10.00', '28.00', '40.00', '60.00', 2, 1),
(109, '0000-00-00 00:00:00', '0000-00-00 00:00:00', '......', 'GALLINETA', '.,.', '10.00', '28.00', '40.00', '60.00', 2, 1),
(110, '0000-00-00 00:00:00', '0000-00-00 00:00:00', 'POLYPRION AMERICANUS', 'CHERNA', 'GPX', '10.00', '28.00', '40.00', '60.00', 2, 1),
(111, '0000-00-00 00:00:00', '0000-00-00 00:00:00', 'XYPHOAS GLADIUS', 'PEZ ESPADA', 'XYP', '10.00', '28.00', '40.00', '60.00', 2, 1),
(114, '0000-00-00 00:00:00', '0000-00-00 00:00:00', ',,,,', 'VARIOS', '...', '10.00', '28.00', '40.00', '60.00', 2, 1),
(117, '0000-00-00 00:00:00', '0000-00-00 00:00:00', ',.-', 'ABISON', ',,.', '10.00', '28.00', '40.00', '60.00', 2, 1),
(118, '0000-00-00 00:00:00', '0000-00-00 00:00:00', 'HUEVA MOLVA', 'HUEVA DE MARUCA', 'LIN', '10.00', '28.00', '40.00', '60.00', 2, 1),
(121, '0000-00-00 00:00:00', '0000-00-00 00:00:00', '------', 'DURDO', '---', '10.00', '28.00', '40.00', '60.00', 2, 1),
(122, '0000-00-00 00:00:00', '0000-00-00 00:00:00', 'THUNNUS OBESUS', 'ATÚN PATUDO', '...', '10.00', '28.00', '40.00', '60.00', 2, 1),
(123, '0000-00-00 00:00:00', '0000-00-00 00:00:00', '....', 'GARDE', '---', '10.00', '28.00', '40.00', '60.00', 2, 1),
(124, '0000-00-00 00:00:00', '0000-00-00 00:00:00', 'THUNNUS THYNNUS', 'ATUN ROJO', '', '10.00', '28.00', '40.00', '60.00', 2, 1),
(125, '0000-00-00 00:00:00', '0000-00-00 00:00:00', 'ISURUS OXYRINCHUS', 'TIBURÓN MAKO', '', '10.00', '28.00', '40.00', '60.00', 2, 1),
(126, '2019-03-22 00:47:56', '2019-03-22 00:47:56', 'Beryx decadactylus', 'PALOMETA ROJA', 'BXD', '0.00', '0.00', '0.00', '0.00', 0, 1),
(127, '2022-10-24 03:05:42', '2022-10-24 03:05:42', 'DIPLODUS VULGARIS', 'MUXARRA', 'CTB', '0.00', '0.00', '0.00', '0.00', 0, 1),
(128, '2024-05-07 14:36:33', '2024-05-07 14:36:33', 'Lophius piscatorius', 'RAPE blanco', 'MON', '10.00', '28.00', '40.00', '60.00', 2, 1);

-- --------------------------------------------------------

--
-- Estructura de tabla para la tabla `pes_pescados_lang`
--

CREATE TABLE `pes_pescados_lang` (
  `id` int(5) NOT NULL,
  `id_rel` int(5) NOT NULL,
  `lang` varchar(2) NOT NULL DEFAULT 'es',
  `value` varchar(100) NOT NULL
) ENGINE=InnoDB DEFAULT CHARSET=utf8;

--
-- Volcado de datos para la tabla `pes_pescados_lang`
--

INSERT INTO `pes_pescados_lang` (`id`, `id_rel`, `lang`, `value`) VALUES
(1, 31, 'es', 'RAYAS'),
(2, 32, 'es', 'CALAMAR'),
(3, 33, 'es', 'POTA'),
(4, 34, 'es', 'LUBINA'),
(5, 35, 'es', 'SALMONETE'),
(6, 36, 'es', 'SEPIA'),
(7, 37, 'es', 'PULPO'),
(8, 38, 'es', 'PEZ SAN PEDRO'),
(9, 39, 'es', 'PINTAROJAS'),
(10, 40, 'es', 'PERLON'),
(11, 41, 'es', 'MERO'),
(12, 42, 'es', 'ALFONSINOS'),
(13, 43, 'es', 'BESUGO'),
(14, 44, 'es', 'CRABAS'),
(15, 45, 'es', 'JUREL'),
(16, 46, 'es', 'SARDINA'),
(17, 47, 'es', 'ANTXOA'),
(18, 48, 'es', 'MAKAELA'),
(19, 49, 'es', 'CIGALA CON SULFITO'),
(20, 50, 'es', 'BONITO'),
(21, 51, 'es', 'PLATIJA'),
(22, 52, 'es', 'DORADA'),
(23, 53, 'es', 'CABALLA'),
(24, 54, 'es', 'HUEVA DE MERLUZA'),
(25, 55, 'es', 'VERRUGATO'),
(26, 56, 'es', 'OSTRA'),
(27, 57, 'es', 'LANGOSTA'),
(28, 58, 'es', 'VIEIRA'),
(29, 59, 'es', 'ALMEJA'),
(30, 60, 'es', 'PERLITA'),
(31, 61, 'es', 'PALOMETON'),
(32, 62, 'es', 'CORVINA'),
(33, 63, 'es', 'MUXARRA'),
(34, 64, 'es', 'BOGAVANTE'),
(35, 65, 'es', 'BUEY'),
(36, 66, 'es', 'ALIGOTE'),
(37, 67, 'es', 'SABIRON'),
(38, 68, 'es', 'MERLUZA'),
(39, 69, 'es', 'RAPE'),
(40, 70, 'es', 'GALLO'),
(41, 71, 'es', 'FANECA'),
(42, 72, 'es', 'MARUCA'),
(43, 73, 'es', 'ABADEJO'),
(44, 74, 'es', 'TOLLA'),
(45, 75, 'es', 'CONGRIO'),
(46, 76, 'es', 'BROTOLA'),
(47, 77, 'es', 'LENGUADO COMUN'),
(48, 78, 'es', 'BURRO'),
(49, 79, 'es', 'RODABALLO'),
(50, 80, 'es', 'BACALAO'),
(51, 81, 'es', 'LIBA'),
(52, 82, 'es', 'BOGA'),
(53, 85, 'es', 'CABRACHO'),
(54, 86, 'es', 'ACEDIA'),
(55, 87, 'es', 'LAMPO'),
(56, 92, 'es', 'CORCON'),
(57, 93, 'es', 'ERLA'),
(58, 94, 'es', 'REYES'),
(59, 97, 'es', 'COLAS DE MERLUZA'),
(60, 98, 'es', 'KOKOTXAS DE MERLUZA'),
(61, 99, 'es', 'MARUCA AZUL'),
(62, 100, 'es', 'PEZ CINTO'),
(63, 103, 'es', 'COLAS DE RAPE'),
(64, 106, 'es', 'HUESOS DE RAPE'),
(65, 109, 'es', 'GALLINETA'),
(66, 110, 'es', 'CHERNA'),
(67, 111, 'es', 'PEZ ESPADA'),
(68, 114, 'es', 'VARIOS'),
(69, 117, 'es', 'ABISON'),
(70, 118, 'es', 'HUEVA DE MARUCA'),
(71, 121, 'es', 'DURDO'),
(72, 122, 'es', 'ATÚN PATUDO'),
(73, 123, 'es', 'GARDE'),
(74, 124, 'es', 'ATUN ROJO'),
(75, 125, 'es', 'TIBURÓN MAKO');

-- --------------------------------------------------------

--
-- Estructura de tabla para la tabla `plataforma`
--

CREATE TABLE `plataforma` (
  `id` int(5) NOT NULL,
  `orden` int(5) NOT NULL,
  `estado` int(1) NOT NULL
) ENGINE=InnoDB DEFAULT CHARSET=utf8;

--
-- Volcado de datos para la tabla `plataforma`
--

INSERT INTO `plataforma` (`id`, `orden`, `estado`) VALUES
(1, 1, 1),
(2, 2, 1),
(3, 3, 1);

-- --------------------------------------------------------

--
-- Estructura de tabla para la tabla `plataforma_lang`
--

CREATE TABLE `plataforma_lang` (
  `id` int(5) NOT NULL,
  `id_rel` int(5) NOT NULL,
  `lang` varchar(2) NOT NULL,
  `value` varchar(100) NOT NULL
) ENGINE=InnoDB DEFAULT CHARSET=utf8;

--
-- Volcado de datos para la tabla `plataforma_lang`
--

INSERT INTO `plataforma_lang` (`id`, `id_rel`, `lang`, `value`) VALUES
(1, 1, 'es', 'Web - Oficina'),
(2, 2, 'es', 'Puerto - Sobremesa'),
(3, 3, 'es', 'Puerto - Tablet');

-- --------------------------------------------------------

--
-- Estructura de tabla para la tabla `public_users_estados`
--

CREATE TABLE `public_users_estados` (
  `id` int(5) NOT NULL,
  `orden` int(5) NOT NULL,
  `estado` int(1) NOT NULL
) ENGINE=InnoDB DEFAULT CHARSET=utf8;

--
-- Volcado de datos para la tabla `public_users_estados`
--

INSERT INTO `public_users_estados` (`id`, `orden`, `estado`) VALUES
(1, 1, 1),
(2, 2, 1),
(3, 3, 1),
(4, 4, 0);

-- --------------------------------------------------------

--
-- Estructura de tabla para la tabla `public_users_estados_lang`
--

CREATE TABLE `public_users_estados_lang` (
  `id` int(5) NOT NULL,
  `id_rel` int(5) NOT NULL,
  `lang` varchar(2) NOT NULL,
  `value` varchar(100) NOT NULL
) ENGINE=InnoDB DEFAULT CHARSET=utf8;

--
-- Volcado de datos para la tabla `public_users_estados_lang`
--

INSERT INTO `public_users_estados_lang` (`id`, `id_rel`, `lang`, `value`) VALUES
(1, 1, 'es', 'Activo'),
(2, 2, 'es', 'Pendiente activacion'),
(3, 3, 'es', 'Bloqueado'),
(4, 4, 'es', 'Baja voluntaria');

-- --------------------------------------------------------

--
-- Estructura de tabla para la tabla `public_users_logs`
--

CREATE TABLE `public_users_logs` (
  `id` int(10) NOT NULL,
  `id_usuario` int(10) NOT NULL,
  `id_modulo` int(10) NOT NULL,
  `id_rel` int(10) NOT NULL,
  `accion` varchar(100) NOT NULL,
  `fecha` datetime NOT NULL
) ENGINE=InnoDB DEFAULT CHARSET=utf8;

-- --------------------------------------------------------

--
-- Estructura de tabla para la tabla `public_users_recomienda`
--

CREATE TABLE `public_users_recomienda` (
  `id` int(10) NOT NULL,
  `id_user_rel` int(10) NOT NULL,
  `id_user_amigo` int(10) NOT NULL,
  `email_amigo` varchar(150) NOT NULL,
  `tu_email` varchar(150) NOT NULL,
  `compra` int(1) NOT NULL DEFAULT '0'
) ENGINE=InnoDB DEFAULT CHARSET=utf8;

-- --------------------------------------------------------

--
-- Estructura de tabla para la tabla `public_users_tipos`
--

CREATE TABLE `public_users_tipos` (
  `id` int(5) NOT NULL,
  `orden` int(5) NOT NULL,
  `estado` int(1) NOT NULL,
  `modules` text NOT NULL
) ENGINE=InnoDB DEFAULT CHARSET=utf8;

--
-- Volcado de datos para la tabla `public_users_tipos`
--

INSERT INTO `public_users_tipos` (`id`, `orden`, `estado`, `modules`) VALUES
(1, 1, 1, '2;57;61;27;13;1;3;55;60;54;58;56;4;23;59;3'),
(2, 2, 1, '55;2;57;61;1;60;54;58;59;3'),
(3, 3, 1, ''),
(4, 4, 1, '');

-- --------------------------------------------------------

--
-- Estructura de tabla para la tabla `public_users_tipos_lang`
--

CREATE TABLE `public_users_tipos_lang` (
  `id` int(5) NOT NULL,
  `id_rel` int(5) NOT NULL,
  `lang` varchar(2) NOT NULL,
  `value` varchar(100) NOT NULL,
  `modules` text NOT NULL
) ENGINE=InnoDB DEFAULT CHARSET=utf8;

--
-- Volcado de datos para la tabla `public_users_tipos_lang`
--

INSERT INTO `public_users_tipos_lang` (`id`, `id_rel`, `lang`, `value`, `modules`) VALUES
(1, 1, 'es', 'Administración', ''),
(2, 2, 'es', 'Coordinador', ''),
(3, 3, 'es', 'Vendedor', ''),
(4, 4, 'es', 'Repartidor', '');

-- --------------------------------------------------------

--
-- Estructura de tabla para la tabla `users_logs`
--

CREATE TABLE `users_logs` (
  `id` int(10) NOT NULL,
  `id_usuario` int(10) NOT NULL,
  `id_modulo` int(10) NOT NULL,
  `id_rel` int(10) NOT NULL,
  `accion` varchar(100) NOT NULL,
  `fecha` datetime NOT NULL
) ENGINE=InnoDB DEFAULT CHARSET=utf8;

--
-- Volcado de datos para la tabla `users_logs`
--

INSERT INTO `users_logs` (`id`, `id_usuario`, `id_modulo`, `id_rel`, `accion`, `fecha`) VALUES
(1, 1, 0, 0, 'logout', '2017-11-06 11:08:43'),
(2, 4, 0, 0, 'login', '2017-11-06 11:08:49'),
(3, 4, 0, 0, 'login', '2017-11-06 11:14:43'),
(4, 4, 66, 1, 'save', '2017-11-06 11:16:40'),
(5, 4, 66, 1, 'save', '2017-11-06 11:16:40'),
(6, 4, 66, 2, 'insert', '2017-11-06 11:17:12'),
(7, 4, 66, 2, 'save', '2017-11-06 11:17:12'),
(8, 4, 0, 0, 'login', '2017-11-06 11:22:57'),
(9, 4, 0, 0, 'login', '2017-11-06 11:26:16'),
(10, 4, 0, 0, 'login', '2017-11-06 11:43:52'),
(11, 4, 0, 0, 'login', '2017-11-06 18:05:45'),
(12, 1, 0, 0, 'login', '2017-11-07 10:39:56'),
(13, 4, 0, 0, 'login', '2017-11-07 12:27:09'),
(14, 4, 66, 1, 'save', '2017-11-07 12:30:17'),
(15, 4, 66, 1, 'save', '2017-11-07 12:30:17'),
(16, 4, 0, 0, 'login', '2017-11-07 12:34:54'),
(17, 1, 0, 0, 'login', '2017-11-07 12:44:53'),
(18, 4, 0, 0, 'login', '2017-11-08 09:37:33'),
(19, 4, 0, 0, 'login', '2017-11-08 14:18:54'),
(20, 1, 0, 0, 'login', '2017-11-08 16:00:17'),
(21, 1, 66, 2, 'save', '2017-11-08 16:07:23'),
(22, 1, 66, 2, 'save', '2017-11-08 16:07:23'),
(23, 1, 66, 2, 'save', '2017-11-08 16:07:33'),
(24, 1, 66, 2, 'save', '2017-11-08 16:07:33'),
(25, 1, 66, 1, 'save', '2017-11-08 16:08:10'),
(26, 1, 66, 1, 'save', '2017-11-08 16:08:10'),
(27, 1, 66, 2, 'save', '2017-11-08 16:08:17'),
(28, 1, 66, 2, 'save', '2017-11-08 16:08:17'),
(29, 4, 0, 0, 'login', '2017-11-08 16:43:10'),
(30, 4, 66, 2, 'save', '2017-11-08 16:43:42'),
(31, 4, 66, 2, 'save', '2017-11-08 16:43:42'),
(32, 4, 66, 1, 'save', '2017-11-08 16:43:48'),
(33, 4, 66, 1, 'save', '2017-11-08 16:43:48'),
(34, 1, 0, 0, 'login', '2017-11-08 16:51:27'),
(35, 4, 0, 0, 'login', '2017-11-08 22:17:27'),
(36, 4, 59, 3, 'insert', '2017-11-08 22:21:57'),
(37, 4, 66, 3, 'insert', '2017-11-08 22:23:23'),
(38, 4, 66, 3, 'save', '2017-11-08 22:23:23'),
(39, 4, 66, 4, 'insert', '2017-11-08 22:33:53'),
(40, 4, 66, 4, 'save', '2017-11-08 22:33:53'),
(41, 4, 66, 4, 'save', '2017-11-08 22:34:15'),
(42, 4, 66, 4, 'save', '2017-11-08 22:34:15'),
(43, 4, 0, 0, 'login', '2017-11-09 00:07:42'),
(44, 4, 0, 0, 'login', '2017-11-09 00:14:21'),
(45, 4, 66, 5, 'insert', '2017-11-09 00:23:32'),
(46, 4, 66, 5, 'save', '2017-11-09 00:23:32'),
(47, 4, 57, 90, 'save', '2017-11-09 00:31:51'),
(48, 4, 66, 6, 'insert', '2017-11-09 00:32:40'),
(49, 4, 66, 6, 'save', '2017-11-09 00:32:40'),
(50, 4, 0, 0, 'login', '2017-11-09 01:29:20'),
(51, 4, 66, 4, 'save', '2017-11-09 01:31:37'),
(52, 4, 66, 4, 'save', '2017-11-09 01:31:37'),
(53, 4, 66, 4, 'save', '2017-11-09 01:32:32'),
(54, 4, 66, 4, 'save', '2017-11-09 01:32:32'),
(55, 4, 66, 4, 'save', '2017-11-09 01:33:07'),
(56, 4, 66, 4, 'save', '2017-11-09 01:33:07'),
(57, 4, 66, 4, 'save', '2017-11-09 01:34:47'),
(58, 4, 66, 4, 'save', '2017-11-09 01:34:47'),
(59, 4, 66, 4, 'save', '2017-11-09 01:35:28'),
(60, 4, 66, 4, 'save', '2017-11-09 01:35:28'),
(61, 4, 66, 4, 'save', '2017-11-09 01:38:38'),
(62, 4, 66, 4, 'save', '2017-11-09 01:38:38'),
(63, 4, 66, 4, 'save', '2017-11-09 01:43:28'),
(64, 4, 66, 4, 'save', '2017-11-09 01:43:28'),
(65, 4, 66, 4, 'save', '2017-11-09 01:44:48'),
(66, 4, 66, 4, 'save', '2017-11-09 01:44:48'),
(67, 4, 66, 4, 'save', '2017-11-09 01:45:41'),
(68, 4, 66, 4, 'save', '2017-11-09 01:45:41'),
(69, 4, 66, 4, 'save', '2017-11-09 01:46:34'),
(70, 4, 66, 4, 'save', '2017-11-09 01:46:34'),
(71, 4, 66, 4, 'save', '2017-11-09 01:47:04'),
(72, 4, 66, 4, 'save', '2017-11-09 01:47:04'),
(73, 4, 66, 4, 'save', '2017-11-09 01:47:46'),
(74, 4, 66, 4, 'save', '2017-11-09 01:47:46'),
(75, 4, 66, 4, 'save', '2017-11-09 01:48:23'),
(76, 4, 66, 4, 'save', '2017-11-09 01:48:23'),
(77, 4, 66, 4, 'save', '2017-11-09 01:48:57'),
(78, 4, 66, 4, 'save', '2017-11-09 01:48:57'),
(79, 4, 66, 4, 'save', '2017-11-09 01:49:22'),
(80, 4, 66, 4, 'save', '2017-11-09 01:49:22'),
(81, 4, 66, 6, 'save', '2017-11-09 01:50:33'),
(82, 4, 66, 6, 'save', '2017-11-09 01:50:33'),
(83, 4, 66, 6, 'save', '2017-11-09 01:51:02'),
(84, 4, 66, 6, 'save', '2017-11-09 01:51:02'),
(85, 4, 66, 6, 'save', '2017-11-09 01:51:28'),
(86, 4, 66, 6, 'save', '2017-11-09 01:51:28'),
(87, 4, 66, 6, 'save', '2017-11-09 01:51:50'),
(88, 4, 66, 6, 'save', '2017-11-09 01:51:50'),
(89, 4, 66, 6, 'save', '2017-11-09 02:04:56'),
(90, 4, 66, 6, 'save', '2017-11-09 02:04:56'),
(91, 4, 66, 7, 'insert', '2017-11-09 02:06:05'),
(92, 4, 66, 7, 'save', '2017-11-09 02:06:05'),
(93, 4, 66, 7, 'save', '2017-11-09 02:07:12'),
(94, 4, 66, 7, 'save', '2017-11-09 02:07:12'),
(95, 4, 0, 0, 'login', '2017-11-09 02:09:30'),
(96, 4, 59, 4, 'insert', '2017-11-09 02:11:03'),
(97, 4, 59, 4, 'save', '2017-11-09 02:13:26'),
(98, 4, 66, 7, 'save', '2017-11-09 02:13:58'),
(99, 4, 66, 7, 'save', '2017-11-09 02:13:58'),
(100, 4, 0, 0, 'login', '2017-11-09 09:13:10'),
(101, 1, 0, 0, 'login', '2017-11-09 10:22:04'),
(102, 1, 66, 5, 'save', '2017-11-09 10:28:44'),
(103, 1, 66, 5, 'save', '2017-11-09 10:28:44'),
(104, 1, 57, 90, 'save', '2017-11-09 10:28:58'),
(105, 1, 66, 5, 'save', '2017-11-09 10:29:07'),
(106, 1, 66, 5, 'save', '2017-11-09 10:29:07'),
(107, 4, 0, 0, 'login', '2017-11-09 13:07:32'),
(108, 4, 0, 0, 'login', '2017-11-09 13:09:50'),
(109, 1, 0, 0, 'login', '2017-11-09 13:13:20'),
(110, 4, 59, 4, 'save', '2017-11-09 13:25:19'),
(111, 4, 59, 1, 'save', '2017-11-09 13:25:33'),
(112, 4, 0, 0, 'login', '2017-11-12 22:03:52'),
(113, 4, 66, 8, 'insert', '2017-11-12 22:06:57'),
(114, 4, 66, 8, 'save', '2017-11-12 22:06:57'),
(115, 4, 66, 9, 'insert', '2017-11-12 22:22:12'),
(116, 4, 66, 9, 'save', '2017-11-12 22:22:12'),
(117, 4, 66, 9, 'save', '2017-11-12 23:06:47'),
(118, 4, 66, 9, 'save', '2017-11-12 23:06:47'),
(119, 4, 66, 9, 'save', '2017-11-12 23:08:01'),
(120, 4, 66, 9, 'save', '2017-11-12 23:08:01'),
(121, 4, 66, 9, 'save', '2017-11-12 23:08:28'),
(122, 4, 66, 9, 'save', '2017-11-12 23:08:28'),
(123, 4, 66, 9, 'save', '2017-11-12 23:08:49'),
(124, 4, 66, 9, 'save', '2017-11-12 23:08:49'),
(125, 4, 66, 9, 'save', '2017-11-12 23:09:09'),
(126, 4, 66, 9, 'save', '2017-11-12 23:09:09'),
(127, 4, 66, 10, 'insert', '2017-11-12 23:14:11'),
(128, 4, 66, 10, 'save', '2017-11-12 23:14:11'),
(129, 4, 0, 0, 'login', '2017-11-12 23:18:06'),
(130, 4, 66, 11, 'insert', '2017-11-12 23:26:19'),
(131, 4, 66, 11, 'save', '2017-11-12 23:26:19'),
(132, 4, 0, 0, 'login', '2017-11-13 00:56:25'),
(133, 4, 66, 11, 'save', '2017-11-13 00:57:17'),
(134, 4, 66, 11, 'save', '2017-11-13 00:57:17'),
(135, 4, 66, 12, 'insert', '2017-11-13 00:59:01'),
(136, 4, 66, 12, 'save', '2017-11-13 00:59:01'),
(137, 4, 66, 13, 'insert', '2017-11-13 01:01:13'),
(138, 4, 66, 13, 'save', '2017-11-13 01:01:13'),
(139, 4, 57, 25, 'save', '2017-11-13 01:09:28'),
(140, 4, 0, 0, 'login', '2017-11-13 01:42:13'),
(141, 4, 66, 12, 'save', '2017-11-13 01:43:40'),
(142, 4, 66, 12, 'save', '2017-11-13 01:43:40'),
(143, 4, 66, 12, 'save', '2017-11-13 02:28:51'),
(144, 4, 66, 12, 'save', '2017-11-13 02:28:51'),
(145, 4, 66, 13, 'save', '2017-11-13 02:31:06'),
(146, 4, 66, 13, 'save', '2017-11-13 02:31:06'),
(147, 4, 66, 13, 'save', '2017-11-13 02:31:44'),
(148, 4, 66, 13, 'save', '2017-11-13 02:31:44'),
(149, 4, 66, 13, 'save', '2017-11-13 02:32:07'),
(150, 4, 66, 13, 'save', '2017-11-13 02:32:07'),
(151, 4, 66, 13, 'save', '2017-11-13 02:32:29'),
(152, 4, 66, 13, 'save', '2017-11-13 02:32:29'),
(153, 4, 66, 13, 'save', '2017-11-13 02:32:47'),
(154, 4, 66, 13, 'save', '2017-11-13 02:32:47'),
(155, 4, 66, 14, 'insert', '2017-11-13 02:41:13'),
(156, 4, 66, 14, 'save', '2017-11-13 02:41:13'),
(157, 4, 57, 83, 'save', '2017-11-13 02:43:30'),
(158, 4, 66, 15, 'insert', '2017-11-13 02:46:27'),
(159, 4, 66, 15, 'save', '2017-11-13 02:46:27'),
(160, 4, 66, 14, 'delete', '2017-11-13 02:47:58'),
(161, 4, 0, 0, 'login', '2017-11-13 03:56:14'),
(162, 4, 66, 15, 'save', '2017-11-13 03:56:41'),
(163, 4, 66, 15, 'save', '2017-11-13 03:56:41'),
(164, 4, 66, 15, 'save', '2017-11-13 03:57:07'),
(165, 4, 66, 15, 'save', '2017-11-13 03:57:07'),
(166, 4, 66, 15, 'save', '2017-11-13 03:57:36'),
(167, 4, 66, 15, 'save', '2017-11-13 03:57:36'),
(168, 4, 66, 15, 'save', '2017-11-13 03:57:56'),
(169, 4, 66, 15, 'save', '2017-11-13 03:57:56'),
(170, 4, 66, 16, 'insert', '2017-11-13 03:59:34'),
(171, 4, 66, 16, 'save', '2017-11-13 03:59:34'),
(172, 4, 66, 16, 'save', '2017-11-13 04:00:31'),
(173, 4, 66, 16, 'save', '2017-11-13 04:00:31'),
(174, 4, 66, 16, 'save', '2017-11-13 04:00:56'),
(175, 4, 66, 16, 'save', '2017-11-13 04:00:56'),
(176, 4, 66, 16, 'save', '2017-11-13 04:01:19'),
(177, 4, 66, 16, 'save', '2017-11-13 04:01:19'),
(178, 4, 66, 16, 'save', '2017-11-13 04:01:42'),
(179, 4, 66, 16, 'save', '2017-11-13 04:01:42'),
(180, 4, 66, 16, 'save', '2017-11-13 04:02:05'),
(181, 4, 66, 16, 'save', '2017-11-13 04:02:05'),
(182, 4, 66, 16, 'save', '2017-11-13 04:02:24'),
(183, 4, 66, 16, 'save', '2017-11-13 04:02:24'),
(184, 4, 66, 16, 'save', '2017-11-13 04:02:48'),
(185, 4, 66, 16, 'save', '2017-11-13 04:02:48'),
(186, 4, 66, 16, 'save', '2017-11-13 04:03:21'),
(187, 4, 66, 16, 'save', '2017-11-13 04:03:21'),
(188, 4, 66, 16, 'save', '2017-11-13 04:23:23'),
(189, 4, 66, 16, 'save', '2017-11-13 04:23:23'),
(190, 4, 66, 16, 'save', '2017-11-13 04:23:44'),
(191, 4, 66, 16, 'save', '2017-11-13 04:23:44'),
(192, 4, 66, 16, 'save', '2017-11-13 04:24:05'),
(193, 4, 66, 16, 'save', '2017-11-13 04:24:05'),
(194, 4, 66, 16, 'save', '2017-11-13 04:24:24'),
(195, 4, 66, 16, 'save', '2017-11-13 04:24:24'),
(196, 4, 66, 16, 'save', '2017-11-13 04:24:43'),
(197, 4, 66, 16, 'save', '2017-11-13 04:24:43'),
(198, 4, 66, 16, 'save', '2017-11-13 04:25:14'),
(199, 4, 66, 16, 'save', '2017-11-13 04:25:14'),
(200, 4, 66, 16, 'save', '2017-11-13 04:25:33'),
(201, 4, 66, 16, 'save', '2017-11-13 04:25:33'),
(202, 4, 66, 16, 'save', '2017-11-13 04:25:52'),
(203, 4, 66, 16, 'save', '2017-11-13 04:25:52'),
(204, 4, 66, 16, 'save', '2017-11-13 04:26:12'),
(205, 4, 66, 16, 'save', '2017-11-13 04:26:12'),
(206, 4, 66, 16, 'save', '2017-11-13 04:26:32'),
(207, 4, 66, 16, 'save', '2017-11-13 04:26:32'),
(208, 4, 66, 16, 'save', '2017-11-13 04:26:58'),
(209, 4, 66, 16, 'save', '2017-11-13 04:26:58'),
(210, 4, 66, 16, 'save', '2017-11-13 04:27:23'),
(211, 4, 66, 16, 'save', '2017-11-13 04:27:24'),
(212, 4, 66, 16, 'save', '2017-11-13 04:27:40'),
(213, 4, 66, 16, 'save', '2017-11-13 04:27:41'),
(214, 4, 66, 16, 'save', '2017-11-13 04:28:37'),
(215, 4, 66, 16, 'save', '2017-11-13 04:28:37'),
(216, 4, 66, 16, 'save', '2017-11-13 04:38:25'),
(217, 4, 66, 16, 'save', '2017-11-13 04:38:25'),
(218, 4, 66, 16, 'save', '2017-11-13 04:38:51'),
(219, 4, 66, 16, 'save', '2017-11-13 04:38:51'),
(220, 4, 66, 16, 'save', '2017-11-13 04:39:14'),
(221, 4, 66, 16, 'save', '2017-11-13 04:39:14'),
(222, 4, 66, 16, 'save', '2017-11-13 04:39:32'),
(223, 4, 66, 16, 'save', '2017-11-13 04:39:32'),
(224, 4, 0, 0, 'login', '2017-11-13 22:46:46'),
(225, 4, 0, 0, 'login', '2017-11-13 23:06:33'),
(226, 4, 0, 0, 'login', '2017-11-13 23:14:58'),
(227, 4, 0, 0, 'login', '2017-11-14 06:54:31'),
(228, 4, 0, 0, 'login', '2017-11-15 00:18:45'),
(229, 4, 0, 0, 'login', '2017-11-15 00:39:22'),
(230, 4, 0, 0, 'login', '2017-11-15 21:38:53'),
(231, 4, 0, 0, 'login', '2017-11-19 21:31:58'),
(232, 4, 0, 0, 'login', '2017-11-21 23:54:33'),
(233, 4, 0, 0, 'login', '2017-11-22 21:50:22'),
(234, 4, 0, 0, 'login', '2017-11-23 01:15:05'),
(235, 4, 66, 16, 'save', '2017-11-23 01:15:58'),
(236, 4, 66, 16, 'save', '2017-11-23 01:15:58'),
(237, 4, 0, 0, 'login', '2017-11-23 09:56:55'),
(238, 4, 66, 16, 'save', '2017-11-23 09:57:09'),
(239, 4, 66, 16, 'save', '2017-11-23 09:57:09'),
(240, 4, 0, 0, 'login', '2017-11-23 23:00:45'),
(241, 4, 0, 0, 'login', '2017-11-23 23:00:59'),
(242, 4, 66, 17, 'insert', '2017-11-23 23:01:58'),
(243, 4, 66, 17, 'save', '2017-11-23 23:01:58'),
(244, 4, 0, 0, 'login', '2017-11-26 23:44:00'),
(245, 4, 0, 0, 'login', '2017-11-27 00:35:39'),
(246, 4, 0, 0, 'login', '2017-11-27 01:03:41'),
(247, 4, 0, 0, 'login', '2017-11-27 03:35:14'),
(248, 4, 0, 0, 'login', '2017-11-28 23:22:51'),
(249, 4, 0, 0, 'login', '2017-11-29 22:48:07'),
(250, 4, 0, 0, 'login', '2017-11-30 03:55:02'),
(251, 4, 0, 0, 'login', '2017-12-03 19:59:32'),
(252, 4, 0, 0, 'login', '2017-12-12 23:30:37'),
(253, 4, 0, 0, 'login', '2017-12-13 23:14:00'),
(254, 4, 0, 0, 'login', '2017-12-17 21:34:50'),
(255, 4, 66, 18, 'insert', '2017-12-17 21:37:22'),
(256, 4, 66, 18, 'save', '2017-12-17 21:37:22'),
(257, 4, 66, 18, 'save', '2017-12-17 21:45:01'),
(258, 4, 66, 18, 'save', '2017-12-17 21:45:01'),
(259, 4, 66, 18, 'save', '2017-12-17 21:45:52'),
(260, 4, 66, 18, 'save', '2017-12-17 21:45:52'),
(261, 4, 66, 18, 'save', '2017-12-17 23:12:32'),
(262, 4, 66, 18, 'save', '2017-12-17 23:12:32'),
(263, 4, 66, 18, 'save', '2017-12-17 23:13:09'),
(264, 4, 66, 18, 'save', '2017-12-17 23:13:09'),
(265, 4, 66, 18, 'save', '2017-12-17 23:13:33'),
(266, 4, 66, 18, 'save', '2017-12-17 23:13:33'),
(267, 4, 66, 18, 'save', '2017-12-17 23:13:42'),
(268, 4, 66, 18, 'save', '2017-12-17 23:13:42'),
(269, 4, 66, 18, 'save', '2017-12-17 23:14:00'),
(270, 4, 66, 18, 'save', '2017-12-17 23:14:00'),
(271, 4, 66, 18, 'save', '2017-12-17 23:14:26'),
(272, 4, 66, 18, 'save', '2017-12-17 23:14:26'),
(273, 4, 66, 19, 'insert', '2017-12-17 23:32:15'),
(274, 4, 66, 19, 'save', '2017-12-17 23:32:15'),
(275, 4, 66, 18, 'save', '2017-12-17 23:34:52'),
(276, 4, 66, 18, 'save', '2017-12-17 23:34:52'),
(277, 4, 66, 18, 'save', '2017-12-17 23:35:16'),
(278, 4, 66, 18, 'save', '2017-12-17 23:35:16'),
(279, 4, 66, 18, 'save', '2017-12-17 23:35:39'),
(280, 4, 66, 18, 'save', '2017-12-17 23:35:39'),
(281, 4, 66, 18, 'save', '2017-12-17 23:36:07'),
(282, 4, 66, 18, 'save', '2017-12-17 23:36:07'),
(283, 4, 66, 18, 'save', '2017-12-17 23:36:32'),
(284, 4, 66, 18, 'save', '2017-12-17 23:36:32'),
(285, 4, 66, 20, 'insert', '2017-12-18 01:11:01'),
(286, 4, 66, 20, 'save', '2017-12-18 01:11:01'),
(287, 4, 66, 20, 'save', '2017-12-18 01:12:19'),
(288, 4, 66, 20, 'save', '2017-12-18 01:12:19'),
(289, 4, 66, 20, 'save', '2017-12-18 01:13:13'),
(290, 4, 66, 20, 'save', '2017-12-18 01:13:13'),
(291, 4, 66, 20, 'save', '2017-12-18 01:14:47'),
(292, 4, 66, 20, 'save', '2017-12-18 01:14:47'),
(293, 4, 66, 20, 'save', '2017-12-18 01:15:10'),
(294, 4, 66, 20, 'save', '2017-12-18 01:15:10'),
(295, 4, 66, 20, 'save', '2017-12-18 01:15:33'),
(296, 4, 66, 20, 'save', '2017-12-18 01:15:33'),
(297, 4, 66, 20, 'save', '2017-12-18 01:16:00'),
(298, 4, 66, 20, 'save', '2017-12-18 01:16:00'),
(299, 4, 66, 20, 'save', '2017-12-18 01:16:26'),
(300, 4, 66, 20, 'save', '2017-12-18 01:16:26'),
(301, 4, 66, 20, 'save', '2017-12-18 01:17:09'),
(302, 4, 66, 20, 'save', '2017-12-18 01:17:09'),
(303, 4, 66, 20, 'save', '2017-12-18 01:17:45'),
(304, 4, 66, 20, 'save', '2017-12-18 01:17:45'),
(305, 4, 66, 20, 'save', '2017-12-18 01:18:01'),
(306, 4, 66, 20, 'save', '2017-12-18 01:18:01'),
(307, 4, 66, 20, 'save', '2017-12-18 01:19:01'),
(308, 4, 66, 20, 'save', '2017-12-18 01:19:01'),
(309, 4, 0, 0, 'login', '2017-12-26 22:56:39'),
(310, 4, 0, 0, 'login', '2018-01-04 04:03:06'),
(311, 4, 0, 0, 'login', '2018-01-04 06:18:30'),
(312, 4, 0, 0, 'login', '2018-01-04 06:21:55'),
(313, 4, 0, 0, 'login', '2018-01-04 06:23:17'),
(314, 4, 0, 0, 'login', '2018-01-04 06:28:33'),
(315, 4, 66, 21, 'insert', '2018-01-04 06:30:53'),
(316, 4, 66, 21, 'save', '2018-01-04 06:30:53'),
(317, 4, 0, 0, 'login', '2018-01-07 21:02:33'),
(318, 4, 0, 0, 'login', '2018-01-09 01:36:51'),
(319, 4, 0, 0, 'login', '2018-01-09 01:45:06'),
(320, 4, 0, 0, 'login', '2018-01-09 01:46:12'),
(321, 4, 66, 22, 'insert', '2018-01-09 01:46:41'),
(322, 4, 66, 22, 'save', '2018-01-09 01:46:41'),
(323, 4, 0, 0, 'login', '2018-01-09 01:48:37'),
(324, 4, 0, 0, 'login', '2018-01-09 01:50:37'),
(325, 4, 66, 23, 'insert', '2018-01-09 01:51:36'),
(326, 4, 66, 23, 'save', '2018-01-09 01:51:36'),
(327, 4, 66, 23, 'save', '2018-01-09 01:51:58'),
(328, 4, 66, 23, 'save', '2018-01-09 01:51:58'),
(329, 4, 0, 0, 'login', '2018-01-09 09:25:15'),
(330, 4, 66, 24, 'insert', '2018-01-09 09:26:16'),
(331, 4, 66, 24, 'save', '2018-01-09 09:26:16'),
(332, 4, 66, 24, 'save', '2018-01-09 09:26:32'),
(333, 4, 66, 24, 'save', '2018-01-09 09:26:32'),
(334, 4, 0, 0, 'login', '2018-01-09 09:28:20'),
(335, 4, 66, 25, 'insert', '2018-01-09 09:56:34'),
(336, 4, 66, 25, 'save', '2018-01-09 09:56:34'),
(337, 4, 66, 25, 'save', '2018-01-09 09:57:11'),
(338, 4, 66, 25, 'save', '2018-01-09 09:57:11'),
(339, 4, 0, 0, 'login', '2018-01-09 10:04:24'),
(340, 4, 0, 0, 'login', '2018-01-09 10:05:02'),
(341, 4, 0, 0, 'login', '2018-01-09 10:05:33'),
(342, 4, 0, 0, 'login', '2018-01-09 10:10:34'),
(343, 4, 66, 26, 'insert', '2018-01-09 10:11:42'),
(344, 4, 66, 26, 'save', '2018-01-09 10:11:42'),
(345, 4, 0, 0, 'login', '2018-01-09 10:15:10'),
(346, 4, 66, 27, 'insert', '2018-01-09 10:16:20'),
(347, 4, 66, 27, 'save', '2018-01-09 10:16:20'),
(348, 4, 0, 0, 'login', '2018-01-09 22:44:55'),
(349, 4, 0, 0, 'login', '2018-01-09 22:46:19'),
(350, 4, 0, 0, 'login', '2018-01-09 22:47:41'),
(351, 4, 0, 0, 'login', '2018-01-09 23:16:55'),
(352, 4, 0, 0, 'login', '2018-01-10 23:02:07'),
(353, 4, 0, 0, 'login', '2018-01-11 07:52:20'),
(354, 4, 0, 0, 'login', '2018-01-11 07:58:17'),
(355, 4, 0, 0, 'login', '2018-01-11 08:03:10'),
(356, 4, 0, 0, 'login', '2018-01-11 22:28:22'),
(357, 4, 0, 0, 'login', '2018-01-14 20:02:36'),
(358, 4, 0, 0, 'login', '2018-01-14 20:06:30'),
(359, 4, 0, 0, 'login', '2018-01-15 00:45:59'),
(360, 4, 0, 0, 'login', '2018-01-15 03:45:55'),
(361, 4, 0, 0, 'login', '2018-01-15 03:56:15'),
(362, 4, 0, 0, 'login', '2018-01-15 22:36:23'),
(363, 4, 0, 0, 'login', '2018-01-15 23:16:21'),
(364, 4, 0, 0, 'login', '2018-01-16 00:15:23'),
(365, 4, 0, 0, 'login', '2018-01-17 04:24:17'),
(366, 4, 0, 0, 'login', '2018-01-17 04:27:52'),
(367, 4, 0, 0, 'login', '2018-01-18 22:03:51'),
(368, 4, 0, 0, 'login', '2018-01-22 00:14:59'),
(369, 4, 0, 0, 'login', '2018-01-23 23:31:04'),
(370, 4, 0, 0, 'login', '2018-01-24 00:11:20'),
(371, 4, 0, 0, 'login', '2018-01-24 23:41:22'),
(372, 4, 0, 0, 'login', '2018-01-28 20:47:13'),
(373, 4, 0, 0, 'login', '2018-01-29 04:26:21'),
(374, 4, 0, 0, 'login', '2018-01-29 04:29:52'),
(375, 4, 0, 0, 'login', '2018-01-31 23:21:52'),
(376, 4, 0, 0, 'login', '2018-02-01 00:44:42'),
(377, 4, 0, 0, 'login', '2018-02-04 21:38:11'),
(378, 4, 0, 0, 'login', '2018-02-05 00:57:14'),
(379, 4, 0, 0, 'login', '2018-02-05 01:39:08'),
(380, 4, 0, 0, 'login', '2018-02-05 02:26:10'),
(381, 4, 0, 0, 'login', '2018-02-06 23:53:00'),
(382, 4, 0, 0, 'login', '2018-02-07 00:17:43'),
(383, 4, 0, 0, 'login', '2018-02-08 01:09:17'),
(384, 4, 0, 0, 'login', '2018-02-11 22:08:09'),
(385, 4, 0, 0, 'login', '2018-02-12 06:34:14'),
(386, 4, 0, 0, 'login', '2018-02-12 11:39:28'),
(387, 4, 66, 28, 'insert', '2018-02-12 11:40:51'),
(388, 4, 66, 28, 'save', '2018-02-12 11:40:51'),
(389, 4, 66, 28, 'save', '2018-02-12 11:41:11'),
(390, 4, 66, 28, 'save', '2018-02-12 11:41:11'),
(391, 4, 0, 0, 'login', '2018-02-12 11:42:13'),
(392, 4, 66, 29, 'insert', '2018-02-12 11:43:28'),
(393, 4, 66, 29, 'save', '2018-02-12 11:43:28'),
(394, 4, 0, 0, 'login', '2018-02-12 11:44:37'),
(395, 4, 66, 30, 'insert', '2018-02-12 11:46:01'),
(396, 4, 66, 30, 'save', '2018-02-12 11:46:01'),
(397, 4, 0, 0, 'login', '2018-02-12 11:46:34'),
(398, 4, 66, 31, 'insert', '2018-02-12 11:47:14'),
(399, 4, 66, 31, 'save', '2018-02-12 11:47:14'),
(400, 4, 0, 0, 'login', '2018-02-12 19:25:44'),
(401, 4, 0, 0, 'login', '2018-02-12 19:34:28'),
(402, 4, 0, 0, 'login', '2018-02-13 09:47:22'),
(403, 4, 0, 0, 'login', '2018-02-13 09:55:27'),
(404, 4, 0, 0, 'login', '2018-02-13 22:59:40'),
(405, 4, 0, 0, 'login', '2018-02-14 17:48:42'),
(406, 4, 0, 0, 'login', '2018-02-14 23:53:38'),
(407, 4, 0, 0, 'login', '2018-02-18 21:58:57'),
(408, 4, 0, 0, 'login', '2018-02-20 23:21:38'),
(409, 4, 0, 0, 'login', '2018-02-21 00:26:02'),
(410, 4, 0, 0, 'login', '2018-02-25 21:31:40'),
(411, 4, 0, 0, 'login', '2018-02-25 21:38:10'),
(412, 4, 0, 0, 'login', '2018-02-25 21:39:38'),
(413, 4, 0, 0, 'login', '2018-02-25 21:41:41'),
(414, 4, 0, 0, 'login', '2018-02-26 01:12:22'),
(415, 4, 0, 0, 'login', '2018-02-26 01:13:10'),
(416, 4, 0, 0, 'login', '2018-02-26 01:14:00'),
(417, 4, 0, 0, 'login', '2018-02-26 01:14:49'),
(418, 4, 0, 0, 'login', '2018-02-26 04:49:56'),
(419, 4, 0, 0, 'login', '2018-02-26 19:39:04'),
(420, 4, 0, 0, 'login', '2018-02-26 19:43:40'),
(421, 4, 0, 0, 'login', '2018-02-26 19:46:05'),
(422, 4, 66, 32, 'insert', '2018-02-26 19:47:34'),
(423, 4, 66, 32, 'save', '2018-02-26 19:47:34'),
(424, 4, 66, 32, 'save', '2018-02-26 19:47:54'),
(425, 4, 66, 32, 'save', '2018-02-26 19:47:54'),
(426, 4, 66, 32, 'save', '2018-02-26 19:52:30'),
(427, 4, 66, 32, 'save', '2018-02-26 19:52:30'),
(428, 4, 66, 32, 'save', '2018-02-26 20:30:28'),
(429, 4, 66, 32, 'save', '2018-02-26 20:30:28'),
(430, 4, 66, 32, 'save', '2018-02-26 20:31:48'),
(431, 4, 66, 32, 'save', '2018-02-26 20:31:48'),
(432, 4, 66, 32, 'save', '2018-02-26 20:34:24'),
(433, 4, 66, 32, 'save', '2018-02-26 20:34:24'),
(434, 4, 66, 32, 'save', '2018-02-26 20:35:06'),
(435, 4, 66, 32, 'save', '2018-02-26 20:35:06'),
(436, 4, 66, 32, 'save', '2018-02-26 20:41:29'),
(437, 4, 66, 32, 'save', '2018-02-26 20:41:29'),
(438, 4, 66, 32, 'save', '2018-02-26 20:42:10'),
(439, 4, 66, 32, 'save', '2018-02-26 20:42:10'),
(440, 4, 66, 32, 'save', '2018-02-26 20:42:12'),
(441, 4, 66, 32, 'save', '2018-02-26 20:42:12'),
(442, 4, 0, 0, 'login', '2018-02-27 22:48:26'),
(443, 4, 0, 0, 'login', '2018-03-01 06:00:48'),
(444, 4, 66, 33, 'insert', '2018-03-01 06:02:04'),
(445, 4, 66, 33, 'save', '2018-03-01 06:02:04'),
(446, 4, 66, 33, 'save', '2018-03-01 06:02:18'),
(447, 4, 66, 33, 'save', '2018-03-01 06:02:18'),
(448, 4, 66, 33, 'save', '2018-03-01 06:02:33'),
(449, 4, 66, 33, 'save', '2018-03-01 06:02:33'),
(450, 4, 66, 33, 'save', '2018-03-01 06:03:20'),
(451, 4, 66, 33, 'save', '2018-03-01 06:03:20'),
(452, 4, 66, 33, 'save', '2018-03-01 06:04:19'),
(453, 4, 66, 33, 'save', '2018-03-01 06:04:19'),
(454, 4, 66, 33, 'save', '2018-03-01 06:05:03'),
(455, 4, 66, 33, 'save', '2018-03-01 06:05:03'),
(456, 4, 66, 33, 'save', '2018-03-01 06:07:31'),
(457, 4, 66, 33, 'save', '2018-03-01 06:07:31'),
(458, 4, 66, 33, 'save', '2018-03-01 06:08:42'),
(459, 4, 66, 33, 'save', '2018-03-01 06:08:42'),
(460, 4, 66, 33, 'save', '2018-03-01 06:12:56'),
(461, 4, 66, 33, 'save', '2018-03-01 06:12:56'),
(462, 4, 66, 33, 'save', '2018-03-01 06:14:00'),
(463, 4, 66, 33, 'save', '2018-03-01 06:14:00'),
(464, 4, 66, 33, 'save', '2018-03-01 06:16:06'),
(465, 4, 66, 33, 'save', '2018-03-01 06:16:06'),
(466, 4, 66, 33, 'save', '2018-03-01 06:17:20'),
(467, 4, 66, 33, 'save', '2018-03-01 06:17:20'),
(468, 4, 66, 33, 'save', '2018-03-01 06:30:20'),
(469, 4, 66, 33, 'save', '2018-03-01 06:30:20'),
(470, 4, 66, 33, 'save', '2018-03-01 06:32:03'),
(471, 4, 66, 33, 'save', '2018-03-01 06:32:03'),
(472, 4, 66, 33, 'save', '2018-03-01 06:32:09'),
(473, 4, 66, 33, 'save', '2018-03-01 06:32:09'),
(474, 4, 66, 33, 'save', '2018-03-01 06:39:11'),
(475, 4, 66, 33, 'save', '2018-03-01 06:39:11'),
(476, 4, 66, 33, 'save', '2018-03-01 06:39:31'),
(477, 4, 66, 33, 'save', '2018-03-01 06:39:31'),
(478, 4, 66, 33, 'save', '2018-03-01 06:39:40'),
(479, 4, 66, 33, 'save', '2018-03-01 06:39:40'),
(480, 4, 66, 33, 'save', '2018-03-01 07:53:59'),
(481, 4, 66, 33, 'save', '2018-03-01 07:53:59'),
(482, 4, 0, 0, 'login', '2018-03-02 05:42:31'),
(483, 4, 0, 0, 'login', '2018-03-02 05:43:55'),
(484, 4, 0, 0, 'login', '2018-03-02 05:47:21'),
(485, 4, 0, 0, 'login', '2018-03-02 05:47:40'),
(486, 4, 0, 0, 'login', '2018-03-02 05:52:33'),
(487, 4, 0, 0, 'login', '2018-03-04 21:26:29'),
(488, 4, 0, 0, 'login', '2018-03-05 04:25:41'),
(489, 4, 0, 0, 'login', '2018-03-07 07:39:45'),
(490, 4, 0, 0, 'login', '2018-03-07 07:40:16'),
(491, 4, 0, 0, 'login', '2018-03-08 02:09:18'),
(492, 4, 0, 0, 'login', '2018-03-09 19:50:59'),
(493, 4, 0, 0, 'login', '2018-03-15 00:09:06'),
(494, 4, 0, 0, 'login', '2018-03-18 21:17:37'),
(495, 4, 0, 0, 'login', '2018-03-21 03:30:07'),
(496, 4, 0, 0, 'login', '2018-03-22 00:57:31'),
(497, 4, 0, 0, 'login', '2018-03-26 01:02:21'),
(498, 4, 0, 0, 'login', '2018-03-26 03:36:08'),
(499, 4, 0, 0, 'login', '2018-03-26 23:21:25'),
(500, 4, 0, 0, 'login', '2018-04-01 22:16:03'),
(501, 4, 0, 0, 'login', '2018-04-03 23:10:53'),
(502, 4, 0, 0, 'login', '2018-04-05 00:23:40'),
(503, 4, 0, 0, 'login', '2018-04-05 01:17:31'),
(504, 4, 0, 0, 'login', '2018-04-08 22:09:07'),
(505, 4, 0, 0, 'login', '2018-04-09 01:39:09'),
(506, 4, 0, 0, 'login', '2018-04-10 23:20:43'),
(507, 4, 0, 0, 'login', '2018-04-12 04:30:12'),
(508, 4, 0, 0, 'login', '2018-04-12 06:59:43'),
(509, 4, 0, 0, 'login', '2018-04-12 07:01:01'),
(510, 4, 0, 0, 'login', '2018-04-12 07:01:36'),
(511, 4, 0, 0, 'login', '2018-04-12 22:16:31'),
(512, 4, 0, 0, 'login', '2018-04-13 00:28:02'),
(513, 4, 0, 0, 'login', '2018-04-15 21:05:38'),
(514, 4, 0, 0, 'login', '2018-04-17 23:23:55'),
(515, 4, 0, 0, 'login', '2018-04-18 23:45:27'),
(516, 4, 0, 0, 'login', '2018-04-19 03:15:11'),
(517, 4, 0, 0, 'login', '2018-04-22 22:24:07'),
(518, 4, 0, 0, 'login', '2018-04-23 00:46:09'),
(519, 4, 0, 0, 'login', '2018-04-23 23:39:45'),
(520, 4, 0, 0, 'login', '2018-05-02 21:46:12'),
(521, 4, 0, 0, 'login', '2018-05-03 00:29:16'),
(522, 4, 0, 0, 'login', '2018-05-06 23:03:14'),
(523, 4, 0, 0, 'login', '2018-05-07 09:24:25'),
(524, 4, 0, 0, 'login', '2018-05-07 09:25:12'),
(525, 4, 0, 0, 'login', '2018-05-09 00:21:11'),
(526, 4, 0, 0, 'login', '2018-05-09 23:23:56'),
(527, 4, 0, 0, 'login', '2018-05-13 22:39:11'),
(528, 4, 0, 0, 'login', '2018-05-14 00:28:17'),
(529, 4, 0, 0, 'login', '2018-05-14 01:35:31'),
(530, 4, 0, 0, 'login', '2018-05-14 22:58:31'),
(531, 4, 0, 0, 'login', '2018-05-17 05:07:06'),
(532, 4, 0, 0, 'login', '2018-05-20 22:24:15'),
(533, 4, 0, 0, 'login', '2018-05-21 01:45:10'),
(534, 4, 0, 0, 'login', '2018-05-22 05:59:52'),
(535, 4, 0, 0, 'login', '2018-05-22 06:02:58'),
(536, 4, 0, 0, 'login', '2018-05-27 21:42:16'),
(537, 4, 0, 0, 'login', '2018-05-28 08:43:40'),
(538, 4, 0, 0, 'login', '2018-05-29 23:17:20'),
(539, 4, 0, 0, 'login', '2018-05-30 23:04:40'),
(540, 4, 0, 0, 'login', '2018-06-03 21:58:59'),
(541, 4, 0, 0, 'login', '2018-06-06 00:26:04'),
(542, 4, 0, 0, 'login', '2018-06-08 11:00:06'),
(543, 4, 0, 0, 'login', '2018-10-29 11:05:46'),
(544, 4, 0, 0, 'login', '2018-11-14 00:00:39'),
(545, 4, 0, 0, 'login', '2019-03-22 00:12:41'),
(546, 4, 66, 34, 'insert', '2019-03-22 00:18:07'),
(547, 4, 66, 34, 'save', '2019-03-22 00:18:07'),
(548, 4, 66, 34, 'save', '2019-03-22 00:20:05'),
(549, 4, 66, 34, 'save', '2019-03-22 00:20:05'),
(550, 4, 66, 34, 'save', '2019-03-22 00:20:06'),
(551, 4, 66, 34, 'save', '2019-03-22 00:20:06'),
(552, 4, 66, 34, 'save', '2019-03-22 00:21:15'),
(553, 4, 66, 34, 'save', '2019-03-22 00:21:15'),
(554, 4, 66, 34, 'save', '2019-03-22 00:22:17'),
(555, 4, 66, 34, 'save', '2019-03-22 00:22:17'),
(556, 4, 59, 5, 'insert', '2019-03-22 00:24:53'),
(557, 4, 66, 35, 'insert', '2019-03-22 00:26:45'),
(558, 4, 66, 35, 'save', '2019-03-22 00:26:45'),
(559, 4, 66, 35, 'save', '2019-03-22 00:27:25'),
(560, 4, 66, 35, 'save', '2019-03-22 00:27:25'),
(561, 4, 66, 35, 'save', '2019-03-22 00:35:55'),
(562, 4, 66, 35, 'save', '2019-03-22 00:35:55'),
(563, 4, 66, 35, 'save', '2019-03-22 00:38:05'),
(564, 4, 66, 35, 'save', '2019-03-22 00:38:05'),
(565, 4, 66, 35, 'save', '2019-03-22 00:38:57'),
(566, 4, 66, 35, 'save', '2019-03-22 00:38:57'),
(567, 4, 66, 35, 'save', '2019-03-22 00:39:48'),
(568, 4, 66, 35, 'save', '2019-03-22 00:39:48'),
(569, 4, 66, 35, 'save', '2019-03-22 00:40:40'),
(570, 4, 66, 35, 'save', '2019-03-22 00:40:40'),
(571, 4, 66, 35, 'save', '2019-03-22 00:41:25'),
(572, 4, 66, 35, 'save', '2019-03-22 00:41:25'),
(573, 4, 58, 126, 'insert', '2019-03-22 00:47:56'),
(574, 4, 66, 36, 'insert', '2019-03-22 00:48:59'),
(575, 4, 66, 36, 'save', '2019-03-22 00:48:59'),
(576, 4, 57, 98, 'insert', '2019-03-24 21:18:59'),
(577, 4, 66, 37, 'insert', '2019-03-24 21:19:52'),
(578, 4, 66, 37, 'save', '2019-03-24 21:19:52'),
(579, 4, 66, 38, 'insert', '2019-03-24 21:21:16'),
(580, 4, 66, 38, 'save', '2019-03-24 21:21:16'),
(581, 4, 0, 0, 'login', '2019-03-24 21:55:14'),
(582, 4, 66, 39, 'insert', '2019-03-24 21:55:42'),
(583, 4, 66, 39, 'save', '2019-03-24 21:55:42'),
(584, 4, 66, 39, 'delete', '2019-03-24 22:47:16'),
(585, 4, 0, 0, 'login', '2019-03-24 22:56:23'),
(586, 4, 0, 0, 'login', '2019-04-04 02:53:14'),
(587, 4, 66, 39, 'insert', '2019-04-04 02:54:42'),
(588, 4, 66, 39, 'save', '2019-04-04 02:54:42'),
(589, 4, 66, 40, 'insert', '2019-04-04 02:58:49'),
(590, 4, 66, 40, 'save', '2019-04-04 02:58:49'),
(591, 4, 66, 41, 'insert', '2019-04-04 02:59:57'),
(592, 4, 66, 41, 'save', '2019-04-04 02:59:57'),
(593, 4, 66, 42, 'insert', '2019-04-04 03:00:50'),
(594, 4, 66, 42, 'save', '2019-04-04 03:00:50'),
(595, 4, 66, 43, 'insert', '2019-04-04 03:01:15'),
(596, 4, 66, 43, 'save', '2019-04-04 03:01:15'),
(597, 4, 66, 44, 'insert', '2019-04-04 03:01:44'),
(598, 4, 66, 44, 'save', '2019-04-04 03:01:44'),
(599, 4, 0, 0, 'login', '2019-08-29 02:46:35'),
(600, 4, 66, 45, 'insert', '2019-08-29 02:48:06'),
(601, 4, 66, 45, 'save', '2019-08-29 02:48:06'),
(602, 4, 66, 45, 'save', '2019-08-29 02:48:22'),
(603, 4, 66, 45, 'save', '2019-08-29 02:48:22'),
(604, 4, 66, 45, 'save', '2019-08-29 02:49:05'),
(605, 4, 66, 45, 'save', '2019-08-29 02:49:05'),
(606, 4, 66, 45, 'save', '2019-08-29 02:50:01'),
(607, 4, 66, 45, 'save', '2019-08-29 02:50:01'),
(608, 4, 66, 45, 'save', '2019-08-29 02:50:02'),
(609, 4, 66, 45, 'save', '2019-08-29 02:50:02'),
(610, 4, 0, 0, 'login', '2019-12-15 22:16:57'),
(611, 4, 66, 46, 'insert', '2019-12-15 22:19:56'),
(612, 4, 66, 46, 'save', '2019-12-15 22:19:56'),
(613, 4, 66, 47, 'insert', '2019-12-15 22:20:15'),
(614, 4, 66, 47, 'save', '2019-12-15 22:20:15'),
(615, 4, 66, 48, 'insert', '2019-12-15 22:35:38'),
(616, 4, 66, 48, 'save', '2019-12-15 22:35:38'),
(617, 4, 0, 0, 'login', '2019-12-18 23:35:14'),
(618, 4, 66, 49, 'insert', '2019-12-18 23:36:24'),
(619, 4, 66, 49, 'save', '2019-12-18 23:36:24'),
(620, 4, 66, 50, 'insert', '2019-12-19 00:16:04'),
(621, 4, 66, 50, 'save', '2019-12-19 00:16:04'),
(622, 4, 66, 51, 'insert', '2019-12-19 00:37:23'),
(623, 4, 66, 51, 'save', '2019-12-19 00:37:23'),
(624, 4, 66, 52, 'insert', '2019-12-19 02:14:57'),
(625, 4, 66, 52, 'save', '2019-12-19 02:14:57'),
(626, 4, 66, 53, 'insert', '2019-12-19 02:15:48'),
(627, 4, 66, 53, 'save', '2019-12-19 02:15:48'),
(628, 4, 66, 54, 'insert', '2019-12-19 02:16:34'),
(629, 4, 66, 54, 'save', '2019-12-19 02:16:34'),
(630, 4, 66, 54, 'save', '2019-12-19 02:17:16'),
(631, 4, 66, 54, 'save', '2019-12-19 02:17:16'),
(632, 4, 66, 55, 'insert', '2019-12-19 02:17:50'),
(633, 4, 66, 55, 'save', '2019-12-19 02:17:50'),
(634, 4, 66, 56, 'insert', '2019-12-19 02:18:43'),
(635, 4, 66, 56, 'save', '2019-12-19 02:18:43'),
(636, 4, 66, 57, 'insert', '2019-12-19 02:19:35'),
(637, 4, 66, 57, 'save', '2019-12-19 02:19:35'),
(638, 4, 66, 58, 'insert', '2019-12-19 02:20:28'),
(639, 4, 66, 58, 'save', '2019-12-19 02:20:28'),
(640, 4, 66, 59, 'insert', '2019-12-19 02:32:02'),
(641, 4, 66, 59, 'save', '2019-12-19 02:32:02'),
(642, 4, 0, 0, 'login', '2019-12-20 00:00:52'),
(643, 4, 66, 60, 'insert', '2019-12-20 00:01:32'),
(644, 4, 66, 60, 'save', '2019-12-20 00:01:32'),
(645, 4, 66, 61, 'insert', '2019-12-20 00:01:56'),
(646, 4, 66, 61, 'save', '2019-12-20 00:01:56'),
(647, 4, 66, 62, 'insert', '2019-12-20 00:02:21'),
(648, 4, 66, 62, 'save', '2019-12-20 00:02:21'),
(649, 4, 66, 63, 'insert', '2019-12-20 00:02:52'),
(650, 4, 66, 63, 'save', '2019-12-20 00:02:52'),
(651, 4, 66, 64, 'insert', '2019-12-20 00:04:16'),
(652, 4, 66, 64, 'save', '2019-12-20 00:04:16'),
(653, 4, 66, 65, 'insert', '2019-12-20 00:04:43'),
(654, 4, 66, 65, 'save', '2019-12-20 00:04:43'),
(655, 4, 66, 66, 'insert', '2019-12-20 00:05:24'),
(656, 4, 66, 66, 'save', '2019-12-20 00:05:24'),
(657, 4, 66, 67, 'insert', '2019-12-20 00:06:00'),
(658, 4, 66, 67, 'save', '2019-12-20 00:06:00'),
(659, 4, 66, 68, 'insert', '2019-12-20 00:07:02'),
(660, 4, 66, 68, 'save', '2019-12-20 00:07:02'),
(661, 4, 66, 69, 'insert', '2019-12-20 00:08:36'),
(662, 4, 66, 69, 'save', '2019-12-20 00:08:36'),
(663, 4, 66, 70, 'insert', '2019-12-20 00:09:11'),
(664, 4, 66, 70, 'save', '2019-12-20 00:09:11'),
(665, 4, 66, 71, 'insert', '2019-12-20 00:09:53'),
(666, 4, 66, 71, 'save', '2019-12-20 00:09:53'),
(667, 4, 66, 72, 'insert', '2019-12-20 01:03:43'),
(668, 4, 66, 72, 'save', '2019-12-20 01:03:43'),
(669, 4, 66, 73, 'insert', '2019-12-20 01:05:40'),
(670, 4, 66, 73, 'save', '2019-12-20 01:05:40'),
(671, 4, 66, 74, 'insert', '2019-12-20 01:06:27'),
(672, 4, 66, 74, 'save', '2019-12-20 01:06:27'),
(673, 4, 66, 75, 'insert', '2019-12-20 01:08:54'),
(674, 4, 66, 75, 'save', '2019-12-20 01:08:54'),
(675, 4, 66, 76, 'insert', '2019-12-20 01:10:32'),
(676, 4, 66, 76, 'save', '2019-12-20 01:10:32'),
(677, 4, 66, 77, 'insert', '2019-12-20 01:11:23'),
(678, 4, 66, 77, 'save', '2019-12-20 01:11:23'),
(679, 4, 66, 78, 'insert', '2019-12-20 01:12:08'),
(680, 4, 66, 78, 'save', '2019-12-20 01:12:08'),
(681, 4, 66, 79, 'insert', '2019-12-20 01:12:49'),
(682, 4, 66, 79, 'save', '2019-12-20 01:12:49'),
(683, 4, 66, 80, 'insert', '2019-12-20 01:13:36'),
(684, 4, 66, 80, 'save', '2019-12-20 01:13:36'),
(685, 4, 66, 81, 'insert', '2019-12-20 01:14:13'),
(686, 4, 66, 81, 'save', '2019-12-20 01:14:13'),
(687, 4, 66, 82, 'insert', '2019-12-20 01:14:48'),
(688, 4, 66, 82, 'save', '2019-12-20 01:14:48'),
(689, 4, 66, 83, 'insert', '2019-12-20 01:41:16'),
(690, 4, 66, 83, 'save', '2019-12-20 01:41:16'),
(691, 4, 66, 84, 'insert', '2019-12-20 01:41:43'),
(692, 4, 66, 84, 'save', '2019-12-20 01:41:43'),
(693, 4, 66, 85, 'insert', '2019-12-20 01:42:11'),
(694, 4, 66, 85, 'save', '2019-12-20 01:42:11'),
(695, 4, 66, 86, 'insert', '2019-12-20 01:42:42'),
(696, 4, 66, 86, 'save', '2019-12-20 01:42:42'),
(697, 4, 66, 87, 'insert', '2019-12-20 01:43:16'),
(698, 4, 66, 87, 'save', '2019-12-20 01:43:16'),
(699, 4, 66, 88, 'insert', '2019-12-20 01:43:47'),
(700, 4, 66, 88, 'save', '2019-12-20 01:43:47'),
(701, 4, 66, 89, 'insert', '2019-12-20 01:44:16'),
(702, 4, 66, 89, 'save', '2019-12-20 01:44:16'),
(703, 4, 66, 90, 'insert', '2019-12-20 01:44:49'),
(704, 4, 66, 90, 'save', '2019-12-20 01:44:49'),
(705, 4, 0, 0, 'login', '2019-12-20 01:49:34'),
(706, 4, 66, 91, 'insert', '2019-12-20 01:49:52'),
(707, 4, 66, 91, 'save', '2019-12-20 01:49:52'),
(708, 4, 66, 92, 'insert', '2019-12-20 01:50:14'),
(709, 4, 66, 92, 'save', '2019-12-20 01:50:14'),
(710, 4, 58, 63, 'save', '2019-12-20 01:51:48'),
(711, 4, 66, 93, 'insert', '2019-12-20 01:52:17'),
(712, 4, 66, 93, 'save', '2019-12-20 01:52:17'),
(713, 4, 66, 94, 'insert', '2019-12-20 01:53:43'),
(714, 4, 66, 94, 'save', '2019-12-20 01:53:43'),
(715, 4, 66, 95, 'insert', '2019-12-20 01:54:26'),
(716, 4, 66, 95, 'save', '2019-12-20 01:54:26'),
(717, 4, 0, 0, 'login', '2019-12-22 23:07:33'),
(718, 4, 66, 96, 'insert', '2019-12-22 23:09:09'),
(719, 4, 66, 96, 'save', '2019-12-22 23:09:09'),
(720, 4, 66, 97, 'insert', '2019-12-22 23:17:29'),
(721, 4, 66, 97, 'save', '2019-12-22 23:17:29'),
(722, 4, 66, 98, 'insert', '2019-12-22 23:21:09'),
(723, 4, 66, 98, 'save', '2019-12-22 23:21:09'),
(724, 4, 66, 99, 'insert', '2019-12-22 23:45:59'),
(725, 4, 66, 99, 'save', '2019-12-22 23:45:59'),
(726, 4, 66, 100, 'insert', '2019-12-22 23:46:18'),
(727, 4, 66, 100, 'save', '2019-12-22 23:46:18'),
(728, 4, 66, 101, 'insert', '2019-12-22 23:46:44'),
(729, 4, 66, 101, 'save', '2019-12-22 23:46:44'),
(730, 4, 66, 102, 'insert', '2019-12-22 23:47:10'),
(731, 4, 66, 102, 'save', '2019-12-22 23:47:10'),
(732, 4, 66, 103, 'insert', '2019-12-22 23:52:12'),
(733, 4, 66, 103, 'save', '2019-12-22 23:52:12'),
(734, 4, 66, 104, 'insert', '2019-12-22 23:53:20'),
(735, 4, 66, 104, 'save', '2019-12-22 23:53:20'),
(736, 4, 66, 105, 'insert', '2019-12-22 23:53:49'),
(737, 4, 66, 105, 'save', '2019-12-22 23:53:49'),
(738, 4, 66, 106, 'insert', '2019-12-22 23:54:12'),
(739, 4, 66, 106, 'save', '2019-12-22 23:54:12'),
(740, 4, 66, 107, 'insert', '2019-12-22 23:54:36'),
(741, 4, 66, 107, 'save', '2019-12-22 23:54:36'),
(742, 4, 66, 108, 'insert', '2019-12-22 23:55:11'),
(743, 4, 66, 108, 'save', '2019-12-22 23:55:11'),
(744, 4, 66, 109, 'insert', '2019-12-22 23:55:58'),
(745, 4, 66, 109, 'save', '2019-12-22 23:55:58'),
(746, 4, 66, 110, 'insert', '2019-12-22 23:56:22'),
(747, 4, 66, 110, 'save', '2019-12-22 23:56:22'),
(748, 4, 66, 111, 'insert', '2019-12-22 23:56:47'),
(749, 4, 66, 111, 'save', '2019-12-22 23:56:47'),
(750, 4, 66, 112, 'insert', '2019-12-22 23:57:14'),
(751, 4, 66, 112, 'save', '2019-12-22 23:57:14'),
(752, 4, 66, 113, 'insert', '2019-12-22 23:57:57'),
(753, 4, 66, 113, 'save', '2019-12-22 23:57:57'),
(754, 4, 66, 114, 'insert', '2019-12-22 23:59:38'),
(755, 4, 66, 114, 'save', '2019-12-22 23:59:38'),
(756, 4, 66, 115, 'insert', '2019-12-23 00:01:09'),
(757, 4, 66, 115, 'save', '2019-12-23 00:01:09'),
(758, 4, 66, 116, 'insert', '2019-12-23 00:02:04'),
(759, 4, 66, 116, 'save', '2019-12-23 00:02:04'),
(760, 4, 59, 2, 'save', '2019-12-23 00:21:48'),
(761, 4, 59, 2, 'save', '2019-12-23 00:23:25'),
(762, 4, 59, 2, 'save', '2019-12-23 00:25:59'),
(763, 4, 66, 117, 'insert', '2019-12-23 00:27:25'),
(764, 4, 66, 117, 'save', '2019-12-23 00:27:25'),
(765, 4, 66, 118, 'insert', '2019-12-23 01:01:59'),
(766, 4, 66, 118, 'save', '2019-12-23 01:01:59'),
(767, 4, 66, 118, 'save', '2019-12-23 01:03:05'),
(768, 4, 66, 118, 'save', '2019-12-23 01:03:05'),
(769, 4, 66, 119, 'insert', '2019-12-23 01:26:14'),
(770, 4, 66, 119, 'save', '2019-12-23 01:26:14'),
(771, 4, 0, 0, 'login', '2019-12-23 08:59:18'),
(772, 4, 0, 0, 'login', '2019-12-25 23:56:36'),
(773, 4, 0, 0, 'login', '2019-12-25 23:56:50'),
(774, 4, 0, 0, 'login', '2019-12-26 00:05:36'),
(775, 4, 66, 120, 'insert', '2019-12-26 00:06:42'),
(776, 4, 66, 120, 'save', '2019-12-26 00:06:42'),
(777, 4, 66, 121, 'insert', '2019-12-26 01:11:49'),
(778, 4, 66, 121, 'save', '2019-12-26 01:11:49'),
(779, 4, 66, 122, 'insert', '2019-12-26 02:04:02'),
(780, 4, 66, 122, 'save', '2019-12-26 02:04:02'),
(781, 4, 66, 123, 'insert', '2019-12-26 02:10:23'),
(782, 4, 66, 123, 'save', '2019-12-26 02:10:23'),
(783, 4, 66, 124, 'insert', '2019-12-26 02:19:23'),
(784, 4, 66, 124, 'save', '2019-12-26 02:19:23'),
(785, 4, 66, 125, 'insert', '2019-12-26 02:21:51'),
(786, 4, 66, 125, 'save', '2019-12-26 02:21:51'),
(787, 4, 66, 126, 'insert', '2019-12-26 02:41:40'),
(788, 4, 66, 126, 'save', '2019-12-26 02:41:40'),
(789, 4, 66, 127, 'insert', '2019-12-26 02:46:15'),
(790, 4, 66, 127, 'save', '2019-12-26 02:46:15'),
(791, 4, 66, 128, 'insert', '2019-12-26 02:48:29'),
(792, 4, 66, 128, 'save', '2019-12-26 02:48:29'),
(793, 4, 66, 129, 'insert', '2019-12-26 02:52:10'),
(794, 4, 66, 129, 'save', '2019-12-26 02:52:10'),
(795, 4, 66, 130, 'insert', '2019-12-26 03:24:31'),
(796, 4, 66, 130, 'save', '2019-12-26 03:24:32'),
(797, 4, 66, 131, 'insert', '2019-12-26 03:25:00'),
(798, 4, 66, 131, 'save', '2019-12-26 03:25:00'),
(799, 4, 66, 132, 'insert', '2019-12-26 03:26:17'),
(800, 4, 66, 132, 'save', '2019-12-26 03:26:17'),
(801, 4, 66, 133, 'insert', '2019-12-26 03:26:52'),
(802, 4, 66, 133, 'save', '2019-12-26 03:26:52'),
(803, 4, 66, 134, 'insert', '2019-12-26 03:27:18'),
(804, 4, 66, 134, 'save', '2019-12-26 03:27:18'),
(805, 4, 66, 135, 'insert', '2019-12-26 03:28:01'),
(806, 4, 66, 135, 'save', '2019-12-26 03:28:01'),
(807, 4, 66, 136, 'insert', '2019-12-26 03:28:38'),
(808, 4, 66, 136, 'save', '2019-12-26 03:28:38'),
(809, 4, 66, 137, 'insert', '2019-12-26 03:29:27'),
(810, 4, 66, 137, 'save', '2019-12-26 03:29:27'),
(811, 4, 66, 138, 'insert', '2019-12-26 03:30:11'),
(812, 4, 66, 138, 'save', '2019-12-26 03:30:11'),
(813, 4, 66, 139, 'insert', '2019-12-26 03:42:47'),
(814, 4, 66, 139, 'save', '2019-12-26 03:42:47'),
(815, 4, 66, 140, 'insert', '2019-12-26 03:43:30'),
(816, 4, 66, 140, 'save', '2019-12-26 03:43:30'),
(817, 4, 0, 0, 'login', '2019-12-26 21:26:47'),
(818, 4, 0, 0, 'login', '2019-12-26 21:29:37'),
(819, 4, 0, 0, 'login', '2019-12-26 21:33:24'),
(820, 4, 66, 140, 'save', '2019-12-26 21:41:46'),
(821, 4, 66, 140, 'save', '2019-12-26 21:41:46'),
(822, 4, 59, 4, 'save', '2019-12-26 21:46:37'),
(823, 4, 59, 4, 'save', '2019-12-26 21:47:02'),
(824, 4, 66, 140, 'save', '2019-12-26 21:47:27'),
(825, 4, 66, 140, 'save', '2019-12-26 21:47:27'),
(826, 4, 66, 140, 'save', '2019-12-26 21:49:44'),
(827, 4, 66, 140, 'save', '2019-12-26 21:49:44'),
(828, 4, 0, 0, 'login', '2020-01-06 23:41:13'),
(829, 4, 66, 141, 'insert', '2020-01-06 23:41:48'),
(830, 4, 66, 141, 'save', '2020-01-06 23:41:48'),
(831, 4, 66, 141, 'save', '2020-01-06 23:42:03'),
(832, 4, 66, 141, 'save', '2020-01-06 23:42:03'),
(833, 4, 66, 142, 'insert', '2020-01-06 23:43:20'),
(834, 4, 66, 142, 'save', '2020-01-06 23:43:20'),
(835, 4, 66, 143, 'insert', '2020-01-06 23:44:18'),
(836, 4, 66, 143, 'save', '2020-01-06 23:44:18'),
(837, 4, 0, 0, 'login', '2020-01-06 23:44:45'),
(838, 4, 66, 144, 'insert', '2020-01-06 23:45:45'),
(839, 4, 66, 144, 'save', '2020-01-06 23:45:45'),
(840, 4, 66, 145, 'insert', '2020-01-06 23:46:44'),
(841, 4, 66, 145, 'save', '2020-01-06 23:46:44'),
(842, 4, 66, 146, 'insert', '2020-01-07 00:03:40'),
(843, 4, 66, 146, 'save', '2020-01-07 00:03:40'),
(844, 4, 66, 147, 'insert', '2020-01-07 00:05:09'),
(845, 4, 66, 147, 'save', '2020-01-07 00:05:09'),
(846, 4, 66, 148, 'insert', '2020-01-07 00:06:05'),
(847, 4, 66, 148, 'save', '2020-01-07 00:06:05'),
(848, 4, 66, 149, 'insert', '2020-01-07 00:07:18'),
(849, 4, 66, 149, 'save', '2020-01-07 00:07:18'),
(850, 4, 66, 150, 'insert', '2020-01-08 08:33:07'),
(851, 4, 66, 150, 'save', '2020-01-08 08:33:07'),
(852, 4, 0, 0, 'login', '2020-01-13 14:13:40'),
(853, 4, 0, 0, 'login', '2020-09-02 08:36:47'),
(854, 4, 0, 0, 'login', '2020-10-26 01:00:23'),
(855, 4, 0, 0, 'login', '2021-10-29 13:35:41'),
(856, 4, 0, 0, 'login', '2021-11-09 13:58:11'),
(857, 4, 0, 0, 'login', '2021-12-02 14:37:21'),
(858, 4, 0, 0, 'login', '2021-12-02 23:38:19'),
(859, 4, 0, 0, 'login', '2022-07-14 04:07:15'),
(860, 4, 0, 0, 'login', '2022-10-23 23:07:53'),
(861, 4, 0, 0, 'login', '2022-10-23 23:19:30'),
(862, 4, 0, 0, 'login', '2022-10-23 23:34:23'),
(863, 4, 0, 0, 'login', '2022-10-23 23:35:05'),
(864, 4, 66, 151, 'insert', '2022-10-23 23:36:51'),
(865, 4, 66, 151, 'save', '2022-10-23 23:36:51'),
(866, 4, 66, 152, 'insert', '2022-10-23 23:37:41'),
(867, 4, 66, 152, 'save', '2022-10-23 23:37:41'),
(868, 4, 0, 0, 'login', '2022-10-24 00:00:07'),
(869, 4, 0, 0, 'login', '2022-10-24 00:03:18'),
(870, 4, 0, 0, 'login', '2022-10-24 00:04:21'),
(871, 4, 0, 0, 'login', '2022-10-24 00:04:49'),
(872, 4, 57, 99, 'insert', '2022-10-24 00:06:27'),
(873, 4, 0, 0, 'login', '2022-10-24 00:06:42'),
(874, 4, 66, 153, 'insert', '2022-10-24 00:08:09'),
(875, 4, 66, 153, 'save', '2022-10-24 00:08:09'),
(876, 4, 66, 154, 'insert', '2022-10-24 00:09:21'),
(877, 4, 66, 154, 'save', '2022-10-24 00:09:21'),
(878, 4, 66, 155, 'insert', '2022-10-24 00:09:54'),
(879, 4, 66, 155, 'save', '2022-10-24 00:09:54'),
(880, 4, 66, 156, 'insert', '2022-10-24 00:10:27'),
(881, 4, 66, 156, 'save', '2022-10-24 00:10:27'),
(882, 4, 66, 157, 'insert', '2022-10-24 00:10:46'),
(883, 4, 66, 157, 'save', '2022-10-24 00:10:47'),
(884, 4, 66, 158, 'insert', '2022-10-24 00:11:36'),
(885, 4, 66, 158, 'save', '2022-10-24 00:11:36'),
(886, 4, 66, 159, 'insert', '2022-10-24 00:12:06'),
(887, 4, 66, 159, 'save', '2022-10-24 00:12:06'),
(888, 4, 66, 160, 'insert', '2022-10-24 00:12:46'),
(889, 4, 66, 160, 'save', '2022-10-24 00:12:46'),
(890, 4, 0, 0, 'login', '2022-10-24 00:13:38'),
(891, 4, 57, 100, 'insert', '2022-10-24 00:14:47'),
(892, 4, 0, 0, 'login', '2022-10-24 00:15:04'),
(893, 4, 0, 0, 'login', '2022-10-24 00:15:22'),
(894, 4, 0, 0, 'login', '2022-10-24 00:16:21'),
(895, 4, 66, 161, 'insert', '2022-10-24 00:17:18'),
(896, 4, 66, 161, 'save', '2022-10-24 00:17:18'),
(897, 4, 66, 162, 'insert', '2022-10-24 00:26:38'),
(898, 4, 66, 162, 'save', '2022-10-24 00:26:38'),
(899, 4, 66, 163, 'insert', '2022-10-24 00:39:47'),
(900, 4, 66, 163, 'save', '2022-10-24 00:39:47'),
(901, 4, 66, 164, 'insert', '2022-10-24 00:40:10'),
(902, 4, 66, 164, 'save', '2022-10-24 00:40:10'),
(903, 4, 0, 0, 'login', '2022-10-24 00:40:36'),
(904, 4, 66, 165, 'insert', '2022-10-24 00:41:14'),
(905, 4, 66, 165, 'save', '2022-10-24 00:41:14'),
(906, 4, 66, 166, 'insert', '2022-10-24 00:44:22'),
(907, 4, 66, 166, 'save', '2022-10-24 00:44:22'),
(908, 4, 66, 167, 'insert', '2022-10-24 01:30:00'),
(909, 4, 66, 167, 'save', '2022-10-24 01:30:00'),
(910, 4, 66, 168, 'insert', '2022-10-24 01:30:19'),
(911, 4, 66, 168, 'save', '2022-10-24 01:30:19'),
(912, 4, 66, 169, 'insert', '2022-10-24 01:31:16'),
(913, 4, 66, 169, 'save', '2022-10-24 01:31:16'),
(914, 4, 66, 170, 'insert', '2022-10-24 01:31:51'),
(915, 4, 66, 170, 'save', '2022-10-24 01:31:51'),
(916, 4, 66, 171, 'insert', '2022-10-24 01:32:14'),
(917, 4, 66, 171, 'save', '2022-10-24 01:32:14'),
(918, 4, 66, 172, 'insert', '2022-10-24 01:32:39'),
(919, 4, 66, 172, 'save', '2022-10-24 01:32:39'),
(920, 4, 66, 173, 'insert', '2022-10-24 01:47:24'),
(921, 4, 66, 173, 'save', '2022-10-24 01:47:24'),
(922, 4, 66, 174, 'insert', '2022-10-24 01:50:13'),
(923, 4, 66, 174, 'save', '2022-10-24 01:50:13'),
(924, 4, 66, 175, 'insert', '2022-10-24 01:51:00'),
(925, 4, 66, 175, 'save', '2022-10-24 01:51:00'),
(926, 4, 66, 176, 'insert', '2022-10-24 01:52:02'),
(927, 4, 66, 176, 'save', '2022-10-24 01:52:02'),
(928, 4, 66, 177, 'insert', '2022-10-24 01:52:43'),
(929, 4, 66, 177, 'save', '2022-10-24 01:52:43'),
(930, 4, 66, 178, 'insert', '2022-10-24 01:53:05'),
(931, 4, 66, 178, 'save', '2022-10-24 01:53:05'),
(932, 4, 66, 179, 'insert', '2022-10-24 01:53:43'),
(933, 4, 66, 179, 'save', '2022-10-24 01:53:43'),
(934, 4, 66, 180, 'insert', '2022-10-24 01:54:11'),
(935, 4, 66, 180, 'save', '2022-10-24 01:54:11'),
(936, 4, 66, 181, 'insert', '2022-10-24 01:55:26'),
(937, 4, 66, 181, 'save', '2022-10-24 01:55:26'),
(938, 4, 66, 182, 'insert', '2022-10-24 01:56:56'),
(939, 4, 66, 182, 'save', '2022-10-24 01:56:56'),
(940, 4, 66, 183, 'insert', '2022-10-24 01:57:33'),
(941, 4, 66, 183, 'save', '2022-10-24 01:57:33'),
(942, 4, 66, 184, 'insert', '2022-10-24 01:58:16'),
(943, 4, 66, 184, 'save', '2022-10-24 01:58:16'),
(944, 4, 66, 184, 'save', '2022-10-24 02:48:54'),
(945, 4, 66, 184, 'save', '2022-10-24 02:48:54'),
(946, 4, 66, 185, 'insert', '2022-10-24 02:49:14'),
(947, 4, 66, 185, 'save', '2022-10-24 02:49:14'),
(948, 4, 66, 186, 'insert', '2022-10-24 02:50:20'),
(949, 4, 66, 186, 'save', '2022-10-24 02:50:20'),
(950, 4, 66, 187, 'insert', '2022-10-24 02:50:58'),
(951, 4, 66, 187, 'save', '2022-10-24 02:50:58'),
(952, 4, 66, 188, 'insert', '2022-10-24 02:51:30'),
(953, 4, 66, 188, 'save', '2022-10-24 02:51:30'),
(954, 4, 66, 189, 'insert', '2022-10-24 02:52:51'),
(955, 4, 66, 189, 'save', '2022-10-24 02:52:51'),
(956, 4, 66, 190, 'insert', '2022-10-24 02:53:17'),
(957, 4, 66, 190, 'save', '2022-10-24 02:53:17'),
(958, 4, 66, 191, 'insert', '2022-10-24 02:54:06'),
(959, 4, 66, 191, 'save', '2022-10-24 02:54:06'),
(960, 4, 58, 127, 'insert', '2022-10-24 03:05:42'),
(961, 4, 66, 192, 'insert', '2022-10-24 03:06:31'),
(962, 4, 66, 192, 'save', '2022-10-24 03:06:31'),
(963, 4, 66, 193, 'insert', '2022-10-24 03:18:05'),
(964, 4, 66, 193, 'save', '2022-10-24 03:18:05'),
(965, 4, 59, 2, 'save', '2022-10-24 03:38:13'),
(966, 4, 0, 0, 'login', '2022-10-24 07:01:46'),
(967, 4, 0, 0, 'login', '2022-10-25 14:07:01'),
(968, 4, 0, 0, 'login', '2022-10-30 23:00:02'),
(969, 4, 0, 0, 'login', '2022-10-30 23:00:52'),
(970, 4, 0, 0, 'login', '2022-10-31 01:29:04'),
(971, 4, 0, 0, 'login', '2022-11-09 22:15:26'),
(972, 4, 0, 0, 'login', '2022-11-09 23:30:05'),
(973, 4, 0, 0, 'login', '2022-11-09 23:37:52'),
(974, 4, 0, 0, 'login', '2022-11-09 23:51:23'),
(975, 4, 0, 0, 'login', '2022-11-14 00:43:52'),
(976, 4, 66, 194, 'insert', '2022-11-14 00:44:32'),
(977, 4, 66, 194, 'save', '2022-11-14 00:44:32'),
(978, 4, 66, 195, 'insert', '2022-11-14 00:44:43'),
(979, 4, 66, 195, 'save', '2022-11-14 00:44:43'),
(980, 4, 0, 0, 'login', '2022-11-23 10:24:28'),
(981, 4, 0, 0, 'login', '2022-11-23 10:30:03'),
(982, 4, 0, 0, 'login', '2022-11-28 01:48:05'),
(983, 4, 66, 196, 'insert', '2022-11-28 01:50:34'),
(984, 4, 66, 196, 'save', '2022-11-28 01:50:34'),
(985, 4, 66, 196, 'save', '2022-11-28 01:51:18'),
(986, 4, 66, 196, 'save', '2022-11-28 01:51:18'),
(987, 4, 66, 196, 'save', '2022-11-28 01:52:49'),
(988, 4, 66, 196, 'save', '2022-11-28 01:52:49'),
(989, 4, 66, 196, 'save', '2022-11-28 01:54:06'),
(990, 4, 66, 196, 'save', '2022-11-28 01:54:06'),
(991, 4, 0, 0, 'login', '2022-12-05 00:45:36'),
(992, 4, 0, 0, 'login', '2022-12-05 00:48:43'),
(993, 4, 0, 0, 'login', '2022-12-05 00:49:59'),
(994, 4, 0, 0, 'login', '2022-12-05 00:54:06'),
(995, 4, 0, 0, 'login', '2023-01-03 08:07:05'),
(996, 4, 0, 0, 'login', '2023-01-03 23:43:26'),
(997, 4, 0, 0, 'login', '2023-03-29 22:25:09'),
(998, 4, 0, 0, 'login', '2023-04-26 00:08:42'),
(999, 4, 0, 0, 'login', '2024-05-07 00:10:30'),
(1000, 4, 0, 0, 'login', '2024-05-07 00:24:27'),
(1001, 4, 0, 0, 'login', '2024-05-07 00:45:38'),
(1002, 4, 0, 0, 'login', '2024-05-07 00:51:07'),
(1003, 4, 57, 101, 'insert', '2024-05-07 00:58:24'),
(1004, 4, 57, 101, 'save', '2024-05-07 00:58:29'),
(1005, 4, 57, 101, 'save', '2024-05-07 01:01:53'),
(1006, 4, 66, 197, 'insert', '2024-05-07 01:04:32'),
(1007, 4, 66, 197, 'save', '2024-05-07 01:04:32'),
(1008, 4, 66, 198, 'insert', '2024-05-07 01:04:39'),
(1009, 4, 66, 198, 'save', '2024-05-07 01:04:39'),
(1010, 4, 66, 199, 'insert', '2024-05-07 01:05:18'),
(1011, 4, 66, 199, 'save', '2024-05-07 01:05:18'),
(1012, 4, 66, 200, 'insert', '2024-05-07 01:06:48'),
(1013, 4, 66, 200, 'save', '2024-05-07 01:06:48'),
(1014, 4, 66, 200, 'save', '2024-05-07 01:06:52'),
(1015, 4, 66, 200, 'save', '2024-05-07 01:06:52'),
(1016, 4, 66, 200, 'save', '2024-05-07 01:06:59'),
(1017, 4, 66, 200, 'save', '2024-05-07 01:06:59'),
(1018, 4, 66, 200, 'save', '2024-05-07 01:06:59'),
(1019, 4, 66, 200, 'save', '2024-05-07 01:06:59'),
(1020, 4, 66, 200, 'save', '2024-05-07 01:07:00'),
(1021, 4, 66, 200, 'save', '2024-05-07 01:07:00'),
(1022, 4, 66, 200, 'save', '2024-05-07 01:07:00'),
(1023, 4, 66, 200, 'save', '2024-05-07 01:07:00'),
(1024, 4, 66, 200, 'save', '2024-05-07 01:07:00'),
(1025, 4, 66, 200, 'save', '2024-05-07 01:07:00'),
(1026, 4, 66, 200, 'save', '2024-05-07 01:07:02'),
(1027, 4, 66, 200, 'save', '2024-05-07 01:07:02'),
(1028, 4, 66, 200, 'save', '2024-05-07 01:07:27'),
(1029, 4, 66, 200, 'save', '2024-05-07 01:07:27'),
(1030, 4, 66, 201, 'insert', '2024-05-07 01:09:03'),
(1031, 4, 66, 201, 'save', '2024-05-07 01:09:03'),
(1032, 4, 66, 201, 'save', '2024-05-07 01:09:16'),
(1033, 4, 66, 201, 'save', '2024-05-07 01:09:16'),
(1034, 4, 66, 202, 'insert', '2024-05-07 01:09:26'),
(1035, 4, 66, 202, 'save', '2024-05-07 01:09:26'),
(1036, 4, 66, 202, 'save', '2024-05-07 01:09:35'),
(1037, 4, 66, 202, 'save', '2024-05-07 01:09:35'),
(1038, 4, 66, 203, 'insert', '2024-05-07 01:10:31'),
(1039, 4, 66, 203, 'save', '2024-05-07 01:10:31'),
(1040, 4, 66, 203, 'save', '2024-05-07 01:11:17'),
(1041, 4, 66, 203, 'save', '2024-05-07 01:11:17'),
(1042, 4, 66, 203, 'save', '2024-05-07 01:11:22'),
(1043, 4, 66, 203, 'save', '2024-05-07 01:11:22'),
(1044, 4, 66, 204, 'insert', '2024-05-07 01:12:17'),
(1045, 4, 66, 204, 'save', '2024-05-07 01:12:17'),
(1046, 4, 66, 204, 'save', '2024-05-07 01:16:50'),
(1047, 4, 66, 204, 'save', '2024-05-07 01:16:50'),
(1048, 4, 66, 205, 'insert', '2024-05-07 01:17:25'),
(1049, 4, 66, 205, 'save', '2024-05-07 01:17:25'),
(1050, 4, 0, 0, 'login', '2024-05-07 08:30:32'),
(1051, 4, 57, 45, 'delete', '2024-05-07 08:31:10'),
(1052, 4, 57, 42, 'delete', '2024-05-07 08:31:16'),
(1053, 4, 0, 0, 'login', '2024-05-07 08:37:46'),
(1054, 4, 0, 0, 'login', '2024-05-07 14:30:58'),
(1055, 4, 59, 3, 'save', '2024-05-07 14:31:24'),
(1056, 4, 59, 3, 'save', '2024-05-07 14:32:14');
INSERT INTO `users_logs` (`id`, `id_usuario`, `id_modulo`, `id_rel`, `accion`, `fecha`) VALUES
(1057, 4, 66, 206, 'insert', '2024-05-07 14:32:44'),
(1058, 4, 66, 206, 'save', '2024-05-07 14:32:44'),
(1059, 4, 57, 102, 'insert', '2024-05-07 14:34:30'),
(1060, 4, 58, 128, 'insert', '2024-05-07 14:36:33'),
(1061, 4, 57, 103, 'insert', '2024-05-07 14:39:33'),
(1062, 4, 0, 0, 'login', '2025-04-21 02:25:56'),
(1063, 4, 0, 0, 'login', '2025-04-24 00:38:02');

-- --------------------------------------------------------

--
-- Estructura de tabla para la tabla `users_tipos`
--

CREATE TABLE `users_tipos` (
  `id` int(5) NOT NULL,
  `orden` int(5) NOT NULL,
  `estado` int(1) NOT NULL,
  `varchar` text NOT NULL
) ENGINE=InnoDB DEFAULT CHARSET=utf8;

--
-- Volcado de datos para la tabla `users_tipos`
--

INSERT INTO `users_tipos` (`id`, `orden`, `estado`, `varchar`) VALUES
(1, 1, 1, ''),
(2, 2, 1, ''),
(3, 3, 1, '');

-- --------------------------------------------------------

--
-- Estructura de tabla para la tabla `users_tipos_lang`
--

CREATE TABLE `users_tipos_lang` (
  `id` int(5) NOT NULL,
  `id_rel` int(5) NOT NULL,
  `lang` varchar(2) NOT NULL,
  `value` varchar(100) NOT NULL
) ENGINE=InnoDB DEFAULT CHARSET=utf8;

--
-- Volcado de datos para la tabla `users_tipos_lang`
--

INSERT INTO `users_tipos_lang` (`id`, `id_rel`, `lang`, `value`) VALUES
(3, 1, 'es', 'Administrador'),
(4, 2, 'es', 'Cliente'),
(5, 3, 'es', 'Empleado');

-- --------------------------------------------------------

--
-- Estructura de tabla para la tabla `vis_visitas`
--

CREATE TABLE `vis_visitas` (
  `id` int(10) NOT NULL,
  `id_module` int(10) NOT NULL,
  `id_element` int(10) NOT NULL,
  `fecha` datetime NOT NULL,
  `ip` varchar(20) NOT NULL,
  `id_user` int(10) NOT NULL
) ENGINE=MyISAM DEFAULT CHARSET=utf8;

-- --------------------------------------------------------

--
-- Estructura de tabla para la tabla `zon_zonas_pesca`
--

CREATE TABLE `zon_zonas_pesca` (
  `id` int(10) NOT NULL,
  `creation_date` datetime NOT NULL,
  `modification_date` datetime NOT NULL,
  `id_parent` int(10) NOT NULL,
  `titulo` varchar(255) NOT NULL,
  `codigo` varchar(255) NOT NULL,
  `codigo_etiqueta` varchar(255) NOT NULL,
  `gps` varchar(255) NOT NULL,
  `estado` int(1) NOT NULL,
  `orden` int(10) NOT NULL
) ENGINE=InnoDB DEFAULT CHARSET=utf8;

--
-- Volcado de datos para la tabla `zon_zonas_pesca`
--

INSERT INTO `zon_zonas_pesca` (`id`, `creation_date`, `modification_date`, `id_parent`, `titulo`, `codigo`, `codigo_etiqueta`, `gps`, `estado`, `orden`) VALUES
(1, '2016-06-01 14:59:20', '2017-11-09 13:25:33', 2, 'ATLANTICO NORESTE', '', '27-VII', '0°N 30°O﻿ / ﻿0, -30', 1, 1),
(2, '2016-06-16 17:06:19', '2022-10-24 03:38:13', 0, 'Atlantico', '2221', 'IV A', '', 1, 1),
(3, '2017-11-08 22:21:57', '2024-05-07 14:32:14', 0, 'GOLFO DE VIZCAYA', '3', 'VIII', '', 1, 2),
(4, '2017-11-09 02:11:03', '2019-12-26 21:47:02', 2, 'ATLANTICO NORESTE IV A', '2222', '27-IV A', '0°N 30°O﻿ / ﻿0, -30', 1, 2),
(5, '2019-03-22 00:24:53', '2019-03-22 00:24:53', 0, 'GOLFO DE VIZCAYA', '3', 'VIII', '', 1, 3);

--
-- Índices para tablas volcadas
--

--
-- Indices de la tabla `avisos`
--
ALTER TABLE `avisos`
  ADD UNIQUE KEY `id` (`id`),
  ADD KEY `id_rel` (`code`);

--
-- Indices de la tabla `avisos_lang`
--
ALTER TABLE `avisos_lang`
  ADD PRIMARY KEY (`id`),
  ADD UNIQUE KEY `id` (`id`),
  ADD KEY `id_rel` (`id_rel`);

--
-- Indices de la tabla `bar_barcos`
--
ALTER TABLE `bar_barcos`
  ADD PRIMARY KEY (`id`),
  ADD UNIQUE KEY `BUQUE` (`titulo`);

--
-- Indices de la tabla `caj_cajas`
--
ALTER TABLE `caj_cajas`
  ADD PRIMARY KEY (`id`),
  ADD UNIQUE KEY `id` (`id`),
  ADD KEY `id_2` (`id`);

--
-- Indices de la tabla `cam_camiones`
--
ALTER TABLE `cam_camiones`
  ADD PRIMARY KEY (`id`),
  ADD UNIQUE KEY `id` (`id`);

--
-- Indices de la tabla `config`
--
ALTER TABLE `config`
  ADD PRIMARY KEY (`id`),
  ADD UNIQUE KEY `id` (`id`);

--
-- Indices de la tabla `config_user`
--
ALTER TABLE `config_user`
  ADD PRIMARY KEY (`id`),
  ADD UNIQUE KEY `id` (`id`);

--
-- Indices de la tabla `con_contenidos`
--
ALTER TABLE `con_contenidos`
  ADD PRIMARY KEY (`id`),
  ADD UNIQUE KEY `id` (`id`);

--
-- Indices de la tabla `con_contenidos_imgs`
--
ALTER TABLE `con_contenidos_imgs`
  ADD PRIMARY KEY (`id`),
  ADD UNIQUE KEY `id` (`id`),
  ADD KEY `id_rel` (`id_rel`);

--
-- Indices de la tabla `con_contenidos_imgs_lang`
--
ALTER TABLE `con_contenidos_imgs_lang`
  ADD PRIMARY KEY (`id`),
  ADD UNIQUE KEY `id` (`id`),
  ADD KEY `id_rel` (`id_rel`);

--
-- Indices de la tabla `con_contenidos_lang`
--
ALTER TABLE `con_contenidos_lang`
  ADD PRIMARY KEY (`id`),
  ADD UNIQUE KEY `id` (`id`),
  ADD KEY `id_rel` (`id_rel`);

--
-- Indices de la tabla `con_contenidos_maquetaciones`
--
ALTER TABLE `con_contenidos_maquetaciones`
  ADD PRIMARY KEY (`id`);

--
-- Indices de la tabla `con_contenidos_maquetaciones_lang`
--
ALTER TABLE `con_contenidos_maquetaciones_lang`
  ADD PRIMARY KEY (`id`),
  ADD KEY `id_rel` (`id_rel`);

--
-- Indices de la tabla `con_contenidos_videos`
--
ALTER TABLE `con_contenidos_videos`
  ADD PRIMARY KEY (`id`),
  ADD UNIQUE KEY `id` (`id`),
  ADD KEY `id_rel` (`id_rel`);

--
-- Indices de la tabla `define_lang`
--
ALTER TABLE `define_lang`
  ADD PRIMARY KEY (`id`),
  ADD KEY `id` (`id`);

--
-- Indices de la tabla `def_defines`
--
ALTER TABLE `def_defines`
  ADD PRIMARY KEY (`id`),
  ADD UNIQUE KEY `id` (`id`);

--
-- Indices de la tabla `def_defines_lang`
--
ALTER TABLE `def_defines_lang`
  ADD PRIMARY KEY (`id`),
  ADD UNIQUE KEY `id` (`id`),
  ADD KEY `id_rel` (`id_rel`);

--
-- Indices de la tabla `estados`
--
ALTER TABLE `estados`
  ADD PRIMARY KEY (`id`);

--
-- Indices de la tabla `estados_lang`
--
ALTER TABLE `estados_lang`
  ADD PRIMARY KEY (`id`),
  ADD KEY `id_rel` (`id_rel`);

--
-- Indices de la tabla `eti_etiquetas`
--
ALTER TABLE `eti_etiquetas`
  ADD PRIMARY KEY (`id`),
  ADD UNIQUE KEY `id` (`id`);

--
-- Indices de la tabla `gal_galeria_maquetaciones`
--
ALTER TABLE `gal_galeria_maquetaciones`
  ADD PRIMARY KEY (`id`);

--
-- Indices de la tabla `gal_galeria_maquetaciones_lang`
--
ALTER TABLE `gal_galeria_maquetaciones_lang`
  ADD PRIMARY KEY (`id`),
  ADD KEY `id_rel` (`id_rel`);

--
-- Indices de la tabla `geo_municipios`
--
ALTER TABLE `geo_municipios`
  ADD UNIQUE KEY `id_2` (`id`),
  ADD KEY `id` (`id`);

--
-- Indices de la tabla `geo_paises`
--
ALTER TABLE `geo_paises`
  ADD PRIMARY KEY (`id`);

--
-- Indices de la tabla `geo_provincias`
--
ALTER TABLE `geo_provincias`
  ADD PRIMARY KEY (`id`),
  ADD KEY `id` (`id`);

--
-- Indices de la tabla `ips`
--
ALTER TABLE `ips`
  ADD PRIMARY KEY (`id`),
  ADD UNIQUE KEY `id` (`id`);

--
-- Indices de la tabla `jor_jornadas`
--
ALTER TABLE `jor_jornadas`
  ADD UNIQUE KEY `id_2` (`id`),
  ADD KEY `id` (`id`);

--
-- Indices de la tabla `languages`
--
ALTER TABLE `languages`
  ADD PRIMARY KEY (`id`),
  ADD UNIQUE KEY `id` (`id`);

--
-- Indices de la tabla `links`
--
ALTER TABLE `links`
  ADD PRIMARY KEY (`id`),
  ADD UNIQUE KEY `id` (`id`);

--
-- Indices de la tabla `lot_lotes`
--
ALTER TABLE `lot_lotes`
  ADD PRIMARY KEY (`id`),
  ADD UNIQUE KEY `id` (`id`),
  ADD KEY `id_2` (`id`);

--
-- Indices de la tabla `mar_mareas`
--
ALTER TABLE `mar_mareas`
  ADD PRIMARY KEY (`id`),
  ADD UNIQUE KEY `id` (`id`);

--
-- Indices de la tabla `med_transporte`
--
ALTER TABLE `med_transporte`
  ADD PRIMARY KEY (`id`);

--
-- Indices de la tabla `med_transporte_lang`
--
ALTER TABLE `med_transporte_lang`
  ADD PRIMARY KEY (`id`),
  ADD KEY `id_rel` (`id_rel`);

--
-- Indices de la tabla `menus`
--
ALTER TABLE `menus`
  ADD UNIQUE KEY `id` (`id`);

--
-- Indices de la tabla `menus_lang`
--
ALTER TABLE `menus_lang`
  ADD PRIMARY KEY (`id`),
  ADD UNIQUE KEY `id` (`id`),
  ADD KEY `id_rel` (`id_rel`);

--
-- Indices de la tabla `menu_posiciones`
--
ALTER TABLE `menu_posiciones`
  ADD PRIMARY KEY (`id`);

--
-- Indices de la tabla `menu_posiciones_lang`
--
ALTER TABLE `menu_posiciones_lang`
  ADD PRIMARY KEY (`id`),
  ADD KEY `id_rel` (`id_rel`);

--
-- Indices de la tabla `modules`
--
ALTER TABLE `modules`
  ADD UNIQUE KEY `id_2` (`id`),
  ADD KEY `id` (`id`);

--
-- Indices de la tabla `modules_attributes`
--
ALTER TABLE `modules_attributes`
  ADD UNIQUE KEY `id_2` (`id`),
  ADD KEY `id` (`id`),
  ADD KEY `id_rel` (`id_rel`),
  ADD KEY `id_rel_2` (`id_rel`);

--
-- Indices de la tabla `modules_attributes_public`
--
ALTER TABLE `modules_attributes_public`
  ADD KEY `id` (`id`),
  ADD KEY `id_rel` (`id_rel`),
  ADD KEY `id_rel_2` (`id_rel`);

--
-- Indices de la tabla `modules_lang`
--
ALTER TABLE `modules_lang`
  ADD PRIMARY KEY (`id`),
  ADD UNIQUE KEY `id` (`id`),
  ADD KEY `id_rel` (`id_rel`);

--
-- Indices de la tabla `modules_rel`
--
ALTER TABLE `modules_rel`
  ADD PRIMARY KEY (`id`),
  ADD UNIQUE KEY `id` (`id`),
  ADD KEY `id_modulo` (`id_modulo`),
  ADD KEY `id_rel_modulo` (`id_rel_modulo`);

--
-- Indices de la tabla `panel_menus`
--
ALTER TABLE `panel_menus`
  ADD UNIQUE KEY `id` (`id`);

--
-- Indices de la tabla `panel_menus_lang`
--
ALTER TABLE `panel_menus_lang`
  ADD PRIMARY KEY (`id`),
  ADD UNIQUE KEY `id` (`id`),
  ADD KEY `id_rel` (`id_rel`);

--
-- Indices de la tabla `panel_menu_posiciones`
--
ALTER TABLE `panel_menu_posiciones`
  ADD PRIMARY KEY (`id`);

--
-- Indices de la tabla `panel_menu_posiciones_lang`
--
ALTER TABLE `panel_menu_posiciones_lang`
  ADD PRIMARY KEY (`id`),
  ADD KEY `id_rel` (`id_rel`);

--
-- Indices de la tabla `pes_pescados`
--
ALTER TABLE `pes_pescados`
  ADD PRIMARY KEY (`id`),
  ADD UNIQUE KEY `NOMBRE CIENTIFICO` (`nombre_cientifico`);

--
-- Indices de la tabla `pes_pescados_lang`
--
ALTER TABLE `pes_pescados_lang`
  ADD PRIMARY KEY (`id`),
  ADD KEY `id_rel` (`id_rel`);

--
-- Indices de la tabla `plataforma`
--
ALTER TABLE `plataforma`
  ADD PRIMARY KEY (`id`);

--
-- Indices de la tabla `plataforma_lang`
--
ALTER TABLE `plataforma_lang`
  ADD PRIMARY KEY (`id`),
  ADD KEY `id_rel` (`id_rel`);

--
-- Indices de la tabla `public_users_estados`
--
ALTER TABLE `public_users_estados`
  ADD PRIMARY KEY (`id`);

--
-- Indices de la tabla `public_users_estados_lang`
--
ALTER TABLE `public_users_estados_lang`
  ADD PRIMARY KEY (`id`),
  ADD KEY `id_rel` (`id_rel`);

--
-- Indices de la tabla `public_users_logs`
--
ALTER TABLE `public_users_logs`
  ADD PRIMARY KEY (`id`),
  ADD UNIQUE KEY `id` (`id`),
  ADD KEY `id_usuario` (`id_usuario`);

--
-- Indices de la tabla `public_users_recomienda`
--
ALTER TABLE `public_users_recomienda`
  ADD PRIMARY KEY (`id`),
  ADD UNIQUE KEY `id` (`id`);

--
-- Indices de la tabla `public_users_tipos`
--
ALTER TABLE `public_users_tipos`
  ADD PRIMARY KEY (`id`);

--
-- Indices de la tabla `public_users_tipos_lang`
--
ALTER TABLE `public_users_tipos_lang`
  ADD PRIMARY KEY (`id`),
  ADD KEY `id_rel` (`id_rel`);

--
-- Indices de la tabla `users_logs`
--
ALTER TABLE `users_logs`
  ADD PRIMARY KEY (`id`),
  ADD UNIQUE KEY `id` (`id`),
  ADD KEY `id_usuario` (`id_usuario`);

--
-- Indices de la tabla `users_tipos`
--
ALTER TABLE `users_tipos`
  ADD PRIMARY KEY (`id`);

--
-- Indices de la tabla `users_tipos_lang`
--
ALTER TABLE `users_tipos_lang`
  ADD PRIMARY KEY (`id`),
  ADD KEY `id_rel` (`id_rel`);

--
-- Indices de la tabla `vis_visitas`
--
ALTER TABLE `vis_visitas`
  ADD PRIMARY KEY (`id`),
  ADD UNIQUE KEY `id` (`id`);

--
-- Indices de la tabla `zon_zonas_pesca`
--
ALTER TABLE `zon_zonas_pesca`
  ADD PRIMARY KEY (`id`),
  ADD UNIQUE KEY `id` (`id`);

--
-- AUTO_INCREMENT de las tablas volcadas
--

--
-- AUTO_INCREMENT de la tabla `avisos`
--
ALTER TABLE `avisos`
  MODIFY `id` int(10) NOT NULL AUTO_INCREMENT, AUTO_INCREMENT=64;
--
-- AUTO_INCREMENT de la tabla `avisos_lang`
--
ALTER TABLE `avisos_lang`
  MODIFY `id` int(10) NOT NULL AUTO_INCREMENT, AUTO_INCREMENT=36;
--
-- AUTO_INCREMENT de la tabla `bar_barcos`
--
ALTER TABLE `bar_barcos`
  MODIFY `id` int(11) NOT NULL AUTO_INCREMENT, AUTO_INCREMENT=104;
--
-- AUTO_INCREMENT de la tabla `caj_cajas`
--
ALTER TABLE `caj_cajas`
  MODIFY `id` int(10) NOT NULL AUTO_INCREMENT;
--
-- AUTO_INCREMENT de la tabla `cam_camiones`
--
ALTER TABLE `cam_camiones`
  MODIFY `id` int(10) NOT NULL AUTO_INCREMENT, AUTO_INCREMENT=2;
--
-- AUTO_INCREMENT de la tabla `config`
--
ALTER TABLE `config`
  MODIFY `id` int(2) NOT NULL AUTO_INCREMENT, AUTO_INCREMENT=58;
--
-- AUTO_INCREMENT de la tabla `config_user`
--
ALTER TABLE `config_user`
  MODIFY `id` int(2) NOT NULL AUTO_INCREMENT, AUTO_INCREMENT=27;
--
-- AUTO_INCREMENT de la tabla `con_contenidos`
--
ALTER TABLE `con_contenidos`
  MODIFY `id` int(10) NOT NULL AUTO_INCREMENT;
--
-- AUTO_INCREMENT de la tabla `con_contenidos_imgs`
--
ALTER TABLE `con_contenidos_imgs`
  MODIFY `id` int(10) NOT NULL AUTO_INCREMENT;
--
-- AUTO_INCREMENT de la tabla `con_contenidos_imgs_lang`
--
ALTER TABLE `con_contenidos_imgs_lang`
  MODIFY `id` int(11) NOT NULL AUTO_INCREMENT;
--
-- AUTO_INCREMENT de la tabla `con_contenidos_lang`
--
ALTER TABLE `con_contenidos_lang`
  MODIFY `id` int(10) NOT NULL AUTO_INCREMENT;
--
-- AUTO_INCREMENT de la tabla `con_contenidos_maquetaciones`
--
ALTER TABLE `con_contenidos_maquetaciones`
  MODIFY `id` int(5) NOT NULL AUTO_INCREMENT, AUTO_INCREMENT=5;
--
-- AUTO_INCREMENT de la tabla `con_contenidos_maquetaciones_lang`
--
ALTER TABLE `con_contenidos_maquetaciones_lang`
  MODIFY `id` int(5) NOT NULL AUTO_INCREMENT, AUTO_INCREMENT=5;
--
-- AUTO_INCREMENT de la tabla `con_contenidos_videos`
--
ALTER TABLE `con_contenidos_videos`
  MODIFY `id` int(10) NOT NULL AUTO_INCREMENT;
--
-- AUTO_INCREMENT de la tabla `define_lang`
--
ALTER TABLE `define_lang`
  MODIFY `id` int(10) NOT NULL AUTO_INCREMENT;
--
-- AUTO_INCREMENT de la tabla `def_defines`
--
ALTER TABLE `def_defines`
  MODIFY `id` int(10) NOT NULL AUTO_INCREMENT, AUTO_INCREMENT=215;
--
-- AUTO_INCREMENT de la tabla `def_defines_lang`
--
ALTER TABLE `def_defines_lang`
  MODIFY `id` int(10) NOT NULL AUTO_INCREMENT, AUTO_INCREMENT=477;
--
-- AUTO_INCREMENT de la tabla `estados`
--
ALTER TABLE `estados`
  MODIFY `id` int(5) NOT NULL AUTO_INCREMENT, AUTO_INCREMENT=3;
--
-- AUTO_INCREMENT de la tabla `estados_lang`
--
ALTER TABLE `estados_lang`
  MODIFY `id` int(5) NOT NULL AUTO_INCREMENT, AUTO_INCREMENT=3;
--
-- AUTO_INCREMENT de la tabla `eti_etiquetas`
--
ALTER TABLE `eti_etiquetas`
  MODIFY `id` int(10) NOT NULL AUTO_INCREMENT, AUTO_INCREMENT=207;
--
-- AUTO_INCREMENT de la tabla `gal_galeria_maquetaciones`
--
ALTER TABLE `gal_galeria_maquetaciones`
  MODIFY `id` int(5) NOT NULL AUTO_INCREMENT, AUTO_INCREMENT=3;
--
-- AUTO_INCREMENT de la tabla `gal_galeria_maquetaciones_lang`
--
ALTER TABLE `gal_galeria_maquetaciones_lang`
  MODIFY `id` int(5) NOT NULL AUTO_INCREMENT, AUTO_INCREMENT=3;
--
-- AUTO_INCREMENT de la tabla `geo_municipios`
--
ALTER TABLE `geo_municipios`
  MODIFY `id` bigint(11) NOT NULL AUTO_INCREMENT, AUTO_INCREMENT=8123;
--
-- AUTO_INCREMENT de la tabla `geo_paises`
--
ALTER TABLE `geo_paises`
  MODIFY `id` int(11) NOT NULL AUTO_INCREMENT, AUTO_INCREMENT=241;
--
-- AUTO_INCREMENT de la tabla `geo_provincias`
--
ALTER TABLE `geo_provincias`
  MODIFY `id` int(2) NOT NULL AUTO_INCREMENT, AUTO_INCREMENT=53;
--
-- AUTO_INCREMENT de la tabla `ips`
--
ALTER TABLE `ips`
  MODIFY `id` int(2) NOT NULL AUTO_INCREMENT, AUTO_INCREMENT=2;
--
-- AUTO_INCREMENT de la tabla `jor_jornadas`
--
ALTER TABLE `jor_jornadas`
  MODIFY `id` int(10) NOT NULL AUTO_INCREMENT;
--
-- AUTO_INCREMENT de la tabla `languages`
--
ALTER TABLE `languages`
  MODIFY `id` int(3) NOT NULL AUTO_INCREMENT, AUTO_INCREMENT=5;
--
-- AUTO_INCREMENT de la tabla `links`
--
ALTER TABLE `links`
  MODIFY `id` int(1) NOT NULL AUTO_INCREMENT;
--
-- AUTO_INCREMENT de la tabla `lot_lotes`
--
ALTER TABLE `lot_lotes`
  MODIFY `id` int(10) NOT NULL AUTO_INCREMENT;
--
-- AUTO_INCREMENT de la tabla `mar_mareas`
--
ALTER TABLE `mar_mareas`
  MODIFY `id` int(10) NOT NULL AUTO_INCREMENT;
--
-- AUTO_INCREMENT de la tabla `med_transporte`
--
ALTER TABLE `med_transporte`
  MODIFY `id` int(5) NOT NULL AUTO_INCREMENT, AUTO_INCREMENT=3;
--
-- AUTO_INCREMENT de la tabla `med_transporte_lang`
--
ALTER TABLE `med_transporte_lang`
  MODIFY `id` int(5) NOT NULL AUTO_INCREMENT, AUTO_INCREMENT=3;
--
-- AUTO_INCREMENT de la tabla `menus`
--
ALTER TABLE `menus`
  MODIFY `id` int(10) NOT NULL AUTO_INCREMENT, AUTO_INCREMENT=4;
--
-- AUTO_INCREMENT de la tabla `menus_lang`
--
ALTER TABLE `menus_lang`
  MODIFY `id` int(10) NOT NULL AUTO_INCREMENT, AUTO_INCREMENT=4;
--
-- AUTO_INCREMENT de la tabla `menu_posiciones`
--
ALTER TABLE `menu_posiciones`
  MODIFY `id` int(5) NOT NULL AUTO_INCREMENT, AUTO_INCREMENT=6;
--
-- AUTO_INCREMENT de la tabla `menu_posiciones_lang`
--
ALTER TABLE `menu_posiciones_lang`
  MODIFY `id` int(5) NOT NULL AUTO_INCREMENT, AUTO_INCREMENT=6;
--
-- AUTO_INCREMENT de la tabla `modules`
--
ALTER TABLE `modules`
  MODIFY `id` int(10) NOT NULL AUTO_INCREMENT, AUTO_INCREMENT=67;
--
-- AUTO_INCREMENT de la tabla `modules_attributes`
--
ALTER TABLE `modules_attributes`
  MODIFY `id` int(10) NOT NULL AUTO_INCREMENT, AUTO_INCREMENT=59;
--
-- AUTO_INCREMENT de la tabla `modules_attributes_public`
--
ALTER TABLE `modules_attributes_public`
  MODIFY `id` int(10) NOT NULL AUTO_INCREMENT, AUTO_INCREMENT=34;
--
-- AUTO_INCREMENT de la tabla `modules_lang`
--
ALTER TABLE `modules_lang`
  MODIFY `id` int(10) NOT NULL AUTO_INCREMENT, AUTO_INCREMENT=184;
--
-- AUTO_INCREMENT de la tabla `modules_rel`
--
ALTER TABLE `modules_rel`
  MODIFY `id` int(11) NOT NULL AUTO_INCREMENT, AUTO_INCREMENT=6;
--
-- AUTO_INCREMENT de la tabla `panel_menus`
--
ALTER TABLE `panel_menus`
  MODIFY `id` int(10) NOT NULL AUTO_INCREMENT, AUTO_INCREMENT=75;
--
-- AUTO_INCREMENT de la tabla `panel_menus_lang`
--
ALTER TABLE `panel_menus_lang`
  MODIFY `id` int(10) NOT NULL AUTO_INCREMENT, AUTO_INCREMENT=196;
--
-- AUTO_INCREMENT de la tabla `panel_menu_posiciones`
--
ALTER TABLE `panel_menu_posiciones`
  MODIFY `id` int(5) NOT NULL AUTO_INCREMENT, AUTO_INCREMENT=5;
--
-- AUTO_INCREMENT de la tabla `panel_menu_posiciones_lang`
--
ALTER TABLE `panel_menu_posiciones_lang`
  MODIFY `id` int(5) NOT NULL AUTO_INCREMENT, AUTO_INCREMENT=5;
--
-- AUTO_INCREMENT de la tabla `pes_pescados`
--
ALTER TABLE `pes_pescados`
  MODIFY `id` int(11) NOT NULL AUTO_INCREMENT, AUTO_INCREMENT=129;
--
-- AUTO_INCREMENT de la tabla `pes_pescados_lang`
--
ALTER TABLE `pes_pescados_lang`
  MODIFY `id` int(5) NOT NULL AUTO_INCREMENT, AUTO_INCREMENT=76;
--
-- AUTO_INCREMENT de la tabla `plataforma`
--
ALTER TABLE `plataforma`
  MODIFY `id` int(5) NOT NULL AUTO_INCREMENT, AUTO_INCREMENT=4;
--
-- AUTO_INCREMENT de la tabla `plataforma_lang`
--
ALTER TABLE `plataforma_lang`
  MODIFY `id` int(5) NOT NULL AUTO_INCREMENT, AUTO_INCREMENT=4;
--
-- AUTO_INCREMENT de la tabla `public_users_estados`
--
ALTER TABLE `public_users_estados`
  MODIFY `id` int(5) NOT NULL AUTO_INCREMENT, AUTO_INCREMENT=5;
--
-- AUTO_INCREMENT de la tabla `public_users_estados_lang`
--
ALTER TABLE `public_users_estados_lang`
  MODIFY `id` int(5) NOT NULL AUTO_INCREMENT, AUTO_INCREMENT=5;
--
-- AUTO_INCREMENT de la tabla `public_users_logs`
--
ALTER TABLE `public_users_logs`
  MODIFY `id` int(10) NOT NULL AUTO_INCREMENT;
--
-- AUTO_INCREMENT de la tabla `public_users_recomienda`
--
ALTER TABLE `public_users_recomienda`
  MODIFY `id` int(10) NOT NULL AUTO_INCREMENT;
--
-- AUTO_INCREMENT de la tabla `public_users_tipos`
--
ALTER TABLE `public_users_tipos`
  MODIFY `id` int(5) NOT NULL AUTO_INCREMENT, AUTO_INCREMENT=5;
--
-- AUTO_INCREMENT de la tabla `public_users_tipos_lang`
--
ALTER TABLE `public_users_tipos_lang`
  MODIFY `id` int(5) NOT NULL AUTO_INCREMENT, AUTO_INCREMENT=5;
--
-- AUTO_INCREMENT de la tabla `users_logs`
--
ALTER TABLE `users_logs`
  MODIFY `id` int(10) NOT NULL AUTO_INCREMENT, AUTO_INCREMENT=1064;
--
-- AUTO_INCREMENT de la tabla `users_tipos`
--
ALTER TABLE `users_tipos`
  MODIFY `id` int(5) NOT NULL AUTO_INCREMENT, AUTO_INCREMENT=4;
--
-- AUTO_INCREMENT de la tabla `users_tipos_lang`
--
ALTER TABLE `users_tipos_lang`
  MODIFY `id` int(5) NOT NULL AUTO_INCREMENT, AUTO_INCREMENT=6;
--
-- AUTO_INCREMENT de la tabla `vis_visitas`
--
ALTER TABLE `vis_visitas`
  MODIFY `id` int(10) NOT NULL AUTO_INCREMENT;
--
-- AUTO_INCREMENT de la tabla `zon_zonas_pesca`
--
ALTER TABLE `zon_zonas_pesca`
  MODIFY `id` int(10) NOT NULL AUTO_INCREMENT, AUTO_INCREMENT=6;
--
-- Restricciones para tablas volcadas
--

--
-- Filtros para la tabla `avisos_lang`
--
ALTER TABLE `avisos_lang`
  ADD CONSTRAINT `avisos_lang_ibfk_1` FOREIGN KEY (`id_rel`) REFERENCES `avisos` (`id`) ON DELETE CASCADE;

--
-- Filtros para la tabla `con_contenidos_maquetaciones_lang`
--
ALTER TABLE `con_contenidos_maquetaciones_lang`
  ADD CONSTRAINT `con_contenidos_maquetaciones_lang_ibfk_1` FOREIGN KEY (`id_rel`) REFERENCES `con_contenidos_maquetaciones` (`id`) ON DELETE CASCADE;

--
-- Filtros para la tabla `gal_galeria_maquetaciones_lang`
--
ALTER TABLE `gal_galeria_maquetaciones_lang`
  ADD CONSTRAINT `gal_galeria_maquetaciones_lang_ibfk_1` FOREIGN KEY (`id_rel`) REFERENCES `gal_galeria_maquetaciones` (`id`) ON DELETE CASCADE;

--
-- Filtros para la tabla `med_transporte_lang`
--
ALTER TABLE `med_transporte_lang`
  ADD CONSTRAINT `med_transporte_lang_ibfk_1` FOREIGN KEY (`id_rel`) REFERENCES `med_transporte` (`id`) ON DELETE CASCADE;

--
-- Filtros para la tabla `pes_pescados_lang`
--
ALTER TABLE `pes_pescados_lang`
  ADD CONSTRAINT `pes_pescados_lang_ibfk_1` FOREIGN KEY (`id_rel`) REFERENCES `pes_pescados` (`id`) ON DELETE CASCADE;

