INSERT INTO `geo_municipios` (`id`, `estado`, `orden`, `provincia`, `value`, `lang`, `free`, `reexpedicion`, `entrega`) VALUES
(5913, 1, 5913, 40, 'Cozuelos de Fuentidueña', 'es', 0, 1, ''),
(5914, 1, 5914, 40, 'Cubillo', 'es', 0, 1, ''),
(5915, 1, 5915, 40, 'Cuéllar', 'es', 0, 1, ''),
(5916, 1, 5916, 40, 'Cuevas de Provanco', 'es', 0, 1, ''),
(5917, 1, 5917, 40, 'Domingo García', 'es', 0, 1, ''),
(5918, 1, 5918, 40, 'Donhierro', 'es', 0, 1, ''),
(5919, 1, 5919, 40, 'Duruelo', 'es', 0, 1, ''),
(5920, 1, 5920, 40, 'Encinas', 'es', 0, 1, ''),
(5921, 1, 5921, 40, 'Encinillas', 'es', 0, 1, ''),
(5922, 1, 5922, 40, 'Escalona del Prado', 'es', 0, 1, ''),
(5923, 1, 5923, 40, 'Escarabajosa de Cabezas', 'es', 0, 1, ''),
(5924, 1, 5924, 40, 'Escobar de Polendos', 'es', 0, 1, ''),
(5925, 1, 5925, 40, 'Espinar (El)', 'es', 0, 1, ''),
(5926, 1, 5926, 40, 'Espirdo', 'es', 0, 1, ''),
(5927, 1, 5927, 40, 'Fresneda de Cuéllar', 'es', 0, 1, ''),
(5928, 1, 5928, 40, 'Fresno de Cantespino', 'es', 0, 1, ''),
(5929, 1, 5929, 40, 'Fresno de la Fuente', 'es', 0, 1, ''),
(5930, 1, 5930, 40, 'Frumales', 'es', 0, 1, ''),
(5931, 1, 5931, 40, 'Fuente de Santa Cruz', 'es', 0, 1, ''),
(5932, 1, 5932, 40, 'Fuente el Olmo de Fuentidueña', 'es', 0, 1, ''),
(5933, 1, 5933, 40, 'Fuente el Olmo de Íscar', 'es', 0, 1, ''),
(5934, 1, 5934, 40, 'Fuentepelayo', 'es', 0, 1, ''),
(5935, 1, 5935, 40, 'Fuentepiñel', 'es', 0, 1, ''),
(5936, 1, 5936, 40, 'Fuenterrebollo', 'es', 0, 1, ''),
(5937, 1, 5937, 40, 'Fuentesaúco de Fuentidueña', 'es', 0, 1, ''),
(5938, 1, 5938, 40, 'Fuentesoto', 'es', 0, 1, ''),
(5939, 1, 5939, 40, 'Fuentidueña', 'es', 0, 1, ''),
(5940, 1, 5940, 40, 'Gallegos', 'es', 0, 1, ''),
(5941, 1, 5941, 40, 'Garcillán', 'es', 0, 1, ''),
(5942, 1, 5942, 40, 'Gomezserracín', 'es', 0, 1, ''),
(5943, 1, 5943, 40, 'Grajera', 'es', 0, 1, ''),
(5944, 1, 5944, 40, 'Honrubia de la Cuesta', 'es', 0, 1, ''),
(5945, 1, 5945, 40, 'Hontalbilla', 'es', 0, 1, ''),
(5946, 1, 5946, 40, 'Hontanares de Eresma', 'es', 0, 1, ''),
(5947, 1, 5947, 40, 'Huertos (Los)', 'es', 0, 1, ''),
(5948, 1, 5948, 40, 'Ituero y Lama', 'es', 0, 1, ''),
(5949, 1, 5949, 40, 'Juarros de Riomoros', 'es', 0, 1, ''),
(5950, 1, 5950, 40, 'Juarros de Voltoya', 'es', 0, 1, ''),
(5951, 1, 5951, 40, 'Labajos', 'es', 0, 1, ''),
(5952, 1, 5952, 40, 'Laguna de Contreras', 'es', 0, 1, ''),
(5953, 1, 5953, 40, 'Languilla', 'es', 0, 1, ''),
(5954, 1, 5954, 40, 'Lastras de Cuéllar', 'es', 0, 1, ''),
(5955, 1, 5955, 40, 'Lastras del Pozo', 'es', 0, 1, ''),
(5956, 1, 5956, 40, 'Lastrilla (La)', 'es', 0, 1, ''),
(5957, 1, 5957, 40, 'Losa (La)', 'es', 0, 1, ''),
(5958, 1, 5958, 40, 'Maderuelo', 'es', 0, 1, ''),
(5959, 1, 5959, 40, 'Marazoleja', 'es', 0, 1, ''),
(5960, 1, 5960, 40, 'Marazuela', 'es', 0, 1, ''),
(5961, 1, 5961, 40, 'Martín Miguel', 'es', 0, 1, ''),
(5962, 1, 5962, 40, 'Martín Muñoz de la Dehesa', 'es', 0, 1, ''),
(5963, 1, 5963, 40, 'Martín Muñoz de las Posadas', 'es', 0, 1, ''),
(5964, 1, 5964, 40, 'Marugán', 'es', 0, 1, ''),
(5965, 1, 5965, 40, 'Mata de Cuéllar', 'es', 0, 1, ''),
(5966, 1, 5966, 40, 'Matabuena', 'es', 0, 1, ''),
(5967, 1, 5967, 40, 'Matilla (La)', 'es', 0, 1, ''),
(5968, 1, 5968, 40, 'Melque de Cercos', 'es', 0, 1, ''),
(5969, 1, 5969, 40, 'Membibre de la Hoz', 'es', 0, 1, ''),
(5970, 1, 5970, 40, 'Migueláñez', 'es', 0, 1, ''),
(5971, 1, 5971, 40, 'Montejo de Arévalo', 'es', 0, 1, ''),
(5972, 1, 5972, 40, 'Montejo de la Vega de la Serrezuela', 'es', 0, 1, ''),
(5973, 1, 5973, 40, 'Monterrubio', 'es', 0, 1, ''),
(5974, 1, 5974, 40, 'Moral de Hornuez', 'es', 0, 1, ''),
(5975, 1, 5975, 40, 'Mozoncillo', 'es', 0, 1, ''),
(5976, 1, 5976, 40, 'Muñopedro', 'es', 0, 1, ''),
(5977, 1, 5977, 40, 'Muñoveros', 'es', 0, 1, ''),
(5978, 1, 5978, 40, 'Nava de la Asunción', 'es', 0, 1, ''),
(5979, 1, 5979, 40, 'Navafría', 'es', 0, 1, ''),
(5980, 1, 5980, 40, 'Navalilla', 'es', 0, 1, ''),
(5981, 1, 5981, 40, 'Navalmanzano', 'es', 0, 1, ''),
(5982, 1, 5982, 40, 'Navares de Ayuso', 'es', 0, 1, ''),
(5983, 1, 5983, 40, 'Navares de Enmedio', 'es', 0, 1, ''),
(5984, 1, 5984, 40, 'Navares de las Cuevas', 'es', 0, 1, ''),
(5985, 1, 5985, 40, 'Navas de Oro', 'es', 0, 1, ''),
(5986, 1, 5986, 40, 'Navas de Riofrío', 'es', 0, 1, ''),
(5987, 1, 5987, 40, 'Navas de San Antonio', 'es', 0, 1, ''),
(5988, 1, 5988, 40, 'Nieva', 'es', 0, 1, ''),
(5989, 1, 5989, 40, 'Olombrada', 'es', 0, 1, ''),
(5990, 1, 5990, 40, 'Orejana', 'es', 0, 1, ''),
(5991, 1, 5991, 40, 'Ortigosa de Pestaño', 'es', 0, 1, ''),
(5992, 1, 5992, 40, 'Ortigosa del Monte', 'es', 0, 1, ''),
(5993, 1, 5993, 40, 'Otero de Herreros', 'es', 0, 1, ''),
(5994, 1, 5994, 40, 'Pajarejos', 'es', 0, 1, ''),
(5995, 1, 5995, 40, 'Palazuelos de Eresma', 'es', 0, 1, ''),
(5996, 1, 5996, 40, 'Pedraza', 'es', 0, 1, ''),
(5997, 1, 5997, 40, 'Pelayos del Arroyo', 'es', 0, 1, ''),
(5998, 1, 5998, 40, 'Perosillo', 'es', 0, 1, ''),
(5999, 1, 5999, 40, 'Pinarejos', 'es', 0, 1, ''),
(6000, 1, 6000, 40, 'Pinarnegrillo', 'es', 0, 1, ''),
(6001, 1, 6001, 40, 'Pradales', 'es', 0, 1, ''),
(6002, 1, 6002, 40, 'Prádena', 'es', 0, 1, ''),
(6003, 1, 6003, 40, 'Puebla de Pedraza', 'es', 0, 1, ''),
(6004, 1, 6004, 40, 'Rapariegos', 'es', 0, 1, ''),
(6005, 1, 6005, 40, 'Rebollo', 'es', 0, 1, ''),
(6006, 1, 6006, 40, 'Remondo', 'es', 0, 1, ''),
(6007, 1, 6007, 40, 'Riaguas de San Bartolomé', 'es', 0, 1, ''),
(6008, 1, 6008, 40, 'Riaza', 'es', 0, 1, ''),
(6009, 1, 6009, 40, 'Ribota', 'es', 0, 1, ''),
(6010, 1, 6010, 40, 'Riofrío de Riaza', 'es', 0, 1, ''),
(6011, 1, 6011, 40, 'Roda de Eresma', 'es', 0, 1, ''),
(6012, 1, 6012, 40, 'Sacramenia', 'es', 0, 1, ''),
(6013, 1, 6013, 40, 'Samboal', 'es', 0, 1, ''),
(6014, 1, 6014, 40, 'San Cristóbal de Cuéllar', 'es', 0, 1, ''),
(6015, 1, 6015, 40, 'San Cristóbal de la Vega', 'es', 0, 1, ''),
(6016, 1, 6016, 40, 'San Cristóbal de Segovia', 'es', 0, 1, ''),
(6017, 1, 6017, 40, 'San Ildefonso', 'es', 0, 1, ''),
(6018, 1, 6018, 40, 'San Martín y Mudrián', 'es', 0, 1, ''),
(6019, 1, 6019, 40, 'San Miguel de Bernuy', 'es', 0, 1, ''),
(6020, 1, 6020, 40, 'San Pedro de Gaíllos', 'es', 0, 1, ''),
(6021, 1, 6021, 40, 'Sanchonuño', 'es', 0, 1, ''),
(6022, 1, 6022, 40, 'Sangarcía', 'es', 0, 1, ''),
(6023, 1, 6023, 40, 'Santa María la Real de Nieva', 'es', 0, 1, ''),
(6024, 1, 6024, 40, 'Santa Marta del Cerro', 'es', 0, 1, ''),
(6025, 1, 6025, 40, 'Santiuste de Pedraza', 'es', 0, 1, ''),
(6026, 1, 6026, 40, 'Santiuste de San Juan Bautista', 'es', 0, 1, ''),
(6027, 1, 6027, 40, 'Santo Domingo de Pirón', 'es', 0, 1, ''),
(6028, 1, 6028, 40, 'Santo Tomé del Puerto', 'es', 0, 1, ''),
(6029, 1, 6029, 40, 'Sauquillo de Cabezas', 'es', 0, 1, ''),
(6030, 1, 6030, 40, 'Sebúlcor', 'es', 0, 1, ''),
(6031, 1, 6031, 40, 'Segovia', 'es', 0, 1, ''),
(6032, 1, 6032, 40, 'Sepúlveda', 'es', 0, 1, ''),
(6033, 1, 6033, 40, 'Sequera de Fresno', 'es', 0, 1, ''),
(6034, 1, 6034, 40, 'Sotillo', 'es', 0, 1, ''),
(6035, 1, 6035, 40, 'Sotosalbos', 'es', 0, 1, ''),
(6036, 1, 6036, 40, 'Tabanera la Luenga', 'es', 0, 1, ''),
(6037, 1, 6037, 40, 'Tolocirio', 'es', 0, 1, ''),
(6038, 1, 6038, 40, 'Torre Val de San Pedro', 'es', 0, 1, ''),
(6039, 1, 6039, 40, 'Torreadrada', 'es', 0, 1, ''),
(6040, 1, 6040, 40, 'Torrecaballeros', 'es', 0, 1, ''),
(6041, 1, 6041, 40, 'Torrecilla del Pinar', 'es', 0, 1, ''),
(6042, 1, 6042, 40, 'Torreiglesias', 'es', 0, 1, ''),
(6043, 1, 6043, 40, 'Trescasas', 'es', 0, 1, ''),
(6044, 1, 6044, 40, 'Turégano', 'es', 0, 1, ''),
(6045, 1, 6045, 40, 'Urueñas', 'es', 0, 1, ''),
(6046, 1, 6046, 40, 'Valdeprados', 'es', 0, 1, ''),
(6047, 1, 6047, 40, 'Valdevacas de Montejo', 'es', 0, 1, ''),
(6048, 1, 6048, 40, 'Valdevacas y Guijar', 'es', 0, 1, ''),
(6049, 1, 6049, 40, 'Valle de Tabladillo', 'es', 0, 1, ''),
(6050, 1, 6050, 40, 'Vallelado', 'es', 0, 1, ''),
(6051, 1, 6051, 40, 'Valleruela de Pedraza', 'es', 0, 1, ''),
(6052, 1, 6052, 40, 'Valleruela de Sepúlveda', 'es', 0, 1, ''),
(6053, 1, 6053, 40, 'Valseca', 'es', 0, 1, ''),
(6054, 1, 6054, 40, 'Valtiendas', 'es', 0, 1, ''),
(6055, 1, 6055, 40, 'Valverde del Majano', 'es', 0, 1, ''),
(6056, 1, 6056, 40, 'Veganzones', 'es', 0, 1, ''),
(6057, 1, 6057, 40, 'Vegas de Matute', 'es', 0, 1, ''),
(6058, 1, 6058, 40, 'Ventosilla y Tejadilla', 'es', 0, 1, ''),
(6059, 1, 6059, 40, 'Villacastín', 'es', 0, 1, ''),
(6060, 1, 6060, 40, 'Villaverde de Íscar', 'es', 0, 1, ''),
(6061, 1, 6061, 40, 'Villaverde de Montejo', 'es', 0, 1, ''),
(6062, 1, 6062, 40, 'Villeguillo', 'es', 0, 1, ''),
(6063, 1, 6063, 40, 'Yanguas de Eresma', 'es', 0, 1, ''),
(6064, 1, 6064, 40, 'Zarzuela del Monte', 'es', 0, 1, ''),
(6065, 1, 6065, 40, 'Zarzuela del Pinar', 'es', 0, 1, ''),
(6066, 1, 6066, 41, 'Aguadulce', 'es', 0, 1, ''),
(6067, 1, 6067, 41, 'Alanís', 'es', 0, 1, ''),
(6068, 1, 6068, 41, 'Albaida del Aljarafe', 'es', 0, 1, ''),
(6069, 1, 6069, 41, 'Alcalá de Guadaíra', 'es', 0, 1, ''),
(6070, 1, 6070, 41, 'Alcalá del Río', 'es', 0, 1, ''),
(6071, 1, 6071, 41, 'Alcolea del Río', 'es', 0, 1, ''),
(6072, 1, 6072, 41, 'Algaba (La)', 'es', 0, 1, ''),
(6073, 1, 6073, 41, 'Algámitas', 'es', 0, 1, ''),
(6074, 1, 6074, 41, 'Almadén de la Plata', 'es', 0, 1, ''),
(6075, 1, 6075, 41, 'Almensilla', 'es', 0, 1, ''),
(6076, 1, 6076, 41, 'Arahal', 'es', 0, 1, ''),
(6077, 1, 6077, 41, 'Aznalcázar', 'es', 0, 1, ''),
(6078, 1, 6078, 41, 'Aznalcóllar', 'es', 0, 1, ''),
(6079, 1, 6079, 41, 'Badolatosa', 'es', 0, 1, ''),
(6080, 1, 6080, 41, 'Benacazón', 'es', 0, 1, ''),
(6081, 1, 6081, 41, 'Bollullos de la Mitación', 'es', 0, 1, ''),
(6082, 1, 6082, 41, 'Bormujos', 'es', 0, 1, ''),
(6083, 1, 6083, 41, 'Brenes', 'es', 0, 1, ''),
(6084, 1, 6084, 41, 'Burguillos', 'es', 0, 1, ''),
(6085, 1, 6085, 41, 'Cabezas de San Juan (Las)', 'es', 0, 1, ''),
(6086, 1, 6086, 41, 'Camas', 'es', 0, 1, ''),
(6087, 1, 6087, 41, 'Campana (La)', 'es', 0, 1, ''),
(6088, 1, 6088, 41, 'Cantillana', 'es', 0, 1, ''),
(6089, 1, 6089, 41, 'Cañada Rosal', 'es', 0, 1, ''),
(6090, 1, 6090, 41, 'Carmona', 'es', 0, 1, ''),
(6091, 1, 6091, 41, 'Carrión de los Céspedes', 'es', 0, 1, ''),
(6092, 1, 6092, 41, 'Casariche', 'es', 0, 1, ''),
(6093, 1, 6093, 41, 'Castilblanco de los Arroyos', 'es', 0, 1, ''),
(6094, 1, 6094, 41, 'Castilleja de Guzmán', 'es', 0, 1, ''),
(6095, 1, 6095, 41, 'Castilleja de la Cuesta', 'es', 0, 1, ''),
(6096, 1, 6096, 41, 'Castilleja del Campo', 'es', 0, 1, ''),
(6097, 1, 6097, 41, 'Castillo de las Guardas (El)', 'es', 0, 1, ''),
(6098, 1, 6098, 41, 'Cazalla de la Sierra', 'es', 0, 1, ''),
(6099, 1, 6099, 41, 'Constantina', 'es', 0, 1, ''),
(6100, 1, 6100, 41, 'Coria del Río', 'es', 0, 1, ''),
(6101, 1, 6101, 41, 'Coripe', 'es', 0, 1, ''),
(6102, 1, 6102, 41, 'Coronil (El)', 'es', 0, 1, ''),
(6103, 1, 6103, 41, 'Corrales (Los)', 'es', 0, 1, ''),
(6104, 1, 6104, 41, 'Cuervo de Sevilla (El)', 'es', 0, 1, ''),
(6105, 1, 6105, 41, 'Dos Hermanas', 'es', 0, 1, ''),
(6106, 1, 6106, 41, 'Écija', 'es', 0, 1, ''),
(6107, 1, 6107, 41, 'Espartinas', 'es', 0, 1, ''),
(6108, 1, 6108, 41, 'Estepa', 'es', 0, 1, ''),
(6109, 1, 6109, 41, 'Fuentes de Andalucía', 'es', 0, 1, ''),
(6110, 1, 6110, 41, 'Garrobo (El)', 'es', 0, 1, ''),
(6111, 1, 6111, 41, 'Gelves', 'es', 0, 1, ''),
(6112, 1, 6112, 41, 'Gerena', 'es', 0, 1, ''),
(6113, 1, 6113, 41, 'Gilena', 'es', 0, 1, ''),
(6114, 1, 6114, 41, 'Gines', 'es', 0, 1, ''),
(6115, 1, 6115, 41, 'Guadalcanal', 'es', 0, 1, ''),
(6116, 1, 6116, 41, 'Guillena', 'es', 0, 1, ''),
(6117, 1, 6117, 41, 'Herrera', 'es', 0, 1, ''),
(6118, 1, 6118, 41, 'Huévar del Aljarafe', 'es', 0, 1, ''),
(6119, 1, 6119, 41, 'Isla Mayor', 'es', 0, 1, ''),
(6120, 1, 6120, 41, 'Lantejuela (La)', 'es', 0, 1, ''),
(6121, 1, 6121, 41, 'Lebrija', 'es', 0, 1, ''),
(6122, 1, 6122, 41, 'Lora de Estepa', 'es', 0, 1, ''),
(6123, 1, 6123, 41, 'Lora del Río', 'es', 0, 1, ''),
(6124, 1, 6124, 41, 'Luisiana (La)', 'es', 0, 1, ''),
(6125, 1, 6125, 41, 'Madroño (El)', 'es', 0, 1, ''),
(6126, 1, 6126, 41, 'Mairena del Alcor', 'es', 0, 1, ''),
(6127, 1, 6127, 41, 'Mairena del Aljarafe', 'es', 0, 1, ''),
(6128, 1, 6128, 41, 'Marchena', 'es', 0, 1, ''),
(6129, 1, 6129, 41, 'Marinaleda', 'es', 0, 1, ''),
(6130, 1, 6130, 41, 'Martín de la Jara', 'es', 0, 1, ''),
(6131, 1, 6131, 41, 'Molares (Los)', 'es', 0, 1, ''),
(6132, 1, 6132, 41, 'Montellano', 'es', 0, 1, ''),
(6133, 1, 6133, 41, 'Morón de la Frontera', 'es', 0, 1, ''),
(6134, 1, 6134, 41, 'Navas de la Concepción (Las)', 'es', 0, 1, ''),
(6135, 1, 6135, 41, 'Olivares', 'es', 0, 1, ''),
(6136, 1, 6136, 41, 'Osuna', 'es', 0, 1, ''),
(6137, 1, 6137, 41, 'Palacios y Villafranca (Los)', 'es', 0, 1, ''),
(6138, 1, 6138, 41, 'Palomares del Río', 'es', 0, 1, ''),
(6139, 1, 6139, 41, 'Paradas', 'es', 0, 1, ''),
(6140, 1, 6140, 41, 'Pedrera', 'es', 0, 1, ''),
(6141, 1, 6141, 41, 'Pedroso (El)', 'es', 0, 1, ''),
(6142, 1, 6142, 41, 'Peñaflor', 'es', 0, 1, ''),
(6143, 1, 6143, 41, 'Pilas', 'es', 0, 1, ''),
(6144, 1, 6144, 41, 'Pruna', 'es', 0, 1, ''),
(6145, 1, 6145, 41, 'Puebla de Cazalla (La)', 'es', 0, 1, ''),
(6146, 1, 6146, 41, 'Puebla de los Infantes (La)', 'es', 0, 1, ''),
(6147, 1, 6147, 41, 'Puebla del Río (La)', 'es', 0, 1, ''),
(6148, 1, 6148, 41, 'Real de la Jara (El)', 'es', 0, 1, ''),
(6149, 1, 6149, 41, 'Rinconada (La)', 'es', 0, 1, ''),
(6150, 1, 6150, 41, 'Roda de Andalucía (La)', 'es', 0, 1, ''),
(6151, 1, 6151, 41, 'Ronquillo (El)', 'es', 0, 1, ''),
(6152, 1, 6152, 41, 'Rubio (El)', 'es', 0, 1, ''),
(6153, 1, 6153, 41, 'Salteras', 'es', 0, 1, ''),
(6154, 1, 6154, 41, 'San Juan de Aznalfarache', 'es', 0, 1, ''),
(6155, 1, 6155, 41, 'San Nicolás del Puerto', 'es', 0, 1, ''),
(6156, 1, 6156, 41, 'Sanlúcar la Mayor', 'es', 0, 1, ''),
(6157, 1, 6157, 41, 'Santiponce', 'es', 0, 1, ''),
(6158, 1, 6158, 41, 'Saucejo (El)', 'es', 0, 1, ''),
(6159, 1, 6159, 41, 'Sevilla', 'es', 0, 1, ''),
(6160, 1, 6160, 41, 'Tocina', 'es', 0, 1, ''),
(6161, 1, 6161, 41, 'Tomares', 'es', 0, 1, ''),
(6162, 1, 6162, 41, 'Umbrete', 'es', 0, 1, ''),
(6163, 1, 6163, 41, 'Utrera', 'es', 0, 1, ''),
(6164, 1, 6164, 41, 'Valencina de la Concepción', 'es', 0, 1, ''),
(6165, 1, 6165, 41, 'Villamanrique de la Condesa', 'es', 0, 1, ''),
(6166, 1, 6166, 41, 'Villanueva de San Juan', 'es', 0, 1, ''),
(6167, 1, 6167, 41, 'Villanueva del Ariscal', 'es', 0, 1, ''),
(6168, 1, 6168, 41, 'Villanueva del Río y Minas', 'es', 0, 1, ''),
(6169, 1, 6169, 41, 'Villaverde del Río', 'es', 0, 1, ''),
(6170, 1, 6170, 41, 'Viso del Alcor (El)', 'es', 0, 1, ''),
(6171, 1, 6171, 42, 'Abejar', 'es', 0, 1, ''),
(6172, 1, 6172, 42, 'Adradas', 'es', 0, 1, ''),
(6173, 1, 6173, 42, 'Ágreda', 'es', 0, 1, ''),
(6174, 1, 6174, 42, 'Alconaba', 'es', 0, 1, ''),
(6175, 1, 6175, 42, 'Alcubilla de Avellaneda', 'es', 0, 1, ''),
(6176, 1, 6176, 42, 'Alcubilla de las Peñas', 'es', 0, 1, ''),
(6177, 1, 6177, 42, 'Aldealafuente', 'es', 0, 1, ''),
(6178, 1, 6178, 42, 'Aldealices', 'es', 0, 1, ''),
(6179, 1, 6179, 42, 'Aldealpozo', 'es', 0, 1, ''),
(6180, 1, 6180, 42, 'Aldealseñor', 'es', 0, 1, ''),
(6181, 1, 6181, 42, 'Aldehuela de Periáñez', 'es', 0, 1, ''),
(6182, 1, 6182, 42, 'Aldehuelas (Las)', 'es', 0, 1, ''),
(6183, 1, 6183, 42, 'Alentisque', 'es', 0, 1, ''),
(6184, 1, 6184, 42, 'Aliud', 'es', 0, 1, ''),
(6185, 1, 6185, 42, 'Almajano', 'es', 0, 1, ''),
(6186, 1, 6186, 42, 'Almaluez', 'es', 0, 1, ''),
(6187, 1, 6187, 42, 'Almarza', 'es', 0, 1, ''),
(6188, 1, 6188, 42, 'Almazán', 'es', 0, 1, ''),
(6189, 1, 6189, 42, 'Almazul', 'es', 0, 1, ''),
(6190, 1, 6190, 42, 'Almenar de Soria', 'es', 0, 1, ''),
(6191, 1, 6191, 42, 'Alpanseque', 'es', 0, 1, ''),
(6192, 1, 6192, 42, 'Arancón', 'es', 0, 1, ''),
(6193, 1, 6193, 42, 'Arcos de Jalón', 'es', 0, 1, ''),
(6194, 1, 6194, 42, 'Arenillas', 'es', 0, 1, ''),
(6195, 1, 6195, 42, 'Arévalo de la Sierra', 'es', 0, 1, ''),
(6196, 1, 6196, 42, 'Ausejo de la Sierra', 'es', 0, 1, ''),
(6197, 1, 6197, 42, 'Baraona', 'es', 0, 1, ''),
(6198, 1, 6198, 42, 'Barca', 'es', 0, 1, ''),
(6199, 1, 6199, 42, 'Barcones', 'es', 0, 1, ''),
(6200, 1, 6200, 42, 'Bayubas de Abajo', 'es', 0, 1, ''),
(6201, 1, 6201, 42, 'Bayubas de Arriba', 'es', 0, 1, ''),
(6202, 1, 6202, 42, 'Beratón', 'es', 0, 1, ''),
(6203, 1, 6203, 42, 'Berlanga de Duero', 'es', 0, 1, ''),
(6204, 1, 6204, 42, 'Blacos', 'es', 0, 1, ''),
(6205, 1, 6205, 42, 'Bliecos', 'es', 0, 1, ''),
(6206, 1, 6206, 42, 'Borjabad', 'es', 0, 1, ''),
(6207, 1, 6207, 42, 'Borobia', 'es', 0, 1, ''),
(6208, 1, 6208, 42, 'Buberos', 'es', 0, 1, ''),
(6209, 1, 6209, 42, 'Buitrago', 'es', 0, 1, ''),
(6210, 1, 6210, 42, 'Burgo de Osma-Ciudad de Osma', 'es', 0, 1, ''),
(6211, 1, 6211, 42, 'Cabrejas del Campo', 'es', 0, 1, ''),
(6212, 1, 6212, 42, 'Cabrejas del Pinar', 'es', 0, 1, ''),
(6213, 1, 6213, 42, 'Calatañazor', 'es', 0, 1, ''),
(6214, 1, 6214, 42, 'Caltojar', 'es', 0, 1, ''),
(6215, 1, 6215, 42, 'Candilichera', 'es', 0, 1, ''),
(6216, 1, 6216, 42, 'Cañamaque', 'es', 0, 1, ''),
(6217, 1, 6217, 42, 'Carabantes', 'es', 0, 1, ''),
(6218, 1, 6218, 42, 'Caracena', 'es', 0, 1, ''),
(6219, 1, 6219, 42, 'Carrascosa de Abajo', 'es', 0, 1, ''),
(6220, 1, 6220, 42, 'Carrascosa de la Sierra', 'es', 0, 1, ''),
(6221, 1, 6221, 42, 'Casarejos', 'es', 0, 1, ''),
(6222, 1, 6222, 42, 'Castilfrío de la Sierra', 'es', 0, 1, ''),
(6223, 1, 6223, 42, 'Castillejo de Robledo', 'es', 0, 1, ''),
(6224, 1, 6224, 42, 'Castilruiz', 'es', 0, 1, ''),
(6225, 1, 6225, 42, 'Centenera de Andaluz', 'es', 0, 1, ''),
(6226, 1, 6226, 42, 'Cerbón', 'es', 0, 1, ''),
(6227, 1, 6227, 42, 'Cidones', 'es', 0, 1, ''),
(6228, 1, 6228, 42, 'Cigudosa', 'es', 0, 1, ''),
(6229, 1, 6229, 42, 'Cihuela', 'es', 0, 1, ''),
(6230, 1, 6230, 42, 'Ciria', 'es', 0, 1, ''),
(6231, 1, 6231, 42, 'Cirujales del Río', 'es', 0, 1, ''),
(6232, 1, 6232, 42, 'Coscurita', 'es', 0, 1, ''),
(6233, 1, 6233, 42, 'Covaleda', 'es', 0, 1, ''),
(6234, 1, 6234, 42, 'Cubilla', 'es', 0, 1, ''),
(6235, 1, 6235, 42, 'Cubo de la Solana', 'es', 0, 1, ''),
(6236, 1, 6236, 42, 'Cueva de Ágreda', 'es', 0, 1, ''),
(6237, 1, 6237, 42, 'Dévanos', 'es', 0, 1, ''),
(6238, 1, 6238, 42, 'Deza', 'es', 0, 1, ''),
(6239, 1, 6239, 42, 'Duruelo de la Sierra', 'es', 0, 1, ''),
(6240, 1, 6240, 42, 'Escobosa de Almazán', 'es', 0, 1, ''),
(6241, 1, 6241, 42, 'Espeja de San Marcelino', 'es', 0, 1, ''),
(6242, 1, 6242, 42, 'Espejón', 'es', 0, 1, ''),
(6243, 1, 6243, 42, 'Estepa de San Juan', 'es', 0, 1, ''),
(6244, 1, 6244, 42, 'Frechilla de Almazán', 'es', 0, 1, ''),
(6245, 1, 6245, 42, 'Fresno de Caracena', 'es', 0, 1, ''),
(6246, 1, 6246, 42, 'Fuentearmegil', 'es', 0, 1, ''),
(6247, 1, 6247, 42, 'Fuentecambrón', 'es', 0, 1, ''),
(6248, 1, 6248, 42, 'Fuentecantos', 'es', 0, 1, ''),
(6249, 1, 6249, 42, 'Fuentelmonge', 'es', 0, 1, ''),
(6250, 1, 6250, 42, 'Fuentelsaz de Soria', 'es', 0, 1, ''),
(6251, 1, 6251, 42, 'Fuentepinilla', 'es', 0, 1, ''),
(6252, 1, 6252, 42, 'Fuentes de Magaña', 'es', 0, 1, ''),
(6253, 1, 6253, 42, 'Fuentestrún', 'es', 0, 1, ''),
(6254, 1, 6254, 42, 'Garray', 'es', 0, 1, ''),
(6255, 1, 6255, 42, 'Golmayo', 'es', 0, 1, ''),
(6256, 1, 6256, 42, 'Gómara', 'es', 0, 1, ''),
(6257, 1, 6257, 42, 'Gormaz', 'es', 0, 1, ''),
(6258, 1, 6258, 42, 'Herrera de Soria', 'es', 0, 1, ''),
(6259, 1, 6259, 42, 'Hinojosa del Campo', 'es', 0, 1, ''),
(6260, 1, 6260, 42, 'Langa de Duero', 'es', 0, 1, ''),
(6261, 1, 6261, 42, 'Liceras', 'es', 0, 1, ''),
(6262, 1, 6262, 42, 'Losilla (La)', 'es', 0, 1, ''),
(6263, 1, 6263, 42, 'Magaña', 'es', 0, 1, ''),
(6264, 1, 6264, 42, 'Maján', 'es', 0, 1, ''),
(6265, 1, 6265, 42, 'Matalebreras', 'es', 0, 1, ''),
(6266, 1, 6266, 42, 'Matamala de Almazán', 'es', 0, 1, ''),
(6267, 1, 6267, 42, 'Medinaceli', 'es', 0, 1, ''),
(6268, 1, 6268, 42, 'Miño de Medinaceli', 'es', 0, 1, ''),
(6269, 1, 6269, 42, 'Miño de San Esteban', 'es', 0, 1, ''),
(6270, 1, 6270, 42, 'Molinos de Duero', 'es', 0, 1, ''),
(6271, 1, 6271, 42, 'Momblona', 'es', 0, 1, ''),
(6272, 1, 6272, 42, 'Monteagudo de las Vicarías', 'es', 0, 1, ''),
(6273, 1, 6273, 42, 'Montejo de Tiermes', 'es', 0, 1, ''),
(6274, 1, 6274, 42, 'Montenegro de Cameros', 'es', 0, 1, ''),
(6275, 1, 6275, 42, 'Morón de Almazán', 'es', 0, 1, ''),
(6276, 1, 6276, 42, 'Muriel de la Fuente', 'es', 0, 1, ''),
(6277, 1, 6277, 42, 'Muriel Viejo', 'es', 0, 1, ''),
(6278, 1, 6278, 42, 'Nafría de Ucero', 'es', 0, 1, ''),
(6279, 1, 6279, 42, 'Narros', 'es', 0, 1, ''),
(6280, 1, 6280, 42, 'Navaleno', 'es', 0, 1, ''),
(6281, 1, 6281, 42, 'Nepas', 'es', 0, 1, ''),
(6282, 1, 6282, 42, 'Nolay', 'es', 0, 1, ''),
(6283, 1, 6283, 42, 'Noviercas', 'es', 0, 1, ''),
(6284, 1, 6284, 42, 'Ólvega', 'es', 0, 1, ''),
(6285, 1, 6285, 42, 'Oncala', 'es', 0, 1, ''),
(6286, 1, 6286, 42, 'Pinilla del Campo', 'es', 0, 1, ''),
(6287, 1, 6287, 42, 'Portillo de Soria', 'es', 0, 1, ''),
(6288, 1, 6288, 42, 'Póveda de Soria (La)', 'es', 0, 1, ''),
(6289, 1, 6289, 42, 'Pozalmuro', 'es', 0, 1, ''),
(6290, 1, 6290, 42, 'Quintana Redonda', 'es', 0, 1, ''),
(6291, 1, 6291, 42, 'Quintanas de Gormaz', 'es', 0, 1, ''),
(6292, 1, 6292, 42, 'Quiñonería', 'es', 0, 1, ''),
(6293, 1, 6293, 42, 'Rábanos (Los)', 'es', 0, 1, ''),
(6294, 1, 6294, 42, 'Rebollar', 'es', 0, 1, ''),
(6295, 1, 6295, 42, 'Recuerda', 'es', 0, 1, ''),
(6296, 1, 6296, 42, 'Rello', 'es', 0, 1, ''),
(6297, 1, 6297, 42, 'Renieblas', 'es', 0, 1, ''),
(6298, 1, 6298, 42, 'Retortillo de Soria', 'es', 0, 1, ''),
(6299, 1, 6299, 42, 'Reznos', 'es', 0, 1, ''),
(6300, 1, 6300, 42, 'Riba de Escalote (La)', 'es', 0, 1, ''),
(6301, 1, 6301, 42, 'Rioseco de Soria', 'es', 0, 1, ''),
(6302, 1, 6302, 42, 'Rollamienta', 'es', 0, 1, ''),
(6303, 1, 6303, 42, 'Royo (El)', 'es', 0, 1, ''),
(6304, 1, 6304, 42, 'Salduero', 'es', 0, 1, ''),
(6305, 1, 6305, 42, 'San Esteban de Gormaz', 'es', 0, 1, ''),
(6306, 1, 6306, 42, 'San Felices', 'es', 0, 1, ''),
(6307, 1, 6307, 42, 'San Leonardo de Yagüe', 'es', 0, 1, ''),
(6308, 1, 6308, 42, 'San Pedro Manrique', 'es', 0, 1, ''),
(6309, 1, 6309, 42, 'Santa Cruz de Yanguas', 'es', 0, 1, ''),
(6310, 1, 6310, 42, 'Santa María de Huerta', 'es', 0, 1, ''),
(6311, 1, 6311, 42, 'Santa María de las Hoyas', 'es', 0, 1, ''),
(6312, 1, 6312, 42, 'Serón de Nágima', 'es', 0, 1, ''),
(6313, 1, 6313, 42, 'Soliedra', 'es', 0, 1, ''),
(6314, 1, 6314, 42, 'Soria', 'es', 0, 1, ''),
(6315, 1, 6315, 42, 'Sotillo del Rincón', 'es', 0, 1, ''),
(6316, 1, 6316, 42, 'Suellacabras', 'es', 0, 1, ''),
(6317, 1, 6317, 42, 'Tajahuerce', 'es', 0, 1, ''),
(6318, 1, 6318, 42, 'Tajueco', 'es', 0, 1, ''),
(6319, 1, 6319, 42, 'Talveila', 'es', 0, 1, ''),
(6320, 1, 6320, 42, 'Tardelcuende', 'es', 0, 1, ''),
(6321, 1, 6321, 42, 'Taroda', 'es', 0, 1, ''),
(6322, 1, 6322, 42, 'Tejado', 'es', 0, 1, ''),
(6323, 1, 6323, 42, 'Torlengua', 'es', 0, 1, ''),
(6324, 1, 6324, 42, 'Torreblacos', 'es', 0, 1, ''),
(6325, 1, 6325, 42, 'Torrubia de Soria', 'es', 0, 1, ''),
(6326, 1, 6326, 42, 'Trévago', 'es', 0, 1, ''),
(6327, 1, 6327, 42, 'Ucero', 'es', 0, 1, ''),
(6328, 1, 6328, 42, 'Vadillo', 'es', 0, 1, ''),
(6329, 1, 6329, 42, 'Valdeavellano de Tera', 'es', 0, 1, ''),
(6330, 1, 6330, 42, 'Valdegeña', 'es', 0, 1, ''),
(6331, 1, 6331, 42, 'Valdelagua del Cerro', 'es', 0, 1, ''),
(6332, 1, 6332, 42, 'Valdemaluque', 'es', 0, 1, ''),
(6333, 1, 6333, 42, 'Valdenebro', 'es', 0, 1, ''),
(6334, 1, 6334, 42, 'Valdeprado', 'es', 0, 1, ''),
(6335, 1, 6335, 42, 'Valderrodilla', 'es', 0, 1, ''),
(6336, 1, 6336, 42, 'Valtajeros', 'es', 0, 1, ''),
(6337, 1, 6337, 42, 'Velamazán', 'es', 0, 1, ''),
(6338, 1, 6338, 42, 'Velilla de la Sierra', 'es', 0, 1, ''),
(6339, 1, 6339, 42, 'Velilla de los Ajos', 'es', 0, 1, ''),
(6340, 1, 6340, 42, 'Viana de Duero', 'es', 0, 1, ''),
(6341, 1, 6341, 42, 'Villaciervos', 'es', 0, 1, ''),
(6342, 1, 6342, 42, 'Villanueva de Gormaz', 'es', 0, 1, ''),
(6343, 1, 6343, 42, 'Villar del Ala', 'es', 0, 1, ''),
(6344, 1, 6344, 42, 'Villar del Campo', 'es', 0, 1, ''),
(6345, 1, 6345, 42, 'Villar del Río', 'es', 0, 1, ''),
(6346, 1, 6346, 42, 'Villares de Soria (Los)', 'es', 0, 1, ''),
(6347, 1, 6347, 42, 'Villasayas', 'es', 0, 1, ''),
(6348, 1, 6348, 42, 'Villaseca de Arciel', 'es', 0, 1, ''),
(6349, 1, 6349, 42, 'Vinuesa', 'es', 0, 1, ''),
(6350, 1, 6350, 42, 'Vizmanos', 'es', 0, 1, ''),
(6351, 1, 6351, 42, 'Vozmediano', 'es', 0, 1, ''),
(6352, 1, 6352, 42, 'Yanguas', 'es', 0, 1, ''),
(6353, 1, 6353, 42, 'Yelo', 'es', 0, 1, ''),
(6354, 1, 6354, 43, 'Aiguamúrcia', 'es', 0, 1, ''),
(6355, 1, 6355, 43, 'Albinyana', 'es', 0, 1, ''),
(6356, 1, 6356, 43, 'Albiol (L\')', 'es', 0, 1, ''),
(6357, 1, 6357, 43, 'Alcanar', 'es', 0, 1, ''),
(6358, 1, 6358, 43, 'Alcover', 'es', 0, 1, ''),
(6359, 1, 6359, 43, 'Aldea (L\')', 'es', 0, 1, ''),
(6360, 1, 6360, 43, 'Aldover', 'es', 0, 1, ''),
(6361, 1, 6361, 43, 'Aleixar (L\')', 'es', 0, 1, ''),
(6362, 1, 6362, 43, 'Alfara de Carles', 'es', 0, 1, ''),
(6363, 1, 6363, 43, 'Alforja', 'es', 0, 1, ''),
(6364, 1, 6364, 43, 'Alió', 'es', 0, 1, ''),
(6365, 1, 6365, 43, 'Almoster', 'es', 0, 1, ''),
(6366, 1, 6366, 43, 'Altafulla', 'es', 0, 1, ''),
(6367, 1, 6367, 43, 'Ametlla de Mar (L\')', 'es', 0, 1, ''),
(6368, 1, 6368, 43, 'Ampolla (L\')', 'es', 0, 1, ''),
(6369, 1, 6369, 43, 'Amposta', 'es', 0, 1, ''),
(6370, 1, 6370, 43, 'Arboç (L\')', 'es', 0, 1, ''),
(6371, 1, 6371, 43, 'Arbolí', 'es', 0, 1, ''),
(6372, 1, 6372, 43, 'Argentera (L\')', 'es', 0, 1, ''),
(6373, 1, 6373, 43, 'Arnes', 'es', 0, 1, ''),
(6374, 1, 6374, 43, 'Ascó', 'es', 0, 1, ''),
(6375, 1, 6375, 43, 'Banyeres del Penedès', 'es', 0, 1, ''),
(6376, 1, 6376, 43, 'Barberà de la Conca', 'es', 0, 1, ''),
(6377, 1, 6377, 43, 'Batea', 'es', 0, 1, ''),
(6378, 1, 6378, 43, 'Bellmunt del Priorat', 'es', 0, 1, ''),
(6379, 1, 6379, 43, 'Bellvei', 'es', 0, 1, ''),
(6380, 1, 6380, 43, 'Benifallet', 'es', 0, 1, ''),
(6381, 1, 6381, 43, 'Benissanet', 'es', 0, 1, ''),
(6382, 1, 6382, 43, 'Bisbal de Falset (La)', 'es', 0, 1, ''),
(6383, 1, 6383, 43, 'Bisbal del Penedès (La)', 'es', 0, 1, ''),
(6384, 1, 6384, 43, 'Blancafort', 'es', 0, 1, ''),
(6385, 1, 6385, 43, 'Bonastre', 'es', 0, 1, ''),
(6386, 1, 6386, 43, 'Borges del Camp (Les)', 'es', 0, 1, ''),
(6387, 1, 6387, 43, 'Bot', 'es', 0, 1, ''),
(6388, 1, 6388, 43, 'Botarell', 'es', 0, 1, ''),
(6389, 1, 6389, 43, 'Bràfim', 'es', 0, 1, ''),
(6390, 1, 6390, 43, 'Cabacés', 'es', 0, 1, ''),
(6391, 1, 6391, 43, 'Cabra del Camp', 'es', 0, 1, ''),
(6392, 1, 6392, 43, 'Calafell', 'es', 0, 1, ''),
(6393, 1, 6393, 43, 'Camarles', 'es', 0, 1, ''),
(6394, 1, 6394, 43, 'Cambrils', 'es', 0, 1, ''),
(6395, 1, 6395, 43, 'Capafonts', 'es', 0, 1, ''),
(6396, 1, 6396, 43, 'Capçanes', 'es', 0, 1, ''),
(6397, 1, 6397, 43, 'Caseres', 'es', 0, 1, ''),
(6398, 1, 6398, 43, 'Castellvell del Camp', 'es', 0, 1, ''),
(6399, 1, 6399, 43, 'Catllar (El)', 'es', 0, 1, ''),
(6400, 1, 6400, 43, 'Colldejou', 'es', 0, 1, ''),
(6401, 1, 6401, 43, 'Conesa', 'es', 0, 1, ''),
(6402, 1, 6402, 43, 'Constantí', 'es', 0, 1, ''),
(6403, 1, 6403, 43, 'Corbera d\'Ebre', 'es', 0, 1, ''),
(6404, 1, 6404, 43, 'Cornudella de Montsant', 'es', 0, 1, ''),
(6405, 1, 6405, 43, 'Creixell', 'es', 0, 1, ''),
(6406, 1, 6406, 43, 'Cunit', 'es', 0, 1, ''),
(6407, 1, 6407, 43, 'Deltebre', 'es', 0, 1, ''),
(6408, 1, 6408, 43, 'Duesaigües', 'es', 0, 1, ''),
(6409, 1, 6409, 43, 'Espluga de Francolí (L\')', 'es', 0, 1, ''),
(6410, 1, 6410, 43, 'Falset', 'es', 0, 1, ''),
(6411, 1, 6411, 43, 'Fatarella (La)', 'es', 0, 1, ''),
(6412, 1, 6412, 43, 'Febró (La)', 'es', 0, 1, ''),
(6413, 1, 6413, 43, 'Figuera (La)', 'es', 0, 1, ''),
(6414, 1, 6414, 43, 'Figuerola del Camp', 'es', 0, 1, ''),
(6415, 1, 6415, 43, 'Flix', 'es', 0, 1, ''),
(6416, 1, 6416, 43, 'Forès', 'es', 0, 1, ''),
(6417, 1, 6417, 43, 'Freginals', 'es', 0, 1, ''),
(6418, 1, 6418, 43, 'Galera (La)', 'es', 0, 1, ''),
(6419, 1, 6419, 43, 'Gandesa', 'es', 0, 1, ''),
(6420, 1, 6420, 43, 'Garcia', 'es', 0, 1, ''),
(6421, 1, 6421, 43, 'Garidells (Els)', 'es', 0, 1, ''),
(6422, 1, 6422, 43, 'Ginestar', 'es', 0, 1, ''),
(6423, 1, 6423, 43, 'Godall', 'es', 0, 1, ''),
(6424, 1, 6424, 43, 'Gratallops', 'es', 0, 1, ''),
(6425, 1, 6425, 43, 'Guiamets (Els)', 'es', 0, 1, ''),
(6426, 1, 6426, 43, 'Horta de Sant Joan', 'es', 0, 1, ''),
(6427, 1, 6427, 43, 'Lloar (El)', 'es', 0, 1, ''),
(6428, 1, 6428, 43, 'Llorac', 'es', 0, 1, ''),
(6429, 1, 6429, 43, 'Llorenç del Penedès', 'es', 0, 1, ''),
(6430, 1, 6430, 43, 'Marçà', 'es', 0, 1, ''),
(6431, 1, 6431, 43, 'Margalef', 'es', 0, 1, ''),
(6432, 1, 6432, 43, 'Mas de Barberans', 'es', 0, 1, ''),
(6433, 1, 6433, 43, 'Masdenverge', 'es', 0, 1, ''),
(6434, 1, 6434, 43, 'Masllorenç', 'es', 0, 1, ''),
(6435, 1, 6435, 43, 'Masó (La)', 'es', 0, 1, ''),
(6436, 1, 6436, 43, 'Maspujols', 'es', 0, 1, ''),
(6437, 1, 6437, 43, 'Masroig (El)', 'es', 0, 1, ''),
(6438, 1, 6438, 43, 'Milà (El)', 'es', 0, 1, ''),
(6439, 1, 6439, 43, 'Miravet', 'es', 0, 1, ''),
(6440, 1, 6440, 43, 'Molar (El)', 'es', 0, 1, ''),
(6441, 1, 6441, 43, 'Montblanc', 'es', 0, 1, ''),
(6442, 1, 6442, 43, 'Montbrió del Camp', 'es', 0, 1, ''),
(6443, 1, 6443, 43, 'Montferri', 'es', 0, 1, ''),
(6444, 1, 6444, 43, 'Montmell (El)', 'es', 0, 1, ''),
(6445, 1, 6445, 43, 'Mont-ral', 'es', 0, 1, ''),
(6446, 1, 6446, 43, 'Mont-roig del Camp', 'es', 0, 1, ''),
(6447, 1, 6447, 43, 'Móra d\'Ebre', 'es', 0, 1, ''),
(6448, 1, 6448, 43, 'Móra la Nova', 'es', 0, 1, ''),
(6449, 1, 6449, 43, 'Morell (El)', 'es', 0, 1, ''),
(6450, 1, 6450, 43, 'Morera de Montsant (La)', 'es', 0, 1, ''),
(6451, 1, 6451, 43, 'Nou de Gaià (La)', 'es', 0, 1, ''),
(6452, 1, 6452, 43, 'Nulles', 'es', 0, 1, ''),
(6453, 1, 6453, 43, 'Pallaresos (Els)', 'es', 0, 1, ''),
(6454, 1, 6454, 43, 'Palma d\'Ebre (La)', 'es', 0, 1, ''),
(6455, 1, 6455, 43, 'Passanant i Belltall', 'es', 0, 1, ''),
(6456, 1, 6456, 43, 'Paüls', 'es', 0, 1, ''),
(6457, 1, 6457, 43, 'Perafort', 'es', 0, 1, ''),
(6458, 1, 6458, 43, 'Perelló (El)', 'es', 0, 1, ''),
(6459, 1, 6459, 43, 'Piles (Les)', 'es', 0, 1, ''),
(6460, 1, 6460, 43, 'Pinell de Brai (El)', 'es', 0, 1, ''),
(6461, 1, 6461, 43, 'Pira', 'es', 0, 1, ''),
(6462, 1, 6462, 43, 'Pla de Santa Maria (El)', 'es', 0, 1, ''),
(6463, 1, 6463, 43, 'Pobla de Mafumet (La)', 'es', 0, 1, ''),
(6464, 1, 6464, 43, 'Pobla de Massaluca (La)', 'es', 0, 1, ''),
(6465, 1, 6465, 43, 'Pobla de Montornès (La)', 'es', 0, 1, ''),
(6466, 1, 6466, 43, 'Poboleda', 'es', 0, 1, ''),
(6467, 1, 6467, 43, 'Pont d\'Armentera (El)', 'es', 0, 1, ''),
(6468, 1, 6468, 43, 'Pontils', 'es', 0, 1, ''),
(6469, 1, 6469, 43, 'Porrera', 'es', 0, 1, ''),
(6470, 1, 6470, 43, 'Pradell de la Teixeta', 'es', 0, 1, ''),
(6471, 1, 6471, 43, 'Prades', 'es', 0, 1, ''),
(6472, 1, 6472, 43, 'Prat de Comte', 'es', 0, 1, ''),
(6473, 1, 6473, 43, 'Pratdip', 'es', 0, 1, ''),
(6474, 1, 6474, 43, 'Puigpelat', 'es', 0, 1, ''),
(6475, 1, 6475, 43, 'Querol', 'es', 0, 1, ''),
(6476, 1, 6476, 43, 'Rasquera', 'es', 0, 1, ''),
(6477, 1, 6477, 43, 'Renau', 'es', 0, 1, ''),
(6478, 1, 6478, 43, 'Reus', 'es', 0, 1, ''),
(6479, 1, 6479, 43, 'Riba (La)', 'es', 0, 1, ''),
(6480, 1, 6480, 43, 'Riba-roja d\'Ebre', 'es', 0, 1, ''),
(6481, 1, 6481, 43, 'Riera de Gaià (La)', 'es', 0, 1, ''),
(6482, 1, 6482, 43, 'Riudecanyes', 'es', 0, 1, ''),
(6483, 1, 6483, 43, 'Riudecols', 'es', 0, 1, ''),
(6484, 1, 6484, 43, 'Riudoms', 'es', 0, 1, ''),
(6485, 1, 6485, 43, 'Rocafort de Queralt', 'es', 0, 1, ''),
(6486, 1, 6486, 43, 'Roda de Barà', 'es', 0, 1, ''),
(6487, 1, 6487, 43, 'Rodonyà', 'es', 0, 1, ''),
(6488, 1, 6488, 43, 'Roquetes', 'es', 0, 1, ''),
(6489, 1, 6489, 43, 'Rourell (El)', 'es', 0, 1, ''),
(6490, 1, 6490, 43, 'Salomó', 'es', 0, 1, ''),
(6491, 1, 6491, 43, 'Salou', 'es', 0, 1, ''),
(6492, 1, 6492, 43, 'Sant Carles de la Ràpita', 'es', 0, 1, ''),
(6493, 1, 6493, 43, 'Sant Jaume dels Domenys', 'es', 0, 1, ''),
(6494, 1, 6494, 43, 'Sant Jaume d\'Enveja', 'es', 0, 1, ''),
(6495, 1, 6495, 43, 'Santa Bàrbara', 'es', 0, 1, ''),
(6496, 1, 6496, 43, 'Santa Coloma de Queralt', 'es', 0, 1, ''),
(6497, 1, 6497, 43, 'Santa Oliva', 'es', 0, 1, ''),
(6498, 1, 6498, 43, 'Sarral', 'es', 0, 1, ''),
(6499, 1, 6499, 43, 'Savallà del Comtat', 'es', 0, 1, ''),
(6500, 1, 6500, 43, 'Secuita (La)', 'es', 0, 1, ''),
(6501, 1, 6501, 43, 'Selva del Camp (La)', 'es', 0, 1, ''),
(6502, 1, 6502, 43, 'Senan', 'es', 0, 1, ''),
(6503, 1, 6503, 43, 'Sénia (La)', 'es', 0, 1, ''),
(6504, 1, 6504, 43, 'Solivella', 'es', 0, 1, ''),
(6505, 1, 6505, 43, 'Tarragona', 'es', 0, 1, ''),
(6506, 1, 6506, 43, 'Tivenys', 'es', 0, 1, ''),
(6507, 1, 6507, 43, 'Tivissa', 'es', 0, 1, ''),
(6508, 1, 6508, 43, 'Torre de Fontaubella (La)', 'es', 0, 1, ''),
(6509, 1, 6509, 43, 'Torre de l\'Espanyol (La)', 'es', 0, 1, ''),
(6510, 1, 6510, 43, 'Torredembarra', 'es', 0, 1, ''),
(6511, 1, 6511, 43, 'Torroja del Priorat', 'es', 0, 1, ''),
(6512, 1, 6512, 43, 'Tortosa', 'es', 0, 1, ''),
(6513, 1, 6513, 43, 'Ulldecona', 'es', 0, 1, ''),
(6514, 1, 6514, 43, 'Ulldemolins', 'es', 0, 1, ''),
(6515, 1, 6515, 43, 'Vallclara', 'es', 0, 1, ''),
(6516, 1, 6516, 43, 'Vallfogona de Riucorb', 'es', 0, 1, ''),
(6517, 1, 6517, 43, 'Vallmoll', 'es', 0, 1, ''),
(6518, 1, 6518, 43, 'Valls', 'es', 0, 1, ''),
(6519, 1, 6519, 43, 'Vandellòs i l\'Hospitalet de l\'Infant', 'es', 0, 1, ''),
(6520, 1, 6520, 43, 'Vendrell (El)', 'es', 0, 1, ''),
(6521, 1, 6521, 43, 'Vespella de Gaià', 'es', 0, 1, ''),
(6522, 1, 6522, 43, 'Vilabella', 'es', 0, 1, ''),
(6523, 1, 6523, 43, 'Vilalba dels Arcs', 'es', 0, 1, ''),
(6524, 1, 6524, 43, 'Vilallonga del Camp', 'es', 0, 1, ''),
(6525, 1, 6525, 43, 'Vilanova de Prades', 'es', 0, 1, ''),
(6526, 1, 6526, 43, 'Vilanova d\'Escornalbou', 'es', 0, 1, ''),
(6527, 1, 6527, 43, 'Vilaplana', 'es', 0, 1, ''),
(6528, 1, 6528, 43, 'Vila-rodona', 'es', 0, 1, ''),
(6529, 1, 6529, 43, 'Vila-seca', 'es', 0, 1, ''),
(6530, 1, 6530, 43, 'Vilaverd', 'es', 0, 1, ''),
(6531, 1, 6531, 43, 'Vilella Alta (La)', 'es', 0, 1, ''),
(6532, 1, 6532, 43, 'Vilella Baixa (La)', 'es', 0, 1, ''),
(6533, 1, 6533, 43, 'Vimbodí i Poblet', 'es', 0, 1, ''),
(6534, 1, 6534, 43, 'Vinebre', 'es', 0, 1, ''),
(6535, 1, 6535, 43, 'Vinyols i els Arcs', 'es', 0, 1, ''),
(6536, 1, 6536, 43, 'Xerta', 'es', 0, 1, ''),
(6537, 1, 6537, 44, 'Ababuj', 'es', 0, 1, ''),
(6538, 1, 6538, 44, 'Abejuela', 'es', 0, 1, ''),
(6539, 1, 6539, 44, 'Aguatón', 'es', 0, 1, ''),
(6540, 1, 6540, 44, 'Aguaviva', 'es', 0, 1, ''),
(6541, 1, 6541, 44, 'Aguilar del Alfambra', 'es', 0, 1, ''),
(6542, 1, 6542, 44, 'Alacón', 'es', 0, 1, ''),
(6543, 1, 6543, 44, 'Alba', 'es', 0, 1, ''),
(6544, 1, 6544, 44, 'Albalate del Arzobispo', 'es', 0, 1, ''),
(6545, 1, 6545, 44, 'Albarracín', 'es', 0, 1, ''),
(6546, 1, 6546, 44, 'Albentosa', 'es', 0, 1, ''),
(6547, 1, 6547, 44, 'Alcaine', 'es', 0, 1, ''),
(6548, 1, 6548, 44, 'Alcalá de la Selva', 'es', 0, 1, ''),
(6549, 1, 6549, 44, 'Alcañiz', 'es', 0, 1, ''),
(6550, 1, 6550, 44, 'Alcorisa', 'es', 0, 1, ''),
(6551, 1, 6551, 44, 'Alfambra', 'es', 0, 1, ''),
(6552, 1, 6552, 44, 'Aliaga', 'es', 0, 1, ''),
(6553, 1, 6553, 44, 'Allepuz', 'es', 0, 1, ''),
(6554, 1, 6554, 44, 'Alloza', 'es', 0, 1, ''),
(6555, 1, 6555, 44, 'Allueva', 'es', 0, 1, ''),
(6556, 1, 6556, 44, 'Almohaja', 'es', 0, 1, ''),
(6557, 1, 6557, 44, 'Alobras', 'es', 0, 1, ''),
(6558, 1, 6558, 44, 'Alpeñés', 'es', 0, 1, ''),
(6559, 1, 6559, 44, 'Anadón', 'es', 0, 1, ''),
(6560, 1, 6560, 44, 'Andorra', 'es', 0, 1, ''),
(6561, 1, 6561, 44, 'Arcos de las Salinas', 'es', 0, 1, ''),
(6562, 1, 6562, 44, 'Arens de Lledó', 'es', 0, 1, ''),
(6563, 1, 6563, 44, 'Argente', 'es', 0, 1, ''),
(6564, 1, 6564, 44, 'Ariño', 'es', 0, 1, ''),
(6565, 1, 6565, 44, 'Azaila', 'es', 0, 1, ''),
(6566, 1, 6566, 44, 'Bádenas', 'es', 0, 1, ''),
(6567, 1, 6567, 44, 'Báguena', 'es', 0, 1, ''),
(6568, 1, 6568, 44, 'Bañón', 'es', 0, 1, ''),
(6569, 1, 6569, 44, 'Barrachina', 'es', 0, 1, ''),
(6570, 1, 6570, 44, 'Bea', 'es', 0, 1, ''),
(6571, 1, 6571, 44, 'Beceite', 'es', 0, 1, ''),
(6572, 1, 6572, 44, 'Bello', 'es', 0, 1, ''),
(6573, 1, 6573, 44, 'Belmonte de San José', 'es', 0, 1, ''),
(6574, 1, 6574, 44, 'Berge', 'es', 0, 1, ''),
(6575, 1, 6575, 44, 'Bezas', 'es', 0, 1, ''),
(6576, 1, 6576, 44, 'Blancas', 'es', 0, 1, ''),
(6577, 1, 6577, 44, 'Blesa', 'es', 0, 1, ''),
(6578, 1, 6578, 44, 'Bordón', 'es', 0, 1, ''),
(6579, 1, 6579, 44, 'Bronchales', 'es', 0, 1, ''),
(6580, 1, 6580, 44, 'Bueña', 'es', 0, 1, ''),
(6581, 1, 6581, 44, 'Burbáguena', 'es', 0, 1, ''),
(6582, 1, 6582, 44, 'Cabra de Mora', 'es', 0, 1, ''),
(6583, 1, 6583, 44, 'Calaceite', 'es', 0, 1, ''),
(6584, 1, 6584, 44, 'Calamocha', 'es', 0, 1, ''),
(6585, 1, 6585, 44, 'Calanda', 'es', 0, 1, ''),
(6586, 1, 6586, 44, 'Calomarde', 'es', 0, 1, ''),
(6587, 1, 6587, 44, 'Camañas', 'es', 0, 1, ''),
(6588, 1, 6588, 44, 'Camarena de la Sierra', 'es', 0, 1, ''),
(6589, 1, 6589, 44, 'Camarillas', 'es', 0, 1, ''),
(6590, 1, 6590, 44, 'Caminreal', 'es', 0, 1, ''),
(6591, 1, 6591, 44, 'Cantavieja', 'es', 0, 1, ''),
(6592, 1, 6592, 44, 'Cañada de Benatanduz', 'es', 0, 1, ''),
(6593, 1, 6593, 44, 'Cañada de Verich (La)', 'es', 0, 1, ''),
(6594, 1, 6594, 44, 'Cañada Vellida', 'es', 0, 1, ''),
(6595, 1, 6595, 44, 'Cañizar del Olivar', 'es', 0, 1, ''),
(6596, 1, 6596, 44, 'Cascante del Río', 'es', 0, 1, ''),
(6597, 1, 6597, 44, 'Castejón de Tornos', 'es', 0, 1, ''),
(6598, 1, 6598, 44, 'Castel de Cabra', 'es', 0, 1, ''),
(6599, 1, 6599, 44, 'Castellar (El)', 'es', 0, 1, ''),
(6600, 1, 6600, 44, 'Castellote', 'es', 0, 1, ''),
(6601, 1, 6601, 44, 'Castelnou', 'es', 0, 1, ''),
(6602, 1, 6602, 44, 'Castelserás', 'es', 0, 1, ''),
(6603, 1, 6603, 44, 'Cedrillas', 'es', 0, 1, ''),
(6604, 1, 6604, 44, 'Celadas', 'es', 0, 1, ''),
(6605, 1, 6605, 44, 'Cella', 'es', 0, 1, ''),
(6606, 1, 6606, 44, 'Cerollera (La)', 'es', 0, 1, ''),
(6607, 1, 6607, 44, 'Codoñera (La)', 'es', 0, 1, ''),
(6608, 1, 6608, 44, 'Corbalán', 'es', 0, 1, ''),
(6609, 1, 6609, 44, 'Cortes de Aragón', 'es', 0, 1, ''),
(6610, 1, 6610, 44, 'Cosa', 'es', 0, 1, ''),
(6611, 1, 6611, 44, 'Cretas', 'es', 0, 1, ''),
(6612, 1, 6612, 44, 'Crivillén', 'es', 0, 1, ''),
(6613, 1, 6613, 44, 'Cuba (La)', 'es', 0, 1, ''),
(6614, 1, 6614, 44, 'Cubla', 'es', 0, 1, ''),
(6615, 1, 6615, 44, 'Cucalón', 'es', 0, 1, ''),
(6616, 1, 6616, 44, 'Cuervo (El)', 'es', 0, 1, ''),
(6617, 1, 6617, 44, 'Cuevas de Almudén', 'es', 0, 1, ''),
(6618, 1, 6618, 44, 'Cuevas Labradas', 'es', 0, 1, ''),
(6619, 1, 6619, 44, 'Ejulve', 'es', 0, 1, ''),
(6620, 1, 6620, 44, 'Escorihuela', 'es', 0, 1, ''),
(6621, 1, 6621, 44, 'Escucha', 'es', 0, 1, ''),
(6622, 1, 6622, 44, 'Estercuel', 'es', 0, 1, ''),
(6623, 1, 6623, 44, 'Ferreruela de Huerva', 'es', 0, 1, ''),
(6624, 1, 6624, 44, 'Fonfría', 'es', 0, 1, ''),
(6625, 1, 6625, 44, 'Formiche Alto', 'es', 0, 1, ''),
(6626, 1, 6626, 44, 'Fórnoles', 'es', 0, 1, ''),
(6627, 1, 6627, 44, 'Fortanete', 'es', 0, 1, ''),
(6628, 1, 6628, 44, 'Foz-Calanda', 'es', 0, 1, ''),
(6629, 1, 6629, 44, 'Fresneda (La)', 'es', 0, 1, ''),
(6630, 1, 6630, 44, 'Frías de Albarracín', 'es', 0, 1, ''),
(6631, 1, 6631, 44, 'Fuenferrada', 'es', 0, 1, ''),
(6632, 1, 6632, 44, 'Fuentes Calientes', 'es', 0, 1, ''),
(6633, 1, 6633, 44, 'Fuentes Claras', 'es', 0, 1, ''),
(6634, 1, 6634, 44, 'Fuentes de Rubielos', 'es', 0, 1, ''),
(6635, 1, 6635, 44, 'Fuentespalda', 'es', 0, 1, ''),
(6636, 1, 6636, 44, 'Galve', 'es', 0, 1, ''),
(6637, 1, 6637, 44, 'Gargallo', 'es', 0, 1, ''),
(6638, 1, 6638, 44, 'Gea de Albarracín', 'es', 0, 1, ''),
(6639, 1, 6639, 44, 'Ginebrosa (La)', 'es', 0, 1, ''),
(6640, 1, 6640, 44, 'Griegos', 'es', 0, 1, ''),
(6641, 1, 6641, 44, 'Guadalaviar', 'es', 0, 1, ''),
(6642, 1, 6642, 44, 'Gúdar', 'es', 0, 1, ''),
(6643, 1, 6643, 44, 'Híjar', 'es', 0, 1, ''),
(6644, 1, 6644, 44, 'Hinojosa de Jarque', 'es', 0, 1, ''),
(6645, 1, 6645, 44, 'Hoz de la Vieja (La)', 'es', 0, 1, ''),
(6646, 1, 6646, 44, 'Huesa del Común', 'es', 0, 1, ''),
(6647, 1, 6647, 44, 'Iglesuela del Cid (La)', 'es', 0, 1, ''),
(6648, 1, 6648, 44, 'Jabaloyas', 'es', 0, 1, ''),
(6649, 1, 6649, 44, 'Jarque de la Val', 'es', 0, 1, ''),
(6650, 1, 6650, 44, 'Jatiel', 'es', 0, 1, ''),
(6651, 1, 6651, 44, 'Jorcas', 'es', 0, 1, ''),
(6652, 1, 6652, 44, 'Josa', 'es', 0, 1, ''),
(6653, 1, 6653, 44, 'Lagueruela', 'es', 0, 1, ''),
(6654, 1, 6654, 44, 'Lanzuela', 'es', 0, 1, ''),
(6655, 1, 6655, 44, 'Libros', 'es', 0, 1, ''),
(6656, 1, 6656, 44, 'Lidón', 'es', 0, 1, ''),
(6657, 1, 6657, 44, 'Linares de Mora', 'es', 0, 1, ''),
(6658, 1, 6658, 44, 'Lledó', 'es', 0, 1, ''),
(6659, 1, 6659, 44, 'Loscos', 'es', 0, 1, ''),
(6660, 1, 6660, 44, 'Maicas', 'es', 0, 1, ''),
(6661, 1, 6661, 44, 'Manzanera', 'es', 0, 1, ''),
(6662, 1, 6662, 44, 'Martín del Río', 'es', 0, 1, ''),
(6663, 1, 6663, 44, 'Mas de las Matas', 'es', 0, 1, ''),
(6664, 1, 6664, 44, 'Mata de los Olmos (La)', 'es', 0, 1, ''),
(6665, 1, 6665, 44, 'Mazaleón', 'es', 0, 1, ''),
(6666, 1, 6666, 44, 'Mezquita de Jarque', 'es', 0, 1, ''),
(6667, 1, 6667, 44, 'Mirambel', 'es', 0, 1, ''),
(6668, 1, 6668, 44, 'Miravete de la Sierra', 'es', 0, 1, ''),
(6669, 1, 6669, 44, 'Molinos', 'es', 0, 1, ''),
(6670, 1, 6670, 44, 'Monforte de Moyuela', 'es', 0, 1, ''),
(6671, 1, 6671, 44, 'Monreal del Campo', 'es', 0, 1, ''),
(6672, 1, 6672, 44, 'Monroyo', 'es', 0, 1, ''),
(6673, 1, 6673, 44, 'Montalbán', 'es', 0, 1, ''),
(6674, 1, 6674, 44, 'Monteagudo del Castillo', 'es', 0, 1, ''),
(6675, 1, 6675, 44, 'Monterde de Albarracín', 'es', 0, 1, ''),
(6676, 1, 6676, 44, 'Mora de Rubielos', 'es', 0, 1, ''),
(6677, 1, 6677, 44, 'Moscardón', 'es', 0, 1, ''),
(6678, 1, 6678, 44, 'Mosqueruela', 'es', 0, 1, ''),
(6679, 1, 6679, 44, 'Muniesa', 'es', 0, 1, ''),
(6680, 1, 6680, 44, 'Noguera de Albarracín', 'es', 0, 1, ''),
(6681, 1, 6681, 44, 'Nogueras', 'es', 0, 1, ''),
(6682, 1, 6682, 44, 'Nogueruelas', 'es', 0, 1, ''),
(6683, 1, 6683, 44, 'Obón', 'es', 0, 1, ''),
(6684, 1, 6684, 44, 'Odón', 'es', 0, 1, ''),
(6685, 1, 6685, 44, 'Ojos Negros', 'es', 0, 1, ''),
(6686, 1, 6686, 44, 'Olba', 'es', 0, 1, ''),
(6687, 1, 6687, 44, 'Oliete', 'es', 0, 1, ''),
(6688, 1, 6688, 44, 'Olmos (Los)', 'es', 0, 1, ''),
(6689, 1, 6689, 44, 'Orihuela del Tremedal', 'es', 0, 1, ''),
(6690, 1, 6690, 44, 'Orrios', 'es', 0, 1, ''),
(6691, 1, 6691, 44, 'Palomar de Arroyos', 'es', 0, 1, ''),
(6692, 1, 6692, 44, 'Pancrudo', 'es', 0, 1, ''),
(6693, 1, 6693, 44, 'Parras de Castellote (Las)', 'es', 0, 1, ''),
(6694, 1, 6694, 44, 'Peñarroya de Tastavins', 'es', 0, 1, ''),
(6695, 1, 6695, 44, 'Peracense', 'es', 0, 1, ''),
(6696, 1, 6696, 44, 'Peralejos', 'es', 0, 1, ''),
(6697, 1, 6697, 44, 'Perales del Alfambra', 'es', 0, 1, ''),
(6698, 1, 6698, 44, 'Pitarque', 'es', 0, 1, ''),
(6699, 1, 6699, 44, 'Plou', 'es', 0, 1, ''),
(6700, 1, 6700, 44, 'Pobo (El)', 'es', 0, 1, ''),
(6701, 1, 6701, 44, 'Portellada (La)', 'es', 0, 1, ''),
(6702, 1, 6702, 44, 'Pozondón', 'es', 0, 1, ''),
(6703, 1, 6703, 44, 'Pozuel del Campo', 'es', 0, 1, ''),
(6704, 1, 6704, 44, 'Puebla de Híjar (La)', 'es', 0, 1, ''),
(6705, 1, 6705, 44, 'Puebla de Valverde (La)', 'es', 0, 1, ''),
(6706, 1, 6706, 44, 'Puertomingalvo', 'es', 0, 1, ''),
(6707, 1, 6707, 44, 'Ráfales', 'es', 0, 1, ''),
(6708, 1, 6708, 44, 'Rillo', 'es', 0, 1, ''),
(6709, 1, 6709, 44, 'Riodeva', 'es', 0, 1, ''),
(6710, 1, 6710, 44, 'Ródenas', 'es', 0, 1, ''),
(6711, 1, 6711, 44, 'Royuela', 'es', 0, 1, ''),
(6712, 1, 6712, 44, 'Rubiales', 'es', 0, 1, ''),
(6713, 1, 6713, 44, 'Rubielos de la Cérida', 'es', 0, 1, ''),
(6714, 1, 6714, 44, 'Rubielos de Mora', 'es', 0, 1, ''),
(6715, 1, 6715, 44, 'Salcedillo', 'es', 0, 1, ''),
(6716, 1, 6716, 44, 'Saldón', 'es', 0, 1, ''),
(6717, 1, 6717, 44, 'Samper de Calanda', 'es', 0, 1, ''),
(6718, 1, 6718, 44, 'San Agustín', 'es', 0, 1, ''),
(6719, 1, 6719, 44, 'San Martín del Río', 'es', 0, 1, ''),
(6720, 1, 6720, 44, 'Santa Cruz de Nogueras', 'es', 0, 1, ''),
(6721, 1, 6721, 44, 'Santa Eulalia', 'es', 0, 1, ''),
(6722, 1, 6722, 44, 'Sarrión', 'es', 0, 1, ''),
(6723, 1, 6723, 44, 'Segura de los Baños', 'es', 0, 1, ''),
(6724, 1, 6724, 44, 'Seno', 'es', 0, 1, ''),
(6725, 1, 6725, 44, 'Singra', 'es', 0, 1, ''),
(6726, 1, 6726, 44, 'Terriente', 'es', 0, 1, ''),
(6727, 1, 6727, 44, 'Teruel', 'es', 0, 1, ''),
(6728, 1, 6728, 44, 'Toril y Masegoso', 'es', 0, 1, ''),
(6729, 1, 6729, 44, 'Tormón', 'es', 0, 1, ''),
(6730, 1, 6730, 44, 'Tornos', 'es', 0, 1, ''),
(6731, 1, 6731, 44, 'Torralba de los Sisones', 'es', 0, 1, ''),
(6732, 1, 6732, 44, 'Torre de Arcas', 'es', 0, 1, ''),
(6733, 1, 6733, 44, 'Torre de las Arcas', 'es', 0, 1, ''),
(6734, 1, 6734, 44, 'Torre del Compte', 'es', 0, 1, ''),
(6735, 1, 6735, 44, 'Torre los Negros', 'es', 0, 1, ''),
(6736, 1, 6736, 44, 'Torrecilla de Alcañiz', 'es', 0, 1, ''),
(6737, 1, 6737, 44, 'Torrecilla del Rebollar', 'es', 0, 1, ''),
(6738, 1, 6738, 44, 'Torrelacárcel', 'es', 0, 1, ''),
(6739, 1, 6739, 44, 'Torremocha de Jiloca', 'es', 0, 1, ''),
(6740, 1, 6740, 44, 'Torres de Albarracín', 'es', 0, 1, ''),
(6741, 1, 6741, 44, 'Torrevelilla', 'es', 0, 1, ''),
(6742, 1, 6742, 44, 'Torrijas', 'es', 0, 1, ''),
(6743, 1, 6743, 44, 'Torrijo del Campo', 'es', 0, 1, ''),
(6744, 1, 6744, 44, 'Tramacastiel', 'es', 0, 1, ''),
(6745, 1, 6745, 44, 'Tramacastilla', 'es', 0, 1, ''),
(6746, 1, 6746, 44, 'Tronchón', 'es', 0, 1, ''),
(6747, 1, 6747, 44, 'Urrea de Gaén', 'es', 0, 1, ''),
(6748, 1, 6748, 44, 'Utrillas', 'es', 0, 1, ''),
(6749, 1, 6749, 44, 'Valacloche', 'es', 0, 1, ''),
(6750, 1, 6750, 44, 'Valbona', 'es', 0, 1, ''),
(6751, 1, 6751, 44, 'Valdealgorfa', 'es', 0, 1, ''),
(6752, 1, 6752, 44, 'Valdecuenca', 'es', 0, 1, ''),
(6753, 1, 6753, 44, 'Valdelinares', 'es', 0, 1, ''),
(6754, 1, 6754, 44, 'Valdeltormo', 'es', 0, 1, ''),
(6755, 1, 6755, 44, 'Valderrobres', 'es', 0, 1, ''),
(6756, 1, 6756, 44, 'Valjunquera', 'es', 0, 1, ''),
(6757, 1, 6757, 44, 'Vallecillo (El)', 'es', 0, 1, ''),
(6758, 1, 6758, 44, 'Veguillas de la Sierra', 'es', 0, 1, ''),
(6759, 1, 6759, 44, 'Villafranca del Campo', 'es', 0, 1, ''),
(6760, 1, 6760, 44, 'Villahermosa del Campo', 'es', 0, 1, ''),
(6761, 1, 6761, 44, 'Villanueva del Rebollar de la Sierra', 'es', 0, 1, ''),
(6762, 1, 6762, 44, 'Villar del Cobo', 'es', 0, 1, ''),
(6763, 1, 6763, 44, 'Villar del Salz', 'es', 0, 1, ''),
(6764, 1, 6764, 44, 'Villarluengo', 'es', 0, 1, ''),
(6765, 1, 6765, 44, 'Villarquemado', 'es', 0, 1, ''),
(6766, 1, 6766, 44, 'Villarroya de los Pinares', 'es', 0, 1, ''),
(6767, 1, 6767, 44, 'Villastar', 'es', 0, 1, ''),
(6768, 1, 6768, 44, 'Villel', 'es', 0, 1, ''),
(6769, 1, 6769, 44, 'Vinaceite', 'es', 0, 1, ''),
(6770, 1, 6770, 44, 'Visiedo', 'es', 0, 1, ''),
(6771, 1, 6771, 44, 'Vivel del Río Martín', 'es', 0, 1, ''),
(6772, 1, 6772, 44, 'Zoma (La)', 'es', 0, 1, ''),
(6773, 1, 6773, 45, 'Ajofrín', 'es', 0, 1, ''),
(6774, 1, 6774, 45, 'Alameda de la Sagra', 'es', 0, 1, ''),
(6775, 1, 6775, 45, 'Albarreal de Tajo', 'es', 0, 1, ''),
(6776, 1, 6776, 45, 'Alcabón', 'es', 0, 1, ''),
(6777, 1, 6777, 45, 'Alcañizo', 'es', 0, 1, ''),
(6778, 1, 6778, 45, 'Alcaudete de la Jara', 'es', 0, 1, ''),
(6779, 1, 6779, 45, 'Alcolea de Tajo', 'es', 0, 1, ''),
(6780, 1, 6780, 45, 'Aldea en Cabo', 'es', 0, 1, ''),
(6781, 1, 6781, 45, 'Aldeanueva de Barbarroya', 'es', 0, 1, ''),
(6782, 1, 6782, 45, 'Aldeanueva de San Bartolomé', 'es', 0, 1, ''),
(6783, 1, 6783, 45, 'Almendral de la Cañada', 'es', 0, 1, ''),
(6784, 1, 6784, 45, 'Almonacid de Toledo', 'es', 0, 1, ''),
(6785, 1, 6785, 45, 'Almorox', 'es', 0, 1, ''),
(6786, 1, 6786, 45, 'Añover de Tajo', 'es', 0, 1, ''),
(6787, 1, 6787, 45, 'Arcicóllar', 'es', 0, 1, ''),
(6788, 1, 6788, 45, 'Argés', 'es', 0, 1, ''),
(6789, 1, 6789, 45, 'Azután', 'es', 0, 1, ''),
(6790, 1, 6790, 45, 'Barcience', 'es', 0, 1, ''),
(6791, 1, 6791, 45, 'Bargas', 'es', 0, 1, ''),
(6792, 1, 6792, 45, 'Belvís de la Jara', 'es', 0, 1, ''),
(6793, 1, 6793, 45, 'Borox', 'es', 0, 1, ''),
(6794, 1, 6794, 45, 'Buenaventura', 'es', 0, 1, ''),
(6795, 1, 6795, 45, 'Burguillos de Toledo', 'es', 0, 1, ''),
(6796, 1, 6796, 45, 'Burujón', 'es', 0, 1, ''),
(6797, 1, 6797, 45, 'Cabañas de la Sagra', 'es', 0, 1, ''),
(6798, 1, 6798, 45, 'Cabañas de Yepes', 'es', 0, 1, ''),
(6799, 1, 6799, 45, 'Cabezamesada', 'es', 0, 1, ''),
(6800, 1, 6800, 45, 'Calera y Chozas', 'es', 0, 1, ''),
(6801, 1, 6801, 45, 'Caleruela', 'es', 0, 1, ''),
(6802, 1, 6802, 45, 'Calzada de Oropesa', 'es', 0, 1, ''),
(6803, 1, 6803, 45, 'Camarena', 'es', 0, 1, ''),
(6804, 1, 6804, 45, 'Camarenilla', 'es', 0, 1, ''),
(6805, 1, 6805, 45, 'Campillo de la Jara (El)', 'es', 0, 1, ''),
(6806, 1, 6806, 45, 'Camuñas', 'es', 0, 1, ''),
(6807, 1, 6807, 45, 'Cardiel de los Montes', 'es', 0, 1, ''),
(6808, 1, 6808, 45, 'Carmena', 'es', 0, 1, ''),
(6809, 1, 6809, 45, 'Carpio de Tajo (El)', 'es', 0, 1, ''),
(6810, 1, 6810, 45, 'Carranque', 'es', 0, 1, ''),
(6811, 1, 6811, 45, 'Carriches', 'es', 0, 1, ''),
(6812, 1, 6812, 45, 'Casar de Escalona (El)', 'es', 0, 1, ''),
(6813, 1, 6813, 45, 'Casarrubios del Monte', 'es', 0, 1, ''),
(6814, 1, 6814, 45, 'Casasbuenas', 'es', 0, 1, ''),
(6815, 1, 6815, 45, 'Castillo de Bayuela', 'es', 0, 1, ''),
(6816, 1, 6816, 45, 'Cazalegas', 'es', 0, 1, ''),
(6817, 1, 6817, 45, 'Cebolla', 'es', 0, 1, ''),
(6818, 1, 6818, 45, 'Cedillo del Condado', 'es', 0, 1, ''),
(6819, 1, 6819, 45, 'Cerralbos (Los)', 'es', 0, 1, ''),
(6820, 1, 6820, 45, 'Cervera de los Montes', 'es', 0, 1, ''),
(6821, 1, 6821, 45, 'Chozas de Canales', 'es', 0, 1, ''),
(6822, 1, 6822, 45, 'Chueca', 'es', 0, 1, ''),
(6823, 1, 6823, 45, 'Ciruelos', 'es', 0, 1, ''),
(6824, 1, 6824, 45, 'Cobeja', 'es', 0, 1, ''),
(6825, 1, 6825, 45, 'Cobisa', 'es', 0, 1, ''),
(6826, 1, 6826, 45, 'Consuegra', 'es', 0, 1, ''),
(6827, 1, 6827, 45, 'Corral de Almaguer', 'es', 0, 1, ''),
(6828, 1, 6828, 45, 'Cuerva', 'es', 0, 1, ''),
(6829, 1, 6829, 45, 'Domingo Pérez', 'es', 0, 1, ''),
(6830, 1, 6830, 45, 'Dosbarrios', 'es', 0, 1, ''),
(6831, 1, 6831, 45, 'Erustes', 'es', 0, 1, ''),
(6832, 1, 6832, 45, 'Escalona', 'es', 0, 1, ''),
(6833, 1, 6833, 45, 'Escalonilla', 'es', 0, 1, ''),
(6834, 1, 6834, 45, 'Espinoso del Rey', 'es', 0, 1, ''),
(6835, 1, 6835, 45, 'Esquivias', 'es', 0, 1, ''),
(6836, 1, 6836, 45, 'Estrella (La)', 'es', 0, 1, ''),
(6837, 1, 6837, 45, 'Fuensalida', 'es', 0, 1, ''),
(6838, 1, 6838, 45, 'Gálvez', 'es', 0, 1, ''),
(6839, 1, 6839, 45, 'Garciotum', 'es', 0, 1, ''),
(6840, 1, 6840, 45, 'Gerindote', 'es', 0, 1, ''),
(6841, 1, 6841, 45, 'Guadamur', 'es', 0, 1, ''),
(6842, 1, 6842, 45, 'Guardia (La)', 'es', 0, 1, ''),
(6843, 1, 6843, 45, 'Herencias (Las)', 'es', 0, 1, ''),
(6844, 1, 6844, 45, 'Herreruela de Oropesa', 'es', 0, 1, ''),
(6845, 1, 6845, 45, 'Hinojosa de San Vicente', 'es', 0, 1, ''),
(6846, 1, 6846, 45, 'Hontanar', 'es', 0, 1, ''),
(6847, 1, 6847, 45, 'Hormigos', 'es', 0, 1, ''),
(6848, 1, 6848, 45, 'Huecas', 'es', 0, 1, ''),
(6849, 1, 6849, 45, 'Huerta de Valdecarábanos', 'es', 0, 1, ''),
(6850, 1, 6850, 45, 'Iglesuela (La)', 'es', 0, 1, ''),
(6851, 1, 6851, 45, 'Illán de Vacas', 'es', 0, 1, ''),
(6852, 1, 6852, 45, 'Illescas', 'es', 0, 1, ''),
(6853, 1, 6853, 45, 'Lagartera', 'es', 0, 1, ''),
(6854, 1, 6854, 45, 'Layos', 'es', 0, 1, ''),
(6855, 1, 6855, 45, 'Lillo', 'es', 0, 1, ''),
(6856, 1, 6856, 45, 'Lominchar', 'es', 0, 1, ''),
(6857, 1, 6857, 45, 'Lucillos', 'es', 0, 1, ''),
(6858, 1, 6858, 45, 'Madridejos', 'es', 0, 1, ''),
(6859, 1, 6859, 45, 'Magán', 'es', 0, 1, ''),
(6860, 1, 6860, 45, 'Malpica de Tajo', 'es', 0, 1, ''),
(6861, 1, 6861, 45, 'Manzaneque', 'es', 0, 1, ''),
(6862, 1, 6862, 45, 'Maqueda', 'es', 0, 1, ''),
(6863, 1, 6863, 45, 'Marjaliza', 'es', 0, 1, ''),
(6864, 1, 6864, 45, 'Marrupe', 'es', 0, 1, ''),
(6865, 1, 6865, 45, 'Mascaraque', 'es', 0, 1, ''),
(6866, 1, 6866, 45, 'Mata (La)', 'es', 0, 1, ''),
(6867, 1, 6867, 45, 'Mazarambroz', 'es', 0, 1, ''),
(6868, 1, 6868, 45, 'Mejorada', 'es', 0, 1, ''),
(6869, 1, 6869, 45, 'Menasalbas', 'es', 0, 1, ''),
(6870, 1, 6870, 45, 'Méntrida', 'es', 0, 1, ''),
(6871, 1, 6871, 45, 'Mesegar de Tajo', 'es', 0, 1, ''),
(6872, 1, 6872, 45, 'Miguel Esteban', 'es', 0, 1, ''),
(6873, 1, 6873, 45, 'Mocejón', 'es', 0, 1, ''),
(6874, 1, 6874, 45, 'Mohedas de la Jara', 'es', 0, 1, ''),
(6875, 1, 6875, 45, 'Montearagón', 'es', 0, 1, ''),
(6876, 1, 6876, 45, 'Montesclaros', 'es', 0, 1, ''),
(6877, 1, 6877, 45, 'Mora', 'es', 0, 1, ''),
(6878, 1, 6878, 45, 'Nambroca', 'es', 0, 1, ''),
(6879, 1, 6879, 45, 'Nava de Ricomalillo (La)', 'es', 0, 1, '');
INSERT INTO `geo_municipios` (`id`, `estado`, `orden`, `provincia`, `value`, `lang`, `free`, `reexpedicion`, `entrega`) VALUES
(6880, 1, 6880, 45, 'Navahermosa', 'es', 0, 1, ''),
(6881, 1, 6881, 45, 'Navalcán', 'es', 0, 1, ''),
(6882, 1, 6882, 45, 'Navalmoralejo', 'es', 0, 1, ''),
(6883, 1, 6883, 45, 'Navalmorales (Los)', 'es', 0, 1, ''),
(6884, 1, 6884, 45, 'Navalucillos (Los)', 'es', 0, 1, ''),
(6885, 1, 6885, 45, 'Navamorcuende', 'es', 0, 1, ''),
(6886, 1, 6886, 45, 'Noblejas', 'es', 0, 1, ''),
(6887, 1, 6887, 45, 'Noez', 'es', 0, 1, ''),
(6888, 1, 6888, 45, 'Nombela', 'es', 0, 1, ''),
(6889, 1, 6889, 45, 'Novés', 'es', 0, 1, ''),
(6890, 1, 6890, 45, 'Numancia de la Sagra', 'es', 0, 1, ''),
(6891, 1, 6891, 45, 'Nuño Gómez', 'es', 0, 1, ''),
(6892, 1, 6892, 45, 'Ocaña', 'es', 0, 1, ''),
(6893, 1, 6893, 45, 'Olías del Rey', 'es', 0, 1, ''),
(6894, 1, 6894, 45, 'Ontígola', 'es', 0, 1, ''),
(6895, 1, 6895, 45, 'Orgaz', 'es', 0, 1, ''),
(6896, 1, 6896, 45, 'Oropesa', 'es', 0, 1, ''),
(6897, 1, 6897, 45, 'Otero', 'es', 0, 1, ''),
(6898, 1, 6898, 45, 'Palomeque', 'es', 0, 1, ''),
(6899, 1, 6899, 45, 'Pantoja', 'es', 0, 1, ''),
(6900, 1, 6900, 45, 'Paredes de Escalona', 'es', 0, 1, ''),
(6901, 1, 6901, 45, 'Parrillas', 'es', 0, 1, ''),
(6902, 1, 6902, 45, 'Pelahustán', 'es', 0, 1, ''),
(6903, 1, 6903, 45, 'Pepino', 'es', 0, 1, ''),
(6904, 1, 6904, 45, 'Polán', 'es', 0, 1, ''),
(6905, 1, 6905, 45, 'Portillo de Toledo', 'es', 0, 1, ''),
(6906, 1, 6906, 45, 'Puebla de Almoradiel (La)', 'es', 0, 1, ''),
(6907, 1, 6907, 45, 'Puebla de Montalbán (La)', 'es', 0, 1, ''),
(6908, 1, 6908, 45, 'Pueblanueva (La)', 'es', 0, 1, ''),
(6909, 1, 6909, 45, 'Puente del Arzobispo (El)', 'es', 0, 1, ''),
(6910, 1, 6910, 45, 'Puerto de San Vicente', 'es', 0, 1, ''),
(6911, 1, 6911, 45, 'Pulgar', 'es', 0, 1, ''),
(6912, 1, 6912, 45, 'Quero', 'es', 0, 1, ''),
(6913, 1, 6913, 45, 'Quintanar de la Orden', 'es', 0, 1, ''),
(6914, 1, 6914, 45, 'Quismondo', 'es', 0, 1, ''),
(6915, 1, 6915, 45, 'Real de San Vicente (El)', 'es', 0, 1, ''),
(6916, 1, 6916, 45, 'Recas', 'es', 0, 1, ''),
(6917, 1, 6917, 45, 'Retamoso de la Jara', 'es', 0, 1, ''),
(6918, 1, 6918, 45, 'Rielves', 'es', 0, 1, ''),
(6919, 1, 6919, 45, 'Robledo del Mazo', 'es', 0, 1, ''),
(6920, 1, 6920, 45, 'Romeral (El)', 'es', 0, 1, ''),
(6921, 1, 6921, 45, 'San Bartolomé de las Abiertas', 'es', 0, 1, ''),
(6922, 1, 6922, 45, 'San Martín de Montalbán', 'es', 0, 1, ''),
(6923, 1, 6923, 45, 'San Martín de Pusa', 'es', 0, 1, ''),
(6924, 1, 6924, 45, 'San Pablo de los Montes', 'es', 0, 1, ''),
(6925, 1, 6925, 45, 'San Román de los Montes', 'es', 0, 1, ''),
(6926, 1, 6926, 45, 'Santa Ana de Pusa', 'es', 0, 1, ''),
(6927, 1, 6927, 45, 'Santa Cruz de la Zarza', 'es', 0, 1, ''),
(6928, 1, 6928, 45, 'Santa Cruz del Retamar', 'es', 0, 1, ''),
(6929, 1, 6929, 45, 'Santa Olalla', 'es', 0, 1, ''),
(6930, 1, 6930, 45, 'Santo Domingo-Caudilla', 'es', 0, 1, ''),
(6931, 1, 6931, 45, 'Sartajada', 'es', 0, 1, ''),
(6932, 1, 6932, 45, 'Segurilla', 'es', 0, 1, ''),
(6933, 1, 6933, 45, 'Seseña', 'es', 0, 1, ''),
(6934, 1, 6934, 45, 'Sevilleja de la Jara', 'es', 0, 1, ''),
(6935, 1, 6935, 45, 'Sonseca', 'es', 0, 1, ''),
(6936, 1, 6936, 45, 'Sotillo de las Palomas', 'es', 0, 1, ''),
(6937, 1, 6937, 45, 'Talavera de la Reina', 'es', 0, 1, ''),
(6938, 1, 6938, 45, 'Tembleque', 'es', 0, 1, ''),
(6939, 1, 6939, 45, 'Toboso (El)', 'es', 0, 1, ''),
(6940, 1, 6940, 45, 'Toledo', 'es', 0, 1, ''),
(6941, 1, 6941, 45, 'Torralba de Oropesa', 'es', 0, 1, ''),
(6942, 1, 6942, 45, 'Torre de Esteban Hambrán (La)', 'es', 0, 1, ''),
(6943, 1, 6943, 45, 'Torrecilla de la Jara', 'es', 0, 1, ''),
(6944, 1, 6944, 45, 'Torrico', 'es', 0, 1, ''),
(6945, 1, 6945, 45, 'Torrijos', 'es', 0, 1, ''),
(6946, 1, 6946, 45, 'Totanés', 'es', 0, 1, ''),
(6947, 1, 6947, 45, 'Turleque', 'es', 0, 1, ''),
(6948, 1, 6948, 45, 'Ugena', 'es', 0, 1, ''),
(6949, 1, 6949, 45, 'Urda', 'es', 0, 1, ''),
(6950, 1, 6950, 45, 'Valdeverdeja', 'es', 0, 1, ''),
(6951, 1, 6951, 45, 'Valmojado', 'es', 0, 1, ''),
(6952, 1, 6952, 45, 'Velada', 'es', 0, 1, ''),
(6953, 1, 6953, 45, 'Ventas con Peña Aguilera (Las)', 'es', 0, 1, ''),
(6954, 1, 6954, 45, 'Ventas de Retamosa (Las)', 'es', 0, 1, ''),
(6955, 1, 6955, 45, 'Ventas de San Julián (Las)', 'es', 0, 1, ''),
(6956, 1, 6956, 45, 'Villa de Don Fadrique (La)', 'es', 0, 1, ''),
(6957, 1, 6957, 45, 'Villacañas', 'es', 0, 1, ''),
(6958, 1, 6958, 45, 'Villafranca de los Caballeros', 'es', 0, 1, ''),
(6959, 1, 6959, 45, 'Villaluenga de la Sagra', 'es', 0, 1, ''),
(6960, 1, 6960, 45, 'Villamiel de Toledo', 'es', 0, 1, ''),
(6961, 1, 6961, 45, 'Villaminaya', 'es', 0, 1, ''),
(6962, 1, 6962, 45, 'Villamuelas', 'es', 0, 1, ''),
(6963, 1, 6963, 45, 'Villanueva de Alcardete', 'es', 0, 1, ''),
(6964, 1, 6964, 45, 'Villanueva de Bogas', 'es', 0, 1, ''),
(6965, 1, 6965, 45, 'Villarejo de Montalbán', 'es', 0, 1, ''),
(6966, 1, 6966, 45, 'Villarrubia de Santiago', 'es', 0, 1, ''),
(6967, 1, 6967, 45, 'Villaseca de la Sagra', 'es', 0, 1, ''),
(6968, 1, 6968, 45, 'Villasequilla', 'es', 0, 1, ''),
(6969, 1, 6969, 45, 'Villatobas', 'es', 0, 1, ''),
(6970, 1, 6970, 45, 'Viso de San Juan (El)', 'es', 0, 1, ''),
(6971, 1, 6971, 45, 'Yébenes (Los)', 'es', 0, 1, ''),
(6972, 1, 6972, 45, 'Yeles', 'es', 0, 1, ''),
(6973, 1, 6973, 45, 'Yepes', 'es', 0, 1, ''),
(6974, 1, 6974, 45, 'Yuncler', 'es', 0, 1, ''),
(6975, 1, 6975, 45, 'Yunclillos', 'es', 0, 1, ''),
(6976, 1, 6976, 45, 'Yuncos', 'es', 0, 1, ''),
(6977, 1, 6977, 46, 'Ademuz', 'es', 0, 1, ''),
(6978, 1, 6978, 46, 'Ador', 'es', 0, 1, ''),
(6979, 1, 6979, 46, 'Agullent', 'es', 0, 1, ''),
(6980, 1, 6980, 46, 'Aielo de Malferit', 'es', 0, 1, ''),
(6981, 1, 6981, 46, 'Aielo de Rugat', 'es', 0, 1, ''),
(6982, 1, 6982, 46, 'Alaquàs', 'es', 0, 1, ''),
(6983, 1, 6983, 46, 'Albaida', 'es', 0, 1, ''),
(6984, 1, 6984, 46, 'Albal', 'es', 0, 1, ''),
(6985, 1, 6985, 46, 'Albalat de la Ribera', 'es', 0, 1, ''),
(6986, 1, 6986, 46, 'Albalat dels Sorells', 'es', 0, 1, ''),
(6987, 1, 6987, 46, 'Albalat dels Tarongers', 'es', 0, 1, ''),
(6988, 1, 6988, 46, 'Alberic', 'es', 0, 1, ''),
(6989, 1, 6989, 46, 'Alborache', 'es', 0, 1, ''),
(6990, 1, 6990, 46, 'Alboraya', 'es', 0, 1, ''),
(6991, 1, 6991, 46, 'Albuixech', 'es', 0, 1, ''),
(6992, 1, 6992, 46, 'Alcàntera de Xúquer', 'es', 0, 1, ''),
(6993, 1, 6993, 46, 'Alcàsser', 'es', 0, 1, ''),
(6994, 1, 6994, 46, 'Alcublas', 'es', 0, 1, ''),
(6995, 1, 6995, 46, 'Alcúdia (l\')', 'es', 0, 1, ''),
(6996, 1, 6996, 46, 'Alcúdia de Crespins (l\')', 'es', 0, 1, ''),
(6997, 1, 6997, 46, 'Aldaia', 'es', 0, 1, ''),
(6998, 1, 6998, 46, 'Alfafar', 'es', 0, 1, ''),
(6999, 1, 6999, 46, 'Alfara de Algimia', 'es', 0, 1, ''),
(7000, 1, 7000, 46, 'Alfara del Patriarca', 'es', 0, 1, ''),
(7001, 1, 7001, 46, 'Alfarp', 'es', 0, 1, ''),
(7002, 1, 7002, 46, 'Alfarrasí', 'es', 0, 1, ''),
(7003, 1, 7003, 46, 'Alfauir', 'es', 0, 1, ''),
(7004, 1, 7004, 46, 'Algar de Palancia', 'es', 0, 1, ''),
(7005, 1, 7005, 46, 'Algemesí', 'es', 0, 1, ''),
(7006, 1, 7006, 46, 'Algimia de Alfara', 'es', 0, 1, ''),
(7007, 1, 7007, 46, 'Alginet', 'es', 0, 1, ''),
(7008, 1, 7008, 46, 'Almàssera', 'es', 0, 1, ''),
(7009, 1, 7009, 46, 'Almiserà', 'es', 0, 1, ''),
(7010, 1, 7010, 46, 'Almoines', 'es', 0, 1, ''),
(7011, 1, 7011, 46, 'Almussafes', 'es', 0, 1, ''),
(7012, 1, 7012, 46, 'Alpuente', 'es', 0, 1, ''),
(7013, 1, 7013, 46, 'Alqueria de la Comtessa (l\')', 'es', 0, 1, ''),
(7014, 1, 7014, 46, 'Alzira', 'es', 0, 1, ''),
(7015, 1, 7015, 46, 'Andilla', 'es', 0, 1, ''),
(7016, 1, 7016, 46, 'Anna', 'es', 0, 1, ''),
(7017, 1, 7017, 46, 'Antella', 'es', 0, 1, ''),
(7018, 1, 7018, 46, 'Aras de los Olmos', 'es', 0, 1, ''),
(7019, 1, 7019, 46, 'Atzeneta d\'Albaida', 'es', 0, 1, ''),
(7020, 1, 7020, 46, 'Ayora', 'es', 0, 1, ''),
(7021, 1, 7021, 46, 'Barx', 'es', 0, 1, ''),
(7022, 1, 7022, 46, 'Barxeta', 'es', 0, 1, ''),
(7023, 1, 7023, 46, 'Bèlgida', 'es', 0, 1, ''),
(7024, 1, 7024, 46, 'Bellreguard', 'es', 0, 1, ''),
(7025, 1, 7025, 46, 'Bellús', 'es', 0, 1, ''),
(7026, 1, 7026, 46, 'Benagéber', 'es', 0, 1, ''),
(7027, 1, 7027, 46, 'Benaguasil', 'es', 0, 1, ''),
(7028, 1, 7028, 46, 'Benavites', 'es', 0, 1, ''),
(7029, 1, 7029, 46, 'Beneixida', 'es', 0, 1, ''),
(7030, 1, 7030, 46, 'Benetússer', 'es', 0, 1, ''),
(7031, 1, 7031, 46, 'Beniarjó', 'es', 0, 1, ''),
(7032, 1, 7032, 46, 'Beniatjar', 'es', 0, 1, ''),
(7033, 1, 7033, 46, 'Benicolet', 'es', 0, 1, ''),
(7034, 1, 7034, 46, 'Benicull de Xúquer', 'es', 0, 1, ''),
(7035, 1, 7035, 46, 'Benifaió', 'es', 0, 1, ''),
(7036, 1, 7036, 46, 'Benifairó de la Valldigna', 'es', 0, 1, ''),
(7037, 1, 7037, 46, 'Benifairó de les Valls', 'es', 0, 1, ''),
(7038, 1, 7038, 46, 'Beniflá', 'es', 0, 1, ''),
(7039, 1, 7039, 46, 'Benigánim', 'es', 0, 1, ''),
(7040, 1, 7040, 46, 'Benimodo', 'es', 0, 1, ''),
(7041, 1, 7041, 46, 'Benimuslem', 'es', 0, 1, ''),
(7042, 1, 7042, 46, 'Beniparrell', 'es', 0, 1, ''),
(7043, 1, 7043, 46, 'Benirredrà', 'es', 0, 1, ''),
(7044, 1, 7044, 46, 'Benisanó', 'es', 0, 1, ''),
(7045, 1, 7045, 46, 'Benissoda', 'es', 0, 1, ''),
(7046, 1, 7046, 46, 'Benisuera', 'es', 0, 1, ''),
(7047, 1, 7047, 46, 'Bétera', 'es', 0, 1, ''),
(7048, 1, 7048, 46, 'Bicorp', 'es', 0, 1, ''),
(7049, 1, 7049, 46, 'Bocairent', 'es', 0, 1, ''),
(7050, 1, 7050, 46, 'Bolbaite', 'es', 0, 1, ''),
(7051, 1, 7051, 46, 'Bonrepòs i Mirambell', 'es', 0, 1, ''),
(7052, 1, 7052, 46, 'Bufali', 'es', 0, 1, ''),
(7053, 1, 7053, 46, 'Bugarra', 'es', 0, 1, ''),
(7054, 1, 7054, 46, 'Buñol', 'es', 0, 1, ''),
(7055, 1, 7055, 46, 'Burjassot', 'es', 0, 1, ''),
(7056, 1, 7056, 46, 'Calles', 'es', 0, 1, ''),
(7057, 1, 7057, 46, 'Camporrobles', 'es', 0, 1, ''),
(7058, 1, 7058, 46, 'Canals', 'es', 0, 1, ''),
(7059, 1, 7059, 46, 'Canet d\'En Berenguer', 'es', 0, 1, ''),
(7060, 1, 7060, 46, 'Carcaixent', 'es', 0, 1, ''),
(7061, 1, 7061, 46, 'Càrcer', 'es', 0, 1, ''),
(7062, 1, 7062, 46, 'Carlet', 'es', 0, 1, ''),
(7063, 1, 7063, 46, 'Carrícola', 'es', 0, 1, ''),
(7064, 1, 7064, 46, 'Casas Altas', 'es', 0, 1, ''),
(7065, 1, 7065, 46, 'Casas Bajas', 'es', 0, 1, ''),
(7066, 1, 7066, 46, 'Casinos', 'es', 0, 1, ''),
(7067, 1, 7067, 46, 'Castelló de Rugat', 'es', 0, 1, ''),
(7068, 1, 7068, 46, 'Castellonet de la Conquesta', 'es', 0, 1, ''),
(7069, 1, 7069, 46, 'Castielfabib', 'es', 0, 1, ''),
(7070, 1, 7070, 46, 'Catadau', 'es', 0, 1, ''),
(7071, 1, 7071, 46, 'Catarroja', 'es', 0, 1, ''),
(7072, 1, 7072, 46, 'Caudete de las Fuentes', 'es', 0, 1, ''),
(7073, 1, 7073, 46, 'Cerdà', 'es', 0, 1, ''),
(7074, 1, 7074, 46, 'Chella', 'es', 0, 1, ''),
(7075, 1, 7075, 46, 'Chelva', 'es', 0, 1, ''),
(7076, 1, 7076, 46, 'Chera', 'es', 0, 1, ''),
(7077, 1, 7077, 46, 'Cheste', 'es', 0, 1, ''),
(7078, 1, 7078, 46, 'Chiva', 'es', 0, 1, ''),
(7079, 1, 7079, 46, 'Chulilla', 'es', 0, 1, ''),
(7080, 1, 7080, 46, 'Cofrentes', 'es', 0, 1, ''),
(7081, 1, 7081, 46, 'Corbera', 'es', 0, 1, ''),
(7082, 1, 7082, 46, 'Cortes de Pallás', 'es', 0, 1, ''),
(7083, 1, 7083, 46, 'Cotes', 'es', 0, 1, ''),
(7084, 1, 7084, 46, 'Cullera', 'es', 0, 1, ''),
(7085, 1, 7085, 46, 'Daimús', 'es', 0, 1, ''),
(7086, 1, 7086, 46, 'Domeño', 'es', 0, 1, ''),
(7087, 1, 7087, 46, 'Dos Aguas', 'es', 0, 1, ''),
(7088, 1, 7088, 46, 'Eliana (l\')', 'es', 0, 1, ''),
(7089, 1, 7089, 46, 'Emperador', 'es', 0, 1, ''),
(7090, 1, 7090, 46, 'Enguera', 'es', 0, 1, ''),
(7091, 1, 7091, 46, 'Ènova (l\')', 'es', 0, 1, ''),
(7092, 1, 7092, 46, 'Estivella', 'es', 0, 1, ''),
(7093, 1, 7093, 46, 'Estubeny', 'es', 0, 1, ''),
(7094, 1, 7094, 46, 'Faura', 'es', 0, 1, ''),
(7095, 1, 7095, 46, 'Favara', 'es', 0, 1, ''),
(7096, 1, 7096, 46, 'Foios', 'es', 0, 1, ''),
(7097, 1, 7097, 46, 'Font de la Figuera (la)', 'es', 0, 1, ''),
(7098, 1, 7098, 46, 'Font d\'En Carròs (la)', 'es', 0, 1, ''),
(7099, 1, 7099, 46, 'Fontanars dels Alforins', 'es', 0, 1, ''),
(7100, 1, 7100, 46, 'Fortaleny', 'es', 0, 1, ''),
(7101, 1, 7101, 46, 'Fuenterrobles', 'es', 0, 1, ''),
(7102, 1, 7102, 46, 'Gandia', 'es', 0, 1, ''),
(7103, 1, 7103, 46, 'Gátova', 'es', 0, 1, ''),
(7104, 1, 7104, 46, 'Gavarda', 'es', 0, 1, ''),
(7105, 1, 7105, 46, 'Genovés', 'es', 0, 1, ''),
(7106, 1, 7106, 46, 'Gestalgar', 'es', 0, 1, ''),
(7107, 1, 7107, 46, 'Gilet', 'es', 0, 1, ''),
(7108, 1, 7108, 46, 'Godella', 'es', 0, 1, ''),
(7109, 1, 7109, 46, 'Godelleta', 'es', 0, 1, ''),
(7110, 1, 7110, 46, 'Granja de la Costera (la)', 'es', 0, 1, ''),
(7111, 1, 7111, 46, 'Guadasequies', 'es', 0, 1, ''),
(7112, 1, 7112, 46, 'Guadassuar', 'es', 0, 1, ''),
(7113, 1, 7113, 46, 'Guardamar de la Safor', 'es', 0, 1, ''),
(7114, 1, 7114, 46, 'Higueruelas', 'es', 0, 1, ''),
(7115, 1, 7115, 46, 'Jalance', 'es', 0, 1, ''),
(7116, 1, 7116, 46, 'Jarafuel', 'es', 0, 1, ''),
(7117, 1, 7117, 46, 'Llanera de Ranes', 'es', 0, 1, ''),
(7118, 1, 7118, 46, 'Llaurí', 'es', 0, 1, ''),
(7119, 1, 7119, 46, 'Llíria', 'es', 0, 1, ''),
(7120, 1, 7120, 46, 'Llocnou de la Corona', 'es', 0, 1, ''),
(7121, 1, 7121, 46, 'Llocnou de Sant Jeroni', 'es', 0, 1, ''),
(7122, 1, 7122, 46, 'Llocnou d\'En Fenollet', 'es', 0, 1, ''),
(7123, 1, 7123, 46, 'Llombai', 'es', 0, 1, ''),
(7124, 1, 7124, 46, 'Llosa de Ranes (la)', 'es', 0, 1, ''),
(7125, 1, 7125, 46, 'Llutxent', 'es', 0, 1, ''),
(7126, 1, 7126, 46, 'Loriguilla', 'es', 0, 1, ''),
(7127, 1, 7127, 46, 'Losa del Obispo', 'es', 0, 1, ''),
(7128, 1, 7128, 46, 'Macastre', 'es', 0, 1, ''),
(7129, 1, 7129, 46, 'Manises', 'es', 0, 1, ''),
(7130, 1, 7130, 46, 'Manuel', 'es', 0, 1, ''),
(7131, 1, 7131, 46, 'Marines', 'es', 0, 1, ''),
(7132, 1, 7132, 46, 'Masalavés', 'es', 0, 1, ''),
(7133, 1, 7133, 46, 'Massalfassar', 'es', 0, 1, ''),
(7134, 1, 7134, 46, 'Massamagrell', 'es', 0, 1, ''),
(7135, 1, 7135, 46, 'Massanassa', 'es', 0, 1, ''),
(7136, 1, 7136, 46, 'Meliana', 'es', 0, 1, ''),
(7137, 1, 7137, 46, 'Millares', 'es', 0, 1, ''),
(7138, 1, 7138, 46, 'Miramar', 'es', 0, 1, ''),
(7139, 1, 7139, 46, 'Mislata', 'es', 0, 1, ''),
(7140, 1, 7140, 46, 'Mogente/Moixent', 'es', 0, 1, ''),
(7141, 1, 7141, 46, 'Moncada', 'es', 0, 1, ''),
(7142, 1, 7142, 46, 'Montaverner', 'es', 0, 1, ''),
(7143, 1, 7143, 46, 'Montesa', 'es', 0, 1, ''),
(7144, 1, 7144, 46, 'Montichelvo', 'es', 0, 1, ''),
(7145, 1, 7145, 46, 'Montroy', 'es', 0, 1, ''),
(7146, 1, 7146, 46, 'Montserrat', 'es', 0, 1, ''),
(7147, 1, 7147, 46, 'Museros', 'es', 0, 1, ''),
(7148, 1, 7148, 46, 'Náquera', 'es', 0, 1, ''),
(7149, 1, 7149, 46, 'Navarrés', 'es', 0, 1, ''),
(7150, 1, 7150, 46, 'Novelé/Novetlè', 'es', 0, 1, ''),
(7151, 1, 7151, 46, 'Oliva', 'es', 0, 1, ''),
(7152, 1, 7152, 46, 'Olleria (l\')', 'es', 0, 1, ''),
(7153, 1, 7153, 46, 'Olocau', 'es', 0, 1, ''),
(7154, 1, 7154, 46, 'Ontinyent', 'es', 0, 1, ''),
(7155, 1, 7155, 46, 'Otos', 'es', 0, 1, ''),
(7156, 1, 7156, 46, 'Paiporta', 'es', 0, 1, ''),
(7157, 1, 7157, 46, 'Palma de Gandía', 'es', 0, 1, ''),
(7158, 1, 7158, 46, 'Palmera', 'es', 0, 1, ''),
(7159, 1, 7159, 46, 'Palomar (el)', 'es', 0, 1, ''),
(7160, 1, 7160, 46, 'Paterna', 'es', 0, 1, ''),
(7161, 1, 7161, 46, 'Pedralba', 'es', 0, 1, ''),
(7162, 1, 7162, 46, 'Petrés', 'es', 0, 1, ''),
(7163, 1, 7163, 46, 'Picanya', 'es', 0, 1, ''),
(7164, 1, 7164, 46, 'Picassent', 'es', 0, 1, ''),
(7165, 1, 7165, 46, 'Piles', 'es', 0, 1, ''),
(7166, 1, 7166, 46, 'Pinet', 'es', 0, 1, ''),
(7167, 1, 7167, 46, 'Pobla de Farnals (la)', 'es', 0, 1, ''),
(7168, 1, 7168, 46, 'Pobla de Vallbona (la)', 'es', 0, 1, ''),
(7169, 1, 7169, 46, 'Pobla del Duc (la)', 'es', 0, 1, ''),
(7170, 1, 7170, 46, 'Pobla Llarga (la)', 'es', 0, 1, ''),
(7171, 1, 7171, 46, 'Polinyà de Xúquer', 'es', 0, 1, ''),
(7172, 1, 7172, 46, 'Potríes', 'es', 0, 1, ''),
(7173, 1, 7173, 46, 'Puçol', 'es', 0, 1, ''),
(7174, 1, 7174, 46, 'Puebla de San Miguel', 'es', 0, 1, ''),
(7175, 1, 7175, 46, 'Puig', 'es', 0, 1, ''),
(7176, 1, 7176, 46, 'Quart de les Valls', 'es', 0, 1, ''),
(7177, 1, 7177, 46, 'Quart de Poblet', 'es', 0, 1, ''),
(7178, 1, 7178, 46, 'Quartell', 'es', 0, 1, ''),
(7179, 1, 7179, 46, 'Quatretonda', 'es', 0, 1, ''),
(7180, 1, 7180, 46, 'Quesa', 'es', 0, 1, ''),
(7181, 1, 7181, 46, 'Rafelbuñol/Rafelbunyol', 'es', 0, 1, ''),
(7182, 1, 7182, 46, 'Rafelcofer', 'es', 0, 1, ''),
(7183, 1, 7183, 46, 'Rafelguaraf', 'es', 0, 1, ''),
(7184, 1, 7184, 46, 'Ráfol de Salem', 'es', 0, 1, ''),
(7185, 1, 7185, 46, 'Real de Gandía', 'es', 0, 1, ''),
(7186, 1, 7186, 46, 'Real de Montroi', 'es', 0, 1, ''),
(7187, 1, 7187, 46, 'Requena', 'es', 0, 1, ''),
(7188, 1, 7188, 46, 'Riba-roja de Túria', 'es', 0, 1, ''),
(7189, 1, 7189, 46, 'Riola', 'es', 0, 1, ''),
(7190, 1, 7190, 46, 'Rocafort', 'es', 0, 1, ''),
(7191, 1, 7191, 46, 'Rotglà i Corberà', 'es', 0, 1, ''),
(7192, 1, 7192, 46, 'Rótova', 'es', 0, 1, ''),
(7193, 1, 7193, 46, 'Rugat', 'es', 0, 1, ''),
(7194, 1, 7194, 46, 'Sagunto/Sagunt', 'es', 0, 1, ''),
(7195, 1, 7195, 46, 'Salem', 'es', 0, 1, ''),
(7196, 1, 7196, 46, 'San Antonio de Benagéber', 'es', 0, 1, ''),
(7197, 1, 7197, 46, 'San Juan de Énova', 'es', 0, 1, ''),
(7198, 1, 7198, 46, 'Sedaví', 'es', 0, 1, ''),
(7199, 1, 7199, 46, 'Segart', 'es', 0, 1, ''),
(7200, 1, 7200, 46, 'Sellent', 'es', 0, 1, ''),
(7201, 1, 7201, 46, 'Sempere', 'es', 0, 1, ''),
(7202, 1, 7202, 46, 'Senyera', 'es', 0, 1, ''),
(7203, 1, 7203, 46, 'Serra', 'es', 0, 1, ''),
(7204, 1, 7204, 46, 'Siete Aguas', 'es', 0, 1, ''),
(7205, 1, 7205, 46, 'Silla', 'es', 0, 1, ''),
(7206, 1, 7206, 46, 'Simat de la Valldigna', 'es', 0, 1, ''),
(7207, 1, 7207, 46, 'Sinarcas', 'es', 0, 1, ''),
(7208, 1, 7208, 46, 'Sollana', 'es', 0, 1, ''),
(7209, 1, 7209, 46, 'Sot de Chera', 'es', 0, 1, ''),
(7210, 1, 7210, 46, 'Sueca', 'es', 0, 1, ''),
(7211, 1, 7211, 46, 'Sumacàrcer', 'es', 0, 1, ''),
(7212, 1, 7212, 46, 'Tavernes Blanques', 'es', 0, 1, ''),
(7213, 1, 7213, 46, 'Tavernes de la Valldigna', 'es', 0, 1, ''),
(7214, 1, 7214, 46, 'Teresa de Cofrentes', 'es', 0, 1, ''),
(7215, 1, 7215, 46, 'Terrateig', 'es', 0, 1, ''),
(7216, 1, 7216, 46, 'Titaguas', 'es', 0, 1, ''),
(7217, 1, 7217, 46, 'Torrebaja', 'es', 0, 1, ''),
(7218, 1, 7218, 46, 'Torrella', 'es', 0, 1, ''),
(7219, 1, 7219, 46, 'Torrent', 'es', 0, 1, ''),
(7220, 1, 7220, 46, 'Torres Torres', 'es', 0, 1, ''),
(7221, 1, 7221, 46, 'Tous', 'es', 0, 1, ''),
(7222, 1, 7222, 46, 'Tuéjar', 'es', 0, 1, ''),
(7223, 1, 7223, 46, 'Turís', 'es', 0, 1, ''),
(7224, 1, 7224, 46, 'Utiel', 'es', 0, 1, ''),
(7225, 1, 7225, 46, 'Valencia', 'es', 0, 1, ''),
(7226, 1, 7226, 46, 'Vallada', 'es', 0, 1, ''),
(7227, 1, 7227, 46, 'Vallanca', 'es', 0, 1, ''),
(7228, 1, 7228, 46, 'Vallés', 'es', 0, 1, ''),
(7229, 1, 7229, 46, 'Venta del Moro', 'es', 0, 1, ''),
(7230, 1, 7230, 46, 'Vilamarxant', 'es', 0, 1, ''),
(7231, 1, 7231, 46, 'Villalonga', 'es', 0, 1, ''),
(7232, 1, 7232, 46, 'Villanueva de Castellón', 'es', 0, 1, ''),
(7233, 1, 7233, 46, 'Villar del Arzobispo', 'es', 0, 1, ''),
(7234, 1, 7234, 46, 'Villargordo del Cabriel', 'es', 0, 1, ''),
(7235, 1, 7235, 46, 'Vinalesa', 'es', 0, 1, ''),
(7236, 1, 7236, 46, 'Xàtiva', 'es', 0, 1, ''),
(7237, 1, 7237, 46, 'Xeraco', 'es', 0, 1, ''),
(7238, 1, 7238, 46, 'Xeresa', 'es', 0, 1, ''),
(7239, 1, 7239, 46, 'Xirivella', 'es', 0, 1, ''),
(7240, 1, 7240, 46, 'Yátova', 'es', 0, 1, ''),
(7241, 1, 7241, 46, 'Yesa (La)', 'es', 0, 1, ''),
(7242, 1, 7242, 46, 'Zarra', 'es', 0, 1, ''),
(7243, 1, 7243, 47, 'Adalia', 'es', 0, 1, ''),
(7244, 1, 7244, 47, 'Aguasal', 'es', 0, 1, ''),
(7245, 1, 7245, 47, 'Aguilar de Campos', 'es', 0, 1, ''),
(7246, 1, 7246, 47, 'Alaejos', 'es', 0, 1, ''),
(7247, 1, 7247, 47, 'Alcazarén', 'es', 0, 1, ''),
(7248, 1, 7248, 47, 'Aldea de San Miguel', 'es', 0, 1, ''),
(7249, 1, 7249, 47, 'Aldeamayor de San Martín', 'es', 0, 1, ''),
(7250, 1, 7250, 47, 'Almenara de Adaja', 'es', 0, 1, ''),
(7251, 1, 7251, 47, 'Amusquillo', 'es', 0, 1, ''),
(7252, 1, 7252, 47, 'Arroyo de la Encomienda', 'es', 0, 1, ''),
(7253, 1, 7253, 47, 'Ataquines', 'es', 0, 1, ''),
(7254, 1, 7254, 47, 'Bahabón', 'es', 0, 1, ''),
(7255, 1, 7255, 47, 'Barcial de la Loma', 'es', 0, 1, ''),
(7256, 1, 7256, 47, 'Barruelo del Valle', 'es', 0, 1, ''),
(7257, 1, 7257, 47, 'Becilla de Valderaduey', 'es', 0, 1, ''),
(7258, 1, 7258, 47, 'Benafarces', 'es', 0, 1, ''),
(7259, 1, 7259, 47, 'Bercero', 'es', 0, 1, ''),
(7260, 1, 7260, 47, 'Berceruelo', 'es', 0, 1, ''),
(7261, 1, 7261, 47, 'Berrueces', 'es', 0, 1, ''),
(7262, 1, 7262, 47, 'Bobadilla del Campo', 'es', 0, 1, ''),
(7263, 1, 7263, 47, 'Bocigas', 'es', 0, 1, ''),
(7264, 1, 7264, 47, 'Bocos de Duero', 'es', 0, 1, ''),
(7265, 1, 7265, 47, 'Boecillo', 'es', 0, 1, ''),
(7266, 1, 7266, 47, 'Bolaños de Campos', 'es', 0, 1, ''),
(7267, 1, 7267, 47, 'Brahojos de Medina', 'es', 0, 1, ''),
(7268, 1, 7268, 47, 'Bustillo de Chaves', 'es', 0, 1, ''),
(7269, 1, 7269, 47, 'Cabezón de Pisuerga', 'es', 0, 1, ''),
(7270, 1, 7270, 47, 'Cabezón de Valderaduey', 'es', 0, 1, ''),
(7271, 1, 7271, 47, 'Cabreros del Monte', 'es', 0, 1, ''),
(7272, 1, 7272, 47, 'Campaspero', 'es', 0, 1, ''),
(7273, 1, 7273, 47, 'Campillo (El)', 'es', 0, 1, ''),
(7274, 1, 7274, 47, 'Camporredondo', 'es', 0, 1, ''),
(7275, 1, 7275, 47, 'Canalejas de Peñafiel', 'es', 0, 1, ''),
(7276, 1, 7276, 47, 'Canillas de Esgueva', 'es', 0, 1, ''),
(7277, 1, 7277, 47, 'Carpio', 'es', 0, 1, ''),
(7278, 1, 7278, 47, 'Casasola de Arión', 'es', 0, 1, ''),
(7279, 1, 7279, 47, 'Castrejón de Trabancos', 'es', 0, 1, ''),
(7280, 1, 7280, 47, 'Castrillo de Duero', 'es', 0, 1, ''),
(7281, 1, 7281, 47, 'Castrillo-Tejeriego', 'es', 0, 1, ''),
(7282, 1, 7282, 47, 'Castrobol', 'es', 0, 1, ''),
(7283, 1, 7283, 47, 'Castrodeza', 'es', 0, 1, ''),
(7284, 1, 7284, 47, 'Castromembibre', 'es', 0, 1, ''),
(7285, 1, 7285, 47, 'Castromonte', 'es', 0, 1, ''),
(7286, 1, 7286, 47, 'Castronuevo de Esgueva', 'es', 0, 1, ''),
(7287, 1, 7287, 47, 'Castronuño', 'es', 0, 1, ''),
(7288, 1, 7288, 47, 'Castroponce', 'es', 0, 1, ''),
(7289, 1, 7289, 47, 'Castroverde de Cerrato', 'es', 0, 1, ''),
(7290, 1, 7290, 47, 'Ceinos de Campos', 'es', 0, 1, ''),
(7291, 1, 7291, 47, 'Cervillego de la Cruz', 'es', 0, 1, ''),
(7292, 1, 7292, 47, 'Cigales', 'es', 0, 1, ''),
(7293, 1, 7293, 47, 'Ciguñuela', 'es', 0, 1, ''),
(7294, 1, 7294, 47, 'Cistérniga', 'es', 0, 1, ''),
(7295, 1, 7295, 47, 'Cogeces de Íscar', 'es', 0, 1, ''),
(7296, 1, 7296, 47, 'Cogeces del Monte', 'es', 0, 1, ''),
(7297, 1, 7297, 47, 'Corcos', 'es', 0, 1, ''),
(7298, 1, 7298, 47, 'Corrales de Duero', 'es', 0, 1, ''),
(7299, 1, 7299, 47, 'Cubillas de Santa Marta', 'es', 0, 1, ''),
(7300, 1, 7300, 47, 'Cuenca de Campos', 'es', 0, 1, ''),
(7301, 1, 7301, 47, 'Curiel de Duero', 'es', 0, 1, ''),
(7302, 1, 7302, 47, 'Encinas de Esgueva', 'es', 0, 1, ''),
(7303, 1, 7303, 47, 'Esguevillas de Esgueva', 'es', 0, 1, ''),
(7304, 1, 7304, 47, 'Fombellida', 'es', 0, 1, ''),
(7305, 1, 7305, 47, 'Fompedraza', 'es', 0, 1, ''),
(7306, 1, 7306, 47, 'Fontihoyuelo', 'es', 0, 1, ''),
(7307, 1, 7307, 47, 'Fresno el Viejo', 'es', 0, 1, ''),
(7308, 1, 7308, 47, 'Fuensaldaña', 'es', 0, 1, ''),
(7309, 1, 7309, 47, 'Fuente el Sol', 'es', 0, 1, ''),
(7310, 1, 7310, 47, 'Fuente-Olmedo', 'es', 0, 1, ''),
(7311, 1, 7311, 47, 'Gallegos de Hornija', 'es', 0, 1, ''),
(7312, 1, 7312, 47, 'Gatón de Campos', 'es', 0, 1, ''),
(7313, 1, 7313, 47, 'Geria', 'es', 0, 1, ''),
(7314, 1, 7314, 47, 'Herrín de Campos', 'es', 0, 1, ''),
(7315, 1, 7315, 47, 'Hornillos de Eresma', 'es', 0, 1, ''),
(7316, 1, 7316, 47, 'Íscar', 'es', 0, 1, ''),
(7317, 1, 7317, 47, 'Laguna de Duero', 'es', 0, 1, ''),
(7318, 1, 7318, 47, 'Langayo', 'es', 0, 1, ''),
(7319, 1, 7319, 47, 'Llano de Olmedo', 'es', 0, 1, ''),
(7320, 1, 7320, 47, 'Lomoviejo', 'es', 0, 1, ''),
(7321, 1, 7321, 47, 'Manzanillo', 'es', 0, 1, ''),
(7322, 1, 7322, 47, 'Marzales', 'es', 0, 1, ''),
(7323, 1, 7323, 47, 'Matapozuelos', 'es', 0, 1, ''),
(7324, 1, 7324, 47, 'Matilla de los Caños', 'es', 0, 1, ''),
(7325, 1, 7325, 47, 'Mayorga', 'es', 0, 1, ''),
(7326, 1, 7326, 47, 'Medina de Rioseco', 'es', 0, 1, ''),
(7327, 1, 7327, 47, 'Medina del Campo', 'es', 0, 1, ''),
(7328, 1, 7328, 47, 'Megeces', 'es', 0, 1, ''),
(7329, 1, 7329, 47, 'Melgar de Abajo', 'es', 0, 1, ''),
(7330, 1, 7330, 47, 'Melgar de Arriba', 'es', 0, 1, ''),
(7331, 1, 7331, 47, 'Mojados', 'es', 0, 1, ''),
(7332, 1, 7332, 47, 'Monasterio de Vega', 'es', 0, 1, ''),
(7333, 1, 7333, 47, 'Montealegre de Campos', 'es', 0, 1, ''),
(7334, 1, 7334, 47, 'Montemayor de Pililla', 'es', 0, 1, ''),
(7335, 1, 7335, 47, 'Moral de la Reina', 'es', 0, 1, ''),
(7336, 1, 7336, 47, 'Moraleja de las Panaderas', 'es', 0, 1, ''),
(7337, 1, 7337, 47, 'Morales de Campos', 'es', 0, 1, ''),
(7338, 1, 7338, 47, 'Mota del Marqués', 'es', 0, 1, ''),
(7339, 1, 7339, 47, 'Mucientes', 'es', 0, 1, ''),
(7340, 1, 7340, 47, 'Mudarra (La)', 'es', 0, 1, ''),
(7341, 1, 7341, 47, 'Muriel', 'es', 0, 1, ''),
(7342, 1, 7342, 47, 'Nava del Rey', 'es', 0, 1, ''),
(7343, 1, 7343, 47, 'Nueva Villa de las Torres', 'es', 0, 1, ''),
(7344, 1, 7344, 47, 'Olivares de Duero', 'es', 0, 1, ''),
(7345, 1, 7345, 47, 'Olmedo', 'es', 0, 1, ''),
(7346, 1, 7346, 47, 'Olmos de Esgueva', 'es', 0, 1, ''),
(7347, 1, 7347, 47, 'Olmos de Peñafiel', 'es', 0, 1, ''),
(7348, 1, 7348, 47, 'Palazuelo de Vedija', 'es', 0, 1, ''),
(7349, 1, 7349, 47, 'Parrilla (La)', 'es', 0, 1, ''),
(7350, 1, 7350, 47, 'Pedraja de Portillo (La)', 'es', 0, 1, ''),
(7351, 1, 7351, 47, 'Pedrajas de San Esteban', 'es', 0, 1, ''),
(7352, 1, 7352, 47, 'Pedrosa del Rey', 'es', 0, 1, ''),
(7353, 1, 7353, 47, 'Peñafiel', 'es', 0, 1, ''),
(7354, 1, 7354, 47, 'Peñaflor de Hornija', 'es', 0, 1, ''),
(7355, 1, 7355, 47, 'Pesquera de Duero', 'es', 0, 1, ''),
(7356, 1, 7356, 47, 'Piña de Esgueva', 'es', 0, 1, ''),
(7357, 1, 7357, 47, 'Piñel de Abajo', 'es', 0, 1, ''),
(7358, 1, 7358, 47, 'Piñel de Arriba', 'es', 0, 1, ''),
(7359, 1, 7359, 47, 'Pollos', 'es', 0, 1, ''),
(7360, 1, 7360, 47, 'Portillo', 'es', 0, 1, ''),
(7361, 1, 7361, 47, 'Pozal de Gallinas', 'es', 0, 1, ''),
(7362, 1, 7362, 47, 'Pozaldez', 'es', 0, 1, ''),
(7363, 1, 7363, 47, 'Pozuelo de la Orden', 'es', 0, 1, ''),
(7364, 1, 7364, 47, 'Puras', 'es', 0, 1, ''),
(7365, 1, 7365, 47, 'Quintanilla de Arriba', 'es', 0, 1, ''),
(7366, 1, 7366, 47, 'Quintanilla de Onésimo', 'es', 0, 1, ''),
(7367, 1, 7367, 47, 'Quintanilla de Trigueros', 'es', 0, 1, ''),
(7368, 1, 7368, 47, 'Quintanilla del Molar', 'es', 0, 1, ''),
(7369, 1, 7369, 47, 'Rábano', 'es', 0, 1, ''),
(7370, 1, 7370, 47, 'Ramiro', 'es', 0, 1, ''),
(7371, 1, 7371, 47, 'Renedo de Esgueva', 'es', 0, 1, ''),
(7372, 1, 7372, 47, 'Roales de Campos', 'es', 0, 1, ''),
(7373, 1, 7373, 47, 'Robladillo', 'es', 0, 1, ''),
(7374, 1, 7374, 47, 'Roturas', 'es', 0, 1, ''),
(7375, 1, 7375, 47, 'Rubí de Bracamonte', 'es', 0, 1, ''),
(7376, 1, 7376, 47, 'Rueda', 'es', 0, 1, ''),
(7377, 1, 7377, 47, 'Saelices de Mayorga', 'es', 0, 1, ''),
(7378, 1, 7378, 47, 'Salvador de Zapardiel', 'es', 0, 1, ''),
(7379, 1, 7379, 47, 'San Cebrián de Mazote', 'es', 0, 1, ''),
(7380, 1, 7380, 47, 'San Llorente', 'es', 0, 1, ''),
(7381, 1, 7381, 47, 'San Martín de Valvení', 'es', 0, 1, ''),
(7382, 1, 7382, 47, 'San Miguel del Arroyo', 'es', 0, 1, ''),
(7383, 1, 7383, 47, 'San Miguel del Pino', 'es', 0, 1, ''),
(7384, 1, 7384, 47, 'San Pablo de la Moraleja', 'es', 0, 1, ''),
(7385, 1, 7385, 47, 'San Pedro de Latarce', 'es', 0, 1, ''),
(7386, 1, 7386, 47, 'San Pelayo', 'es', 0, 1, ''),
(7387, 1, 7387, 47, 'San Román de Hornija', 'es', 0, 1, ''),
(7388, 1, 7388, 47, 'San Salvador', 'es', 0, 1, ''),
(7389, 1, 7389, 47, 'San Vicente del Palacio', 'es', 0, 1, ''),
(7390, 1, 7390, 47, 'Santa Eufemia del Arroyo', 'es', 0, 1, ''),
(7391, 1, 7391, 47, 'Santervás de Campos', 'es', 0, 1, ''),
(7392, 1, 7392, 47, 'Santibáñez de Valcorba', 'es', 0, 1, ''),
(7393, 1, 7393, 47, 'Santovenia de Pisuerga', 'es', 0, 1, ''),
(7394, 1, 7394, 47, 'Sardón de Duero', 'es', 0, 1, ''),
(7395, 1, 7395, 47, 'Seca (La)', 'es', 0, 1, ''),
(7396, 1, 7396, 47, 'Serrada', 'es', 0, 1, ''),
(7397, 1, 7397, 47, 'Siete Iglesias de Trabancos', 'es', 0, 1, ''),
(7398, 1, 7398, 47, 'Simancas', 'es', 0, 1, ''),
(7399, 1, 7399, 47, 'Tamariz de Campos', 'es', 0, 1, ''),
(7400, 1, 7400, 47, 'Tiedra', 'es', 0, 1, ''),
(7401, 1, 7401, 47, 'Tordehumos', 'es', 0, 1, ''),
(7402, 1, 7402, 47, 'Tordesillas', 'es', 0, 1, ''),
(7403, 1, 7403, 47, 'Torre de Esgueva', 'es', 0, 1, ''),
(7404, 1, 7404, 47, 'Torre de Peñafiel', 'es', 0, 1, ''),
(7405, 1, 7405, 47, 'Torrecilla de la Abadesa', 'es', 0, 1, ''),
(7406, 1, 7406, 47, 'Torrecilla de la Orden', 'es', 0, 1, ''),
(7407, 1, 7407, 47, 'Torrecilla de la Torre', 'es', 0, 1, ''),
(7408, 1, 7408, 47, 'Torrelobatón', 'es', 0, 1, ''),
(7409, 1, 7409, 47, 'Torrescárcela', 'es', 0, 1, ''),
(7410, 1, 7410, 47, 'Traspinedo', 'es', 0, 1, ''),
(7411, 1, 7411, 47, 'Trigueros del Valle', 'es', 0, 1, ''),
(7412, 1, 7412, 47, 'Tudela de Duero', 'es', 0, 1, ''),
(7413, 1, 7413, 47, 'Unión de Campos (La)', 'es', 0, 1, ''),
(7414, 1, 7414, 47, 'Urones de Castroponce', 'es', 0, 1, ''),
(7415, 1, 7415, 47, 'Urueña', 'es', 0, 1, ''),
(7416, 1, 7416, 47, 'Valbuena de Duero', 'es', 0, 1, ''),
(7417, 1, 7417, 47, 'Valdearcos de la Vega', 'es', 0, 1, ''),
(7418, 1, 7418, 47, 'Valdenebro de los Valles', 'es', 0, 1, ''),
(7419, 1, 7419, 47, 'Valdestillas', 'es', 0, 1, ''),
(7420, 1, 7420, 47, 'Valdunquillo', 'es', 0, 1, ''),
(7421, 1, 7421, 47, 'Valladolid', 'es', 0, 1, ''),
(7422, 1, 7422, 47, 'Valoria la Buena', 'es', 0, 1, ''),
(7423, 1, 7423, 47, 'Valverde de Campos', 'es', 0, 1, ''),
(7424, 1, 7424, 47, 'Vega de Ruiponce', 'es', 0, 1, ''),
(7425, 1, 7425, 47, 'Vega de Valdetronco', 'es', 0, 1, ''),
(7426, 1, 7426, 47, 'Velascálvaro', 'es', 0, 1, ''),
(7427, 1, 7427, 47, 'Velilla', 'es', 0, 1, ''),
(7428, 1, 7428, 47, 'Velliza', 'es', 0, 1, ''),
(7429, 1, 7429, 47, 'Ventosa de la Cuesta', 'es', 0, 1, ''),
(7430, 1, 7430, 47, 'Viana de Cega', 'es', 0, 1, ''),
(7431, 1, 7431, 47, 'Villabáñez', 'es', 0, 1, ''),
(7432, 1, 7432, 47, 'Villabaruz de Campos', 'es', 0, 1, ''),
(7433, 1, 7433, 47, 'Villabrágima', 'es', 0, 1, ''),
(7434, 1, 7434, 47, 'Villacarralón', 'es', 0, 1, ''),
(7435, 1, 7435, 47, 'Villacid de Campos', 'es', 0, 1, ''),
(7436, 1, 7436, 47, 'Villaco', 'es', 0, 1, ''),
(7437, 1, 7437, 47, 'Villafrades de Campos', 'es', 0, 1, ''),
(7438, 1, 7438, 47, 'Villafranca de Duero', 'es', 0, 1, ''),
(7439, 1, 7439, 47, 'Villafrechós', 'es', 0, 1, ''),
(7440, 1, 7440, 47, 'Villafuerte', 'es', 0, 1, ''),
(7441, 1, 7441, 47, 'Villagarcía de Campos', 'es', 0, 1, ''),
(7442, 1, 7442, 47, 'Villagómez la Nueva', 'es', 0, 1, ''),
(7443, 1, 7443, 47, 'Villalán de Campos', 'es', 0, 1, ''),
(7444, 1, 7444, 47, 'Villalar de los Comuneros', 'es', 0, 1, ''),
(7445, 1, 7445, 47, 'Villalba de la Loma', 'es', 0, 1, ''),
(7446, 1, 7446, 47, 'Villalba de los Alcores', 'es', 0, 1, ''),
(7447, 1, 7447, 47, 'Villalbarba', 'es', 0, 1, ''),
(7448, 1, 7448, 47, 'Villalón de Campos', 'es', 0, 1, ''),
(7449, 1, 7449, 47, 'Villamuriel de Campos', 'es', 0, 1, ''),
(7450, 1, 7450, 47, 'Villán de Tordesillas', 'es', 0, 1, ''),
(7451, 1, 7451, 47, 'Villanubla', 'es', 0, 1, ''),
(7452, 1, 7452, 47, 'Villanueva de Duero', 'es', 0, 1, ''),
(7453, 1, 7453, 47, 'Villanueva de la Condesa', 'es', 0, 1, ''),
(7454, 1, 7454, 47, 'Villanueva de los Caballeros', 'es', 0, 1, ''),
(7455, 1, 7455, 47, 'Villanueva de los Infantes', 'es', 0, 1, ''),
(7456, 1, 7456, 47, 'Villanueva de San Mancio', 'es', 0, 1, ''),
(7457, 1, 7457, 47, 'Villardefrades', 'es', 0, 1, ''),
(7458, 1, 7458, 47, 'Villarmentero de Esgueva', 'es', 0, 1, ''),
(7459, 1, 7459, 47, 'Villasexmir', 'es', 0, 1, ''),
(7460, 1, 7460, 47, 'Villavaquerín', 'es', 0, 1, ''),
(7461, 1, 7461, 47, 'Villavellid', 'es', 0, 1, ''),
(7462, 1, 7462, 47, 'Villaverde de Medina', 'es', 0, 1, ''),
(7463, 1, 7463, 47, 'Villavicencio de los Caballeros', 'es', 0, 1, ''),
(7464, 1, 7464, 47, 'Viloria', 'es', 0, 1, ''),
(7465, 1, 7465, 47, 'Wamba', 'es', 0, 1, ''),
(7466, 1, 7466, 47, 'Zaratán', 'es', 0, 1, ''),
(7467, 1, 7467, 47, 'Zarza (La)', 'es', 0, 1, ''),
(7468, 1, 7468, 48, 'Abadiño', 'es', 0, 1, ''),
(7469, 1, 7469, 48, 'Abanto y Ciérvana-Abanto Zierbena', 'es', 0, 1, ''),
(7470, 1, 7470, 48, 'Ajangiz', 'es', 0, 1, ''),
(7471, 1, 7471, 48, 'Alonsotegi', 'es', 0, 1, ''),
(7472, 1, 7472, 48, 'Amorebieta-Etxano', 'es', 0, 1, ''),
(7473, 1, 7473, 48, 'Amoroto', 'es', 0, 1, ''),
(7474, 1, 7474, 48, 'Arakaldo', 'es', 0, 1, ''),
(7475, 1, 7475, 48, 'Arantzazu', 'es', 0, 1, ''),
(7476, 1, 7476, 48, 'Areatza', 'es', 0, 1, ''),
(7477, 1, 7477, 48, 'Arrankudiaga', 'es', 0, 1, ''),
(7478, 1, 7478, 48, 'Arratzu', 'es', 0, 1, ''),
(7479, 1, 7479, 48, 'Arrieta', 'es', 0, 1, ''),
(7480, 1, 7480, 48, 'Arrigorriaga', 'es', 0, 1, ''),
(7481, 1, 7481, 48, 'Artea', 'es', 0, 1, ''),
(7482, 1, 7482, 48, 'Artzentales', 'es', 0, 1, ''),
(7483, 1, 7483, 48, 'Atxondo', 'es', 0, 1, ''),
(7484, 1, 7484, 48, 'Aulesti', 'es', 0, 1, ''),
(7485, 1, 7485, 48, 'Bakio', 'es', 0, 1, ''),
(7486, 1, 7486, 48, 'Balmaseda', 'es', 0, 1, ''),
(7487, 1, 7487, 48, 'Barakaldo', 'es', 0, 1, ''),
(7488, 1, 7488, 48, 'Barrika', 'es', 0, 1, ''),
(7489, 1, 7489, 48, 'Basauri', 'es', 0, 1, ''),
(7490, 1, 7490, 48, 'Bedia', 'es', 0, 1, ''),
(7491, 1, 7491, 48, 'Berango', 'es', 0, 1, ''),
(7492, 1, 7492, 48, 'Bermeo', 'es', 0, 1, ''),
(7493, 1, 7493, 48, 'Berriatua', 'es', 0, 1, ''),
(7494, 1, 7494, 48, 'Berriz', 'es', 0, 1, ''),
(7495, 1, 7495, 48, 'Bilbao', 'es', 0, 1, ''),
(7496, 1, 7496, 48, 'Busturia', 'es', 0, 1, ''),
(7497, 1, 7497, 48, 'Derio', 'es', 0, 1, ''),
(7498, 1, 7498, 48, 'Dima', 'es', 0, 1, ''),
(7499, 1, 7499, 48, 'Durango', 'es', 0, 1, ''),
(7500, 1, 7500, 48, 'Ea', 'es', 0, 1, ''),
(7501, 1, 7501, 48, 'Elantxobe', 'es', 0, 1, ''),
(7502, 1, 7502, 48, 'Elorrio', 'es', 0, 1, ''),
(7503, 1, 7503, 48, 'Erandio', 'es', 0, 1, ''),
(7504, 1, 7504, 48, 'Ereño', 'es', 0, 1, ''),
(7505, 1, 7505, 48, 'Ermua', 'es', 0, 1, ''),
(7506, 1, 7506, 48, 'Errigoiti', 'es', 0, 1, ''),
(7507, 1, 7507, 48, 'Etxebarri', 'es', 0, 1, ''),
(7508, 1, 7508, 48, 'Etxebarria', 'es', 0, 1, ''),
(7509, 1, 7509, 48, 'Forua', 'es', 0, 1, ''),
(7510, 1, 7510, 48, 'Fruiz', 'es', 0, 1, ''),
(7511, 1, 7511, 48, 'Galdakao', 'es', 0, 1, ''),
(7512, 1, 7512, 48, 'Galdames', 'es', 0, 1, ''),
(7513, 1, 7513, 48, 'Gamiz-Fika', 'es', 0, 1, ''),
(7514, 1, 7514, 48, 'Garai', 'es', 0, 1, ''),
(7515, 1, 7515, 48, 'Gatika', 'es', 0, 1, ''),
(7516, 1, 7516, 48, 'Gautegiz Arteaga', 'es', 0, 1, ''),
(7517, 1, 7517, 48, 'Gernika-Lumo', 'es', 0, 1, ''),
(7518, 1, 7518, 48, 'Getxo', 'es', 0, 1, ''),
(7519, 1, 7519, 48, 'Gizaburuaga', 'es', 0, 1, ''),
(7520, 1, 7520, 48, 'Gordexola', 'es', 0, 1, ''),
(7521, 1, 7521, 48, 'Gorliz', 'es', 0, 1, ''),
(7522, 1, 7522, 48, 'Güeñes', 'es', 0, 1, ''),
(7523, 1, 7523, 48, 'Ibarrangelu', 'es', 0, 1, ''),
(7524, 1, 7524, 48, 'Igorre', 'es', 0, 1, ''),
(7525, 1, 7525, 48, 'Ispaster', 'es', 0, 1, ''),
(7526, 1, 7526, 48, 'Iurreta', 'es', 0, 1, ''),
(7527, 1, 7527, 48, 'Izurtza', 'es', 0, 1, ''),
(7528, 1, 7528, 48, 'Karrantza Harana/Valle de Carranza', 'es', 0, 1, ''),
(7529, 1, 7529, 48, 'Kortezubi', 'es', 0, 1, ''),
(7530, 1, 7530, 48, 'Lanestosa', 'es', 0, 1, ''),
(7531, 1, 7531, 48, 'Larrabetzu', 'es', 0, 1, ''),
(7532, 1, 7532, 48, 'Laukiz', 'es', 0, 1, ''),
(7533, 1, 7533, 48, 'Leioa', 'es', 0, 1, ''),
(7534, 1, 7534, 48, 'Lekeitio', 'es', 0, 1, ''),
(7535, 1, 7535, 48, 'Lemoa', 'es', 0, 1, ''),
(7536, 1, 7536, 48, 'Lemoiz', 'es', 0, 1, ''),
(7537, 1, 7537, 48, 'Lezama', 'es', 0, 1, ''),
(7538, 1, 7538, 48, 'Loiu', 'es', 0, 1, ''),
(7539, 1, 7539, 48, 'Mallabia', 'es', 0, 1, ''),
(7540, 1, 7540, 48, 'Mañaria', 'es', 0, 1, ''),
(7541, 1, 7541, 48, 'Markina-Xemein', 'es', 0, 1, ''),
(7542, 1, 7542, 48, 'Maruri-Jatabe', 'es', 0, 1, ''),
(7543, 1, 7543, 48, 'Mendata', 'es', 0, 1, ''),
(7544, 1, 7544, 48, 'Mendexa', 'es', 0, 1, ''),
(7545, 1, 7545, 48, 'Meñaka', 'es', 0, 1, ''),
(7546, 1, 7546, 48, 'Morga', 'es', 0, 1, ''),
(7547, 1, 7547, 48, 'Mundaka', 'es', 0, 1, ''),
(7548, 1, 7548, 48, 'Mungia', 'es', 0, 1, ''),
(7549, 1, 7549, 48, 'Munitibar-Arbatzegi Gerrikaitz', 'es', 0, 1, ''),
(7550, 1, 7550, 48, 'Murueta', 'es', 0, 1, ''),
(7551, 1, 7551, 48, 'Muskiz', 'es', 0, 1, ''),
(7552, 1, 7552, 48, 'Muxika', 'es', 0, 1, ''),
(7553, 1, 7553, 48, 'Nabarniz', 'es', 0, 1, ''),
(7554, 1, 7554, 48, 'Ondarroa', 'es', 0, 1, ''),
(7555, 1, 7555, 48, 'Orozko', 'es', 0, 1, ''),
(7556, 1, 7556, 48, 'Ortuella', 'es', 0, 1, ''),
(7557, 1, 7557, 48, 'Otxandio', 'es', 0, 1, ''),
(7558, 1, 7558, 48, 'Plentzia', 'es', 0, 1, ''),
(7559, 1, 7559, 48, 'Portugalete', 'es', 0, 1, ''),
(7560, 1, 7560, 48, 'Santurtzi', 'es', 0, 1, ''),
(7561, 1, 7561, 48, 'Sestao', 'es', 0, 1, ''),
(7562, 1, 7562, 48, 'Sondika', 'es', 0, 1, ''),
(7563, 1, 7563, 48, 'Sopelana', 'es', 0, 1, ''),
(7564, 1, 7564, 48, 'Sopuerta', 'es', 0, 1, ''),
(7565, 1, 7565, 48, 'Sukarrieta', 'es', 0, 1, ''),
(7566, 1, 7566, 48, 'Trucios-Turtzioz', 'es', 0, 1, ''),
(7567, 1, 7567, 48, 'Ubide', 'es', 0, 1, ''),
(7568, 1, 7568, 48, 'Ugao-Miraballes', 'es', 0, 1, ''),
(7569, 1, 7569, 48, 'Urduliz', 'es', 0, 1, ''),
(7570, 1, 7570, 48, 'Urduña-Orduña', 'es', 0, 1, ''),
(7571, 1, 7571, 48, 'Valle de Trápaga-Trapagaran', 'es', 0, 1, ''),
(7572, 1, 7572, 48, 'Zaldibar', 'es', 0, 1, ''),
(7573, 1, 7573, 48, 'Zalla', 'es', 0, 1, ''),
(7574, 1, 7574, 48, 'Zamudio', 'es', 0, 1, ''),
(7575, 1, 7575, 48, 'Zaratamo', 'es', 0, 1, ''),
(7576, 1, 7576, 48, 'Zeanuri', 'es', 0, 1, ''),
(7577, 1, 7577, 48, 'Zeberio', 'es', 0, 1, ''),
(7578, 1, 7578, 48, 'Zierbena', 'es', 0, 1, ''),
(7579, 1, 7579, 48, 'Ziortza-Bolibar', 'es', 0, 1, ''),
(7580, 1, 7580, 49, 'Abezames', 'es', 0, 1, ''),
(7581, 1, 7581, 49, 'Alcañices', 'es', 0, 1, ''),
(7582, 1, 7582, 49, 'Alcubilla de Nogales', 'es', 0, 1, ''),
(7583, 1, 7583, 49, 'Alfaraz de Sayago', 'es', 0, 1, ''),
(7584, 1, 7584, 49, 'Algodre', 'es', 0, 1, ''),
(7585, 1, 7585, 49, 'Almaraz de Duero', 'es', 0, 1, ''),
(7586, 1, 7586, 49, 'Almeida de Sayago', 'es', 0, 1, ''),
(7587, 1, 7587, 49, 'Andavías', 'es', 0, 1, ''),
(7588, 1, 7588, 49, 'Arcenillas', 'es', 0, 1, ''),
(7589, 1, 7589, 49, 'Arcos de la Polvorosa', 'es', 0, 1, ''),
(7590, 1, 7590, 49, 'Argañín', 'es', 0, 1, ''),
(7591, 1, 7591, 49, 'Argujillo', 'es', 0, 1, ''),
(7592, 1, 7592, 49, 'Arquillinos', 'es', 0, 1, ''),
(7593, 1, 7593, 49, 'Arrabalde', 'es', 0, 1, ''),
(7594, 1, 7594, 49, 'Aspariegos', 'es', 0, 1, ''),
(7595, 1, 7595, 49, 'Asturianos', 'es', 0, 1, ''),
(7596, 1, 7596, 49, 'Ayoó de Vidriales', 'es', 0, 1, ''),
(7597, 1, 7597, 49, 'Barcial del Barco', 'es', 0, 1, ''),
(7598, 1, 7598, 49, 'Belver de los Montes', 'es', 0, 1, ''),
(7599, 1, 7599, 49, 'Benavente', 'es', 0, 1, ''),
(7600, 1, 7600, 49, 'Benegiles', 'es', 0, 1, ''),
(7601, 1, 7601, 49, 'Bermillo de Sayago', 'es', 0, 1, ''),
(7602, 1, 7602, 49, 'Bóveda de Toro (La)', 'es', 0, 1, ''),
(7603, 1, 7603, 49, 'Bretó', 'es', 0, 1, ''),
(7604, 1, 7604, 49, 'Bretocino', 'es', 0, 1, ''),
(7605, 1, 7605, 49, 'Brime de Sog', 'es', 0, 1, ''),
(7606, 1, 7606, 49, 'Brime de Urz', 'es', 0, 1, ''),
(7607, 1, 7607, 49, 'Burganes de Valverde', 'es', 0, 1, ''),
(7608, 1, 7608, 49, 'Bustillo del Oro', 'es', 0, 1, ''),
(7609, 1, 7609, 49, 'Cabañas de Sayago', 'es', 0, 1, ''),
(7610, 1, 7610, 49, 'Calzadilla de Tera', 'es', 0, 1, ''),
(7611, 1, 7611, 49, 'Camarzana de Tera', 'es', 0, 1, ''),
(7612, 1, 7612, 49, 'Cañizal', 'es', 0, 1, ''),
(7613, 1, 7613, 49, 'Cañizo', 'es', 0, 1, ''),
(7614, 1, 7614, 49, 'Carbajales de Alba', 'es', 0, 1, ''),
(7615, 1, 7615, 49, 'Carbellino', 'es', 0, 1, ''),
(7616, 1, 7616, 49, 'Casaseca de Campeán', 'es', 0, 1, ''),
(7617, 1, 7617, 49, 'Casaseca de las Chanas', 'es', 0, 1, ''),
(7618, 1, 7618, 49, 'Castrillo de la Guareña', 'es', 0, 1, ''),
(7619, 1, 7619, 49, 'Castrogonzalo', 'es', 0, 1, ''),
(7620, 1, 7620, 49, 'Castronuevo', 'es', 0, 1, ''),
(7621, 1, 7621, 49, 'Castroverde de Campos', 'es', 0, 1, ''),
(7622, 1, 7622, 49, 'Cazurra', 'es', 0, 1, ''),
(7623, 1, 7623, 49, 'Cerecinos de Campos', 'es', 0, 1, ''),
(7624, 1, 7624, 49, 'Cerecinos del Carrizal', 'es', 0, 1, ''),
(7625, 1, 7625, 49, 'Cernadilla', 'es', 0, 1, ''),
(7626, 1, 7626, 49, 'Cobreros', 'es', 0, 1, ''),
(7627, 1, 7627, 49, 'Coomonte', 'es', 0, 1, ''),
(7628, 1, 7628, 49, 'Coreses', 'es', 0, 1, ''),
(7629, 1, 7629, 49, 'Corrales', 'es', 0, 1, ''),
(7630, 1, 7630, 49, 'Cotanes del Monte', 'es', 0, 1, ''),
(7631, 1, 7631, 49, 'Cubillos', 'es', 0, 1, ''),
(7632, 1, 7632, 49, 'Cubo de Benavente', 'es', 0, 1, ''),
(7633, 1, 7633, 49, 'Cubo de Tierra del Vino (El)', 'es', 0, 1, ''),
(7634, 1, 7634, 49, 'Cuelgamures', 'es', 0, 1, ''),
(7635, 1, 7635, 49, 'Entrala', 'es', 0, 1, ''),
(7636, 1, 7636, 49, 'Espadañedo', 'es', 0, 1, ''),
(7637, 1, 7637, 49, 'Faramontanos de Tábara', 'es', 0, 1, ''),
(7638, 1, 7638, 49, 'Fariza', 'es', 0, 1, ''),
(7639, 1, 7639, 49, 'Fermoselle', 'es', 0, 1, ''),
(7640, 1, 7640, 49, 'Ferreras de Abajo', 'es', 0, 1, ''),
(7641, 1, 7641, 49, 'Ferreras de Arriba', 'es', 0, 1, ''),
(7642, 1, 7642, 49, 'Ferreruela', 'es', 0, 1, ''),
(7643, 1, 7643, 49, 'Figueruela de Arriba', 'es', 0, 1, ''),
(7644, 1, 7644, 49, 'Fonfría', 'es', 0, 1, ''),
(7645, 1, 7645, 49, 'Fresno de la Polvorosa', 'es', 0, 1, ''),
(7646, 1, 7646, 49, 'Fresno de la Ribera', 'es', 0, 1, ''),
(7647, 1, 7647, 49, 'Fresno de Sayago', 'es', 0, 1, ''),
(7648, 1, 7648, 49, 'Friera de Valverde', 'es', 0, 1, ''),
(7649, 1, 7649, 49, 'Fuente Encalada', 'es', 0, 1, ''),
(7650, 1, 7650, 49, 'Fuentelapeña', 'es', 0, 1, ''),
(7651, 1, 7651, 49, 'Fuentes de Ropel', 'es', 0, 1, ''),
(7652, 1, 7652, 49, 'Fuentesaúco', 'es', 0, 1, ''),
(7653, 1, 7653, 49, 'Fuentesecas', 'es', 0, 1, ''),
(7654, 1, 7654, 49, 'Fuentespreadas', 'es', 0, 1, ''),
(7655, 1, 7655, 49, 'Galende', 'es', 0, 1, ''),
(7656, 1, 7656, 49, 'Gallegos del Pan', 'es', 0, 1, ''),
(7657, 1, 7657, 49, 'Gallegos del Río', 'es', 0, 1, ''),
(7658, 1, 7658, 49, 'Gamones', 'es', 0, 1, ''),
(7659, 1, 7659, 49, 'Gema', 'es', 0, 1, ''),
(7660, 1, 7660, 49, 'Granja de Moreruela', 'es', 0, 1, ''),
(7661, 1, 7661, 49, 'Granucillo', 'es', 0, 1, ''),
(7662, 1, 7662, 49, 'Guarrate', 'es', 0, 1, ''),
(7663, 1, 7663, 49, 'Hermisende', 'es', 0, 1, ''),
(7664, 1, 7664, 49, 'Hiniesta (La)', 'es', 0, 1, ''),
(7665, 1, 7665, 49, 'Jambrina', 'es', 0, 1, ''),
(7666, 1, 7666, 49, 'Justel', 'es', 0, 1, ''),
(7667, 1, 7667, 49, 'Losacino', 'es', 0, 1, ''),
(7668, 1, 7668, 49, 'Losacio', 'es', 0, 1, ''),
(7669, 1, 7669, 49, 'Lubián', 'es', 0, 1, ''),
(7670, 1, 7670, 49, 'Luelmo', 'es', 0, 1, ''),
(7671, 1, 7671, 49, 'Maderal (El)', 'es', 0, 1, ''),
(7672, 1, 7672, 49, 'Madridanos', 'es', 0, 1, ''),
(7673, 1, 7673, 49, 'Mahide', 'es', 0, 1, ''),
(7674, 1, 7674, 49, 'Maire de Castroponce', 'es', 0, 1, ''),
(7675, 1, 7675, 49, 'Malva', 'es', 0, 1, ''),
(7676, 1, 7676, 49, 'Manganeses de la Lampreana', 'es', 0, 1, ''),
(7677, 1, 7677, 49, 'Manganeses de la Polvorosa', 'es', 0, 1, ''),
(7678, 1, 7678, 49, 'Manzanal de Arriba', 'es', 0, 1, ''),
(7679, 1, 7679, 49, 'Manzanal de los Infantes', 'es', 0, 1, ''),
(7680, 1, 7680, 49, 'Manzanal del Barco', 'es', 0, 1, ''),
(7681, 1, 7681, 49, 'Matilla de Arzón', 'es', 0, 1, ''),
(7682, 1, 7682, 49, 'Matilla la Seca', 'es', 0, 1, ''),
(7683, 1, 7683, 49, 'Mayalde', 'es', 0, 1, ''),
(7684, 1, 7684, 49, 'Melgar de Tera', 'es', 0, 1, ''),
(7685, 1, 7685, 49, 'Micereces de Tera', 'es', 0, 1, ''),
(7686, 1, 7686, 49, 'Milles de la Polvorosa', 'es', 0, 1, ''),
(7687, 1, 7687, 49, 'Molacillos', 'es', 0, 1, ''),
(7688, 1, 7688, 49, 'Molezuelas de la Carballeda', 'es', 0, 1, ''),
(7689, 1, 7689, 49, 'Mombuey', 'es', 0, 1, ''),
(7690, 1, 7690, 49, 'Monfarracinos', 'es', 0, 1, ''),
(7691, 1, 7691, 49, 'Montamarta', 'es', 0, 1, ''),
(7692, 1, 7692, 49, 'Moral de Sayago', 'es', 0, 1, ''),
(7693, 1, 7693, 49, 'Moraleja de Sayago', 'es', 0, 1, ''),
(7694, 1, 7694, 49, 'Moraleja del Vino', 'es', 0, 1, ''),
(7695, 1, 7695, 49, 'Morales de Rey', 'es', 0, 1, ''),
(7696, 1, 7696, 49, 'Morales de Toro', 'es', 0, 1, ''),
(7697, 1, 7697, 49, 'Morales de Valverde', 'es', 0, 1, ''),
(7698, 1, 7698, 49, 'Morales del Vino', 'es', 0, 1, ''),
(7699, 1, 7699, 49, 'Moralina', 'es', 0, 1, ''),
(7700, 1, 7700, 49, 'Moreruela de los Infanzones', 'es', 0, 1, ''),
(7701, 1, 7701, 49, 'Moreruela de Tábara', 'es', 0, 1, ''),
(7702, 1, 7702, 49, 'Muelas de los Caballeros', 'es', 0, 1, ''),
(7703, 1, 7703, 49, 'Muelas del Pan', 'es', 0, 1, ''),
(7704, 1, 7704, 49, 'Muga de Sayago', 'es', 0, 1, ''),
(7705, 1, 7705, 49, 'Navianos de Valverde', 'es', 0, 1, ''),
(7706, 1, 7706, 49, 'Olmillos de Castro', 'es', 0, 1, ''),
(7707, 1, 7707, 49, 'Otero de Bodas', 'es', 0, 1, ''),
(7708, 1, 7708, 49, 'Pajares de la Lampreana', 'es', 0, 1, ''),
(7709, 1, 7709, 49, 'Palacios de Sanabria', 'es', 0, 1, ''),
(7710, 1, 7710, 49, 'Palacios del Pan', 'es', 0, 1, ''),
(7711, 1, 7711, 49, 'Pedralba de la Pradería', 'es', 0, 1, ''),
(7712, 1, 7712, 49, 'Pego (El)', 'es', 0, 1, ''),
(7713, 1, 7713, 49, 'Peleagonzalo', 'es', 0, 1, ''),
(7714, 1, 7714, 49, 'Peleas de Abajo', 'es', 0, 1, ''),
(7715, 1, 7715, 49, 'Peñausende', 'es', 0, 1, ''),
(7716, 1, 7716, 49, 'Peque', 'es', 0, 1, ''),
(7717, 1, 7717, 49, 'Perdigón (El)', 'es', 0, 1, ''),
(7718, 1, 7718, 49, 'Pereruela', 'es', 0, 1, ''),
(7719, 1, 7719, 49, 'Perilla de Castro', 'es', 0, 1, ''),
(7720, 1, 7720, 49, 'Pías', 'es', 0, 1, ''),
(7721, 1, 7721, 49, 'Piedrahita de Castro', 'es', 0, 1, ''),
(7722, 1, 7722, 49, 'Pinilla de Toro', 'es', 0, 1, ''),
(7723, 1, 7723, 49, 'Pino del Oro', 'es', 0, 1, ''),
(7724, 1, 7724, 49, 'Piñero (El)', 'es', 0, 1, ''),
(7725, 1, 7725, 49, 'Pobladura de Valderaduey', 'es', 0, 1, ''),
(7726, 1, 7726, 49, 'Pobladura del Valle', 'es', 0, 1, ''),
(7727, 1, 7727, 49, 'Porto', 'es', 0, 1, ''),
(7728, 1, 7728, 49, 'Pozoantiguo', 'es', 0, 1, ''),
(7729, 1, 7729, 49, 'Pozuelo de Tábara', 'es', 0, 1, ''),
(7730, 1, 7730, 49, 'Prado', 'es', 0, 1, ''),
(7731, 1, 7731, 49, 'Puebla de Sanabria', 'es', 0, 1, ''),
(7732, 1, 7732, 49, 'Pueblica de Valverde', 'es', 0, 1, ''),
(7733, 1, 7733, 49, 'Quintanilla de Urz', 'es', 0, 1, ''),
(7734, 1, 7734, 49, 'Quintanilla del Monte', 'es', 0, 1, ''),
(7735, 1, 7735, 49, 'Quintanilla del Olmo', 'es', 0, 1, ''),
(7736, 1, 7736, 49, 'Quiruelas de Vidriales', 'es', 0, 1, ''),
(7737, 1, 7737, 49, 'Rabanales', 'es', 0, 1, ''),
(7738, 1, 7738, 49, 'Rábano de Aliste', 'es', 0, 1, ''),
(7739, 1, 7739, 49, 'Requejo', 'es', 0, 1, ''),
(7740, 1, 7740, 49, 'Revellinos', 'es', 0, 1, ''),
(7741, 1, 7741, 49, 'Riofrío de Aliste', 'es', 0, 1, ''),
(7742, 1, 7742, 49, 'Rionegro del Puente', 'es', 0, 1, ''),
(7743, 1, 7743, 49, 'Roales', 'es', 0, 1, ''),
(7744, 1, 7744, 49, 'Robleda-Cervantes', 'es', 0, 1, ''),
(7745, 1, 7745, 49, 'Roelos de Sayago', 'es', 0, 1, ''),
(7746, 1, 7746, 49, 'Rosinos de la Requejada', 'es', 0, 1, ''),
(7747, 1, 7747, 49, 'Salce', 'es', 0, 1, ''),
(7748, 1, 7748, 49, 'Samir de los Caños', 'es', 0, 1, ''),
(7749, 1, 7749, 49, 'San Agustín del Pozo', 'es', 0, 1, ''),
(7750, 1, 7750, 49, 'San Cebrián de Castro', 'es', 0, 1, ''),
(7751, 1, 7751, 49, 'San Cristóbal de Entreviñas', 'es', 0, 1, ''),
(7752, 1, 7752, 49, 'San Esteban del Molar', 'es', 0, 1, ''),
(7753, 1, 7753, 49, 'San Justo', 'es', 0, 1, ''),
(7754, 1, 7754, 49, 'San Martín de Valderaduey', 'es', 0, 1, ''),
(7755, 1, 7755, 49, 'San Miguel de la Ribera', 'es', 0, 1, ''),
(7756, 1, 7756, 49, 'San Miguel del Valle', 'es', 0, 1, ''),
(7757, 1, 7757, 49, 'San Pedro de Ceque', 'es', 0, 1, ''),
(7758, 1, 7758, 49, 'San Pedro de la Nave-Almendra', 'es', 0, 1, ''),
(7759, 1, 7759, 49, 'San Vicente de la Cabeza', 'es', 0, 1, ''),
(7760, 1, 7760, 49, 'San Vitero', 'es', 0, 1, ''),
(7761, 1, 7761, 49, 'Santa Clara de Avedillo', 'es', 0, 1, ''),
(7762, 1, 7762, 49, 'Santa Colomba de las Monjas', 'es', 0, 1, ''),
(7763, 1, 7763, 49, 'Santa Cristina de la Polvorosa', 'es', 0, 1, ''),
(7764, 1, 7764, 49, 'Santa Croya de Tera', 'es', 0, 1, ''),
(7765, 1, 7765, 49, 'Santa Eufemia del Barco', 'es', 0, 1, ''),
(7766, 1, 7766, 49, 'Santa María de la Vega', 'es', 0, 1, ''),
(7767, 1, 7767, 49, 'Santa María de Valverde', 'es', 0, 1, ''),
(7768, 1, 7768, 49, 'Santibáñez de Tera', 'es', 0, 1, ''),
(7769, 1, 7769, 49, 'Santibáñez de Vidriales', 'es', 0, 1, ''),
(7770, 1, 7770, 49, 'Santovenia', 'es', 0, 1, ''),
(7771, 1, 7771, 49, 'Sanzoles', 'es', 0, 1, ''),
(7772, 1, 7772, 49, 'Tábara', 'es', 0, 1, ''),
(7773, 1, 7773, 49, 'Tapioles', 'es', 0, 1, ''),
(7774, 1, 7774, 49, 'Toro', 'es', 0, 1, ''),
(7775, 1, 7775, 49, 'Torre del Valle (La)', 'es', 0, 1, ''),
(7776, 1, 7776, 49, 'Torregamones', 'es', 0, 1, ''),
(7777, 1, 7777, 49, 'Torres del Carrizal', 'es', 0, 1, ''),
(7778, 1, 7778, 49, 'Trabazos', 'es', 0, 1, ''),
(7779, 1, 7779, 49, 'Trefacio', 'es', 0, 1, ''),
(7780, 1, 7780, 49, 'Uña de Quintana', 'es', 0, 1, ''),
(7781, 1, 7781, 49, 'Vadillo de la Guareña', 'es', 0, 1, ''),
(7782, 1, 7782, 49, 'Valcabado', 'es', 0, 1, ''),
(7783, 1, 7783, 49, 'Valdefinjas', 'es', 0, 1, ''),
(7784, 1, 7784, 49, 'Valdescorriel', 'es', 0, 1, ''),
(7785, 1, 7785, 49, 'Vallesa de la Guareña', 'es', 0, 1, ''),
(7786, 1, 7786, 49, 'Vega de Tera', 'es', 0, 1, ''),
(7787, 1, 7787, 49, 'Vega de Villalobos', 'es', 0, 1, ''),
(7788, 1, 7788, 49, 'Vegalatrave', 'es', 0, 1, ''),
(7789, 1, 7789, 49, 'Venialbo', 'es', 0, 1, ''),
(7790, 1, 7790, 49, 'Vezdemarbán', 'es', 0, 1, ''),
(7791, 1, 7791, 49, 'Vidayanes', 'es', 0, 1, ''),
(7792, 1, 7792, 49, 'Videmala', 'es', 0, 1, ''),
(7793, 1, 7793, 49, 'Villabrázaro', 'es', 0, 1, ''),
(7794, 1, 7794, 49, 'Villabuena del Puente', 'es', 0, 1, ''),
(7795, 1, 7795, 49, 'Villadepera', 'es', 0, 1, ''),
(7796, 1, 7796, 49, 'Villaescusa', 'es', 0, 1, ''),
(7797, 1, 7797, 49, 'Villafáfila', 'es', 0, 1, ''),
(7798, 1, 7798, 49, 'Villaferrueña', 'es', 0, 1, ''),
(7799, 1, 7799, 49, 'Villageriz', 'es', 0, 1, ''),
(7800, 1, 7800, 49, 'Villalazán', 'es', 0, 1, ''),
(7801, 1, 7801, 49, 'Villalba de la Lampreana', 'es', 0, 1, ''),
(7802, 1, 7802, 49, 'Villalcampo', 'es', 0, 1, ''),
(7803, 1, 7803, 49, 'Villalobos', 'es', 0, 1, ''),
(7804, 1, 7804, 49, 'Villalonso', 'es', 0, 1, ''),
(7805, 1, 7805, 49, 'Villalpando', 'es', 0, 1, ''),
(7806, 1, 7806, 49, 'Villalube', 'es', 0, 1, ''),
(7807, 1, 7807, 49, 'Villamayor de Campos', 'es', 0, 1, ''),
(7808, 1, 7808, 49, 'Villamor de los Escuderos', 'es', 0, 1, ''),
(7809, 1, 7809, 49, 'Villanázar', 'es', 0, 1, ''),
(7810, 1, 7810, 49, 'Villanueva de Azoague', 'es', 0, 1, ''),
(7811, 1, 7811, 49, 'Villanueva de Campeán', 'es', 0, 1, ''),
(7812, 1, 7812, 49, 'Villanueva de las Peras', 'es', 0, 1, ''),
(7813, 1, 7813, 49, 'Villanueva del Campo', 'es', 0, 1, ''),
(7814, 1, 7814, 49, 'Villar de Fallaves', 'es', 0, 1, ''),
(7815, 1, 7815, 49, 'Villar del Buey', 'es', 0, 1, ''),
(7816, 1, 7816, 49, 'Villaralbo', 'es', 0, 1, ''),
(7817, 1, 7817, 49, 'Villardeciervos', 'es', 0, 1, ''),
(7818, 1, 7818, 49, 'Villardiegua de la Ribera', 'es', 0, 1, ''),
(7819, 1, 7819, 49, 'Villárdiga', 'es', 0, 1, ''),
(7820, 1, 7820, 49, 'Villardondiego', 'es', 0, 1, ''),
(7821, 1, 7821, 49, 'Villarrín de Campos', 'es', 0, 1, ''),
(7822, 1, 7822, 49, 'Villaseco del Pan', 'es', 0, 1, ''),
(7823, 1, 7823, 49, 'Villavendimio', 'es', 0, 1, ''),
(7824, 1, 7824, 49, 'Villaveza de Valverde', 'es', 0, 1, ''),
(7825, 1, 7825, 49, 'Villaveza del Agua', 'es', 0, 1, ''),
(7826, 1, 7826, 49, 'Viñas', 'es', 0, 1, ''),
(7827, 1, 7827, 49, 'Zamora', 'es', 0, 1, ''),
(7828, 1, 7828, 50, 'Abanto', 'es', 0, 1, ''),
(7829, 1, 7829, 50, 'Acered', 'es', 0, 1, ''),
(7830, 1, 7830, 50, 'Agón', 'es', 0, 1, ''),
(7831, 1, 7831, 50, 'Aguarón', 'es', 0, 1, ''),
(7832, 1, 7832, 50, 'Aguilón', 'es', 0, 1, ''),
(7833, 1, 7833, 50, 'Ainzón', 'es', 0, 1, ''),
(7834, 1, 7834, 50, 'Aladrén', 'es', 0, 1, ''),
(7835, 1, 7835, 50, 'Alagón', 'es', 0, 1, ''),
(7836, 1, 7836, 50, 'Alarba', 'es', 0, 1, ''),
(7837, 1, 7837, 50, 'Alberite de San Juan', 'es', 0, 1, ''),
(7838, 1, 7838, 50, 'Albeta', 'es', 0, 1, ''),
(7839, 1, 7839, 50, 'Alborge', 'es', 0, 1, ''),
(7840, 1, 7840, 50, 'Alcalá de Ebro', 'es', 0, 1, ''),
(7841, 1, 7841, 50, 'Alcalá de Moncayo', 'es', 0, 1, ''),
(7842, 1, 7842, 50, 'Alconchel de Ariza', 'es', 0, 1, '');
INSERT INTO `geo_municipios` (`id`, `estado`, `orden`, `provincia`, `value`, `lang`, `free`, `reexpedicion`, `entrega`) VALUES
(7843, 1, 7843, 50, 'Aldehuela de Liestos', 'es', 0, 1, ''),
(7844, 1, 7844, 50, 'Alfajarín', 'es', 0, 1, ''),
(7845, 1, 7845, 50, 'Alfamén', 'es', 0, 1, ''),
(7846, 1, 7846, 50, 'Alforque', 'es', 0, 1, ''),
(7847, 1, 7847, 50, 'Alhama de Aragón', 'es', 0, 1, ''),
(7848, 1, 7848, 50, 'Almochuel', 'es', 0, 1, ''),
(7849, 1, 7849, 50, 'Almolda (La)', 'es', 0, 1, ''),
(7850, 1, 7850, 50, 'Almonacid de la Cuba', 'es', 0, 1, ''),
(7851, 1, 7851, 50, 'Almonacid de la Sierra', 'es', 0, 1, ''),
(7852, 1, 7852, 50, 'Almunia de Doña Godina (La)', 'es', 0, 1, ''),
(7853, 1, 7853, 50, 'Alpartir', 'es', 0, 1, ''),
(7854, 1, 7854, 50, 'Ambel', 'es', 0, 1, ''),
(7855, 1, 7855, 50, 'Anento', 'es', 0, 1, ''),
(7856, 1, 7856, 50, 'Aniñón', 'es', 0, 1, ''),
(7857, 1, 7857, 50, 'Añón de Moncayo', 'es', 0, 1, ''),
(7858, 1, 7858, 50, 'Aranda de Moncayo', 'es', 0, 1, ''),
(7859, 1, 7859, 50, 'Arándiga', 'es', 0, 1, ''),
(7860, 1, 7860, 50, 'Ardisa', 'es', 0, 1, ''),
(7861, 1, 7861, 50, 'Ariza', 'es', 0, 1, ''),
(7862, 1, 7862, 50, 'Artieda', 'es', 0, 1, ''),
(7863, 1, 7863, 50, 'Asín', 'es', 0, 1, ''),
(7864, 1, 7864, 50, 'Atea', 'es', 0, 1, ''),
(7865, 1, 7865, 50, 'Ateca', 'es', 0, 1, ''),
(7866, 1, 7866, 50, 'Azuara', 'es', 0, 1, ''),
(7867, 1, 7867, 50, 'Badules', 'es', 0, 1, ''),
(7868, 1, 7868, 50, 'Bagüés', 'es', 0, 1, ''),
(7869, 1, 7869, 50, 'Balconchán', 'es', 0, 1, ''),
(7870, 1, 7870, 50, 'Bárboles', 'es', 0, 1, ''),
(7871, 1, 7871, 50, 'Bardallur', 'es', 0, 1, ''),
(7872, 1, 7872, 50, 'Belchite', 'es', 0, 1, ''),
(7873, 1, 7873, 50, 'Belmonte de Gracián', 'es', 0, 1, ''),
(7874, 1, 7874, 50, 'Berdejo', 'es', 0, 1, ''),
(7875, 1, 7875, 50, 'Berrueco', 'es', 0, 1, ''),
(7876, 1, 7876, 50, 'Biel', 'es', 0, 1, ''),
(7877, 1, 7877, 50, 'Bijuesca', 'es', 0, 1, ''),
(7878, 1, 7878, 50, 'Biota', 'es', 0, 1, ''),
(7879, 1, 7879, 50, 'Bisimbre', 'es', 0, 1, ''),
(7880, 1, 7880, 50, 'Boquiñeni', 'es', 0, 1, ''),
(7881, 1, 7881, 50, 'Bordalba', 'es', 0, 1, ''),
(7882, 1, 7882, 50, 'Borja', 'es', 0, 1, ''),
(7883, 1, 7883, 50, 'Botorrita', 'es', 0, 1, ''),
(7884, 1, 7884, 50, 'Brea de Aragón', 'es', 0, 1, ''),
(7885, 1, 7885, 50, 'Bubierca', 'es', 0, 1, ''),
(7886, 1, 7886, 50, 'Bujaraloz', 'es', 0, 1, ''),
(7887, 1, 7887, 50, 'Bulbuente', 'es', 0, 1, ''),
(7888, 1, 7888, 50, 'Bureta', 'es', 0, 1, ''),
(7889, 1, 7889, 50, 'Burgo de Ebro (El)', 'es', 0, 1, ''),
(7890, 1, 7890, 50, 'Buste (El)', 'es', 0, 1, ''),
(7891, 1, 7891, 50, 'Cabañas de Ebro', 'es', 0, 1, ''),
(7892, 1, 7892, 50, 'Cabolafuente', 'es', 0, 1, ''),
(7893, 1, 7893, 50, 'Cadrete', 'es', 0, 1, ''),
(7894, 1, 7894, 50, 'Calatayud', 'es', 0, 1, ''),
(7895, 1, 7895, 50, 'Calatorao', 'es', 0, 1, ''),
(7896, 1, 7896, 50, 'Calcena', 'es', 0, 1, ''),
(7897, 1, 7897, 50, 'Calmarza', 'es', 0, 1, ''),
(7898, 1, 7898, 50, 'Campillo de Aragón', 'es', 0, 1, ''),
(7899, 1, 7899, 50, 'Carenas', 'es', 0, 1, ''),
(7900, 1, 7900, 50, 'Cariñena', 'es', 0, 1, ''),
(7901, 1, 7901, 50, 'Caspe', 'es', 0, 1, ''),
(7902, 1, 7902, 50, 'Castejón de Alarba', 'es', 0, 1, ''),
(7903, 1, 7903, 50, 'Castejón de las Armas', 'es', 0, 1, ''),
(7904, 1, 7904, 50, 'Castejón de Valdejasa', 'es', 0, 1, ''),
(7905, 1, 7905, 50, 'Castiliscar', 'es', 0, 1, ''),
(7906, 1, 7906, 50, 'Cervera de la Cañada', 'es', 0, 1, ''),
(7907, 1, 7907, 50, 'Cerveruela', 'es', 0, 1, ''),
(7908, 1, 7908, 50, 'Cetina', 'es', 0, 1, ''),
(7909, 1, 7909, 50, 'Chiprana', 'es', 0, 1, ''),
(7910, 1, 7910, 50, 'Chodes', 'es', 0, 1, ''),
(7911, 1, 7911, 50, 'Cimballa', 'es', 0, 1, ''),
(7912, 1, 7912, 50, 'Cinco Olivas', 'es', 0, 1, ''),
(7913, 1, 7913, 50, 'Clarés de Ribota', 'es', 0, 1, ''),
(7914, 1, 7914, 50, 'Codo', 'es', 0, 1, ''),
(7915, 1, 7915, 50, 'Codos', 'es', 0, 1, ''),
(7916, 1, 7916, 50, 'Contamina', 'es', 0, 1, ''),
(7917, 1, 7917, 50, 'Cosuenda', 'es', 0, 1, ''),
(7918, 1, 7918, 50, 'Cuarte de Huerva', 'es', 0, 1, ''),
(7919, 1, 7919, 50, 'Cubel', 'es', 0, 1, ''),
(7920, 1, 7920, 50, 'Cuerlas (Las)', 'es', 0, 1, ''),
(7921, 1, 7921, 50, 'Daroca', 'es', 0, 1, ''),
(7922, 1, 7922, 50, 'Ejea de los Caballeros', 'es', 0, 1, ''),
(7923, 1, 7923, 50, 'Embid de Ariza', 'es', 0, 1, ''),
(7924, 1, 7924, 50, 'Encinacorba', 'es', 0, 1, ''),
(7925, 1, 7925, 50, 'Épila', 'es', 0, 1, ''),
(7926, 1, 7926, 50, 'Erla', 'es', 0, 1, ''),
(7927, 1, 7927, 50, 'Escatrón', 'es', 0, 1, ''),
(7928, 1, 7928, 50, 'Fabara', 'es', 0, 1, ''),
(7929, 1, 7929, 50, 'Farlete', 'es', 0, 1, ''),
(7930, 1, 7930, 50, 'Fayón', 'es', 0, 1, ''),
(7931, 1, 7931, 50, 'Fayos (Los)', 'es', 0, 1, ''),
(7932, 1, 7932, 50, 'Figueruelas', 'es', 0, 1, ''),
(7933, 1, 7933, 50, 'Fombuena', 'es', 0, 1, ''),
(7934, 1, 7934, 50, 'Frago (El)', 'es', 0, 1, ''),
(7935, 1, 7935, 50, 'Frasno (El)', 'es', 0, 1, ''),
(7936, 1, 7936, 50, 'Fréscano', 'es', 0, 1, ''),
(7937, 1, 7937, 50, 'Fuendejalón', 'es', 0, 1, ''),
(7938, 1, 7938, 50, 'Fuendetodos', 'es', 0, 1, ''),
(7939, 1, 7939, 50, 'Fuentes de Ebro', 'es', 0, 1, ''),
(7940, 1, 7940, 50, 'Fuentes de Jiloca', 'es', 0, 1, ''),
(7941, 1, 7941, 50, 'Gallocanta', 'es', 0, 1, ''),
(7942, 1, 7942, 50, 'Gallur', 'es', 0, 1, ''),
(7943, 1, 7943, 50, 'Gelsa', 'es', 0, 1, ''),
(7944, 1, 7944, 50, 'Godojos', 'es', 0, 1, ''),
(7945, 1, 7945, 50, 'Gotor', 'es', 0, 1, ''),
(7946, 1, 7946, 50, 'Grisel', 'es', 0, 1, ''),
(7947, 1, 7947, 50, 'Grisén', 'es', 0, 1, ''),
(7948, 1, 7948, 50, 'Herrera de los Navarros', 'es', 0, 1, ''),
(7949, 1, 7949, 50, 'Ibdes', 'es', 0, 1, ''),
(7950, 1, 7950, 50, 'Illueca', 'es', 0, 1, ''),
(7951, 1, 7951, 50, 'Isuerre', 'es', 0, 1, ''),
(7952, 1, 7952, 50, 'Jaraba', 'es', 0, 1, ''),
(7953, 1, 7953, 50, 'Jarque', 'es', 0, 1, ''),
(7954, 1, 7954, 50, 'Jaulín', 'es', 0, 1, ''),
(7955, 1, 7955, 50, 'Joyosa (La)', 'es', 0, 1, ''),
(7956, 1, 7956, 50, 'Lagata', 'es', 0, 1, ''),
(7957, 1, 7957, 50, 'Langa del Castillo', 'es', 0, 1, ''),
(7958, 1, 7958, 50, 'Layana', 'es', 0, 1, ''),
(7959, 1, 7959, 50, 'Lécera', 'es', 0, 1, ''),
(7960, 1, 7960, 50, 'Lechón', 'es', 0, 1, ''),
(7961, 1, 7961, 50, 'Leciñena', 'es', 0, 1, ''),
(7962, 1, 7962, 50, 'Letux', 'es', 0, 1, ''),
(7963, 1, 7963, 50, 'Litago', 'es', 0, 1, ''),
(7964, 1, 7964, 50, 'Lituénigo', 'es', 0, 1, ''),
(7965, 1, 7965, 50, 'Lobera de Onsella', 'es', 0, 1, ''),
(7966, 1, 7966, 50, 'Longares', 'es', 0, 1, ''),
(7967, 1, 7967, 50, 'Longás', 'es', 0, 1, ''),
(7968, 1, 7968, 50, 'Lucena de Jalón', 'es', 0, 1, ''),
(7969, 1, 7969, 50, 'Luceni', 'es', 0, 1, ''),
(7970, 1, 7970, 50, 'Luesia', 'es', 0, 1, ''),
(7971, 1, 7971, 50, 'Luesma', 'es', 0, 1, ''),
(7972, 1, 7972, 50, 'Lumpiaque', 'es', 0, 1, ''),
(7973, 1, 7973, 50, 'Luna', 'es', 0, 1, ''),
(7974, 1, 7974, 50, 'Maella', 'es', 0, 1, ''),
(7975, 1, 7975, 50, 'Magallón', 'es', 0, 1, ''),
(7976, 1, 7976, 50, 'Mainar', 'es', 0, 1, ''),
(7977, 1, 7977, 50, 'Malanquilla', 'es', 0, 1, ''),
(7978, 1, 7978, 50, 'Maleján', 'es', 0, 1, ''),
(7979, 1, 7979, 50, 'Mallén', 'es', 0, 1, ''),
(7980, 1, 7980, 50, 'Malón', 'es', 0, 1, ''),
(7981, 1, 7981, 50, 'Maluenda', 'es', 0, 1, ''),
(7982, 1, 7982, 50, 'Manchones', 'es', 0, 1, ''),
(7983, 1, 7983, 50, 'Mara', 'es', 0, 1, ''),
(7984, 1, 7984, 50, 'María de Huerva', 'es', 0, 1, ''),
(7985, 1, 7985, 50, 'Marracos', 'es', 0, 1, ''),
(7986, 1, 7986, 50, 'Mediana de Aragón', 'es', 0, 1, ''),
(7987, 1, 7987, 50, 'Mequinenza', 'es', 0, 1, ''),
(7988, 1, 7988, 50, 'Mesones de Isuela', 'es', 0, 1, ''),
(7989, 1, 7989, 50, 'Mezalocha', 'es', 0, 1, ''),
(7990, 1, 7990, 50, 'Mianos', 'es', 0, 1, ''),
(7991, 1, 7991, 50, 'Miedes de Aragón', 'es', 0, 1, ''),
(7992, 1, 7992, 50, 'Monegrillo', 'es', 0, 1, ''),
(7993, 1, 7993, 50, 'Moneva', 'es', 0, 1, ''),
(7994, 1, 7994, 50, 'Monreal de Ariza', 'es', 0, 1, ''),
(7995, 1, 7995, 50, 'Monterde', 'es', 0, 1, ''),
(7996, 1, 7996, 50, 'Montón', 'es', 0, 1, ''),
(7997, 1, 7997, 50, 'Morata de Jalón', 'es', 0, 1, ''),
(7998, 1, 7998, 50, 'Morata de Jiloca', 'es', 0, 1, ''),
(7999, 1, 7999, 50, 'Morés', 'es', 0, 1, ''),
(8000, 1, 8000, 50, 'Moros', 'es', 0, 1, ''),
(8001, 1, 8001, 50, 'Moyuela', 'es', 0, 1, ''),
(8002, 1, 8002, 50, 'Mozota', 'es', 0, 1, ''),
(8003, 1, 8003, 50, 'Muel', 'es', 0, 1, ''),
(8004, 1, 8004, 50, 'Muela (La)', 'es', 0, 1, ''),
(8005, 1, 8005, 50, 'Munébrega', 'es', 0, 1, ''),
(8006, 1, 8006, 50, 'Murero', 'es', 0, 1, ''),
(8007, 1, 8007, 50, 'Murillo de Gállego', 'es', 0, 1, ''),
(8008, 1, 8008, 50, 'Navardún', 'es', 0, 1, ''),
(8009, 1, 8009, 50, 'Nigüella', 'es', 0, 1, ''),
(8010, 1, 8010, 50, 'Nombrevilla', 'es', 0, 1, ''),
(8011, 1, 8011, 50, 'Nonaspe', 'es', 0, 1, ''),
(8012, 1, 8012, 50, 'Novallas', 'es', 0, 1, ''),
(8013, 1, 8013, 50, 'Novillas', 'es', 0, 1, ''),
(8014, 1, 8014, 50, 'Nuévalos', 'es', 0, 1, ''),
(8015, 1, 8015, 50, 'Nuez de Ebro', 'es', 0, 1, ''),
(8016, 1, 8016, 50, 'Olvés', 'es', 0, 1, ''),
(8017, 1, 8017, 50, 'Orcajo', 'es', 0, 1, ''),
(8018, 1, 8018, 50, 'Orera', 'es', 0, 1, ''),
(8019, 1, 8019, 50, 'Orés', 'es', 0, 1, ''),
(8020, 1, 8020, 50, 'Oseja', 'es', 0, 1, ''),
(8021, 1, 8021, 50, 'Osera de Ebro', 'es', 0, 1, ''),
(8022, 1, 8022, 50, 'Paniza', 'es', 0, 1, ''),
(8023, 1, 8023, 50, 'Paracuellos de Jiloca', 'es', 0, 1, ''),
(8024, 1, 8024, 50, 'Paracuellos de la Ribera', 'es', 0, 1, ''),
(8025, 1, 8025, 50, 'Pastriz', 'es', 0, 1, ''),
(8026, 1, 8026, 50, 'Pedrola', 'es', 0, 1, ''),
(8027, 1, 8027, 50, 'Pedrosas (Las)', 'es', 0, 1, ''),
(8028, 1, 8028, 50, 'Perdiguera', 'es', 0, 1, ''),
(8029, 1, 8029, 50, 'Piedratajada', 'es', 0, 1, ''),
(8030, 1, 8030, 50, 'Pina de Ebro', 'es', 0, 1, ''),
(8031, 1, 8031, 50, 'Pinseque', 'es', 0, 1, ''),
(8032, 1, 8032, 50, 'Pintanos (Los)', 'es', 0, 1, ''),
(8033, 1, 8033, 50, 'Plasencia de Jalón', 'es', 0, 1, ''),
(8034, 1, 8034, 50, 'Pleitas', 'es', 0, 1, ''),
(8035, 1, 8035, 50, 'Plenas', 'es', 0, 1, ''),
(8036, 1, 8036, 50, 'Pomer', 'es', 0, 1, ''),
(8037, 1, 8037, 50, 'Pozuel de Ariza', 'es', 0, 1, ''),
(8038, 1, 8038, 50, 'Pozuelo de Aragón', 'es', 0, 1, ''),
(8039, 1, 8039, 50, 'Pradilla de Ebro', 'es', 0, 1, ''),
(8040, 1, 8040, 50, 'Puebla de Albortón', 'es', 0, 1, ''),
(8041, 1, 8041, 50, 'Puebla de Alfindén (La)', 'es', 0, 1, ''),
(8042, 1, 8042, 50, 'Puendeluna', 'es', 0, 1, ''),
(8043, 1, 8043, 50, 'Purujosa', 'es', 0, 1, ''),
(8044, 1, 8044, 50, 'Quinto', 'es', 0, 1, ''),
(8045, 1, 8045, 50, 'Remolinos', 'es', 0, 1, ''),
(8046, 1, 8046, 50, 'Retascón', 'es', 0, 1, ''),
(8047, 1, 8047, 50, 'Ricla', 'es', 0, 1, ''),
(8048, 1, 8048, 50, 'Romanos', 'es', 0, 1, ''),
(8049, 1, 8049, 50, 'Rueda de Jalón', 'es', 0, 1, ''),
(8050, 1, 8050, 50, 'Ruesca', 'es', 0, 1, ''),
(8051, 1, 8051, 50, 'Sabiñán', 'es', 0, 1, ''),
(8052, 1, 8052, 50, 'Sádaba', 'es', 0, 1, ''),
(8053, 1, 8053, 50, 'Salillas de Jalón', 'es', 0, 1, ''),
(8054, 1, 8054, 50, 'Salvatierra de Esca', 'es', 0, 1, ''),
(8055, 1, 8055, 50, 'Samper del Salz', 'es', 0, 1, ''),
(8056, 1, 8056, 50, 'San Martín de la Virgen de Moncayo', 'es', 0, 1, ''),
(8057, 1, 8057, 50, 'San Mateo de Gállego', 'es', 0, 1, ''),
(8058, 1, 8058, 50, 'Santa Cruz de Grío', 'es', 0, 1, ''),
(8059, 1, 8059, 50, 'Santa Cruz de Moncayo', 'es', 0, 1, ''),
(8060, 1, 8060, 50, 'Santa Eulalia de Gállego', 'es', 0, 1, ''),
(8061, 1, 8061, 50, 'Santed', 'es', 0, 1, ''),
(8062, 1, 8062, 50, 'Sástago', 'es', 0, 1, ''),
(8063, 1, 8063, 50, 'Sediles', 'es', 0, 1, ''),
(8064, 1, 8064, 50, 'Sestrica', 'es', 0, 1, ''),
(8065, 1, 8065, 50, 'Sierra de Luna', 'es', 0, 1, ''),
(8066, 1, 8066, 50, 'Sigüés', 'es', 0, 1, ''),
(8067, 1, 8067, 50, 'Sisamón', 'es', 0, 1, ''),
(8068, 1, 8068, 50, 'Sobradiel', 'es', 0, 1, ''),
(8069, 1, 8069, 50, 'Sos del Rey Católico', 'es', 0, 1, ''),
(8070, 1, 8070, 50, 'Tabuenca', 'es', 0, 1, ''),
(8071, 1, 8071, 50, 'Talamantes', 'es', 0, 1, ''),
(8072, 1, 8072, 50, 'Tarazona', 'es', 0, 1, ''),
(8073, 1, 8073, 50, 'Tauste', 'es', 0, 1, ''),
(8074, 1, 8074, 50, 'Terrer', 'es', 0, 1, ''),
(8075, 1, 8075, 50, 'Tierga', 'es', 0, 1, ''),
(8076, 1, 8076, 50, 'Tobed', 'es', 0, 1, ''),
(8077, 1, 8077, 50, 'Torralba de los Frailes', 'es', 0, 1, ''),
(8078, 1, 8078, 50, 'Torralba de Ribota', 'es', 0, 1, ''),
(8079, 1, 8079, 50, 'Torralbilla', 'es', 0, 1, ''),
(8080, 1, 8080, 50, 'Torrehermosa', 'es', 0, 1, ''),
(8081, 1, 8081, 50, 'Torrelapaja', 'es', 0, 1, ''),
(8082, 1, 8082, 50, 'Torrellas', 'es', 0, 1, ''),
(8083, 1, 8083, 50, 'Torres de Berrellén', 'es', 0, 1, ''),
(8084, 1, 8084, 50, 'Torrijo de la Cañada', 'es', 0, 1, ''),
(8085, 1, 8085, 50, 'Tosos', 'es', 0, 1, ''),
(8086, 1, 8086, 50, 'Trasmoz', 'es', 0, 1, ''),
(8087, 1, 8087, 50, 'Trasobares', 'es', 0, 1, ''),
(8088, 1, 8088, 50, 'Uncastillo', 'es', 0, 1, ''),
(8089, 1, 8089, 50, 'Undués de Lerda', 'es', 0, 1, ''),
(8090, 1, 8090, 50, 'Urrea de Jalón', 'es', 0, 1, ''),
(8091, 1, 8091, 50, 'Urriés', 'es', 0, 1, ''),
(8092, 1, 8092, 50, 'Used', 'es', 0, 1, ''),
(8093, 1, 8093, 50, 'Utebo', 'es', 0, 1, ''),
(8094, 1, 8094, 50, 'Val de San Martín', 'es', 0, 1, ''),
(8095, 1, 8095, 50, 'Valdehorna', 'es', 0, 1, ''),
(8096, 1, 8096, 50, 'Valmadrid', 'es', 0, 1, ''),
(8097, 1, 8097, 50, 'Valpalmas', 'es', 0, 1, ''),
(8098, 1, 8098, 50, 'Valtorres', 'es', 0, 1, ''),
(8099, 1, 8099, 50, 'Velilla de Ebro', 'es', 0, 1, ''),
(8100, 1, 8100, 50, 'Velilla de Jiloca', 'es', 0, 1, ''),
(8101, 1, 8101, 50, 'Vera de Moncayo', 'es', 0, 1, ''),
(8102, 1, 8102, 50, 'Vierlas', 'es', 0, 1, ''),
(8103, 1, 8103, 50, 'Villadoz', 'es', 0, 1, ''),
(8104, 1, 8104, 50, 'Villafeliche', 'es', 0, 1, ''),
(8105, 1, 8105, 50, 'Villafranca de Ebro', 'es', 0, 1, ''),
(8106, 1, 8106, 50, 'Villalba de Perejil', 'es', 0, 1, ''),
(8107, 1, 8107, 50, 'Villalengua', 'es', 0, 1, ''),
(8108, 1, 8108, 50, 'Villamayor de Gállego', 'es', 0, 1, ''),
(8109, 1, 8109, 50, 'Villanueva de Gállego', 'es', 0, 1, ''),
(8110, 1, 8110, 50, 'Villanueva de Huerva', 'es', 0, 1, ''),
(8111, 1, 8111, 50, 'Villanueva de Jiloca', 'es', 0, 1, ''),
(8112, 1, 8112, 50, 'Villar de los Navarros', 'es', 0, 1, ''),
(8113, 1, 8113, 50, 'Villarreal de Huerva', 'es', 0, 1, ''),
(8114, 1, 8114, 50, 'Villarroya de la Sierra', 'es', 0, 1, ''),
(8115, 1, 8115, 50, 'Villarroya del Campo', 'es', 0, 1, ''),
(8116, 1, 8116, 50, 'Vilueña (La)', 'es', 0, 1, ''),
(8117, 1, 8117, 50, 'Vistabella', 'es', 0, 1, ''),
(8118, 1, 8118, 50, 'Zaida (La)', 'es', 0, 1, ''),
(8119, 1, 8119, 50, 'Zaragoza', 'es', 0, 1, ''),
(8120, 1, 8120, 50, 'Zuera', 'es', 0, 1, ''),
(8121, 1, 8121, 51, 'Ceuta', 'es', 0, 1, ''),
(8122, 1, 8122, 52, 'Melilla', 'es', 0, 1, '');

-- --------------------------------------------------------

--
-- Estructura de tabla para la tabla `geo_paises`
--

CREATE TABLE `geo_paises` (
  `id` int(11) NOT NULL,
  `iso` smallint(6) DEFAULT NULL,
  `iso2` char(2) DEFAULT NULL,
  `iso3` char(3) DEFAULT NULL,
  `value` varchar(80) DEFAULT NULL,
  `estado` int(1) NOT NULL DEFAULT 0,
  `gastos_envio` decimal(10,2) NOT NULL DEFAULT 5.95,
  `zona` varchar(4) NOT NULL
) ENGINE=InnoDB DEFAULT CHARSET=latin1 COLLATE=latin1_swedish_ci;

--
-- Volcado de datos para la tabla `geo_paises`
--

INSERT INTO `geo_paises` (`id`, `iso`, `iso2`, `iso3`, `value`, `estado`, `gastos_envio`, `zona`) VALUES
(1, 4, 'AF', 'AFG', 'Afganistán', 0, 5.95, 'P0'),
(2, 248, 'AX', 'ALA', 'Islas Gland', 0, 5.95, 'P0'),
(3, 8, 'AL', 'ALB', 'Albania', 0, 5.95, 'P0'),
(4, 276, 'DE', 'DEU', 'Alemania', 1, 5.95, 'P0'),
(5, 20, 'AD', 'AND', 'Andorra', 0, 5.95, 'P0'),
(6, 24, 'AO', 'AGO', 'Angola', 0, 5.95, 'P0'),
(7, 660, 'AI', 'AIA', 'Anguilla', 0, 5.95, 'P0'),
(8, 10, 'AQ', 'ATA', 'Antártida', 0, 5.95, 'P0'),
(9, 28, 'AG', 'ATG', 'Antigua y Barbuda', 0, 5.95, 'P0'),
(10, 530, 'AN', 'ANT', 'Antillas Holandesas', 0, 5.95, 'P0'),
(11, 682, 'SA', 'SAU', 'Arabia Saudí', 0, 5.95, 'P0'),
(12, 12, 'DZ', 'DZA', 'Argelia', 0, 5.95, 'P0'),
(13, 32, 'AR', 'ARG', 'Argentina', 0, 5.95, 'P0'),
(14, 51, 'AM', 'ARM', 'Armenia', 0, 5.95, 'P0'),
(15, 533, 'AW', 'ABW', 'Aruba', 0, 5.95, 'P0'),
(16, 36, 'AU', 'AUS', 'Australia', 0, 5.95, 'P0'),
(17, 40, 'AT', 'AUT', 'Austria', 1, 5.95, 'P0'),
(18, 31, 'AZ', 'AZE', 'Azerbaiyán', 0, 5.95, 'P0'),
(19, 44, 'BS', 'BHS', 'Bahamas', 0, 5.95, 'P0'),
(20, 48, 'BH', 'BHR', 'Bahréin', 0, 5.95, 'P0'),
(21, 50, 'BD', 'BGD', 'Bangladesh', 0, 5.95, 'P0'),
(22, 52, 'BB', 'BRB', 'Barbados', 0, 5.95, 'P0'),
(23, 112, 'BY', 'BLR', 'Bielorrusia', 0, 5.95, 'P0'),
(24, 56, 'BE', 'BEL', 'Bélgica', 1, 5.95, 'P0'),
(25, 84, 'BZ', 'BLZ', 'Belice', 0, 5.95, 'P0'),
(26, 204, 'BJ', 'BEN', 'Benin', 0, 5.95, 'P0'),
(27, 60, 'BM', 'BMU', 'Bermudas', 0, 5.95, 'P0'),
(28, 64, 'BT', 'BTN', 'Bhután', 0, 5.95, 'P0'),
(29, 68, 'BO', 'BOL', 'Bolivia', 0, 5.95, 'P0'),
(30, 70, 'BA', 'BIH', 'Bosnia y Herzegovina', 0, 5.95, 'P2'),
(31, 72, 'BW', 'BWA', 'Botsuana', 0, 5.95, 'P0'),
(32, 74, 'BV', 'BVT', 'Isla Bouvet', 0, 5.95, 'P0'),
(33, 76, 'BR', 'BRA', 'Brasil', 0, 5.95, 'P0'),
(34, 96, 'BN', 'BRN', 'Brunéi', 0, 5.95, 'P0'),
(35, 100, 'BG', 'BGR', 'Bulgaria', 1, 5.95, 'P2'),
(36, 854, 'BF', 'BFA', 'Burkina Faso', 0, 5.95, 'P0'),
(37, 108, 'BI', 'BDI', 'Burundi', 0, 5.95, 'P0'),
(38, 132, 'CV', 'CPV', 'Cabo Verde', 0, 5.95, 'P0'),
(39, 136, 'KY', 'CYM', 'Islas Caimán', 0, 5.95, 'P0'),
(40, 116, 'KH', 'KHM', 'Camboya', 0, 5.95, 'P0'),
(41, 120, 'CM', 'CMR', 'Camerún', 0, 5.95, 'P0'),
(42, 124, 'CA', 'CAN', 'Canadá', 0, 5.95, 'P0'),
(43, 140, 'CF', 'CAF', 'República Centroafricana', 0, 5.95, 'P0'),
(44, 148, 'TD', 'TCD', 'Chad', 0, 5.95, 'P0'),
(45, 203, 'CZ', 'CZE', 'República Checa', 1, 5.95, 'P1'),
(46, 152, 'CL', 'CHL', 'Chile', 0, 5.95, 'P0'),
(47, 156, 'CN', 'CHN', 'China', 0, 5.95, 'P0'),
(48, 196, 'CY', 'CYP', 'Chipre', 0, 5.95, 'P0'),
(49, 162, 'CX', 'CXR', 'Isla de Navidad', 0, 5.95, 'P0'),
(50, 336, 'VA', 'VAT', 'Ciudad del Vaticano', 0, 5.95, 'P0'),
(51, 166, 'CC', 'CCK', 'Islas Cocos', 0, 5.95, 'P0'),
(52, 170, 'CO', 'COL', 'Colombia', 0, 5.95, 'P0'),
(53, 174, 'KM', 'COM', 'Comoras', 0, 5.95, 'P0'),
(54, 180, 'CD', 'COD', 'República Democrática del Congo', 0, 5.95, 'P0'),
(55, 178, 'CG', 'COG', 'Congo', 0, 5.95, 'P0'),
(56, 184, 'CK', 'COK', 'Islas Cook', 0, 5.95, 'P0'),
(57, 408, 'KP', 'PRK', 'Corea del Norte', 0, 5.95, 'P0'),
(58, 410, 'KR', 'KOR', 'Corea del Sur', 0, 5.95, 'P0'),
(59, 384, 'CI', 'CIV', 'Costa de Marfil', 0, 5.95, 'P0'),
(60, 188, 'CR', 'CRI', 'Costa Rica', 0, 5.95, 'P0'),
(61, 191, 'HR', 'HRV', 'Croacia', 0, 5.95, 'P2'),
(62, 192, 'CU', 'CUB', 'Cuba', 0, 5.95, 'P0'),
(63, 208, 'DK', 'DNK', 'Dinamarca', 1, 5.95, 'P1'),
(64, 212, 'DM', 'DMA', 'Dominica', 0, 5.95, 'P0'),
(65, 214, 'DO', 'DOM', 'República Dominicana', 0, 5.95, 'P0'),
(66, 218, 'EC', 'ECU', 'Ecuador', 0, 5.95, 'P0'),
(67, 818, 'EG', 'EGY', 'Egipto', 0, 5.95, 'P0'),
(68, 222, 'SV', 'SLV', 'El Salvador', 0, 5.95, 'P0'),
(69, 784, 'AE', 'ARE', 'Emiratos Árabes Unidos', 0, 5.95, 'P0'),
(70, 232, 'ER', 'ERI', 'Eritrea', 0, 5.95, 'P0'),
(71, 703, 'SK', 'SVK', 'Eslovaquia', 1, 5.95, 'P2'),
(72, 705, 'SI', 'SVN', 'Eslovenia', 1, 5.95, 'P2'),
(73, 724, 'ES', 'ESP', 'España', 1, 5.95, 'P0'),
(74, 581, 'UM', 'UMI', 'Islas ultramarinas de Estados Unidos', 0, 5.95, 'P0'),
(75, 840, 'US', 'USA', 'Estados Unidos', 1, 5.95, 'P3'),
(76, 233, 'EE', 'EST', 'Estonia', 1, 5.95, 'P2'),
(77, 231, 'ET', 'ETH', 'Etiopía', 0, 5.95, 'P0'),
(78, 234, 'FO', 'FRO', 'Islas Feroe', 0, 5.95, 'P0'),
(79, 608, 'PH', 'PHL', 'Filipinas', 0, 5.95, 'P0'),
(80, 246, 'FI', 'FIN', 'Finlandia', 1, 5.95, 'P2'),
(81, 242, 'FJ', 'FJI', 'Fiyi', 0, 5.95, 'P0'),
(82, 250, 'FR', 'FRA', 'Francia', 1, 5.95, 'P0'),
(83, 266, 'GA', 'GAB', 'Gabón', 0, 5.95, 'P0'),
(84, 270, 'GM', 'GMB', 'Gambia', 0, 5.95, 'P0'),
(85, 268, 'GE', 'GEO', 'Georgia', 0, 5.95, 'P0'),
(86, 239, 'GS', 'SGS', 'Islas Georgias del Sur y Sandwich del Sur', 0, 5.95, 'P0'),
(87, 288, 'GH', 'GHA', 'Ghana', 0, 5.95, 'P0'),
(88, 292, 'GI', 'GIB', 'Gibraltar', 0, 5.95, 'P0'),
(89, 308, 'GD', 'GRD', 'Granada', 0, 5.95, 'P0'),
(90, 300, 'GR', 'GRC', 'Grecia', 1, 5.95, 'P2'),
(91, 304, 'GL', 'GRL', 'Groenlandia', 0, 5.95, 'P0'),
(92, 312, 'GP', 'GLP', 'Guadalupe', 0, 5.95, 'P0'),
(93, 316, 'GU', 'GUM', 'Guam', 0, 5.95, 'P0'),
(94, 320, 'GT', 'GTM', 'Guatemala', 0, 5.95, 'P0'),
(95, 254, 'GF', 'GUF', 'Guayana Francesa', 0, 5.95, 'P0'),
(96, 324, 'GN', 'GIN', 'Guinea', 0, 5.95, 'P0'),
(97, 226, 'GQ', 'GNQ', 'Guinea Ecuatorial', 0, 5.95, 'P0'),
(98, 624, 'GW', 'GNB', 'Guinea-Bissau', 0, 5.95, 'P0'),
(99, 328, 'GY', 'GUY', 'Guyana', 0, 5.95, 'P0'),
(100, 332, 'HT', 'HTI', 'Haití', 0, 5.95, 'P0'),
(101, 334, 'HM', 'HMD', 'Islas Heard y McDonald', 0, 5.95, 'P0'),
(102, 340, 'HN', 'HND', 'Honduras', 0, 5.95, 'P0'),
(103, 344, 'HK', 'HKG', 'Hong Kong', 0, 5.95, 'P0'),
(104, 348, 'HU', 'HUN', 'Hungría', 1, 5.95, 'P1'),
(105, 356, 'IN', 'IND', 'India', 0, 5.95, 'P0'),
(106, 360, 'ID', 'IDN', 'Indonesia', 0, 5.95, 'P0'),
(107, 364, 'IR', 'IRN', 'Irán', 0, 5.95, 'P0'),
(108, 368, 'IQ', 'IRQ', 'Iraq', 0, 5.95, 'P0'),
(109, 372, 'IE', 'IRL', 'Irlanda', 1, 5.95, 'P2'),
(110, 352, 'IS', 'ISL', 'Islandia', 0, 5.95, 'P0'),
(111, 376, 'IL', 'ISR', 'Israel', 0, 5.95, 'P0'),
(112, 380, 'IT', 'ITA', 'Italia', 1, 5.95, 'P0'),
(113, 388, 'JM', 'JAM', 'Jamaica', 0, 5.95, 'P0'),
(114, 392, 'JP', 'JPN', 'Japón', 0, 5.95, 'P0'),
(115, 400, 'JO', 'JOR', 'Jordania', 0, 5.95, 'P0'),
(116, 398, 'KZ', 'KAZ', 'Kazajstán', 0, 5.95, 'P0'),
(117, 404, 'KE', 'KEN', 'Kenia', 0, 5.95, 'P0'),
(118, 417, 'KG', 'KGZ', 'Kirguistán', 0, 5.95, 'P0'),
(119, 296, 'KI', 'KIR', 'Kiribati', 0, 5.95, 'P0'),
(120, 414, 'KW', 'KWT', 'Kuwait', 0, 5.95, 'P0'),
(121, 418, 'LA', 'LAO', 'Laos', 0, 5.95, 'P0'),
(122, 426, 'LS', 'LSO', 'Lesotho', 0, 5.95, 'P0'),
(123, 428, 'LV', 'LVA', 'Letonia', 1, 5.95, 'P2'),
(124, 422, 'LB', 'LBN', 'Líbano', 0, 5.95, 'P0'),
(125, 430, 'LR', 'LBR', 'Liberia', 0, 5.95, 'P0'),
(126, 434, 'LY', 'LBY', 'Libia', 0, 5.95, 'P0'),
(127, 438, 'LI', 'LIE', 'Liechtenstein', 0, 5.95, 'P0'),
(128, 440, 'LT', 'LTU', 'Lituania', 1, 5.95, 'P2'),
(129, 442, 'LU', 'LUX', 'Luxemburgo', 1, 5.95, 'P0'),
(130, 446, 'MO', 'MAC', 'Macao', 0, 5.95, 'P0'),
(131, 807, 'MK', 'MKD', 'ARY Macedonia', 0, 5.95, 'P0'),
(132, 450, 'MG', 'MDG', 'Madagascar', 0, 5.95, 'P0'),
(133, 458, 'MY', 'MYS', 'Malasia', 0, 5.95, 'P0'),
(134, 454, 'MW', 'MWI', 'Malawi', 0, 5.95, 'P0'),
(135, 462, 'MV', 'MDV', 'Maldivas', 0, 5.95, 'P0'),
(136, 466, 'ML', 'MLI', 'Malí', 0, 5.95, 'P0'),
(137, 470, 'MT', 'MLT', 'Malta', 0, 5.95, 'P0'),
(138, 238, 'FK', 'FLK', 'Islas Malvinas', 0, 5.95, 'P0'),
(139, 580, 'MP', 'MNP', 'Islas Marianas del Norte', 0, 5.95, 'P0'),
(140, 504, 'MA', 'MAR', 'Marruecos', 0, 5.95, 'P0'),
(141, 584, 'MH', 'MHL', 'Islas Marshall', 0, 5.95, 'P0'),
(142, 474, 'MQ', 'MTQ', 'Martinica', 0, 5.95, 'P0'),
(143, 480, 'MU', 'MUS', 'Mauricio', 0, 5.95, 'P0'),
(144, 478, 'MR', 'MRT', 'Mauritania', 0, 5.95, 'P0'),
(145, 175, 'YT', 'MYT', 'Mayotte', 0, 5.95, 'P0'),
(146, 484, 'MX', 'MEX', 'México', 0, 5.95, 'P0'),
(147, 583, 'FM', 'FSM', 'Micronesia', 0, 5.95, 'P0'),
(148, 498, 'MD', 'MDA', 'Moldavia', 0, 5.95, 'P0'),
(149, 492, 'MC', 'MCO', 'Mónaco', 0, 5.95, 'P0'),
(150, 496, 'MN', 'MNG', 'Mongolia', 0, 5.95, 'P0'),
(151, 500, 'MS', 'MSR', 'Montserrat', 0, 5.95, 'P0'),
(152, 508, 'MZ', 'MOZ', 'Mozambique', 0, 5.95, 'P0'),
(153, 104, 'MM', 'MMR', 'Myanmar', 0, 5.95, 'P0'),
(154, 516, 'NA', 'NAM', 'Namibia', 0, 5.95, 'P0'),
(155, 520, 'NR', 'NRU', 'Nauru', 0, 5.95, 'P0'),
(156, 524, 'NP', 'NPL', 'Nepal', 0, 5.95, 'P0'),
(157, 558, 'NI', 'NIC', 'Nicaragua', 0, 5.95, 'P0'),
(158, 562, 'NE', 'NER', 'Níger', 0, 5.95, 'P0'),
(159, 566, 'NG', 'NGA', 'Nigeria', 0, 5.95, 'P0'),
(160, 570, 'NU', 'NIU', 'Niue', 0, 5.95, 'P0'),
(161, 574, 'NF', 'NFK', 'Isla Norfolk', 0, 5.95, 'P0'),
(162, 578, 'NO', 'NOR', 'Noruega', 0, 5.95, 'P2'),
(163, 540, 'NC', 'NCL', 'Nueva Caledonia', 0, 5.95, 'P0'),
(164, 554, 'NZ', 'NZL', 'Nueva Zelanda', 0, 5.95, 'P0'),
(165, 512, 'OM', 'OMN', 'Omán', 0, 5.95, 'P0'),
(166, 528, 'NL', 'NLD', 'Países Bajos', 1, 5.95, 'P0'),
(167, 586, 'PK', 'PAK', 'Pakistán', 0, 5.95, 'P0'),
(168, 585, 'PW', 'PLW', 'Palau', 0, 5.95, 'P0'),
(169, 275, 'PS', 'PSE', 'Palestina', 0, 5.95, 'P0'),
(170, 591, 'PA', 'PAN', 'Panamá', 0, 5.95, 'P0'),
(171, 598, 'PG', 'PNG', 'Papúa Nueva Guinea', 0, 5.95, 'P0'),
(172, 600, 'PY', 'PRY', 'Paraguay', 0, 5.95, 'P0'),
(173, 604, 'PE', 'PER', 'Perú', 0, 5.95, 'P0'),
(174, 612, 'PN', 'PCN', 'Islas Pitcairn', 0, 5.95, 'P0'),
(175, 258, 'PF', 'PYF', 'Polinesia Francesa', 0, 5.95, 'P0'),
(176, 616, 'PL', 'POL', 'Polonia', 1, 5.95, 'P1'),
(177, 620, 'PT', 'PRT', 'Portugal', 1, 5.95, 'P0'),
(178, 630, 'PR', 'PRI', 'Puerto Rico', 0, 5.95, 'P0'),
(179, 634, 'QA', 'QAT', 'Qatar', 0, 5.95, 'P0'),
(180, 826, 'GB', 'GBR', 'Reino Unido', 1, 5.95, 'P0'),
(181, 638, 'RE', 'REU', 'Reunión', 0, 5.95, 'P0'),
(182, 646, 'RW', 'RWA', 'Ruanda', 0, 5.95, 'P0'),
(183, 642, 'RO', 'ROU', 'Rumania', 1, 5.95, 'P2'),
(184, 643, 'RU', 'RUS', 'Rusia', 0, 5.95, 'P0'),
(185, 732, 'EH', 'ESH', 'Sahara Occidental', 0, 5.95, 'P0'),
(186, 90, 'SB', 'SLB', 'Islas Salomón', 0, 5.95, 'P0'),
(187, 882, 'WS', 'WSM', 'Samoa', 0, 5.95, 'P0'),
(188, 16, 'AS', 'ASM', 'Samoa Americana', 0, 5.95, 'P0'),
(189, 659, 'KN', 'KNA', 'San Cristóbal y Nevis', 0, 5.95, 'P0'),
(190, 674, 'SM', 'SMR', 'San Marino', 0, 5.95, 'P0'),
(191, 666, 'PM', 'SPM', 'San Pedro y Miquelón', 0, 5.95, 'P0'),
(192, 670, 'VC', 'VCT', 'San Vicente y las Granadinas', 0, 5.95, 'P0'),
(193, 654, 'SH', 'SHN', 'Santa Helena', 0, 5.95, 'P0'),
(194, 662, 'LC', 'LCA', 'Santa Lucía', 0, 5.95, 'P0'),
(195, 678, 'ST', 'STP', 'Santo Tomé y Príncipe', 0, 5.95, 'P0'),
(196, 686, 'SN', 'SEN', 'Senegal', 0, 5.95, 'P0'),
(197, 891, 'CS', 'SCG', 'Serbia y Montenegro', 0, 5.95, 'P2'),
(198, 690, 'SC', 'SYC', 'Seychelles', 0, 5.95, 'P0'),
(199, 694, 'SL', 'SLE', 'Sierra Leona', 0, 5.95, 'P0'),
(200, 702, 'SG', 'SGP', 'Singapur', 0, 5.95, 'P0'),
(201, 760, 'SY', 'SYR', 'Siria', 0, 5.95, 'P0'),
(202, 706, 'SO', 'SOM', 'Somalia', 0, 5.95, 'P0'),
(203, 144, 'LK', 'LKA', 'Sri Lanka', 0, 5.95, 'P0'),
(204, 748, 'SZ', 'SWZ', 'Suazilandia', 0, 5.95, 'P0'),
(205, 710, 'ZA', 'ZAF', 'Sudáfrica', 0, 5.95, 'P0'),
(206, 736, 'SD', 'SDN', 'Sudán', 0, 5.95, 'P0'),
(207, 752, 'SE', 'SWE', 'Suecia', 1, 5.95, 'P2'),
(208, 756, 'CH', 'CHE', 'Suiza', 0, 5.95, 'P2'),
(209, 740, 'SR', 'SUR', 'Surinam', 0, 5.95, 'P0'),
(210, 744, 'SJ', 'SJM', 'Svalbard y Jan Mayen', 0, 5.95, 'P0'),
(211, 764, 'TH', 'THA', 'Tailandia', 0, 5.95, 'P0'),
(212, 158, 'TW', 'TWN', 'Taiwán', 0, 5.95, 'P0'),
(213, 834, 'TZ', 'TZA', 'Tanzania', 0, 5.95, 'P0'),
(214, 762, 'TJ', 'TJK', 'Tayikistán', 0, 5.95, 'P0'),
(215, 86, 'IO', 'IOT', 'Territorio Británico del Océano Índico', 0, 5.95, 'P0'),
(216, 260, 'TF', 'ATF', 'Territorios Australes Franceses', 0, 5.95, 'P0'),
(217, 626, 'TL', 'TLS', 'Timor Oriental', 0, 5.95, 'P0'),
(218, 768, 'TG', 'TGO', 'Togo', 0, 5.95, 'P0'),
(219, 772, 'TK', 'TKL', 'Tokelau', 0, 5.95, 'P0'),
(220, 776, 'TO', 'TON', 'Tonga', 0, 5.95, 'P0'),
(221, 780, 'TT', 'TTO', 'Trinidad y Tobago', 0, 5.95, 'P0'),
(222, 788, 'TN', 'TUN', 'Túnez', 0, 5.95, 'P0'),
(223, 796, 'TC', 'TCA', 'Islas Turcas y Caicos', 0, 5.95, 'P0'),
(224, 795, 'TM', 'TKM', 'Turkmenistán', 0, 5.95, 'P0'),
(225, 792, 'TR', 'TUR', 'Turquía', 0, 5.95, 'P0'),
(226, 798, 'TV', 'TUV', 'Tuvalu', 0, 5.95, 'P0'),
(227, 804, 'UA', 'UKR', 'Ucrania', 0, 5.95, 'P0'),
(228, 800, 'UG', 'UGA', 'Uganda', 0, 5.95, 'P0'),
(229, 858, 'UY', 'URY', 'Uruguay', 0, 5.95, 'P0'),
(230, 860, 'UZ', 'UZB', 'Uzbekistán', 0, 5.95, 'P0'),
(231, 548, 'VU', 'VUT', 'Vanuatu', 0, 5.95, 'P0'),
(232, 862, 'VE', 'VEN', 'Venezuela', 0, 5.95, 'P0'),
(233, 704, 'VN', 'VNM', 'Vietnam', 0, 5.95, 'P0'),
(234, 92, 'VG', 'VGB', 'Islas Vírgenes Británicas', 0, 5.95, 'P0'),
(235, 850, 'VI', 'VIR', 'Islas Vírgenes de los Estados Unidos', 0, 5.95, 'P0'),
(236, 876, 'WF', 'WLF', 'Wallis y Futuna', 0, 5.95, 'P0'),
(237, 887, 'YE', 'YEM', 'Yemen', 0, 5.95, 'P0'),
(238, 262, 'DJ', 'DJI', 'Yibuti', 0, 5.95, 'P0'),
(239, 894, 'ZM', 'ZMB', 'Zambia', 0, 5.95, 'P0'),
(240, 716, 'ZW', 'ZWE', 'Zimbabue', 0, 5.95, 'P0');

-- --------------------------------------------------------

--
-- Estructura de tabla para la tabla `geo_provincias`
--

CREATE TABLE `geo_provincias` (
  `id` int(2) NOT NULL,
  `value` varchar(255) CHARACTER SET latin1 COLLATE latin1_spanish_ci NOT NULL,
  `lang` varchar(2) CHARACTER SET latin1 COLLATE latin1_spanish_ci NOT NULL,
  `gastos_envio` decimal(10,2) NOT NULL,
  `estado` int(1) NOT NULL DEFAULT 1,
  `zona` varchar(2) NOT NULL
) ENGINE=MyISAM DEFAULT CHARSET=utf8mb3 COLLATE=utf8mb3_general_ci;

--
-- Volcado de datos para la tabla `geo_provincias`
--

INSERT INTO `geo_provincias` (`id`, `value`, `lang`, `gastos_envio`, `estado`, `zona`) VALUES
(1, 'Álava', 'es', 4.95, 1, 'Z6'),
(2, 'Albacete', 'es', 5.95, 1, 'Z1'),
(3, 'Alicante', 'es', 5.95, 1, 'Z1'),
(4, 'Almería', 'es', 5.95, 1, 'Z1'),
(5, 'Ávila', 'es', 5.95, 1, 'Z1'),
(6, 'Badajoz', 'es', 5.95, 1, 'Z1'),
(7, 'Baleares (Illes)', 'es', 5.95, 1, 'Z3'),
(8, 'Barcelona', 'es', 5.95, 1, 'Z1'),
(9, 'Burgos', 'es', 4.95, 1, 'Z1'),
(10, 'Cáceres', 'es', 5.95, 1, 'Z1'),
(11, 'Cádiz', 'es', 5.95, 1, 'Z1'),
(12, 'Castellón', 'es', 5.95, 1, 'Z1'),
(13, 'Ciudad Real', 'es', 5.95, 1, 'Z1'),
(14, 'Córdoba', 'es', 5.95, 1, 'Z1'),
(15, 'A Coruña', 'es', 5.95, 1, 'Z1'),
(16, 'Cuenca', 'es', 5.95, 1, 'Z1'),
(17, 'Girona', 'es', 5.95, 1, 'Z1'),
(18, 'Granada', 'es', 5.95, 1, 'Z1'),
(19, 'Guadalajara', 'es', 5.95, 1, 'Z1'),
(20, 'Gipuzkoa', 'es', 3.95, 1, 'Z0'),
(21, 'Huelva', 'es', 5.95, 1, 'Z1'),
(22, 'Huesca', 'es', 5.95, 1, 'Z1'),
(23, 'Jaén', 'es', 5.95, 1, 'Z1'),
(24, 'León', 'es', 5.95, 1, 'Z1'),
(25, 'Lleida', 'es', 5.95, 1, 'Z1'),
(26, 'La Rioja', 'es', 4.95, 1, 'Z1'),
(27, 'Lugo', 'es', 5.95, 1, 'Z1'),
(28, 'Madrid', 'es', 5.95, 1, 'Z1'),
(29, 'Málaga', 'es', 5.95, 1, 'Z1'),
(30, 'Murcia', 'es', 5.95, 1, 'Z1'),
(31, 'Navarra', 'es', 4.95, 1, 'Z1'),
(32, 'Ourense', 'es', 5.95, 1, 'Z1'),
(33, 'Asturias', 'es', 5.95, 1, 'Z1'),
(34, 'Palencia', 'es', 5.95, 1, 'Z1'),
(35, 'Las Palmas', 'es', 5.95, 1, 'Z4'),
(36, 'Pontevedra', 'es', 5.95, 1, 'Z1'),
(37, 'Salamanca', 'es', 5.95, 1, 'Z1'),
(38, 'Santa Cruz de Tenerife', 'es', 5.95, 1, 'Z4'),
(39, 'Cantabria', 'es', 4.95, 1, 'Z1'),
(40, 'Segovia', 'es', 5.95, 1, 'Z1'),
(41, 'Sevilla', 'es', 5.95, 1, 'Z1'),
(42, 'Soria', 'es', 5.95, 1, 'Z1'),
(43, 'Tarragona', 'es', 5.95, 1, 'Z1'),
(44, 'Teruel', 'es', 5.95, 1, 'Z1'),
(45, 'Toledo', 'es', 5.95, 1, 'Z1'),
(46, 'Valencia', 'es', 5.95, 1, 'Z1'),
(47, 'Valladolid', 'es', 5.95, 1, 'Z1'),
(48, 'Bizkaia', 'es', 4.95, 1, 'Z6'),
(49, 'Zamora', 'es', 5.95, 1, 'Z1'),
(50, 'Zaragoza', 'es', 5.95, 1, 'Z1'),
(51, 'Ceuta', 'es', 5.95, 1, 'Z5'),
(52, 'Melilla', 'es', 5.95, 1, 'Z5');

-- --------------------------------------------------------

--
-- Estructura de tabla para la tabla `languages`
--

CREATE TABLE `languages` (
  `id` int(3) NOT NULL,
  `code` varchar(2) NOT NULL,
  `locale` varchar(20) NOT NULL,
  `lang` varchar(50) NOT NULL,
  `titulo` varchar(20) NOT NULL,
  `estado` int(1) NOT NULL,
  `principal` int(1) NOT NULL,
  `orden` int(3) NOT NULL
) ENGINE=InnoDB DEFAULT CHARSET=utf8mb3 COLLATE=utf8mb3_general_ci;

--
-- Volcado de datos para la tabla `languages`
--

INSERT INTO `languages` (`id`, `code`, `locale`, `lang`, `titulo`, `estado`, `principal`, `orden`) VALUES
(1, 'es', 'es_ES.UTF-8', 'Castellano', 'cas', 1, 1, 1),
(2, 'eu', '', 'Euskera', 'eus', 1, 0, 2),
(3, 'en', '', 'English', 'en', 2, 0, 4),
(4, 'fr', '', 'Française', 'fr', 2, 0, 3),
(5, 'de', '', 'Deutsch', 'de', 2, 0, 5);

-- --------------------------------------------------------

--
-- Estructura de tabla para la tabla `links`
--

CREATE TABLE `links` (
  `id` int(10) NOT NULL,
  `id_modulo` int(10) NOT NULL,
  `id_rel` int(10) NOT NULL,
  `lang` varchar(2) NOT NULL,
  `link` varchar(150) NOT NULL
) ENGINE=InnoDB DEFAULT CHARSET=utf8mb3 COLLATE=utf8mb3_general_ci;

--
-- Volcado de datos para la tabla `links`
--

INSERT INTO `links` (`id`, `id_modulo`, `id_rel`, `lang`, `link`) VALUES
(1, 26, 1, 'es', 'koloreko-sistema-de-coloracion-para-el-cabello'),
(5, 13, 1, 'es', 'producto'),
(6, 13, 2, 'es', 'ventajas-koloreko'),
(7, 13, 3, 'es', 'instrucciones'),
(8, 13, 4, 'es', 'videos-tecnicos-profesionales-1'),
(9, 13, 5, 'es', 'preguntas-frecuentes'),
(11, 13, 7, 'es', 'cursos-especializados'),
(12, 13, 8, 'es', 'guia-de-aplicacion'),
(13, 12, 1, 'es', 'centros-asociados-1'),
(14, 12, 2, 'es', 'como-hacer-primer-pedido'),
(15, 15, 1, 'es', 'aplicacion-unica-color-100-g'),
(16, 15, 2, 'es', 'aplicacion-duo-especial-cana-br-pre-color-color-200-g'),
(17, 16, 1, 'es', 'moreno'),
(18, 16, 2, 'es', 'castano-oscuro'),
(19, 16, 3, 'es', 'castano'),
(20, 16, 4, 'es', 'castano-claro'),
(22, 16, 6, 'es', 'caoba'),
(23, 16, 7, 'es', 'cobre-1'),
(24, 16, 8, 'es', 'dorado-cobrizo'),
(25, 16, 9, 'es', 'rubio-dorado'),
(26, 16, 10, 'es', 'rubio-arena'),
(27, 16, 11, 'es', 'rubio-claro-1'),
(28, 16, 12, 'es', 'pre-color-cobre'),
(29, 16, 13, 'es', 'pre-color-ceniza'),
(30, 16, 14, 'es', 'neutral-1'),
(31, 13, 9, 'es', 'condiciones-de-venta'),
(32, 13, 10, 'es', 'propiedades-de-los-ingredientes'),
(33, 13, 11, 'es', 'aviso-legal'),
(34, 13, 12, 'es', 'politica-de-privacidad'),
(35, 13, 13, 'es', 'politica-de-cookies'),
(36, 16, 15, 'es', 'rubio-extra-claro-1'),
(37, 16, 16, 'es', 'pre-color-dorado'),
(38, 15, 3, 'es', 'aplicacion-unica-color-400-g'),
(39, 16, 17, 'es', 'moreno-cobrizo-aplicacion-duo-especial-canas'),
(40, 16, 18, 'es', 'moreno-aplicacion-duo-especial-canas'),
(41, 16, 19, 'es', 'moreno-azulado-aplicacion-duo-especial-canas'),
(42, 16, 20, 'es', 'castano-oscuro-cobrizo-aplicacion-duo-especial-canas-sin-stock-disculpen-las-molestias'),
(43, 16, 21, 'es', 'castano-oscuro-dorado-aplicacion-duo-especial-canas-sin-stock-disculpen-las-molestias'),
(44, 16, 22, 'es', 'castano-oscuro-ceniza-aplicacion-duo-especial-canas-sin-stock-disculpen-las-molestias'),
(45, 16, 23, 'es', 'castano-cobrizo-aplicacion-duo-especial-canas'),
(46, 16, 24, 'es', 'castano-dorado-aplicacion-duo-especial-canas'),
(47, 16, 25, 'es', 'castano-ceniza-aplicacion-duo-especial-canas'),
(48, 16, 26, 'es', 'castano-claro-cobrizo-aplicacion-duo-especial-canas'),
(49, 16, 27, 'es', 'castano-claro-dorado-aplicacion-duo-especial-canas'),
(50, 16, 28, 'es', 'castano-claro-ceniza-aplicacion-duo-especial-canas'),
(51, 16, 29, 'es', 'cobre-oscuro-aplicacion-duo-especial-canas'),
(52, 16, 30, 'es', 'caoba-aplicacion-duo-especial-canas'),
(53, 16, 31, 'es', 'rubio-oscuro-dorado-cobrizo-aplicacion-duo-especial-canas'),
(54, 16, 32, 'es', 'rubio-oscuro-dorado-aplicacion-duo-especial-canas'),
(55, 16, 33, 'es', 'rubio-oscuro-arena-aplicacion-duo-especial-canas'),
(56, 16, 34, 'es', 'moreno-1'),
(57, 16, 35, 'es', 'castano-oscuro-sin-stock-disculpen-las-molestias'),
(58, 16, 36, 'es', 'castano-1'),
(59, 16, 37, 'es', 'castano-claro-1'),
(60, 16, 38, 'es', 'caoba-1'),
(61, 16, 39, 'es', 'cobre'),
(62, 16, 40, 'es', 'dorado-cobrizo-1'),
(63, 16, 41, 'es', 'rubio-dorado-1'),
(64, 16, 42, 'es', 'rubio-arena-1'),
(65, 16, 43, 'es', 'rubio-claro'),
(66, 16, 44, 'es', 'neutral'),
(67, 16, 45, 'es', 'pre-color-cobre-1'),
(68, 16, 46, 'es', 'rubio-extra-claro'),
(69, 16, 47, 'es', 'pre-color-ceniza-1'),
(70, 16, 48, 'es', 'pre-color-dorado-1'),
(73, 13, 14, 'es', 'instrucciones-1'),
(77, 13, 17, 'es', 'guia-teorica-y-practica-koloreko-system'),
(78, 12, 1, 'eu', 'centros-asociados-1'),
(79, 12, 2, 'eu', 'como-hacer-primer-pedido'),
(80, 13, 1, 'eu', 'producto'),
(81, 13, 2, 'eu', 'koloreko-abantailak'),
(82, 13, 3, 'eu', 'instrucciones'),
(83, 13, 4, 'eu', 'videos-tecnicos-profesionales-1'),
(84, 13, 5, 'eu', 'preguntas-frecuentes'),
(85, 13, 7, 'eu', 'cursos-especializados'),
(86, 13, 8, 'eu', 'guia-de-aplicacion'),
(87, 13, 9, 'eu', 'condiciones-de-venta'),
(88, 13, 10, 'eu', 'propiedades-de-los-ingredientes'),
(89, 13, 11, 'eu', 'aviso-legal'),
(90, 13, 12, 'eu', 'politica-de-privacidad'),
(91, 13, 13, 'eu', 'politica-de-cookies'),
(92, 13, 14, 'eu', 'instrucciones-1'),
(93, 13, 17, 'eu', 'guia-teorica-y-practica-koloreko-system'),
(94, 15, 1, 'eu', 'aplicacion-unica-color-100-g'),
(95, 15, 2, 'eu', 'aplicacion-duo-especial-cana-br-pre-color-color-200-g'),
(96, 15, 3, 'eu', 'aplicacion-unica-color-400-g'),
(97, 16, 1, 'eu', 'moreno'),
(98, 16, 2, 'eu', 'castano-oscuro'),
(99, 16, 3, 'eu', 'castano'),
(100, 16, 4, 'eu', 'castano-claro'),
(101, 16, 6, 'eu', 'caoba'),
(102, 16, 7, 'eu', 'cobre-1'),
(103, 16, 8, 'eu', 'dorado-cobrizo'),
(104, 16, 9, 'eu', 'rubio-dorado'),
(105, 16, 10, 'eu', 'rubio-arena'),
(106, 16, 11, 'eu', 'rubio-claro-1'),
(107, 16, 12, 'eu', 'pre-color-cobre'),
(108, 16, 13, 'eu', 'pre-color-ceniza'),
(109, 16, 14, 'eu', 'neutral-1'),
(110, 16, 15, 'eu', 'rubio-extra-claro-1'),
(111, 16, 16, 'eu', 'pre-color-dorado'),
(112, 16, 17, 'eu', 'moreno-cobrizo-aplicacion-duo-especial-canas'),
(113, 16, 18, 'eu', 'moreno-aplicacion-duo-especial-canas'),
(114, 16, 19, 'eu', 'moreno-azulado-aplicacion-duo-especial-canas'),
(115, 16, 20, 'eu', 'castano-oscuro-cobrizo-aplicacion-duo-especial-canas-sin-stock-disculpen-las-molestias'),
(116, 16, 21, 'eu', 'castano-oscuro-dorado-aplicacion-duo-especial-canas-sin-stock-disculpen-las-molestias'),
(117, 16, 22, 'eu', 'castano-oscuro-ceniza-aplicacion-duo-especial-canas-sin-stock-disculpen-las-molestias'),
(118, 16, 23, 'eu', 'castano-cobrizo-aplicacion-duo-especial-canas'),
(119, 16, 24, 'eu', 'castano-dorado-aplicacion-duo-especial-canas'),
(120, 16, 25, 'eu', 'castano-ceniza-aplicacion-duo-especial-canas'),
(121, 16, 26, 'eu', 'castano-claro-cobrizo-aplicacion-duo-especial-canas'),
(122, 16, 27, 'eu', 'castano-claro-dorado-aplicacion-duo-especial-canas'),
(123, 16, 28, 'eu', 'castano-claro-ceniza-aplicacion-duo-especial-canas'),
(124, 16, 29, 'eu', 'cobre-oscuro-aplicacion-duo-especial-canas'),
(125, 16, 30, 'eu', 'caoba-aplicacion-duo-especial-canas'),
(126, 16, 31, 'eu', 'rubio-oscuro-dorado-cobrizo-aplicacion-duo-especial-canas'),
(127, 16, 32, 'eu', 'rubio-oscuro-dorado-aplicacion-duo-especial-canas'),
(128, 16, 33, 'eu', 'rubio-oscuro-arena-aplicacion-duo-especial-canas'),
(129, 16, 34, 'eu', 'moreno-1'),
(130, 16, 35, 'eu', 'castano-oscuro-sin-stock-disculpen-las-molestias'),
(131, 16, 36, 'eu', 'castano-1'),
(132, 16, 37, 'eu', 'castano-claro-1'),
(133, 16, 38, 'eu', 'caoba-1'),
(134, 16, 39, 'eu', 'cobre'),
(135, 16, 40, 'eu', 'dorado-cobrizo-1'),
(136, 16, 41, 'eu', 'rubio-dorado-1'),
(137, 16, 42, 'eu', 'rubio-arena-1'),
(138, 16, 43, 'eu', 'rubio-claro'),
(139, 16, 44, 'eu', 'neutral'),
(140, 16, 45, 'eu', 'pre-color-cobre-1'),
(141, 16, 46, 'eu', 'rubio-extra-claro'),
(142, 16, 47, 'eu', 'pre-color-ceniza-1'),
(143, 16, 48, 'eu', 'pre-color-dorado-1'),
(144, 26, 1, 'eu', 'koloreko-sistema-de-coloracion-para-el-cabello'),
(145, 34, 9, 'es', 'herbal-100-bio'),
(146, 34, 9, 'eu', 'herbal-100-bio'),
(147, 34, 27, 'es', 'herbal-100-bio-1'),
(148, 34, 27, 'eu', 'herbal-100-bio-1'),
(149, 34, 28, 'es', 'herbal00-bio-2'),
(150, 34, 28, 'eu', 'herbal00-bio-2'),
(151, 34, 26, 'es', 'herbal00-bio-3'),
(152, 34, 26, 'eu', 'herbal00-bio-3'),
(153, 34, 25, 'es', 'herbal00-bio-4'),
(154, 34, 25, 'eu', 'herbal00-bio-4'),
(155, 34, 24, 'es', 'herbal00-bio-5'),
(156, 34, 24, 'eu', 'herbal00-bio-5'),
(157, 34, 15, 'es', 'herbal00-bio-6'),
(158, 34, 15, 'eu', 'herbal00-bio-6'),
(159, 34, 23, 'es', 'herbal00-bio-7'),
(160, 34, 23, 'eu', 'herbal00-bio-7'),
(161, 34, 16, 'es', 'herbal00-bio-8'),
(162, 34, 16, 'eu', 'herbal00-bio-8'),
(163, 34, 20, 'es', 'herbal00-bio-9'),
(164, 34, 20, 'eu', 'herbal00-bio-9'),
(165, 34, 17, 'es', 'herbal00-bio-10'),
(166, 34, 17, 'eu', 'herbal00-bio-10'),
(167, 34, 11, 'es', 'herbal00-bio-10-1'),
(168, 34, 11, 'eu', 'herbal00-bio-10-1'),
(169, 34, 6, 'es', 'herbal00-bio0-2'),
(170, 34, 6, 'eu', 'herbal00-bio0-2'),
(171, 34, 29, 'es', 'herbal00-bio0-3'),
(172, 34, 29, 'eu', 'herbal00-bio0-3'),
(173, 34, 13, 'es', 'herbal00-bio0-4'),
(174, 34, 13, 'eu', 'herbal00-bio0-4'),
(175, 34, 10, 'es', 'herbal00-bio0-5'),
(176, 34, 10, 'eu', 'herbal00-bio0-5'),
(177, 34, 1, 'es', 'herbal00-bio0-6'),
(178, 34, 1, 'eu', 'herbal00-bio0-6'),
(179, 34, 2, 'es', 'herbal00-bio0-7'),
(180, 34, 2, 'eu', 'herbal00-bio0-7'),
(181, 34, 19, 'es', 'herbal00-bio0-8'),
(182, 34, 19, 'eu', 'herbal00-bio0-8'),
(183, 34, 5, 'es', 'herbal00-bio0-9'),
(184, 34, 5, 'eu', 'herbal00-bio0-9'),
(185, 34, 8, 'es', 'herbal00-bio0-10'),
(186, 34, 8, 'eu', 'herbal00-bio0-10'),
(187, 34, 14, 'es', 'herbal00-bio0-10-1'),
(188, 34, 14, 'eu', 'herbal00-bio0-10-1'),
(189, 34, 18, 'es', 'herbal00-bio00-2'),
(190, 34, 18, 'eu', 'herbal00-bio00-2'),
(191, 34, 7, 'es', 'herbal00-bio00-3'),
(192, 34, 7, 'eu', 'herbal00-bio00-3'),
(193, 34, 22, 'es', 'herbal00-bio00-4'),
(194, 34, 22, 'eu', 'herbal00-bio00-4'),
(195, 34, 3, 'es', 'herbal00-bio00-5'),
(196, 34, 3, 'eu', 'herbal00-bio00-5'),
(197, 34, 4, 'es', '100-herbal'),
(198, 34, 4, 'eu', '100-herbal'),
(199, 13, 18, 'es', 'politica-de-privacidad-solicitantes-de-informacion'),
(200, 13, 18, 'eu', 'politica-de-privacidad-solicitantes-de-informacion'),
(201, 13, 19, 'es', 'politica-de-privacidad-para-clientes'),
(202, 13, 19, 'eu', 'politica-de-privacidad-para-clientes');

-- --------------------------------------------------------

--
-- Estructura de tabla para la tabla `menus`
--

CREATE TABLE `menus` (
  `id` int(10) NOT NULL,
  `id_parent` int(10) NOT NULL,
  `id_modulo` int(10) NOT NULL,
  `id_modulo_element` int(10) NOT NULL,
  `url` varchar(250) NOT NULL,
  `img` varchar(255) NOT NULL,
  `blank` int(1) NOT NULL,
  `posicion` int(1) NOT NULL,
  `orden` int(10) NOT NULL,
  `estado` int(1) NOT NULL,
  `creation_date` datetime NOT NULL,
  `modification_date` datetime NOT NULL
) ENGINE=InnoDB DEFAULT CHARSET=utf8mb3 COLLATE=utf8mb3_general_ci;

--
-- Volcado de datos para la tabla `menus`
--

INSERT INTO `menus` (`id`, `id_parent`, `id_modulo`, `id_modulo_element`, `url`, `img`, `blank`, `posicion`, `orden`, `estado`, `creation_date`, `modification_date`) VALUES
(1, 0, 26, 0, '', '', 0, 1, 1, 1, '0000-00-00 00:00:00', '2024-05-27 13:57:21'),
(2, 0, 13, 1, '', 'upload/menus/DSC03163-web.jpg', 0, 1, 2, 1, '0000-00-00 00:00:00', '2024-05-28 08:29:15'),
(3, 0, 0, 0, '', '', 0, 1, 3, 1, '0000-00-00 00:00:00', '2024-05-28 12:45:40'),
(4, 3, 13, 2, '', 'upload/slider/DSC02666.jpg', 0, 1, 1, 1, '0000-00-00 00:00:00', '2024-05-28 12:46:03'),
(5, 3, 13, 5, '', 'upload/slider/DSC03352-web.jpg', 0, 1, 2, 1, '0000-00-00 00:00:00', '2024-05-28 08:31:04'),
(6, 0, 45, 0, '', 'upload/temp/Profesionales1.jpg', 0, 1, 8, 2, '0000-00-00 00:00:00', '2017-07-27 08:45:19'),
(7, 6, 41, 0, '', 'upload/temp/Profesionales1.jpg', 0, 1, 1, 1, '0000-00-00 00:00:00', '2016-02-04 13:01:13'),
(8, 6, 13, 7, '', 'upload/temp/Profesionales1.jpg', 0, 1, 2, 2, '0000-00-00 00:00:00', '2016-02-04 13:01:13'),
(9, 0, 14, 0, '', 'upload/menus/DSC03280.jpg', 0, 1, 9, 1, '0000-00-00 00:00:00', '2024-05-28 08:42:57'),
(10, 0, 13, 8, '', '', 0, 5, 1, 1, '0000-00-00 00:00:00', '2024-05-28 12:47:05'),
(11, 0, 13, 3, '', '', 0, 5, 2, 1, '0000-00-00 00:00:00', '2021-07-28 15:17:33'),
(12, 0, 48, 0, '', '', 0, 5, 3, 1, '0000-00-00 00:00:00', '2016-05-05 14:57:03'),
(13, 0, 42, 0, '', '', 0, 5, 6, 1, '0000-00-00 00:00:00', '2016-02-04 13:01:14'),
(14, 0, 43, 0, '', '', 0, 5, 5, 1, '0000-00-00 00:00:00', '2016-02-04 13:01:14'),
(15, 0, 40, 0, '', 'upload/menus/DSC02560-web.jpg', 0, 1, 7, 1, '0000-00-00 00:00:00', '2024-05-28 12:46:53'),
(16, 0, 47, 0, '', 'upload/cabeceras/accesoClientes.jpg', 0, 2, 1, 2, '0000-00-00 00:00:00', '2016-05-06 11:06:37'),
(17, 0, 35, 0, '', '', 0, 5, 7, 1, '2016-03-30 12:49:10', '2016-03-30 12:49:10'),
(18, 0, 13, 11, '', '', 0, 2, 2, 1, '2018-11-12 15:01:03', '2018-11-12 15:01:03'),
(19, 0, 13, 12, '', '', 0, 2, 4, 1, '2018-11-12 15:01:23', '2018-11-12 15:01:49'),
(20, 0, 13, 13, '', '', 0, 2, 3, 1, '2018-11-12 15:01:41', '2018-11-12 15:01:41'),
(21, 0, 51, 0, '', 'upload/menus/DSC03163.jpg', 0, 1, 5, 1, '2021-10-21 15:28:28', '2024-05-28 12:46:21'),
(22, 0, 52, 0, '', '', 0, 1, 6, 1, '2021-10-21 15:28:57', '2024-05-28 08:32:51'),
(23, 0, 53, 0, '', 'upload/cabeceras/contactoOK.jpg', 0, 1, 4, 1, '2021-12-03 09:47:51', '2024-05-28 08:32:08'),
(24, 0, 13, 17, '', '', 1, 5, 4, 1, '2023-07-07 11:13:04', '2023-07-13 10:59:19'),
(25, 0, 13, 9, '', '', 0, 2, 5, 1, '2024-07-12 10:56:23', '2024-07-12 10:56:23');

-- --------------------------------------------------------

--
-- Estructura de tabla para la tabla `menus_lang`
--

CREATE TABLE `menus_lang` (
  `id` int(10) NOT NULL,
  `id_rel` int(10) NOT NULL,
  `lang` varchar(2) NOT NULL,
  `titulo` varchar(150) NOT NULL
) ENGINE=InnoDB DEFAULT CHARSET=utf8mb3 COLLATE=utf8mb3_general_ci;

--
-- Volcado de datos para la tabla `menus_lang`
--

INSERT INTO `menus_lang` (`id`, `id_rel`, `lang`, `titulo`) VALUES
(1, 1, 'es', 'Home'),
(2, 1, 'eu', 'Azala'),
(3, 1, 'fr', ''),
(4, 1, 'en', ''),
(5, 2, 'es', 'Producto'),
(6, 2, 'eu', 'Produktua'),
(7, 2, 'fr', ''),
(8, 2, 'en', ''),
(9, 3, 'es', 'Porqué Koloreko'),
(10, 3, 'eu', 'Zergatik Koloreko'),
(11, 3, 'fr', ''),
(12, 3, 'en', ''),
(13, 4, 'es', 'Ventajas Koloreko'),
(14, 4, 'eu', 'Koloreko abantailak'),
(15, 4, 'fr', ''),
(16, 4, 'en', ''),
(17, 5, 'es', 'Preguntas Frecuentes'),
(18, 5, 'eu', 'Ohiko galderak'),
(19, 5, 'fr', ''),
(20, 5, 'en', ''),
(21, 6, 'es', 'Pedido inicial'),
(22, 6, 'eu', ''),
(23, 6, 'fr', ''),
(24, 6, 'en', ''),
(25, 7, 'es', 'Como Asociarse'),
(26, 7, 'eu', ''),
(27, 7, 'fr', ''),
(28, 7, 'en', ''),
(29, 8, 'es', 'Cursos especializados'),
(30, 8, 'eu', ''),
(31, 8, 'fr', ''),
(32, 8, 'en', ''),
(33, 9, 'es', 'Contacto'),
(34, 9, 'eu', 'Harremana'),
(35, 9, 'fr', ''),
(36, 9, 'en', ''),
(37, 10, 'es', 'Guía de Aplicación'),
(38, 10, 'eu', ''),
(39, 10, 'fr', ''),
(40, 10, 'en', ''),
(41, 11, 'es', 'Instrucciones'),
(42, 11, 'eu', ''),
(43, 11, 'fr', ''),
(44, 11, 'en', ''),
(45, 12, 'es', 'Videos formativos'),
(46, 12, 'eu', ''),
(47, 12, 'fr', ''),
(48, 12, 'en', ''),
(49, 13, 'es', 'Haz un pedido'),
(50, 13, 'eu', ''),
(51, 13, 'fr', ''),
(52, 13, 'en', ''),
(53, 14, 'es', 'Consultas OnLine'),
(54, 14, 'eu', ''),
(55, 14, 'fr', ''),
(56, 14, 'en', ''),
(57, 15, 'es', 'Tiendas Koloreko'),
(58, 16, 'es', 'Distribuidor'),
(59, 17, 'es', 'Pedidos Realizados'),
(60, 18, 'es', 'Aviso Legal'),
(61, 19, 'es', 'Política de Privacidad'),
(62, 20, 'es', 'Política de Cookies'),
(63, 21, 'es', 'Tienda'),
(64, 22, 'es', 'Profesionales'),
(65, 23, 'es', 'Diagnóstico'),
(66, 24, 'es', 'Guía teórica y práctica Koloreko System'),
(67, 23, 'eu', 'Diagnostikoa'),
(68, 21, 'eu', 'Denda'),
(69, 22, 'eu', 'Profesionalak'),
(70, 15, 'eu', 'Koloreko Dendak'),
(71, 25, 'es', 'Condiciones de venta'),
(72, 25, 'eu', '');

-- --------------------------------------------------------

--
-- Estructura de tabla para la tabla `menu_posiciones`
--

CREATE TABLE `menu_posiciones` (
  `id` int(5) NOT NULL,
  `orden` int(5) NOT NULL,
  `estado` int(1) NOT NULL
) ENGINE=InnoDB DEFAULT CHARSET=utf8mb3 COLLATE=utf8mb3_general_ci;

--
-- Volcado de datos para la tabla `menu_posiciones`
--

INSERT INTO `menu_posiciones` (`id`, `orden`, `estado`) VALUES
(1, 1, 1),
(2, 2, 1),
(3, 3, 0),
(4, 4, 0),
(5, 5, 1);

-- --------------------------------------------------------

--
-- Estructura de tabla para la tabla `menu_posiciones_lang`
--

CREATE TABLE `menu_posiciones_lang` (
  `id` int(5) NOT NULL,
  `id_rel` int(5) NOT NULL,
  `lang` varchar(2) NOT NULL,
  `value` varchar(100) NOT NULL
) ENGINE=InnoDB DEFAULT CHARSET=utf8mb3 COLLATE=utf8mb3_general_ci;

--
-- Volcado de datos para la tabla `menu_posiciones_lang`
--

INSERT INTO `menu_posiciones_lang` (`id`, `id_rel`, `lang`, `value`) VALUES
(1, 1, 'es', 'Superior'),
(2, 2, 'es', 'Inferior'),
(3, 3, 'es', 'Izquierda'),
(4, 4, 'es', 'Derecha'),
(5, 5, 'es', 'Usuario Logeado');

-- --------------------------------------------------------

--
-- Estructura de tabla para la tabla `modules`
--

CREATE TABLE `modules` (
  `id` int(10) NOT NULL,
  `estado` int(1) NOT NULL DEFAULT 0,
  `selectable` int(1) NOT NULL,
  `menu` int(1) DEFAULT 0,
  `font_css` varchar(60) NOT NULL,
  `home_history` int(1) NOT NULL,
  `sitemap` int(1) NOT NULL,
  `search` int(1) NOT NULL DEFAULT 0,
  `rss` int(1) NOT NULL DEFAULT 0,
  `id_parent` int(10) DEFAULT 0,
  `orden` int(10) DEFAULT 0,
  `define` varchar(50) NOT NULL,
  `categorized` int(1) DEFAULT 0,
  `placeable` int(5) NOT NULL DEFAULT 0,
  `placeable_values` varchar(150) NOT NULL DEFAULT '',
  `export_xml` int(1) DEFAULT NULL,
  `xml` varchar(150) NOT NULL,
  `comentarios` int(1) NOT NULL DEFAULT 1,
  `multilanguage` int(1) DEFAULT 0,
  `table` varchar(50) NOT NULL,
  `table_index` varchar(50) NOT NULL,
  `table_lang` varchar(50) NOT NULL,
  `table_lang_index` varchar(50) NOT NULL,
  `portada_module` varchar(150) NOT NULL,
  `categorias_module` varchar(250) NOT NULL,
  `elementos_module` varchar(250) NOT NULL,
  `table_galeria` varchar(150) NOT NULL,
  `table_galeria_lang` varchar(150) NOT NULL DEFAULT '',
  `folder` varchar(255) NOT NULL,
  `folder_type` int(2) NOT NULL,
  `folder_pattern` varchar(255) NOT NULL,
  `cachemodules` text NOT NULL,
  `cache` int(1) NOT NULL DEFAULT 0,
  `cache_time` int(10) NOT NULL DEFAULT 0
) ENGINE=InnoDB DEFAULT CHARSET=utf8mb3 COLLATE=utf8mb3_general_ci;

--
-- Volcado de datos para la tabla `modules`
--

INSERT INTO `modules` (`id`, `estado`, `selectable`, `menu`, `font_css`, `home_history`, `sitemap`, `search`, `rss`, `id_parent`, `orden`, `define`, `categorized`, `placeable`, `placeable_values`, `export_xml`, `xml`, `comentarios`, `multilanguage`, `table`, `table_index`, `table_lang`, `table_lang_index`, `portada_module`, `categorias_module`, `elementos_module`, `table_galeria`, `table_galeria_lang`, `folder`, `folder_type`, `folder_pattern`, `cachemodules`, `cache`, `cache_time`) VALUES
(1, 1, 0, 0, '', 0, 0, 0, 0, NULL, 10, '_MOD_INICIO', 0, 0, '', 0, '', 1, 0, '', '', '', '', '', '', '', '', '', '', 0, '', '', 0, 0),
(2, 1, 0, 0, '', 0, 0, 0, 0, NULL, 19, '_MOD_AVISOS', 0, 0, '', 0, '', 1, 1, 'avisos', 'id', 'avisos_lang', 'id_rel', '', '', '', '', '', '', 0, '', '', 0, 0),
(3, 1, 1, 0, '', 0, 0, 0, 0, 0, 22, '_MOD_LOGIN', 0, 0, '', 0, '', 1, 0, '', '', '', '', '', '', '', '', '', '', 0, '', '', 0, 0),
(4, 1, 0, 0, '', 0, 0, 0, 0, 0, 23, '_MOD_RECORDAR_PASS', 0, 0, '', 0, '', 1, 0, '', '', '', '', '', '', '', '', '', '', 0, '', '', 0, 0),
(5, 1, 0, 0, '', 0, 1, 0, 0, 0, 24, '_MOD_MENUS', 1, 1, 'menu_posiciones', 0, '', 1, 1, 'menus', 'id', 'menus_lang', 'id_rel', '', '', '', '', '', '', 0, '', '', 0, 0),
(6, 1, 0, 1, '', 0, 0, 0, 0, 0, 4, '_MOD_MODULES', 0, 0, '', 0, '', 1, 1, 'modules', 'id', 'modules_lang', 'id_rel', '', '', '', '', '', '', 0, '', '', 0, 0),
(7, 1, 0, 1, '', 0, 0, 0, 0, 0, 8, '_MOD_PANEL_MENUS', 1, 1, 'panel_menu_posiciones', 1, '', 1, 1, 'panel_menus', 'id', 'panel_menus_lang', 'id_rel', '', '', '', '', '', '', 0, '', '', 0, 0),
(8, 1, 0, 1, '', 0, 0, 0, 0, NULL, 1, '_MOD_CONFIG', 0, 0, '', 0, '', 1, 0, 'config', 'id', '', '', '', '', '', '', '', '', 0, '', '', 0, 0),
(9, 1, 0, 1, '', 0, 0, 0, 0, NULL, 7, '_MOD_CMS_USERS', 0, 0, '', 0, '', 1, 0, 'users', 'id', '', '', '', '', '', '', '', '', 0, '', '', 0, 0),
(10, 1, 0, 1, '', 0, 0, 0, 0, NULL, 9, '_MOD_CMS_AVISOS', 0, 0, '', 0, '', 1, 1, 'avisos', 'id', 'avisos_lang', 'id_rel', '', '', '', '', '', '', 0, '', '', 0, 0),
(11, 0, 1, 0, '', 1, 1, 0, 1, 0, 21, '_MOD_NOTICIAS', 0, 0, '', 0, '', 1, 1, 'not_noticias', 'id', 'not_noticias_lang', 'id_rel', '', '', '', '', '', '', 0, '', '', 0, 0),
(12, 1, 0, 0, '', 1, 0, 0, 0, 0, 20, '_MOD_BANNERS', 0, 1, 'ban_banners_posiciones', 0, '', 1, 1, 'ban_banners', 'id', 'ban_banners_lang', 'id_rel', '', '', '', '', '', '', 0, '', '', 0, 0),
(13, 1, 1, 0, '', 1, 0, 0, 0, NULL, 11, '_MOD_CONTENIDOS', 0, 0, '', 0, '', 1, 1, 'con_contenidos', 'id', 'con_contenidos_lang', 'id_rel', '', '', '', '', '', '', 0, '', '', 0, 0),
(14, 1, 1, 0, '', 0, 0, 0, 0, NULL, 12, '_MOD_CONTACTO', 0, 0, '', 0, '', 1, 0, '', '', '', '', '', '', '', '', '', '', 0, '', '', 0, 0),
(15, 1, 0, 0, '', 0, 0, 0, 0, NULL, 13, '_MOD_CATALOGO_CATEGORIAS', 1, 0, '', 0, '', 1, 1, 'cat_categorias', 'id', 'cat_categorias_lang', 'id_rel', '_MOD_CATEGORIAS_PORTADAS', '_MOD_CATALOGO_CATEGORIAS', '_MOD_CATALOGO_PRODUCTOS', 'cat_categorias_imgs', 'cat_categorias_imgs_lang', '', 0, '', '', 0, 0),
(16, 1, 1, 0, '', 1, 1, 0, 1, NULL, 14, '_MOD_CATALOGO_PRODUCTOS', 0, 0, '', 0, '', 1, 1, 'cat_productos', 'id', 'cat_productos_lang', 'id_rel', '_MOD_CATALOGO_PORTADAS', '_MOD_CATALOGO_CATEGORIAS', '_MOD_CATALOGO_PRODUCTOS', 'cat_productos_imgs', 'cat_productos_imgs_lang', '', 0, '', '', 0, 0),
(17, 0, 0, 0, '', 1, 0, 0, 0, 0, 15, '_MOD_BOLETINES', 0, 0, '', 0, '', 1, 1, 'bol_boletines', 'id', 'bol_boletines_lang', 'id_rel', '', '', '', '', '', '', 0, '', '', 0, 0),
(18, 0, 0, 0, '', 1, 0, 0, 0, 0, 16, '_MOD_BOLETINES_ENVIADOS', 0, 0, '', 0, '', 1, 0, 'bol_boletines_enviados', 'id', '', '', '', '', '', '', '', '', 0, '', '', 0, 0),
(19, 0, 1, 0, '', 0, 0, 0, 0, 0, 17, '_MOD_BOLETINES_SUSCRIPTORES', 0, 0, '', 0, '', 1, 0, 'bol_suscriptores', 'id', '', '', '', '', '', '', '', '', 0, '', '', 0, 0),
(20, 0, 0, 0, '', 0, 0, 0, 0, 0, 18, '_MOD_BOLETINES_LISTAS', 1, 0, '', 0, '', 1, 0, 'bol_listas', 'id', '', '', '', '', '', '', '', '', 0, '', '', 0, 0),
(21, 1, 0, 1, '', 0, 0, 0, 0, NULL, 6, '_MOD_UTILIDADES_SISTEMA', 0, 0, '', 0, '', 1, 0, '', '', '', '', '', '', '', '', '', '', 0, '', '', 0, 0),
(22, 1, 0, 1, '', 0, 0, 0, 0, 0, 5, '_MOD_LANGUAGES', 0, 0, '', 0, '', 1, 0, 'languages', 'id', '', '', '', '', '', '', '', '', 0, '', '', 0, 0),
(23, 1, 0, 0, '', 0, 0, 0, 0, NULL, 3, '_MOD_USUARIOS_DATOS', 0, 0, '', 0, '', 1, 0, 'public_users', 'id', '', '', '', '', '', '', '', '', 0, '', '', 0, 0),
(24, 1, 0, 0, '', 0, 0, 0, 0, 0, 2, '_MOD_USUARIOS_MSG', 0, 0, '', 0, '', 1, 0, 'public_users', 'id', '', '', '', '', '', '', '', '', 0, '', '', 0, 0),
(25, 0, 0, 0, '', 0, 0, 0, 0, 0, 0, '_MOD_BOLETINES_BAJA', 0, 0, '', 0, '', 1, 0, '', '', '', '', '', '', '', '', '', '', 0, '', '', 0, 0),
(26, 1, 1, 0, '', 1, 0, 0, 0, 0, 0, '_MOD_PORTADAS', 0, 0, '', 0, '', 1, 1, 'por_portadas', 'id', 'por_portadas_lang', 'id_rel', '_MOD_PORTADAS', '', '', '', '', '', 0, '', '', 0, 0),
(27, 1, 0, 0, '', 0, 0, 0, 0, NULL, 0, '_MOD_CONFIGURACION_USUARIO', 0, 0, '', 0, '', 1, 0, '', '', '', '', '', '', '', '', '', '', 0, '', '', 0, 0),
(28, 0, 0, 0, '', 1, 0, 0, 0, 0, 0, '_MOD_CATALOGO_PORTADAS', 0, 0, '', 0, '', 1, 1, 'cat_portadas', 'id', 'cat_portadas_lang', 'id_rel', '_MOD_CATALOGO_PORTADAS', '_MOD_CATALOGO_CATEGORIAS', '_MOD_CATALOGO_PRODUCTOS', '', '', '', 0, '', '', 0, 0),
(30, 0, 1, 0, '', 0, 0, 0, 0, 0, 0, '_MOD_BOLETINES_ALTA', 0, 0, '', 0, '', 1, 0, '', '', '', '', '', '', '', '', '', '', 0, '', '', 0, 0),
(31, 0, 1, 0, '', 0, 0, 0, 0, 0, 0, '_MOD_ESTADISTICAS', 0, 0, '', 0, '', 1, 0, '', '', '', '', '', '', '', '', '', '', 0, '', '', 0, 0),
(32, 0, 1, 0, '', 1, 1, 0, 1, 0, 0, '_MOD_PROYECTOS', 1, 0, '', 0, '', 1, 1, 'cat_proyectos', 'id', 'cat_proyectos_lang', 'id_rel', '', '', '', '', '', '', 0, '', '', 0, 0),
(33, 1, 0, 1, '', 0, 0, 0, 0, 0, 0, '_MOD_DEFINES_IDIOMAS', 0, 0, '', 0, '', 1, 1, 'def_defines', 'id', 'def_defines_lang', 'id_rel', '', '', '', '', '', '', 0, '', '', 0, 0),
(34, 1, 0, 0, '', 1, 0, 0, 0, NULL, 0, '_MOD_SLIDER', 0, 0, '', 0, '', 1, 1, 'sli_sliders', 'id', 'sli_sliders_lang', 'id_rel', '', '', '', '', '', '', 0, '', '', 0, 0),
(35, 1, 1, 0, '', 1, 0, 0, 0, NULL, 0, '_MOD_PEDIDOS', 0, 0, '', 0, '', 1, 0, 'cat_pedidos', 'id', '', '', '', '', '', '', '', '', 0, '', '', 0, 0),
(37, 0, 1, 0, '', 0, 0, 0, 0, 0, 0, '_MOD_INMUEBLES_TIPOS', 0, 0, '', 0, '', 1, 1, 'inm_tipos', 'id', 'inm_tipos_lang', 'id_rel', '', '_MOD_INMUEBLES_TIPOS', '_MOD_INMUEBLES', '', '', '', 0, '', '', 0, 0),
(38, 0, 1, 0, '', 0, 0, 0, 0, 0, 0, '_MOD_INMUEBLES_TIPOS_OFERTAS', 0, 0, '', 0, '', 1, 1, 'inm_tipos_oferta', 'id', 'inm_tipos_oferta_lang', 'id_rel', '', '', '', '', '', '', 0, '', '', 0, 0),
(39, 1, 1, 0, '', 0, 0, 0, 0, 0, 0, '_MOD_LOCALIZACION', 0, 0, '', 0, '', 1, 0, '', '', '', '', '', '', '', '', '', '', 0, '', '', 0, 0),
(40, 1, 1, 0, '', 1, 0, 0, 0, NULL, 0, '_MOD_DELEGACIONES', 0, 0, '', 0, '', 1, 1, 'del_delegaciones', 'id', 'del_delegaciones_lang', 'id_rel', '', '', '', 'del_delegaciones_imgs', 'del_delegaciones_imgs_lang', '', 0, '', '', 0, 0),
(41, 1, 1, 0, '', 0, 0, 0, 0, 0, 0, '_MOD_ASOCIATE', 0, 0, '', 0, '', 1, 0, '', '', '', '', '', '', '', '', '', '', 0, '', '', 0, 0),
(42, 1, 1, 0, '', 0, 0, 0, 0, NULL, 0, '_MOD_PEDIDO', 0, 0, '', 0, '', 1, 0, '', '', '', '', '', '', '', '', '', '', 0, '', '', 0, 0),
(43, 1, 1, 0, '', 0, 0, 0, 0, NULL, 0, '_MOD_CONSULTAS_ONLINE', 0, 0, '', 0, '', 1, 0, '', '', '', '', '', '', '', '', '', '', 0, '', '', 0, 0),
(44, 1, 0, 0, '', 0, 0, 0, 0, NULL, 0, '_MOD_PROCESO_COMPRA', 0, 0, '', 0, '', 1, 0, 'cat_pedidos', 'id', '', '', '', '', '', '', '', '', 0, '', '', 0, 0),
(45, 1, 1, 0, '', 0, 0, 0, 0, 0, 0, '_MOD_STARTER', 0, 0, '', 0, '', 1, 0, '', '', '', '', '', '', '', '', '', '', 0, '', '', 0, 0),
(46, 1, 0, 0, '', 0, 0, 0, 0, 0, 0, '_MOD_TRANSPORTE', 0, 0, '', 0, '', 1, 0, '', '', '', '', '', '', '', '', '', '', 0, '', '', 0, 0),
(47, 1, 1, 0, '', 0, 0, 0, 0, 0, 0, '_MOD_DISTRIBUIDOR', 0, 0, '', 0, '', 1, 0, '', '', '', '', '', '', '', '', '', '', 0, '', '', 0, 0),
(48, 1, 1, 0, '', 1, 0, 0, 0, NULL, 0, '_MOD_VIDEOS', 0, 0, '', 0, '', 1, 1, 'vid_videos', 'id', 'vid_videos_lang', 'id_rel', '', '', '', '', '', '', 0, '', '', 0, 0),
(49, 1, 0, 0, '', 0, 0, 0, 0, NULL, 0, '_MOD_GASTOS_PAISES', 0, 0, '', 0, '', 1, 0, '', '', '', '', '', '', '', '', '', '', 0, '', '', 0, 0),
(50, 1, 0, 0, '', 0, 0, 0, 0, NULL, 0, '_MOD_GASTOS_PROVINCIAS', 0, 0, '', 0, '', 1, 0, '', '', '', '', '', '', '', '', '', '', 0, '', '', 0, 0),
(51, 1, 1, 0, '', 0, 0, 0, 0, NULL, 0, '_MOD_CATALOGO_PARTICULARES', 0, 0, '', 0, '', 0, 0, '', '', '', '', '', '', '', '', '', '', 0, '', '', 0, 0),
(52, 1, 1, 0, '', 0, 0, 0, 0, NULL, 0, '_MOD_CATALOGO_PROFESIONALES', 0, 0, '', 0, '', 0, 0, '', '', '', '', '', '', '', '', '', '', 0, '', '', 0, 0),
(53, 1, 1, 0, 'fas fa-air-freshener', 0, 0, 0, 0, NULL, 0, '_MOD_DIAGNOSTICO', 0, 0, '', 0, '', 0, 0, '', '', '', '', '', '', '', '', '', '', 0, '', '', 0, 0);

-- --------------------------------------------------------

--
-- Estructura de tabla para la tabla `modules_attributes`
--

CREATE TABLE `modules_attributes` (
  `id` int(10) NOT NULL,
  `id_rel` int(10) NOT NULL,
  `src` varchar(150) NOT NULL,
  `menu_elementos` varchar(255) NOT NULL,
  `estructure` int(1) NOT NULL DEFAULT 1,
  `start` int(1) NOT NULL DEFAULT 0,
  `login` int(1) NOT NULL DEFAULT 0,
  `class` int(1) NOT NULL DEFAULT 0,
  `ordered` int(1) NOT NULL DEFAULT 0,
  `inverted_order` int(1) NOT NULL DEFAULT 0,
  `query` text NOT NULL,
  `joins` text NOT NULL,
  `where` text NOT NULL,
  `listHead` text NOT NULL,
  `order_by` varchar(50) NOT NULL,
  `listpattern` varchar(255) NOT NULL,
  `export_fields` varchar(150) NOT NULL,
  `export_sql` text NOT NULL
) ENGINE=InnoDB DEFAULT CHARSET=utf8mb3 COLLATE=utf8mb3_general_ci;

--
-- Volcado de datos para la tabla `modules_attributes`
--

INSERT INTO `modules_attributes` (`id`, `id_rel`, `src`, `menu_elementos`, `estructure`, `start`, `login`, `class`, `ordered`, `inverted_order`, `query`, `joins`, `where`, `listHead`, `order_by`, `listpattern`, `export_fields`, `export_sql`) VALUES
(1, 1, 'inicio/index.php', '', 2, 1, 1, 0, 0, 0, '', '', '', '', '', '', '', ''),
(2, 2, 'base/avisos/aviso.php', '', 3, 0, 0, 0, 0, 0, '', '', '', '', '', '', '', ''),
(3, 3, 'login/index.php', '', 3, 0, 0, 0, 0, 0, '', '', '', '', '', '', '', ''),
(4, 4, 'base/usuarios/recordar.php', '', 3, 0, 0, 0, 0, 0, '', '', '', '', '', '', '', ''),
(5, 5, 'menus/panel/index.php', '', 1, 0, 1, 1, 1, 0, '', '', '', '', '', '', '', ''),
(6, 6, 'base/modules/index.php', '', 1, 0, 1, 1, 0, 0, '', '', '', '_TXT_VISIBILIDAD:estado:status; _TXT_ID:id; _TXT_TITULO:titulo; _TXT_PATTERN:link_pattern; _TXT_DEFINE:define; _TXT_ICONO:font_css', 'estado DESC, titulo ASC', '<img src=\'img/[estado].png\' align=\'absmiddle\'/> [titulo]', '', ''),
(7, 7, 'base/menus/index.php', '', 1, 0, 1, 1, 1, 0, '', '', '', '', '', '', '', ''),
(8, 8, 'base/configuracion/index.php', '', 1, 0, 0, 1, 0, 0, '', '', '', '_TXT_ID:id;_TXT_TITULO:config;_TXT_VALUE:value', 'config ASC', '[config]', '', ''),
(9, 9, 'base/usuarios/index.php', '', 1, 0, 1, 1, 0, 0, '', '', '', '_TXT_VISIBILIDAD:estado:status;_TXT_NOMBRE:nombre;_TXT_APELLIDOS:apellidos;_TXT_EMAIL:email', 'nombre, apellidos ASC', '[alias]', '', ''),
(10, 10, 'base/avisos/index.php', '', 1, 0, 1, 1, 0, 0, '', '', '', '_TXT_TITULO:titulo;_TXT_CODIGO:code', 'code ASC', '[code] ([lang]) - [title]', '', ''),
(11, 11, 'noticias/panel/index.php', '', 1, 0, 1, 1, 0, 0, '', '', '', '', 'fecha_publicacion DESC', '[fecha_publicacion] [titulo]', '', ''),
(12, 12, 'banners/panel/index.php', '', 1, 0, 1, 1, 1, 0, '', '', '', '', '', '', '', ''),
(13, 13, 'contenidos/panel/index.php', '', 1, 0, 1, 1, 0, 0, '', '', '', '', '', '', '', ''),
(14, 15, 'catalogo-productos/panel/categorias.php', '', 1, 0, 1, 1, 1, 0, '', '', '', '', '', '', '', ''),
(15, 16, 'catalogo-productos/panel/elementos.php', '', 1, 0, 1, 1, 1, 1, '', '', '', '_TXT_VISIBILIDAD:estado:status;\r\n_TXT_IMG:imagen_principal:thumb:80_80;\r\n_TXT_REFERENCIA:referencia;\r\n_TXT_TITULO:titulo;\r\n_TXT_CATEGORIA_PADRE:titulo_categoria:module_rel:_MOD_CATALOGO_CATEGORIAS:titulo:id_parent;\r\n_TXT_STOCK:stock;\r\n_TXT_PESO:peso;\r\n_TXT_PRECIO:precio;\r\n_TXT_VENTAS:ventas', '', '', '', ''),
(16, 17, 'boletines/panel/boletines.php', '', 1, 0, 1, 1, 0, 0, '', '', '', '', '', '', '', ''),
(17, 18, 'boletines/panel/enviados.php', '', 1, 0, 1, 1, 0, 0, '', '', '', '', 'enviado ASC, fecha_envio DESC', '<img src=\'../../../modules/boletines/img/send_[enviado].png\' align=\'absmiddle\'/> [fecha_envio] ', '', ''),
(18, 19, 'boletines/panel/suscriptores.php', '', 1, 0, 1, 1, 0, 0, '', '', '', '', '', '[nombre] - [email]', '', ''),
(19, 20, 'boletines/panel/categorias.php', '', 1, 0, 1, 1, 1, 0, '', '', '', '', '', '', '', ''),
(20, 21, 'base/utilidades/index.php', '', 2, 0, 1, 1, 0, 0, '', '', '', '', '', '', '', ''),
(21, 22, 'base/idiomas/index.php', '', 1, 0, 1, 1, 1, 0, '', '', '', '', '', '', '', ''),
(22, 23, 'usuarios/panel/usuarios.php', '', 1, 0, 1, 1, 0, 0, '', '', '', '_TXT_VISIBILIDAD:estado:status;\r\n_TXT_NOMBRE:nombre;\r\n_TXT_APELLIDOS:apellidos;\r\n_TXT_EMAIL:email', '', '[apellidos], [nombre]', 'nombre, apellidos, fecha_creacion, fecha_ultimo_acceso, email, division, estado', 'SELECT t.fecha_creacion, t.fecha_ultimo_acceso, t.nombre, t.apellidos, t.email, tl.titulo as division, el.value as estado FROM public_users as t LEFT JOIN div_divisiones_lang as tl ON t.id_division = tl.id_rel LEFT JOIN public_users_estados_lang as el ON t.estado= el.id_rel WHERE tl.lang=\'es\''),
(23, 24, 'usuarios/panel/msg.php', '', 1, 0, 1, 1, 0, 0, '', '', '', '', '', '[apellidos], [nombre] - [email]', '', ''),
(24, 26, 'portadas/panel/index.php', '', 1, 0, 1, 1, 1, 1, '', '', '', '', '', '<img src=\'img/home_[portada].png\' align=\'absmiddle\'/> [titulo]', '', ''),
(25, 27, 'configuracion/index.php', '', 2, 0, 1, 1, 0, 0, '', '', '', '', '', '', '', ''),
(26, 28, 'catalogo-productos/panel/portadas.php', '', 1, 0, 0, 1, 1, 1, '', '', '', '', '', '<img src=\'img/home_[portada].png\' align=\'absmiddle\'/> [titulo]', '', ''),
(28, 31, 'estadisticas/index.php', '', 4, 0, 1, 1, 0, 0, '', '', '', '', '', '', '', ''),
(29, 32, 'catalogo-productos/panel/proyectos.php', '', 1, 0, 1, 1, 1, 1, '', '', '', '', '', '', '', ''),
(30, 33, 'base/defines/index.php', '', 1, 0, 1, 1, 0, 0, '', '', '', '_TXT_ESTADO:estado:status;_TXT_DEFINE:define;_TXT_VALUE:value;_TXT_MODIFICATION_DATE:modification_date;_TXT_PARTE_PUBLICA:public;_TXT_DEFINE_BASE:base', 't.modification_date DESC', '[define]', '', ''),
(31, 34, 'slider/panel/index.php', '', 1, 0, 1, 1, 1, 1, '', '', '', '', '', '', '', ''),
(32, 35, 'compra/panel/index.php', 'compra/panel/inc/menu.php', 1, 0, 1, 1, 0, 0, '', '', '', '', 'creation_date DESC', '<img src=\'img/pedidos/pedido_[estado].png\' width=\'16\' align=\'absmiddle\'/>[referencia] - [creation_date]', 'referencia, fecha, nombre, apellidos, email, telefono, cp, precio_total', 'SELECT p.precio_total, p.*, p.creation_date AS fecha FROM cat_pedidos AS p WHERE p.id_user=0 AND p.estado_pedido > 10 AND p.estado_pedido < 20 ORDER BY p.creation_date DESC'),
(34, 37, 'inmuebles/panel/categorias.php', '', 1, 0, 1, 1, 1, 0, '', '', '', '', '', '', '', ''),
(35, 38, 'inmuebles/panel/ofertas.php', '', 1, 0, 1, 1, 1, 0, '', '', '', '', '', '', '', ''),
(36, 40, 'delegaciones/panel/index.php', '', 1, 0, 1, 1, 0, 0, '', '', '', '', 'tl.titulo ASC', '', '', ''),
(37, 48, 'videos/panel/index.php', '', 1, 0, 1, 1, 1, 0, '', '', '', '', '', '', '', ''),
(38, 49, 'catalogo-productos/panel/gastosPaises.php', '', 2, 0, 1, 1, 0, 0, '', '', '', '', '', '', '', ''),
(39, 50, 'catalogo-productos/panel/gastosProvincias.php', '', 2, 0, 1, 1, 0, 0, '', '', '', '', '', '', '', '');

-- --------------------------------------------------------

--
-- Estructura de tabla para la tabla `modules_attributes_public`
--

CREATE TABLE `modules_attributes_public` (
  `id` int(10) NOT NULL,
  `id_rel` int(10) NOT NULL,
  `src` varchar(150) NOT NULL,
  `menu_elementos` varchar(255) NOT NULL,
  `estructure` int(1) NOT NULL DEFAULT 1,
  `start` int(1) NOT NULL DEFAULT 0,
  `login` int(1) NOT NULL DEFAULT 0,
  `class` int(1) NOT NULL DEFAULT 0,
  `ordered` int(1) NOT NULL DEFAULT 0,
  `inverted_order` int(1) NOT NULL DEFAULT 0,
  `query` text NOT NULL,
  `joins` text NOT NULL,
  `where` text NOT NULL,
  `listHead` text NOT NULL,
  `order_by` varchar(50) NOT NULL,
  `listpattern` varchar(100) NOT NULL,
  `export_fields` varchar(150) NOT NULL,
  `export_sql` text NOT NULL
) ENGINE=InnoDB DEFAULT CHARSET=utf8mb3 COLLATE=utf8mb3_general_ci;

--
-- Volcado de datos para la tabla `modules_attributes_public`
--

INSERT INTO `modules_attributes_public` (`id`, `id_rel`, `src`, `menu_elementos`, `estructure`, `start`, `login`, `class`, `ordered`, `inverted_order`, `query`, `joins`, `where`, `listHead`, `order_by`, `listpattern`, `export_fields`, `export_sql`) VALUES
(1, 1, '', '', 1, 0, 0, 0, 0, 0, '', '', '', '', '', '', '', ''),
(2, 2, 'avisos/index.php', '', 1, 0, 0, 0, 0, 0, '', '', '', '', '', '', '', ''),
(3, 3, 'usuarios/public/index.php', '', 1, 0, 0, 0, 0, 0, '', '', '', '', '', '', '', ''),
(4, 4, 'usuarios/public/recordar.php', '', 1, 0, 0, 0, 0, 0, '', '', '', '', '', '', '', ''),
(5, 5, '', '', 1, 0, 0, 0, 1, 0, '', '', '', '', '', '', '', ''),
(6, 11, 'noticias/public/index.php', '', 1, 0, 0, 0, 0, 0, '', '', '', '', 'fecha_publicacion DESC', '', '', ''),
(7, 13, 'contenidos/public/index.php', '', 2, 0, 0, 0, 0, 0, '', '', '', '', '', '', '', ''),
(8, 14, 'contacto/contacto.php', '', 2, 0, 0, 0, 0, 0, '', '', '', '', '', '', '', ''),
(9, 15, 'catalogo-productos/public/index.php', '', 2, 0, 0, 0, 1, 0, '', '', '', '', '', '', '', ''),
(10, 16, 'catalogo-productos/public/index.php', '', 2, 0, 0, 0, 1, 1, '', '', '', '', '', '', '', ''),
(11, 25, 'boletines/public/baja.php', '', 1, 0, 0, 0, 0, 0, '', '', '', '', '', '', '', ''),
(12, 26, 'portadas/public/index.php', '', 1, 1, 0, 0, 1, 1, '', '', '', '', '', '', '', ''),
(13, 28, 'catalogo-productos/panel/index.php', '', 1, 0, 0, 0, 0, 0, '', '', '', '', '', '', '', ''),
(15, 30, 'boletines/public/alta.php', '', 1, 0, 0, 0, 0, 0, '', '', '', '', '', '', '', ''),
(16, 32, 'catalogo-productos/public/index.php', '', 1, 0, 0, 0, 1, 1, '', '', '', '', '', '', '', ''),
(17, 34, 'catalogo-productos/public/index.php', '', 1, 0, 0, 0, 1, 1, '', '', '', '', '', '', '', ''),
(18, 35, 'usuarios/public/index.php', '', 2, 0, 1, 0, 0, 0, '', '', '', '', '', '', '', ''),
(20, 37, 'inmuebles/public/index.php', '', 1, 0, 0, 0, 1, 0, '', '', '', '', '', '', '', ''),
(21, 38, '', '', 1, 0, 0, 0, 1, 0, '', '', '', '', '', '', '', ''),
(22, 39, 'contacto/localizacion.php', '', 1, 0, 0, 0, 0, 0, '', '', '', '', '', '', '', ''),
(23, 40, 'delegaciones/public/index.php', '', 2, 0, 0, 0, 0, 0, '', '', '', '', 'tl.titulo ASC', '', '', ''),
(24, 41, 'contacto/asociate.php', '', 1, 0, 0, 0, 0, 0, '', '', '', '', '', '', '', ''),
(25, 42, 'catalogo-productos/public/index.php', '', 2, 0, 0, 0, 0, 0, '', '', '', '', '', '', '', ''),
(26, 43, 'contacto/consultas.php', '', 2, 0, 0, 0, 0, 0, '', '', '', '', '', '', '', ''),
(27, 44, 'compra/public/index.php', '', 2, 0, 0, 0, 0, 0, '', '', '', '', '', '', '', ''),
(28, 45, 'usuarios/public/starter.php', '', 1, 0, 0, 0, 0, 0, '', '', '', '', '', '', '', ''),
(29, 47, 'contacto/distribuidor.php', '', 1, 0, 0, 0, 0, 0, '', '', '', '', '', '', '', ''),
(30, 48, 'videos/public/index.php', '', 2, 0, 0, 0, 1, 0, '', '', '', '', '', '', '', ''),
(31, 51, 'catalogo-productos/public/index.php', '', 2, 0, 0, 0, 0, 0, '', '', '', '', '', '', '', ''),
(32, 52, 'catalogo-productos/public/index.php', '', 2, 0, 0, 0, 0, 0, '', '', '', '', '', '', '', ''),
(33, 53, 'diagnostico/public/index.php', '', 2, 0, 0, 0, 0, 0, '', '', '', '', '', '', '', ''),
(34, 8, '', '', 1, 0, 0, 0, 0, 0, '', '', '', '', '', '', '', '');

-- --------------------------------------------------------

--
-- Estructura de tabla para la tabla `modules_lang`
--

CREATE TABLE `modules_lang` (
  `id` int(10) NOT NULL,
  `id_rel` int(10) NOT NULL,
  `lang` varchar(2) NOT NULL,
  `titulo` varchar(150) NOT NULL,
  `link` varchar(150) NOT NULL,
  `link_pattern` varchar(250) NOT NULL,
  `description` text NOT NULL,
  `meta_title` varchar(250) NOT NULL,
  `meta_metas` text NOT NULL,
  `meta_description` text NOT NULL
) ENGINE=InnoDB DEFAULT CHARSET=utf8mb3 COLLATE=utf8mb3_general_ci;

--
-- Volcado de datos para la tabla `modules_lang`
--

INSERT INTO `modules_lang` (`id`, `id_rel`, `lang`, `titulo`, `link`, `link_pattern`, `description`, `meta_title`, `meta_metas`, `meta_description`) VALUES
(1, 1, 'es', 'Inicio', 'inicio', '0', '', '', '', ''),
(2, 2, 'es', 'Avisos', 'avisos', '0', '', '', '', ''),
(3, 3, 'es', 'Clientes', 'login', '0', '', 'Acceso Clientes', '', ''),
(4, 4, 'es', 'Recordar contraseña usuario', 'recordar-contrasena', '0', '', '', '', ''),
(9, 5, 'es', 'Menus', 'menus', '0', '', '', '', ''),
(11, 6, 'es', 'CMS Modulos', 'cms-modulos', '0', '', '', '', ''),
(13, 7, 'es', 'CMS Menus', 'cms-menus', '0', '', '', '', ''),
(15, 8, 'es', 'CMS Configuración', 'cms-configuracion', '0', '', '', '', ''),
(17, 9, 'es', 'CMS Usuarios', 'cms-usuarios', '0', '', '', '', ''),
(19, 10, 'es', 'CMS Avisos', 'cms-avisos', '0', '', '', '', ''),
(21, 11, 'es', 'Noticias', 'noticias', '', '', 'Actualidad', '', 'La actualidad más fresca a tu disposición'),
(23, 12, 'es', 'Banners', 'banners', '0', '', '', '', ''),
(25, 13, 'es', 'Contenidos', 'contenidos', '', '', '', '', ''),
(27, 14, 'es', 'Contacto', 'contacto', '0', '', '', '', ''),
(29, 15, 'es', 'Catalogo Productos Categorias', 'categorias-catalogo', '', '', '', '', ''),
(31, 16, 'es', 'Catalogo Productos', 'catalogo-productos', '', '', 'Productos', '', ''),
(33, 17, 'es', 'Boletines', 'boletines', '0', '', '', '', ''),
(34, 18, 'es', 'Boletines enviados', 'boletines-enviados', '0', '', '', '', ''),
(35, 19, 'es', 'Boletines Suscriptores', 'boletin-suscriptores', '0', '', '', '', ''),
(36, 20, 'es', 'Boletines Listas', 'boletin-listas', '0', '', '', '', ''),
(38, 21, 'es', 'CMS Utilidades', 'cms-utilidades', '0', '', '', '', ''),
(44, 22, 'es', 'CMS Idiomas', 'cms-idiomas', '', '', '', '', ''),
(45, 23, 'es', 'Usuarios', 'usuarios-publicos', '0', '', '', '', ''),
(46, 24, 'es', 'Usuarios - Enviar mensaje', 'usuarios-publicos-mensaje', '0', '', '', '', ''),
(47, 25, 'es', 'Boletínes - Baja suscripción', 'boletin-eliminar-suscripcion', '0', '', '', '', ''),
(48, 26, 'es', 'Portadas web', 'portada', '0', '', 'Inicio', '', ''),
(49, 27, 'es', 'Configuración', 'configuracion-usuario', '0', '', '', '', ''),
(50, 28, 'es', 'Catalogo Productos Portadas', 'catalogo-productos-portada', '', '', '', '', ''),
(51, 30, 'es', 'Boletínes - Alta', 'boletin-suscripcion', '0', '', '', '', ''),
(52, 31, 'es', 'Estadisticas', 'estadisticas', '0', '', '', '', ''),
(53, 32, 'es', 'Catalogo Productos Trabajos realizados', 'trabajos-realizados', '', '', 'Trabajos realizados', '', ''),
(54, 33, 'es', 'CMS Idiomas Defines', 'cms-defines-idiomas', '0', '', '', '', ''),
(58, 34, 'es', 'Slider', 'slider', '0', '', '', '', ''),
(62, 35, 'es', 'Pedidos Realizados', 'pedidos-realizados', '0', '', '', '', ''),
(79, 37, 'es', 'Inmuebles tipos promoción', 'tipos-promocion', '', '', '', '', ''),
(83, 38, 'es', 'Inmuebles tipos inmueble', 'tipos-inmueble', '', '', '', '', ''),
(208, 39, 'es', 'Localización', 'localizacion', '0', '', '', '', ''),
(210, 40, 'es', 'Centros Asociados', 'centros-asociados', '0', '', '', '', ''),
(211, 41, 'es', 'Cómo asociarse', 'como-asociarse', '0', '', '', '', ''),
(212, 42, 'es', 'Haz un pedido', 'haz-un-pedido', '0', '', '', '', ''),
(213, 43, 'es', 'Consultas OnLine', 'consultas-online', '0', '', '', '', ''),
(214, 44, 'es', 'Proceso de compra', 'proceso-de-compra', '0', '', '', '', ''),
(215, 45, 'es', 'Starter', 'starter-pack', '0', '', '', '', ''),
(216, 46, 'es', 'Transporte', 'transporte', '0', '', '', '', ''),
(217, 47, 'es', 'Distribuidor', 'distribuidor', '0', '', '', '', ''),
(218, 48, 'es', 'Videos técnicos profesionales', 'videos-tecnicos-profesionales', '0', '', '', '', ''),
(219, 49, 'es', 'Catalogo Gastos de Envio Paises', 'gastos-envio-paises', '0', '', '', '', ''),
(220, 50, 'es', 'Catalogo Gastos de Envio Provincias', 'gastos-envio-provincias', '0', '', '', '', ''),
(221, 51, 'es', 'Tienda', 'tienda', '0', '', '', '', ''),
(222, 52, 'es', 'Profesionales', 'profesionales', '0', '', '', '', ''),
(223, 53, 'es', 'Diagnóstico', 'diagnostico', '0', '<p>Rellene el siguiente formulario para que podamos recomendarle el producto más adecuado para su coloración.</p>', '', '', ''),
(224, 8, 'eu', 'CMS Configuración', 'cms-configuracion', '', '', '', '', ''),
(225, 21, 'eu', 'CMS Utilidades', 'cms-utilidades', '0', '', '', '', ''),
(226, 1, 'eu', 'Inicio', 'inicio', '0', '', '', '', ''),
(227, 2, 'eu', 'Avisos', 'avisos', '0', '', '', '', ''),
(228, 3, 'eu', 'Clientes', 'login', '0', '', 'Acceso Clientes', '', ''),
(229, 4, 'eu', 'Recordar contraseña usuario', 'recordar-contrasena', '0', '', '', '', ''),
(230, 5, 'eu', 'Menus', 'menus', '0', '', '', '', ''),
(231, 6, 'eu', 'CMS Modulos', 'cms-modulos', '0', '', '', '', ''),
(232, 7, 'eu', 'CMS Menus', 'cms-menus', '0', '', '', '', ''),
(233, 9, 'eu', 'CMS Usuarios', 'cms-usuarios', '0', '', '', '', ''),
(234, 10, 'eu', 'CMS Avisos', 'cms-avisos', '0', '', '', '', ''),
(235, 11, 'eu', 'Noticias', 'noticias', '', '', 'Actualidad', '', 'La actualidad más fresca a tu disposición'),
(236, 12, 'eu', 'Banners', 'banners', '0', '', '', '', ''),
(237, 13, 'eu', 'Contenidos', 'contenidos', '', '', '', '', ''),
(238, 14, 'eu', 'Contacto', 'contacto', '0', '', '', '', ''),
(239, 15, 'eu', 'Catalogo Productos Categorias', 'categorias-catalogo', '', '', '', '', ''),
(240, 16, 'eu', 'Catalogo Productos', 'catalogo-productos', '', '', 'Productos', '', ''),
(241, 17, 'eu', 'Boletines', 'boletines', '0', '', '', '', ''),
(242, 18, 'eu', 'Boletines enviados', 'boletines-enviados', '0', '', '', '', ''),
(243, 19, 'eu', 'Boletines Suscriptores', 'boletin-suscriptores', '0', '', '', '', ''),
(244, 20, 'eu', 'Boletines Listas', 'boletin-listas', '0', '', '', '', ''),
(245, 22, 'eu', 'CMS Idiomas', 'cms-idiomas', '', '', '', '', ''),
(246, 23, 'eu', 'Usuarios', 'usuarios-publicos', '0', '', '', '', ''),
(247, 24, 'eu', 'Usuarios - Enviar mensaje', 'usuarios-publicos-mensaje', '0', '', '', '', ''),
(248, 25, 'eu', 'Boletínes - Baja suscripción', 'boletin-eliminar-suscripcion', '0', '', '', '', ''),
(249, 26, 'eu', 'Portadas web', 'portada', '0', '', 'Inicio', '', ''),
(250, 27, 'eu', 'Configuración', 'configuracion-usuario', '0', '', '', '', ''),
(251, 28, 'eu', 'Catalogo Productos Portadas', 'catalogo-productos-portada', '', '', '', '', ''),
(252, 30, 'eu', 'Boletínes - Alta', 'boletin-suscripcion', '0', '', '', '', ''),
(253, 31, 'eu', 'Estadisticas', 'estadisticas', '0', '', '', '', ''),
(254, 32, 'eu', 'Catalogo Productos Trabajos realizados', 'trabajos-realizados', '', '', 'Trabajos realizados', '', ''),
(255, 33, 'eu', 'CMS Idiomas Defines', 'cms-defines-idiomas', '0', '', '', '', ''),
(256, 34, 'eu', 'Slider', 'slider', '0', '', '', '', ''),
(257, 35, 'eu', 'Pedidos Realizados', 'pedidos-realizados', '0', '', '', '', ''),
(258, 37, 'eu', 'Inmuebles tipos promoción', 'tipos-promocion', '', '', '', '', ''),
(259, 38, 'eu', 'Inmuebles tipos inmueble', 'tipos-inmueble', '', '', '', '', ''),
(260, 39, 'eu', 'Localización', 'localizacion', '0', '', '', '', ''),
(261, 40, 'eu', 'Centros Asociados', 'centros-asociados', '0', '', '', '', ''),
(262, 41, 'eu', 'Cómo asociarse', 'como-asociarse', '0', '', '', '', ''),
(263, 42, 'eu', 'Haz un pedido', 'haz-un-pedido', '0', '', '', '', ''),
(264, 43, 'eu', 'Consultas OnLine', 'consultas-online', '0', '', '', '', ''),
(265, 44, 'eu', 'Proceso de compra', 'proceso-de-compra', '0', '', '', '', ''),
(266, 45, 'eu', 'Starter', 'starter-pack', '0', '', '', '', ''),
(267, 46, 'eu', 'Transporte', 'transporte', '0', '', '', '', ''),
(268, 47, 'eu', 'Distribuidor', 'distribuidor', '0', '', '', '', ''),
(269, 48, 'eu', 'Videos técnicos profesionales', 'videos-tecnicos-profesionales', '0', '', '', '', ''),
(270, 49, 'eu', 'Catalogo Gastos de Envio Paises', 'gastos-envio-paises', '0', '', '', '', ''),
(271, 50, 'eu', 'Catalogo Gastos de Envio Provincias', 'gastos-envio-provincias', '0', '', '', '', ''),
(272, 51, 'eu', 'Tienda', 'tienda', '0', '', '', '', ''),
(273, 52, 'eu', 'Profesionales', 'profesionales', '0', '', '', '', ''),
(274, 53, 'eu', 'Diagnóstico', 'diagnostico', '0', '<p>Rellene el siguiente formulario para que podamos recomendarle el producto más adecuado para su coloración.</p>', '', '', '');

-- --------------------------------------------------------

--
-- Estructura de tabla para la tabla `modules_rel`
--

CREATE TABLE `modules_rel` (
  `id` int(11) NOT NULL,
  `id_modulo` int(11) NOT NULL,
  `id_rel_modulo` int(11) NOT NULL,
  `index_rel` varchar(20) NOT NULL,
  `orden_rel` varchar(20) NOT NULL
) ENGINE=InnoDB DEFAULT CHARSET=utf8mb3 COLLATE=utf8mb3_general_ci;

--
-- Volcado de datos para la tabla `modules_rel`
--

INSERT INTO `modules_rel` (`id`, `id_modulo`, `id_rel_modulo`, `index_rel`, `orden_rel`) VALUES
(1, 15, 16, 'id_rel', 'orden_rel'),
(2, 11, 13, 'id_rel', '');

-- --------------------------------------------------------

--
-- Estructura de tabla para la tabla `not_noticias`
--

CREATE TABLE `not_noticias` (
  `id` int(10) NOT NULL,
  `creation_date` datetime NOT NULL,
  `modification_date` datetime NOT NULL,
  `orden` int(10) NOT NULL,
  `fecha` date NOT NULL,
  `fecha_publicacion` date NOT NULL,
  `img` varchar(150) NOT NULL,
  `fuente` varchar(250) NOT NULL,
  `estado` int(1) NOT NULL,
  `preview` int(1) NOT NULL,
  `portada` int(1) NOT NULL,
  `visitas` int(10) NOT NULL
) ENGINE=InnoDB DEFAULT CHARSET=utf8mb3 COLLATE=utf8mb3_general_ci;

-- --------------------------------------------------------

--
-- Estructura de tabla para la tabla `not_noticias_imgs`
--

CREATE TABLE `not_noticias_imgs` (
  `id` int(10) NOT NULL,
  `id_rel` int(10) NOT NULL,
  `src` varchar(150) NOT NULL,
  `orden` int(10) NOT NULL
) ENGINE=InnoDB DEFAULT CHARSET=utf8mb3 COLLATE=utf8mb3_general_ci;

-- --------------------------------------------------------

--
-- Estructura de tabla para la tabla `not_noticias_imgs_lang`
--

CREATE TABLE `not_noticias_imgs_lang` (
  `id` int(11) NOT NULL,
  `id_rel` int(11) NOT NULL,
  `titulo` varchar(250) NOT NULL,
  `alt` varchar(250) NOT NULL,
  `lang` varchar(2) NOT NULL
) ENGINE=InnoDB DEFAULT CHARSET=utf8mb3 COLLATE=utf8mb3_general_ci;

-- --------------------------------------------------------

--
-- Estructura de tabla para la tabla `not_noticias_lang`
--

CREATE TABLE `not_noticias_lang` (
  `id` int(10) NOT NULL,
  `id_rel` int(10) NOT NULL,
  `lang` varchar(2) NOT NULL,
  `titulo` varchar(150) NOT NULL,
  `resumen` text NOT NULL,
  `descripcion` text NOT NULL,
  `meta_title` varchar(255) NOT NULL,
  `meta_description` varchar(153) NOT NULL,
  `meta_metas` varchar(255) NOT NULL,
  `tags` varchar(255) NOT NULL,
  `pdf` varchar(250) NOT NULL
) ENGINE=InnoDB DEFAULT CHARSET=utf8mb3 COLLATE=utf8mb3_general_ci;

-- --------------------------------------------------------

--
-- Estructura de tabla para la tabla `panel_menus`
--

CREATE TABLE `panel_menus` (
  `id` int(10) NOT NULL,
  `id_parent` int(10) NOT NULL,
  `id_modulo` int(10) NOT NULL,
  `url` varchar(250) NOT NULL,
  `blank` int(1) NOT NULL,
  `posicion` int(1) NOT NULL,
  `orden` int(10) NOT NULL,
  `estado` int(1) NOT NULL
) ENGINE=InnoDB DEFAULT CHARSET=utf8mb3 COLLATE=utf8mb3_general_ci;

--
-- Volcado de datos para la tabla `panel_menus`
--

INSERT INTO `panel_menus` (`id`, `id_parent`, `id_modulo`, `url`, `blank`, `posicion`, `orden`, `estado`) VALUES
(1, 0, 0, '', 0, 1, 1, 1),
(2, 1, 5, '', 0, 1, 3, 1),
(3, 0, 0, '', 0, 1, 2, 2),
(4, 3, 11, '', 0, 1, 1, 1),
(5, 1, 12, '', 0, 1, 1, 1),
(6, 1, 13, '', 0, 1, 2, 1),
(7, 0, 0, '', 0, 1, 3, 1),
(8, 42, 15, '', 0, 1, 2, 1),
(9, 42, 16, '', 0, 1, 1, 1),
(10, 0, 17, '', 0, 1, 5, 2),
(11, 10, 19, '', 0, 1, 1, 1),
(12, 11, 20, '', 0, 1, 1, 1),
(13, 11, 19, '', 0, 1, 2, 1),
(14, 10, 17, '', 0, 1, 2, 1),
(15, 14, 17, '', 0, 1, 1, 1),
(16, 14, 18, '', 0, 1, 2, 1),
(17, 1, 23, '', 0, 1, 6, 1),
(18, 17, 23, '', 0, 1, 1, 1),
(19, 17, 24, '', 0, 1, 2, 1),
(20, 1, 0, '', 0, 1, 5, 1),
(21, 20, 26, '', 0, 1, 1, 1),
(22, 2, 5, '', 0, 1, 1, 2),
(23, 6, 13, '', 0, 1, 1, 2),
(24, 5, 12, '', 0, 1, 1, 2),
(25, 1, 27, '', 0, 1, 4, 1),
(26, 25, 27, '', 0, 1, 1, 2),
(27, 7, 32, '', 0, 1, 1, 2),
(28, 20, 34, '', 0, 1, 2, 1),
(29, 0, 36, '', 0, 1, 4, 2),
(30, 29, 36, '', 0, 1, 1, 1),
(31, 29, 37, '', 0, 1, 2, 1),
(32, 29, 38, '', 0, 1, 3, 1),
(33, 0, 40, '', 0, 1, 6, 1),
(34, 0, 35, '', 0, 1, 7, 1),
(35, 34, 35, '', 0, 1, 1, 2),
(36, 0, 46, '', 0, 1, 8, 2),
(37, 36, 46, '', 0, 1, 1, 1),
(38, 0, 48, '', 0, 1, 9, 1),
(39, 7, 49, '', 0, 1, 3, 1),
(40, 39, 49, '', 0, 1, 1, 1),
(41, 39, 50, '', 0, 1, 2, 1),
(42, 7, 0, '', 0, 1, 2, 1);

-- --------------------------------------------------------

--
-- Estructura de tabla para la tabla `panel_menus_lang`
--

CREATE TABLE `panel_menus_lang` (
  `id` int(10) NOT NULL,
  `id_rel` int(10) NOT NULL,
  `lang` varchar(2) NOT NULL,
  `titulo` varchar(150) NOT NULL,
  `descripcion` text NOT NULL
) ENGINE=InnoDB DEFAULT CHARSET=utf8mb3 COLLATE=utf8mb3_general_ci;

--
-- Volcado de datos para la tabla `panel_menus_lang`
--

INSERT INTO `panel_menus_lang` (`id`, `id_rel`, `lang`, `titulo`, `descripcion`) VALUES
(40, 1, 'es', 'Utilidades', ''),
(42, 2, 'es', 'Menús', ''),
(44, 3, 'es', 'Comunicación', ''),
(46, 4, 'es', 'Noticias', 'Gestión de noticias de la web'),
(48, 5, 'es', 'Banners', ''),
(50, 6, 'es', 'Contenidos', ''),
(52, 7, 'es', 'Catálogo de productos', ''),
(54, 8, 'es', 'Categorias', 'Gestión de las categorias'),
(56, 9, 'es', 'Productos', 'Gestión de Productos'),
(58, 10, 'es', 'Boletines', ''),
(60, 11, 'es', 'Suscriptores', ''),
(62, 12, 'es', 'Listas de distribución', 'Gestión de listas de suscriptores'),
(64, 13, 'es', 'Suscriptores', 'Gestión de suscriptores'),
(66, 14, 'es', 'Boletines', ''),
(68, 15, 'es', 'Boletines', 'Creación y envio'),
(70, 16, 'es', 'Boletines enviados', 'Informes y control de envios'),
(71, 17, 'es', 'Usuarios', ''),
(72, 18, 'es', 'Usuarios', 'Gestión de usuarios públicos'),
(73, 19, 'es', 'Enviar mensaje', 'Envio de mensajes a usuarios'),
(74, 20, 'es', 'Portadas', ''),
(75, 21, 'es', 'Portadas', 'Gestión de portadas de la web pública'),
(76, 22, 'es', 'Menús', 'Gestión de los menús de la parte pública'),
(77, 23, 'es', 'Contenidos', 'Gestión de contenidos'),
(78, 24, 'es', 'Banners', 'Gestión de los banners de la web'),
(79, 25, 'es', 'Configuración', ''),
(80, 26, 'es', 'Configuración', 'Configuración del sitio'),
(81, 27, 'es', 'Trabajos realizados', 'Gestión de trabajos realizados'),
(82, 28, 'es', 'Slider', 'Gestor de imagenes del slider de portada'),
(83, 28, 'eu', '', ''),
(84, 28, 'en', '', ''),
(85, 28, 'fr', '', ''),
(86, 1, 'eu', '', ''),
(87, 1, 'en', '', ''),
(88, 1, 'fr', '', ''),
(89, 29, 'es', 'Inmuebles', ''),
(90, 29, 'eu', '', ''),
(91, 29, 'en', '', ''),
(92, 29, 'fr', '', ''),
(93, 30, 'es', 'Inmuebles', 'Gestión de Inmuebles'),
(94, 30, 'eu', '', ''),
(95, 30, 'en', '', ''),
(96, 30, 'fr', '', ''),
(97, 31, 'es', 'Tipos de Promoción', 'Gestión de tipos de Promoción'),
(98, 31, 'eu', '', ''),
(99, 31, 'en', '', ''),
(100, 31, 'fr', '', ''),
(101, 32, 'es', 'Tipos de Inmueble', 'Gestión de tipos de Inmuebles'),
(102, 32, 'eu', '', ''),
(103, 32, 'en', '', ''),
(104, 32, 'fr', '', ''),
(105, 17, 'eu', '', ''),
(106, 17, 'en', '', ''),
(107, 17, 'fr', '', ''),
(108, 5, 'eu', '', ''),
(109, 5, 'en', '', ''),
(110, 5, 'fr', '', ''),
(111, 3, 'eu', '', ''),
(112, 3, 'en', '', ''),
(113, 3, 'fr', '', ''),
(114, 7, 'eu', '', ''),
(115, 7, 'en', '', ''),
(116, 7, 'fr', '', ''),
(117, 10, 'eu', '', ''),
(118, 10, 'en', '', ''),
(119, 10, 'fr', '', ''),
(120, 2, 'eu', '', ''),
(121, 4, 'eu', '', ''),
(122, 6, 'eu', '', ''),
(123, 8, 'eu', '', ''),
(124, 9, 'eu', '', ''),
(125, 11, 'eu', '', ''),
(126, 12, 'eu', '', ''),
(127, 13, 'eu', '', ''),
(128, 14, 'eu', '', ''),
(129, 15, 'eu', '', ''),
(130, 16, 'eu', '', ''),
(131, 18, 'eu', '', ''),
(132, 19, 'eu', '', ''),
(133, 20, 'eu', '', ''),
(134, 21, 'eu', '', ''),
(135, 22, 'eu', '', ''),
(136, 23, 'eu', '', ''),
(137, 24, 'eu', '', ''),
(138, 25, 'eu', '', ''),
(139, 26, 'eu', '', ''),
(140, 27, 'eu', '', ''),
(141, 2, 'fr', '', ''),
(142, 4, 'fr', '', ''),
(143, 6, 'fr', '', ''),
(144, 8, 'fr', '', ''),
(145, 9, 'fr', '', ''),
(146, 11, 'fr', '', ''),
(147, 12, 'fr', '', ''),
(148, 13, 'fr', '', ''),
(149, 14, 'fr', '', ''),
(150, 15, 'fr', '', ''),
(151, 16, 'fr', '', ''),
(152, 18, 'fr', '', ''),
(153, 19, 'fr', '', ''),
(154, 20, 'fr', '', ''),
(155, 21, 'fr', '', ''),
(156, 22, 'fr', '', ''),
(157, 23, 'fr', '', ''),
(158, 24, 'fr', '', ''),
(159, 25, 'fr', '', ''),
(160, 26, 'fr', '', ''),
(161, 27, 'fr', '', ''),
(162, 2, 'en', '', ''),
(163, 4, 'en', '', ''),
(164, 6, 'en', '', ''),
(165, 8, 'en', '', ''),
(166, 9, 'en', '', ''),
(167, 11, 'en', '', ''),
(168, 12, 'en', '', ''),
(169, 13, 'en', '', ''),
(170, 14, 'en', '', ''),
(171, 15, 'en', '', ''),
(172, 16, 'en', '', ''),
(173, 18, 'en', '', ''),
(174, 19, 'en', '', ''),
(175, 20, 'en', '', ''),
(176, 21, 'en', '', ''),
(177, 22, 'en', '', ''),
(178, 23, 'en', '', ''),
(179, 24, 'en', '', ''),
(180, 25, 'en', '', ''),
(181, 26, 'en', '', ''),
(182, 27, 'en', '', ''),
(183, 1, 'de', '', ''),
(184, 2, 'de', '', ''),
(185, 3, 'de', '', ''),
(186, 4, 'de', '', ''),
(187, 5, 'de', '', ''),
(188, 6, 'de', '', ''),
(189, 7, 'de', '', ''),
(190, 8, 'de', '', ''),
(191, 9, 'de', '', ''),
(192, 10, 'de', '', ''),
(193, 11, 'de', '', ''),
(194, 12, 'de', '', ''),
(195, 13, 'de', '', ''),
(196, 14, 'de', '', ''),
(197, 15, 'de', '', ''),
(198, 16, 'de', '', ''),
(199, 17, 'de', '', ''),
(200, 18, 'de', '', ''),
(201, 19, 'de', '', ''),
(202, 20, 'de', '', ''),
(203, 21, 'de', '', ''),
(204, 22, 'de', '', ''),
(205, 23, 'de', '', ''),
(206, 24, 'de', '', ''),
(207, 25, 'de', '', ''),
(208, 26, 'de', '', ''),
(209, 27, 'de', '', ''),
(210, 28, 'de', '', ''),
(211, 33, 'es', 'Establecimientos', ''),
(212, 34, 'es', 'Pedidos', ''),
(213, 35, 'es', 'Pedidos', 'Gestión de pedidos realizados'),
(214, 36, 'es', 'Transporte', ''),
(215, 37, 'es', 'Transporte', 'Gestión del Transporte con SEUR'),
(216, 38, 'es', 'Videos', ''),
(217, 39, 'es', 'Gastos de Envio', ''),
(218, 40, 'es', 'Paises', 'Gestión de Países y sus gastos de envio'),
(219, 41, 'es', 'Provincias', 'Gestión de Provincias y sus gastos de envio'),
(220, 42, 'es', 'Productos', '');

-- --------------------------------------------------------

--
-- Estructura de tabla para la tabla `panel_menu_posiciones`
--

CREATE TABLE `panel_menu_posiciones` (
  `id` int(5) NOT NULL,
  `orden` int(5) NOT NULL,
  `estado` int(1) NOT NULL
) ENGINE=InnoDB DEFAULT CHARSET=utf8mb3 COLLATE=utf8mb3_general_ci;

--
-- Volcado de datos para la tabla `panel_menu_posiciones`
--

INSERT INTO `panel_menu_posiciones` (`id`, `orden`, `estado`) VALUES
(1, 1, 1),
(2, 2, 1),
(3, 3, 1),
(4, 4, 1);

-- --------------------------------------------------------

--
-- Estructura de tabla para la tabla `panel_menu_posiciones_lang`
--

CREATE TABLE `panel_menu_posiciones_lang` (
  `id` int(5) NOT NULL,
  `id_rel` int(5) NOT NULL,
  `lang` varchar(2) NOT NULL,
  `value` varchar(100) NOT NULL
) ENGINE=InnoDB DEFAULT CHARSET=utf8mb3 COLLATE=utf8mb3_general_ci;

--
-- Volcado de datos para la tabla `panel_menu_posiciones_lang`
--

INSERT INTO `panel_menu_posiciones_lang` (`id`, `id_rel`, `lang`, `value`) VALUES
(1, 1, 'es', 'Superior'),
(2, 2, 'es', 'Inferior'),
(3, 3, 'es', 'Izquierda'),
(4, 4, 'es', 'Derecha');

-- --------------------------------------------------------

--
-- Estructura de tabla para la tabla `por_portadas`
--

CREATE TABLE `por_portadas` (
  `id` int(10) NOT NULL,
  `creation_date` datetime NOT NULL,
  `modification_date` datetime NOT NULL,
  `orden` int(10) NOT NULL,
  `fecha` date NOT NULL,
  `fecha_publicacion` date NOT NULL,
  `estado` int(1) NOT NULL,
  `id_noticia` int(10) NOT NULL,
  `video` varchar(250) NOT NULL,
  `video_img` varchar(250) NOT NULL,
  `img` varchar(250) NOT NULL,
  `preview` int(1) NOT NULL,
  `portada` int(1) NOT NULL
) ENGINE=InnoDB DEFAULT CHARSET=utf8mb3 COLLATE=utf8mb3_general_ci;

--
-- Volcado de datos para la tabla `por_portadas`
--

INSERT INTO `por_portadas` (`id`, `creation_date`, `modification_date`, `orden`, `fecha`, `fecha_publicacion`, `estado`, `id_noticia`, `video`, `video_img`, `img`, `preview`, `portada`) VALUES
(1, '0000-00-00 00:00:00', '2023-06-22 09:53:16', 1, '0000-00-00', '0000-00-00', 1, 0, '', '', '', 0, 1);

-- --------------------------------------------------------

--
-- Estructura de tabla para la tabla `por_portadas_categorias`
--

CREATE TABLE `por_portadas_categorias` (
  `id` int(10) NOT NULL,
  `id_element` int(10) NOT NULL,
  `id_rel` int(10) NOT NULL,
  `orden` int(10) NOT NULL
) ENGINE=InnoDB DEFAULT CHARSET=utf8mb3 COLLATE=utf8mb3_general_ci;

-- --------------------------------------------------------

--
-- Estructura de tabla para la tabla `por_portadas_contenidos`
--

CREATE TABLE `por_portadas_contenidos` (
  `id` int(10) NOT NULL,
  `id_element` int(10) NOT NULL,
  `id_rel` int(10) NOT NULL,
  `orden` int(10) NOT NULL
) ENGINE=InnoDB DEFAULT CHARSET=utf8mb3 COLLATE=utf8mb3_general_ci;

-- --------------------------------------------------------

--
-- Estructura de tabla para la tabla `por_portadas_imgs`
--

CREATE TABLE `por_portadas_imgs` (
  `id` int(10) NOT NULL,
  `id_rel` int(10) NOT NULL,
  `src` varchar(150) NOT NULL,
  `orden` int(10) NOT NULL
) ENGINE=InnoDB DEFAULT CHARSET=utf8mb3 COLLATE=utf8mb3_general_ci;

-- --------------------------------------------------------

--
-- Estructura de tabla para la tabla `por_portadas_lang`
--

CREATE TABLE `por_portadas_lang` (
  `id` int(10) NOT NULL,
  `id_rel` int(10) NOT NULL,
  `lang` varchar(2) NOT NULL,
  `titulo` varchar(150) NOT NULL,
  `titulo_video` varchar(255) NOT NULL,
  `descripcion` text NOT NULL,
  `meta_title` varchar(255) NOT NULL,
  `meta_description` varchar(153) NOT NULL,
  `meta_metas` varchar(255) NOT NULL
) ENGINE=InnoDB DEFAULT CHARSET=utf8mb3 COLLATE=utf8mb3_general_ci;

--
-- Volcado de datos para la tabla `por_portadas_lang`
--

INSERT INTO `por_portadas_lang` (`id`, `id_rel`, `lang`, `titulo`, `titulo_video`, `descripcion`, `meta_title`, `meta_description`, `meta_metas`) VALUES
(1, 1, 'es', 'Koloreko sistema de coloración para el cabello', 'Vídeo presentación Koloreko System', '<p align=\"center\">Desarrollado por profesionales. Basado e inspirado íntegramente en la naturaleza. KOLOREKO es un sistema de coloración para el cabello elaborado por Herbal Hair S.L. con ingredientes exclusivamente botánicos <b>100% orgánicos</b>.<br></p><p align=\"center\"><a href=\"http://www.koloreko.com/es/\" target=\"_blank\">Koloreko System</a>&nbsp;cuenta con el certificado orgánico EcoplusVegan&nbsp;de la norma&nbsp;<a href=\"https://www.biovidasana.org/norma_biovidasana/\" target=\"_blank\">BioVidasana</a> y la certificadora suiza <a href=\"https://www.biovidasana.org/2021/03/04/biovidasana-bio-inspecta/\" target=\"_blank\">Bio.Inspecta</a>.</p><p style=\"text-align: center; \">KOLOREKO resulta apropiado tanto para colorear el cabello como para cubrir las canas de forma eficaz, aportando un intenso brillo y un acabado natural.\r\n</p><p>\r\n</p><p style=\"text-align: center;\">Sus ingredientes orgánicos se cultivan y procesan sin utilizar pesticidas, fertilizantes sintéticos, organismos modificados genéticamente o radiaciones ionizantes.\r\n</p><p>\r\n</p><p style=\"text-align: center;\">KOLOREKO se funde con el color natural del cabello sin alterar su estructura, fomentando un concepto de coloración personalizada que refuerza el cabello respetando el medio ambiente.\r\n</p><p>\r\n</p><p align=\"center\"></p><p>\r\n</p><p></p><p></p><p style=\"text-align: center; \">Su formulación exclusiva y su genuino sistema de aplicación nos brindan la oportunidad de satisfacer a todos aquellos profesionales y clientes que demandan una coloración orgánica certificada, eficaz, vanguardista, saludable y 100% natural. \r\n</p>', '', '', ''),
(2, 1, 'eu', '', '', '', '', '', ''),
(3, 1, 'fr', '', '', '', '', '', ''),
(4, 1, 'en', '', '', '', '', '', '');

-- --------------------------------------------------------

--
-- Estructura de tabla para la tabla `por_portadas_productos`
--

CREATE TABLE `por_portadas_productos` (
  `id` int(10) NOT NULL,
  `id_element` int(10) NOT NULL,
  `id_rel` int(10) NOT NULL,
  `orden` int(10) NOT NULL
) ENGINE=InnoDB DEFAULT CHARSET=utf8mb3 COLLATE=utf8mb3_general_ci;

-- --------------------------------------------------------

--
-- Estructura de tabla para la tabla `public_users`
--

CREATE TABLE `public_users` (
  `id` int(100) NOT NULL,
  `creation_date` datetime NOT NULL,
  `modification_date` datetime NOT NULL,
  `fecha_creacion` datetime NOT NULL,
  `fecha_ultimo_acceso` datetime DEFAULT NULL,
  `alias` varchar(20) DEFAULT NULL,
  `nombre` varchar(100) NOT NULL,
  `apellidos` varchar(100) NOT NULL,
  `empresa` varchar(100) NOT NULL,
  `email` varchar(100) NOT NULL,
  `telefono` varchar(10) NOT NULL,
  `dni` varchar(16) NOT NULL,
  `vat` varchar(16) NOT NULL,
  `pass` varchar(20) NOT NULL,
  `passmd5` varchar(40) NOT NULL,
  `localidad` varchar(150) NOT NULL,
  `id_localidad` int(10) NOT NULL,
  `provincia` varchar(150) NOT NULL,
  `id_provincia` int(10) NOT NULL,
  `id_pais` int(10) NOT NULL,
  `direccion` varchar(150) NOT NULL,
  `cp` varchar(10) NOT NULL,
  `avatar` varchar(100) DEFAULT NULL,
  `mailing` int(1) NOT NULL,
  `mailing_lang` varchar(2) NOT NULL DEFAULT 'es',
  `recargo` int(1) NOT NULL DEFAULT 0,
  `estado` int(1) NOT NULL
) ENGINE=InnoDB DEFAULT CHARSET=utf8mb3 COLLATE=utf8mb3_general_ci;

--
-- Volcado de datos para la tabla `public_users`
--

INSERT INTO `public_users` (`id`, `creation_date`, `modification_date`, `fecha_creacion`, `fecha_ultimo_acceso`, `alias`, `nombre`, `apellidos`, `empresa`, `email`, `telefono`, `dni`, `vat`, `pass`, `passmd5`, `localidad`, `id_localidad`, `provincia`, `id_provincia`, `id_pais`, `direccion`, `cp`, `avatar`, `mailing`, `mailing_lang`, `recargo`, `estado`) VALUES
(26, '2016-06-16 19:57:28', '2016-06-19 08:39:19', '2016-06-16 19:47:08', '2025-03-26 10:12:36', 'izko', 'ramon', 'Izko', 'Peluquería Izko', 'herbalhairsystem@gmail.com', '690699692', '', '', 'peluqueria', 'cd2e4d16fec409eb2aa5a722a3ad8d88', '', 3168, '', 20, 73, 'illumbe 3', '20011', '', 0, '', 0, 1),
(28, '2016-06-17 15:22:42', '2016-06-17 15:23:23', '2016-06-17 15:17:23', '2025-04-02 18:47:32', 'secreto_1', 'Susana', 'Rodriguez Hernandez', 'Peluquería El secreto de Su', 'rodriguezhernandezsusana@gmail.com', '679820514', '', '', 'elsecreto', '713780b1a620f50a53fd7dcc23da957f', '', 57, '', 1, 73, 'SENDA JOSE LUIS GONZALO BILBAO Nº 3', '01009', '', 0, '', 0, 1),
(29, '2016-06-17 15:41:59', '2016-06-17 15:43:09', '2016-06-17 15:23:28', '0000-00-00 00:00:00', 'cambio_1', 'Cambio y corto', '', 'Peluquería Cambio y Corto', 'hola@cambioycorto.es', '', 'B95808440 ', '', 'cambioycorto', 'e51e1a80423f561f142e18502c1f85c3', '', 0, '', 0, 0, '', '', '', 0, '', 0, 1),
(30, '2016-06-17 15:45:36', '2016-06-17 15:48:28', '2016-06-17 15:43:12', '2025-03-18 20:43:49', 'izas_1', 'Izaskun', 'Egurrola', 'Peluquería Izaskun', 'izaskunegurrola@gmail.com', '946258215', '30616203Y ', '', 'peluizaskun', '286fe5932c7839ed1cd9f3f44ddfe125', '', 7517, '', 48, 73, 'plaza San Cristobal 3,bajo', '48300', '', 0, '', 0, 1),
(31, '2016-06-17 15:49:40', '2016-06-17 15:50:09', '2016-06-17 15:48:31', '2021-11-25 20:21:01', 'zuripelu64', 'Zuriñe', 'Azketa', 'Peluquería Zuriñe', 'zuripelu64@gmail.com', '615780717', '72254282B ', '', 'zuripelu', 'fdf6b010f07a0cb2c815e8517a69d403', '', 7517, '', 48, 73, 'Ubitarte kalea 6, peluqueria(martes cerrado)', '48300', '', 0, '', 0, 1),
(33, '2016-06-17 15:54:48', '2016-06-17 15:55:17', '2016-06-17 15:52:29', '0000-00-00 00:00:00', 'amaia_1', 'Amaia', 'Azkarate', 'Peluquería Amaia Azkarate', 'anagonzalez306@yahoo.es', '', '44149933F ', '', 'amaiaazkarate', '6b0e61f95911c5a6abc006c9fe0107bc', '', 0, '', 0, 0, '', '', '', 0, '', 0, 1),
(34, '2016-06-17 15:57:27', '2016-06-17 15:58:49', '2016-06-17 15:55:19', '2025-01-25 11:53:16', 'anabio_1', 'Ana', 'Segurola', 'Ana Bio', 'ana.bio.azpeitia@gmail.com', '943503936', '34105105S ', '', 'anabio', 'af2dd7d30c39dfbe3e06a546e9a42222', '', 3158, '', 20, 73, 'Agirre auzunea 1 behea', '20730', '', 0, '', 0, 1),
(35, '2016-06-17 16:00:06', '2024-10-08 15:39:27', '2016-06-17 15:58:51', '2024-10-09 16:20:49', 'tobai_1', 'peluqueria mixta ', 'tovai', 'Peluquería Mixta Tovai ', 'maitec8@gmail.com', '', 'B20939757 ', '', 'peluqueriatobai', '68866918d7e1142e8eb22cd553b2dc9c', '', 0, '', 0, 0, '', '', '', 0, 'es', 0, 1),
(36, '2016-06-17 16:02:56', '2022-01-25 14:37:16', '2016-06-17 16:01:07', '2025-03-06 08:44:24', 'marialuis1', 'Maria Luisa', 'Ayerza', 'Peluquería ML', 'mlayerza@gmail.com', '', '15951312F ', '', 'ayerza1', '017e3cd7e97c47ff179cd6141118e744', '', 0, '', 0, 0, '', '', '', 0, 'es', 0, 1),
(37, '2016-06-17 16:05:00', '2023-01-05 09:20:05', '2016-06-17 16:03:50', '2023-01-05 09:20:14', 'susana_2', 'Susana', 'Jimenez', 'Peluquería Susana', 'solegus10@gmail.com', '', '52444529K ', '', 'jimenez_2', 'af1334718e1a497dd6cff7c84312b793', '', 0, '', 0, 0, '', '', '', 0, 'es', 0, 1),
(38, '2016-06-17 16:07:22', '2016-06-17 16:09:27', '2016-06-17 16:06:00', '2025-03-23 11:19:22', 'heleri_72', 'Elena', 'Erice Echávarri', 'Peluquería Alkymia', 'heleri72@gmail.com', '620776703', '3342891S  ', '', 'heleri72', 'bd0e2721f84ebfd55ad8461b3b3f21bc', '', 4626, '', 31, 73, 'Plaza Rafael Alberti 8, Bajo 2, Peluquería Ecológica.', '31013', '', 0, '', 0, 1),
(39, '2016-06-17 16:20:54', '2021-10-20 11:05:54', '2016-06-17 16:09:28', '2024-10-29 15:58:26', 'ilea_1', 'Mari Jose', 'Percaz Villanueva', 'Peluquería Ilea', 'marijopervi@hotmail.es', '655941315', 'E31840606 ', '', 'peluqueriailea', '56d4c81131e80cedda4d4721d0168e61', '', 4823, '', 31, 73, 'Esquiroz 28 a la vuelta', '31007', '', 0, '', 0, 1),
(40, '2016-06-17 16:24:02', '2016-06-17 16:24:42', '2016-06-17 16:22:07', '0000-00-00 00:00:00', 'yoana_1', 'Yoana', 'Tobes', 'Peluquería Yoana', 'tobeszabaleta@gmail.com', '', '44637943A ', '', 'peluqueriayoana', '50cc183e6230cd34445fe61cc585f2fc', '', 0, '', 0, 0, '', '', '', 0, '', 0, 1),
(41, '2016-06-17 16:26:23', '2021-04-29 14:09:35', '2016-06-17 16:24:44', '2025-03-18 14:02:02', 'pel_1', 'Beatriz', 'Ibarra', 'Peluquería Pel-Art', 'pelart_pelu@hotmail.com', '610831979', '48569344Z ', '', 'bea_1', 'ab32011f0e6bcf8a4951a35363d599a4', '', 270, '', 3, 73, 'San José num 64 ', '03690', '', 0, '', 0, 1),
(42, '2016-06-17 16:32:49', '2016-06-17 16:33:30', '2016-06-17 16:30:02', '2025-03-11 09:25:37', 'montse_1', 'Montserrat', 'Ortiz Aguiñiga ', 'Montserrat Perruqueria', 'montserratperruqueria@gmail.com', '625453692', '21655563M', '', 'MONTSERRAT1', 'ea06682e3fc7ab46b99ec98dba9afd80', '', 158, '', 3, 73, 'vistabella n2', '03802', '', 0, '', 0, 1),
(43, '2016-06-17 16:37:01', '2022-09-26 10:46:27', '2016-06-17 16:33:50', '2025-03-25 17:07:02', 'luna_1', 'Marga', 'Fernandez', 'Luna Estilistas', 'margagluna@gmail.com', '', 'B 39410337', '', 'luna7cervantes', '8de56835475b38760ce5d71577f2dadb', '', 0, '', 0, 0, '', '', '', 0, 'es', 0, 1),
(44, '2016-06-21 09:26:20', '2016-06-21 09:26:20', '2016-06-21 09:18:03', '2018-11-04 07:08:13', 'elena1', 'Elena', 'Busto', 'Estética Bio', 'contact@elena-busto.com', '', '', '', 'elenabusto', '5a5530ef12acb3062e994c2ac492f833', '', 0, '', 0, 0, '', '', NULL, 0, 'es', 0, 1),
(46, '2016-06-22 09:51:23', '2017-03-09 17:07:32', '2016-06-22 09:50:22', '2025-03-21 15:45:25', 'khataram_1', 'Maria', 'Carrasco Ibañez', 'Khatara Peluquería', 'khataramjesus@gmail.com', '640134241', '', '', 'mariajesus', 'f2d9d558ab96c309f83b83fb597ada42', '', 7495, '', 48, 73, 'Zumaia 17 3 C', '48007', '', 0, '', 0, 1),
(50, '2016-06-24 14:45:51', '2016-06-24 14:45:51', '2016-06-24 14:43:44', '2025-03-12 18:03:27', 'bambora_1', 'osane', 'santás barreira', 'Bambora', 'bambora@bambora.es', '943088188', 'E75110668 ', '', 'osanesantas', '7f146010a5ce14f140f28ea516107f9b', '', 3160, '', 20, 73, 'oriamendi Nº29', '20200', NULL, 0, 'es', 0, 1),
(51, '2016-06-24 15:00:21', '2024-06-11 09:44:18', '2016-06-24 14:58:32', '2025-04-01 10:13:08', 'ermatxain1', 'Estibalitz', 'Ruano Matxain', 'Peluquería E.R. Matxain', 'ermatxain@gmail.com', '', '44149372K', '', 'estiruano1', '4d2bb62369ac7543306d0ef564ca1d17', '', 0, '', 0, 0, '', '', '', 0, 'es', 0, 1),
(52, '2016-06-27 17:47:46', '2016-07-08 09:45:24', '2016-06-27 17:42:59', '2025-03-14 09:22:57', 'gus_1', 'Gustavo', 'Castelli', 'Gus Fingers', 'gusfinger5@hotmail.com', '93 171 21 ', '4490212Y', '', 'gusfinger', 'b2fbae43b4a92ff9a44e4eb68197cec1', '', 966, '', 8, 73, 'calle Colomeres 36 local 2', '08840', '', 0, '', 0, 1),
(53, '2016-07-04 17:16:11', '2016-07-06 09:35:44', '2016-07-04 17:15:40', '2025-04-03 06:47:57', 'cathy_1', 'Cathy', 'Durrenbach', 'Peluquería Cathy Durrebanch', 'cathy.dh.info@gmail.com', '696684573', '', '', 'cathydurre', 'afe61c37795b768bf7d1ae26693e0ebb', '', 4859, '', 31, 73, 'salvatore karrika, casa Apalena', '31711', '', 0, '', 0, 1),
(54, '2016-08-26 16:13:54', '2016-08-26 16:13:54', '2016-08-26 16:10:56', '0000-00-00 00:00:00', 'tegas', 'Sebastian', '', 'Tegas Stylo S.L', 'sebastian@cosmeticaprofesional.eu', '', 'B-37456589', '', 'tegasstylo', '7f5730bfa25d963a1b9af08f746cbf16', '', 0, '', 0, 0, '', '', NULL, 0, 'es', 0, 2),
(55, '2016-08-29 08:22:08', '2016-08-29 08:22:08', '2016-08-29 08:22:08', '2025-04-01 10:05:51', 'ADMIN', 'ELENA ', 'ANSOTEGUI ABECIA', 'PELUQUERIA ELENA ANSOTEGUI', 'ansoteguiabecia@gmail.com', '945.24.64.', '16271923k', '', '123', '202cb962ac59075b964b07152d234b70', '', 57, '', 1, 73, 'gorbea n 8', '01008', NULL, 0, 'es', 0, 1),
(60, '2016-10-05 16:40:28', '2016-10-05 16:42:37', '2016-10-05 16:38:26', '2025-03-04 15:12:15', 'top_1', 'Maite ', 'Domínguez Calvo', 'Top Estilistas-Pamplona', 'Pamplona@topestilistas.com', '948151691', '29150628z', '', 'estilistas', '46f12ade266914f9fe53e9d49ac905c5', '', 4823, '', 31, 73, 'Calle González tablas, 3 bajo', '31003', '', 0, '', 0, 1),
(61, '2016-10-11 10:37:31', '2016-10-11 10:37:31', '2016-10-11 10:37:31', '2018-08-02 12:22:06', 'CLARA', 'BLANCA ESTHER', 'RODRIGUEZ GUTIERREZ', 'MAYBE ESTILISTAS', 'bla12399@yahoo.es', '985271164', '11084376D', '', '33007', 'd978feca237e502810bbe54a398e1dac', '', 5017, '', 33, 73, 'CALVO SOTELO 16 BAJO 33007 OVIEDO', '33007', NULL, 0, 'es', 0, 1),
(62, '2016-11-15 17:06:17', '2021-09-29 13:20:23', '2016-11-15 17:06:17', '2025-01-24 11:05:40', 'koro_1', 'María Coro', 'Arroyo', 'peluqueria Koro', 'korogoiburu@gmail.com', '634451220', '15954938e', '', 'GOIBURU_1', 'c4bfb3a8da739eee363ba1dccd25d2f8', '', 3173, '', 20, 73, 'Calle Medio N 24 bajo', '20100', '', 0, '', 0, 1),
(63, '2016-11-16 18:57:30', '2016-11-16 18:58:02', '2016-11-16 18:48:49', '2025-01-03 19:00:42', 'juncal_01', 'Juncal', 'Aracama Mendiola', 'Peluquería Juncal', 'juncalaracama@gmail.com', '669841646', '1548956W', '', 'juncalara', 'b19b18699910c1f3b5b4643c21ac6612', '', 3187, '', 20, 73, 'C/José  Eguino  n 20 bajo', '203002', '', 0, '', 0, 1),
(64, '2016-11-22 13:47:58', '2016-11-22 13:47:58', '2016-11-22 13:47:58', '2025-03-18 09:28:48', 'Manuela lago', 'Manuela', 'Lago Romero', 'peluqueria Marzo21', 'dolma.marzo21@hotmail.com', '622894460', '30596830E', '', '66913012', 'a531660e71dfb508ef13e9d210067155', '', 7533, '', 48, 73, 'peluqueria Marzo21 calle iparraguirre34 plaza trasera   Leioa Bizkaia', '48940', NULL, 0, 'es', 0, 1),
(65, '2016-11-29 17:22:10', '2016-11-29 17:22:10', '2016-11-29 17:22:10', '2018-04-05 14:18:04', 'LeonardoStreet', 'Carolina', 'Ballesteros', 'Carolina Ballesteros', 'administracion@leonardo-street.com', '634955576', '72743528 W', '', 'Bepurebeunique2016', 'f2ae12ec614f686f9c5980c962f73755', '', 57, '', 1, 73, 'Postas 36 (esquina con Fueros)', '01004', NULL, 0, 'es', 0, 1),
(66, '2016-11-30 13:18:43', '2023-11-02 15:40:58', '2016-11-30 13:18:43', '2024-10-09 12:56:34', 'marian', 'Marian ', 'Salegi Basterretxea', 'Marian ileapaindegia', 'mariansalegi28@gmail.com', '', '15987754v', '', 'koloreko16', 'b10f89f6dc75c37b7778784efc4d7278', '', 0, '', 0, 0, '', '', '', 0, 'es', 0, 1),
(67, '2016-02-23 10:57:20', '2022-01-25 11:21:07', '2016-02-23 10:56:27', '2022-01-25 11:32:56', 'lantalau', 'Ion', 'Altamira Alcalde', 'Lantalau', 'lantalau@lantalau.com', '', '', '', 'lantalau', '34fd5d7a004ad39bf03c3c6951fc77c0', '', 0, '', 0, 0, '', '', '', 0, 'es', 1, 1),
(68, '2017-01-04 09:09:32', '2017-01-05 13:46:19', '2017-01-04 09:09:32', '2025-03-04 16:31:29', 'lourdes', 'lourdes', 'almirall germain', 'perruqueria germain', 'almirallgermain@live.com', '938962268', '77106677-M', '', 'lululu', '6b08a2da5087131c38863745bfad1bef', '', 1103, '', 8, 73, 'nou 23 local 1', '08810', '', 0, '', 0, 1),
(70, '2017-01-26 16:11:07', '2017-01-26 16:11:23', '2017-01-26 16:09:28', '2020-03-04 08:23:30', 'pel_1', 'Beatriz', 'Ibarra', 'Pel Art', 'pelart_pelu@hotmail.com', '610831979', '', '', 'pelart1', '5406273838db550d23802b6dfc35ddc5', '', 270, '', 3, 73, 'C/ San José Núm 64 local0 ', '03690', '', 0, '', 0, 1),
(72, '2017-01-29 22:17:24', '2024-05-27 08:59:53', '2017-01-29 22:17:24', '2022-01-18 16:09:13', 'ruben1', 'Tania', 'Colque', 'Tania estetica y peluqueria', 'taniacolquecuiza@gmail.com', '', '20839405W', '', 'tania1', '6e3d1f22fcd165c1ba99af905e759eb0', '', 0, '', 0, 0, '', '', '', 0, 'es', 0, 1),
(74, '2017-02-02 11:57:31', '2022-05-18 20:05:41', '2017-02-02 11:57:31', '2025-02-14 14:41:44', 'iturrioz_1', 'Javi', 'Valencia', 'Peluquería Begoña Iturrioz,S.L.', 'peluqueríabiturrioz@gmail.com', '', '34107346W', '', 'valencia_1', 'a30b34cd69ccf3e042bac7c1a537f2d4', '', 0, '', 0, 0, '', '', '', 0, 'es', 0, 1),
(76, '2017-02-21 12:21:20', '2017-02-21 12:21:20', '2017-02-21 12:21:20', '2017-04-04 09:52:36', 'Lamiak', 'Mª Jesús ', 'Echeverría', 'PELUQUERÍA LAMIAK', 'lamiakvitoria@gmail.com', '945244654', '72670390G', '', '945244654', '123c509fa93ad090e129f7d51b2e8145', '', 57, '', 1, 73, 'Gorbea 24 ', '01012', NULL, 0, 'es', 0, 1),
(77, '2017-02-21 16:36:09', '2017-02-21 16:36:09', '2017-02-21 16:36:09', '2025-02-04 11:55:40', 'MONEL', 'SUSANA', 'CATALAN PALACIN', 'PELUQUERIA MONEL', 'micolorteja@gmail.com', '661976627', '13144417D', '', '947241597', '2a6f5adf62cc3996228f192097d530d4', '', 1231, '', 9, 73, 'AVDA. CONSTITUCION ESPAÑOLA Nº 5', '09007', NULL, 0, 'es', 0, 1),
(78, '2017-02-22 11:32:54', '2017-02-22 11:32:54', '2017-02-22 11:32:54', '2025-04-02 08:57:58', 'leirehache', 'Leire', 'Heredero', 'Frida&jade', 'leirehache@gmail.com', '647067606', '72499558q', '', '65088900', 'b9cf8024784e72d5622b2769bc9b85bc', '', 3213, '', 20, 73, 'Nagusia 5', '20400', NULL, 0, 'es', 0, 1),
(79, '2017-03-21 09:26:36', '2023-04-17 13:16:32', '2017-03-21 09:26:36', '2024-11-05 19:59:48', 'migarmen', 'Miren ', 'Garmendia Arin', 'Kanttalen Ileapaindegia', 'ilekanttalen@gmail.com', '', '15987890s', '', 'kerastase', 'fc9f183076c9c29a4dd5c298231185ee', '', 0, '', 0, 0, '', '', '', 0, 'es', 0, 1),
(84, '2017-06-15 14:02:29', '2022-02-23 14:11:12', '2017-06-15 14:02:29', '2025-03-24 13:55:54', 'ekainak20', 'Ruth', 'Vazquez Tainta', 'peluqueria ruth', 'ekainak201@gmai.com', '', '72674407l', '', '8119762', '46e657d48f0327562806a96469c48d7f', '', 0, '', 0, 0, '', '', '', 0, 'es', 0, 1),
(85, '2017-06-21 09:01:33', '2017-06-21 09:01:42', '2017-06-21 08:54:23', '2025-03-26 15:10:14', 'bellemui', 'IRAIA', 'ETXANIZ', 'BELLE+MUI', 'iraia2201@hotmail.com', '943042142', '72499324N', '', 'MfkjXyr5FcVsc3Wy', '2c9bf7d78f6e247754abe68f69f95bb6', '', 3168, '', 20, 73, 'Sancho el sabio 11. Local 3. UDARA', '20010', '', 0, '', 0, 1),
(86, '2017-07-18 10:06:34', '2017-07-18 10:06:34', '2017-07-18 10:06:34', '2025-04-07 12:19:00', 'marinafernandez', 'marina', 'fernandez carreira', 'marina fernandez', 'carreira64@hotmail.com', '981587926', '34256085T', '', '044630', 'f729b10d80ae41c4c714fa4e962e06d8', '', 2207, '', 15, 73, 'entremurallas nº5 - 1º', '15702', NULL, 0, 'es', 0, 1),
(87, '2017-08-02 06:54:53', '2017-08-02 06:54:53', '2017-08-02 06:54:53', '2019-03-15 09:33:54', 'Mpineiro', 'María ', 'Pérez Piñeiro', 'Lua Estilistas', 'mperezpineiro@gmail.com', '886312227', '36086495r', '', 'pineiro79', 'da79a60e3e908f0c498df1a13bece104', '', 5335, '', 36, 73, 'Calle Garcia Barbon 135 - bajo', '36201', NULL, 0, 'es', 0, 1),
(88, '2017-09-05 09:57:02', '2023-01-10 12:46:17', '2017-09-05 09:49:43', '2025-03-19 09:37:09', 'manuel_1', 'Manuel ', 'Peña', 'Manuel Peña', 'mpena@davines.net', '', '32792101N', '', 'pena_1', 'e984dbb82e6cb4ed17517e3b12cc1dd0', '', 0, '', 0, 0, '', '', '', 0, 'es', 0, 1),
(89, '2017-09-06 18:16:30', '2017-09-06 18:16:30', '2017-09-06 18:16:30', '2025-02-20 14:53:33', 'bibiana k-lo peluque', 'Bibiana', 'Figueira Calo', 'Bibiana K-lo peluqueros', 'bibiana.klo.peluqueros@gmail.com', '630160483', '76965546-w', '', 'BibianaK-lo', 'cdc625ef4285fffa59c26a1579cc21a6', '', 2207, '', 15, 73, 'San Pedro De Mezonzo 17 bajo derch', '15701', NULL, 0, 'es', 0, 1),
(91, '2017-09-28 11:14:08', '2017-09-28 11:14:08', '2017-09-28 11:14:08', '2025-02-27 14:58:05', 'Maieko', 'maialen', 'atxaga andueza', 'Maieko', 'maieko_maia@hotmail.com', '677272751', '72512854H', '', 'Maieko88', 'cb5387ba6fc8d454b270f4c5b40d5ad7', '', 3155, '', 20, 73, 'Plaza kontxa etxebgerria, bajo 4', '20115', NULL, 0, 'es', 0, 1),
(92, '2017-10-03 08:09:52', '2022-07-08 11:03:23', '2017-10-03 08:09:52', '2022-04-06 15:50:25', 'manosti_1', 'Gustavo', 'Vilela Alfonso', 'El Salon de Gus', 'manostixeiras@hotmail.com', '', '44831416 T', '', 'gustavo_1', 'a22d1ce4f762f2c93b747abcca6eeabe', '', 0, '', 0, 0, '', '', '', 0, 'es', 0, 1),
(95, '2017-11-08 15:39:23', '2017-11-08 15:39:23', '2017-11-08 15:39:23', '2025-01-21 12:27:58', 'Gabriel', 'Gabriel', 'López Arjona', 'Esencia', 'esencia.pelu.ecologica@gmail.com', '960065695', '05199879Q', '', 'esencia4', 'a7ffe35bf1ba68916e0da90cc04729df', '', 7225, '', 46, 73, 'Calle Maestro Gozalbo 4 bajo', '46005', NULL, 0, 'es', 0, 1),
(97, '2017-12-02 10:35:23', '2021-10-06 14:05:35', '2017-12-02 10:35:23', '2025-02-19 20:35:12', 'rakel_1', 'Rakel', 'Sanz blasco', 'Izumispa', 'rakelsanzblasco@gmail.com', '646412121', '18049855f', '', 'izumispa', '373cec7e1ca0009082631ee62e7a54bf', '', 3428, '', 22, 73, 'Jaime primero 10 ', '22400', '', 0, '', 0, 1),
(99, '2017-12-18 18:54:48', '2023-04-25 08:19:01', '2017-12-18 18:45:23', '2025-04-08 09:34:17', 'green_1', 'Manolo', 'Diaz', 'BRUCABELL S.L / GREEN ZONE', 'manolodiazmarin@gmail.com', '', 'B-61217410', '', 'greenzone_1', '07e7835fcd5d67b2913bab1ee8f42fa3', '', 0, '', 0, 0, '', '', '', 0, 'es', 0, 1),
(100, '2018-01-15 10:25:20', '2025-03-18 08:22:51', '2018-01-15 10:25:20', '2025-01-09 13:43:44', 'arcobaleno', 'Judith', 'Lago Amorín', 'ECO-SALÓN JUDITH ARCOBALENO', 'juditharcobaleno@gmail.com', '', '36142340W', '', '120436', '79244a3f8e11ef3c19f33abbfd1db84f', '', 0, '', 0, 0, '', '', '', 0, 'es', 0, 1),
(101, '2018-01-16 13:57:44', '2018-12-12 13:55:49', '2018-01-16 13:51:49', '2025-02-19 08:26:48', 'malva_1', 'Malva', 'Álvarez robles ', 'Peluquería Meraka', 'Malvamenorca@gmail.com', '669178396', 'E75158378', '', 'menorca', '5575c53b8507a3a6dd34995fdee8e6ec', '', 3181, '', 20, 73, 'Calle Izpizua bajo 5', '20120', '', 0, '', 0, 1),
(103, '2018-01-28 21:55:47', '2018-12-13 13:26:06', '2018-01-28 21:55:47', '2025-03-19 10:39:00', 'antonio1', 'Antonio ', 'Martínez Ortega ', 'Antonio Ortega Peluqueros ', 'g7_antonio@hotmail.com', '950922615', '45587742V', '', 'ortega1', '7266faf5179d711d263d25d4066cc878', '', 328, '', 4, 73, 'murgis 45', '04700', '', 0, '', 0, 1),
(105, '2018-02-08 14:58:55', '2018-02-08 14:58:55', '2018-02-08 14:58:55', '2025-03-06 22:18:56', 'Paulich', 'Paula', 'blach', 'Look 24 peluquerías unisex', 'paulich24@gmail.com', '603744389', '77003280Q ', '', '11121982', '308a586296616520d0332ad320ef7a66', '', 5335, '', 36, 73, 'Casiano martinez 40 4I', '36208', NULL, 0, 'es', 0, 1),
(107, '2018-02-12 21:17:13', '2022-05-05 06:36:23', '2018-02-12 21:17:13', '2025-01-08 07:03:17', 'aitziber_1', 'aitziber', 'otxoa de alaiza ruiz de loizaga', 'otxoa de alaiza the backstage s.l', 'aitziber.otxoa@hotmail.com', '', 'b20995114', '', 'otxoa_1', '75a07f30f8751e1e449214863a0c6fdf', '', 0, '', 0, 0, '', '', '', 0, 'es', 0, 1),
(108, '2018-02-14 09:25:10', '2018-07-24 14:38:46', '2018-02-14 09:25:10', '2021-05-12 08:47:03', 'thinkgs_1', 'Lucia', 'Yuste Gomez', 'Special Thinkgs', 'specialthinkgs@gmail.com', '669132277', '45678511M', '', 'luciayuste_1', 'eac50cab10d3fd35066946ce60a0cd3f', '', 7533, '', 48, 73, 'PLAZA ERREKALDE 2, (TRASERA, LOCAL 4).*SE ENTRA POR AVDA ELEXALDE.', '48940', '', 0, '', 0, 1),
(110, '2018-02-22 09:33:40', '2018-02-22 09:33:40', '2018-02-22 09:33:40', '2025-03-10 17:22:10', 'Cristina', 'Cristina', 'Martínez Pérez', 'Indigo peluquería', 'crismarper78@gmail.com', '628855678', '33464631E', '', 'lacristina*78', '489f46dbc63be8dad2a3d167ab3b2f41', '', 7225, '', 46, 73, 'Calle Beato Gálvez 9, bajo', '46007', NULL, 0, 'es', 0, 1),
(111, '2018-03-02 11:04:58', '2022-03-15 16:36:20', '2018-03-02 11:04:58', '2025-03-10 13:10:02', 'rosarito_1', 'JOSUNE', 'BONILLA ', 'Peluqueria Rosarito', 'rosarito@peluqueriarosarito.com', '', 'B20672218', '', 'pelu_1', 'c0dbc31c612b0440c8cda11927fb96e7', '', 0, '', 0, 0, '', '', '', 0, 'es', 0, 1),
(112, '2018-03-27 09:08:05', '2021-11-17 11:19:32', '2018-03-27 09:08:05', '2023-04-13 11:12:27', 'elena_14', 'Elena', 'Frances', 'Peluquería Elena', 'elenamartinada@gmail.com', '', '74000685w', '', 'frances_1', '76e2d8e432d652404585b203fb41c049', '', 0, '', 0, 0, '', '', '', 0, '', 0, 1),
(113, '2018-04-04 09:14:29', '2019-12-19 12:01:45', '2018-04-04 09:14:29', '2025-04-02 08:23:15', 'ransfer_1', 'RAMON ', 'SANTIAGO FERNANDEZ', 'RAMON RS', 'rasanfer@msn.com', '981838152', '52931054 G', '', 'santi', 'ae1d4b431ead52e5ee1788010e8ec110', '', 2202, '', 15, 73, 'Rua vella 3 palmeira', '15959', '', 0, '', 0, 1),
(114, '2018-04-04 11:50:48', '2024-04-26 12:26:59', '2018-04-04 11:50:48', '2025-01-10 13:25:58', 'quvi_1', 'QUVI', 'QUVI', 'VIZCAINO CARBO SL', 'angel@quvi.cat', '', 'B64440480', '', 'vizcaino_1', 'a7e5dae6d744aaa4a899cc760178a5fd', '', 0, '', 0, 0, '', '', '', 0, 'es', 0, 1),
(115, '2018-04-24 13:17:56', '2018-04-24 13:17:56', '2018-04-24 13:14:59', '2023-08-28 16:23:19', 'ana_salas', 'Ana ', 'Salas', 'Peluquería Ana Salas', 'anasalaspeluqueria@gmail.com', '976218185', '17717713P', '', 'ana1', '12ee195ec1324b1d7f4806da041f3573', '', 8119, '', 50, 73, 'C/ Josefa Amar y Borbon nº 11 ', '50001', NULL, 0, 'es', 0, 1),
(117, '2018-05-10 14:06:17', '2018-05-10 14:06:17', '2018-05-10 14:04:22', '2022-03-31 20:12:06', 'sagasta_1', 'Rocio', 'Mana Barreiro', 'Peluquería Sagasta', 'rociomana1964@gmail.com', '', 'B36205979', '', 'sagasta', 'e333c8f025b338c8fba66349fa40fb05', '', 0, '', 0, 0, '', '', NULL, 0, 'es', 0, 1),
(118, '2018-05-10 19:19:54', '2018-05-10 19:19:54', '2018-05-10 19:19:54', '2024-11-19 09:20:36', 'Saioa', 'Saioa', 'Lebron Ortiz', 'AG.Saioa', 'Saioa.lebron@gmail.com', '609310355', '72484075N', '', 'koloreko', '3b58a59e752c3671e43e0ed5c7d306e8', '', 3168, '', 20, 73, 'Paseo ondarreta 6/8 bj', '20018', NULL, 0, 'es', 0, 1),
(120, '2018-05-16 17:50:02', '2023-04-25 07:33:49', '2018-05-16 17:50:02', '2025-03-10 11:26:02', 'solupe1', 'MARIA', 'Zaragüeta', 'Maria Zaragüeta Roig', 'mariazaragu@gmail.com', '', '15956412R', '', 'maria1', '95021724c3acfab92feecc6952189414', '', 0, '', 0, 0, '', '', '', 0, 'es', 0, 1),
(121, '2018-05-21 14:03:30', '2019-06-27 08:04:21', '2018-05-21 14:03:30', '2025-02-17 14:14:33', 'valderros', 'cristina ', 'vallecillo de la rosa', 'peluqueria ecologica valderros', 'valderros@hotmail.com', '659340934', '12391463y', '', '10032011', 'c96efb09d1bb62330189008a55863019', '', 7421, '', 47, 73, 'Turina 2bj  peluqueria ecologica valderros ', '47006', '', 0, '', 0, 1),
(123, '2018-06-17 13:24:25', '2018-06-17 13:24:25', '2018-06-17 13:22:05', '2025-02-09 19:44:20', 'sundari', 'jennifer', 'rodiño besada', 'Sundari belleza saludable', 'sundaribellezasaludable@hotmail.com', '986691084', '670506093', '', 'sundari_1', 'edf25e607c771b28aeda709c133851f5', '', 5329, '', 36, 73, 'calle la perla 16 bajo', '36970', NULL, 0, 'es', 0, 1),
(125, '2018-08-18 11:35:29', '2018-08-18 11:35:29', '2018-08-18 11:35:29', '2024-11-20 15:08:07', 'yoan', 'Mari Jose', 'Zozaya Arrechea', 'Peluquería Yoan', 'yoanbera@hotmail.com', '948630177', '72663415K', '', '12121995', '8d5be3540cadb1b70bb6211126c38904', '', 4666, '', 31, 73, 'Calle Bidasoa 8, Bajo Bera', '31780', NULL, 0, 'es', 0, 1),
(126, '2018-08-29 13:15:09', '2018-08-29 13:15:09', '2018-08-29 13:15:09', '2025-04-02 17:00:06', 'daniela', 'daniela', 'pantano', 'Pilab estilista', 'pantano387@gmail.com', '664645387', 'x9535439f', '', 'artistameta', '67804993874dd8bc85c7b8b2382548c7', '', 1103, '', 8, 73, 'calle eduard maristany 54,local 1,san pere de ribes 08810', '08810', NULL, 0, 'es', 0, 1),
(127, '2018-09-06 08:36:39', '2020-02-19 13:10:25', '2018-09-06 08:36:39', '2025-01-22 10:58:37', 'haiamba1', 'Begoña ', 'Pilar ', 'Haiamba ', 'Haiamba2018@gmail.com', '637363822', 'E71354898', '', 'haiamba2', '4955bd014c23dcf195fc1140622a682c', '', 4823, '', 31, 73, 'Calle Iñigo arista 19 Trasera ', '31007', '', 0, '', 0, 1),
(129, '2018-09-21 09:45:21', '2022-10-18 14:55:39', '2018-09-21 09:45:21', '2024-10-23 13:52:44', 'adats', 'ANA MARIA', 'ELVIRA ESTAR', 'PELUQUERIA ADATS', 'ana.elviraestar@outlook.com', '', '15254219K', '', 'CHUPIGUAI', 'f4d5ef126ffcd9747f3433bd969bdf19', '', 0, '', 0, 0, '', '', '', 0, 'es', 0, 1),
(131, '2018-10-05 14:44:03', '2020-10-20 09:51:24', '2018-10-05 14:37:58', '2025-04-06 12:22:49', 'viky_1', 'Maria Victoria', 'Emilio', 'Peluquería Área Estética', 'vikilula@hotmail.com', '633713232', '13883776-J', '', 'viky1_1', '652ec135e8b5daddd6da868ade3d7021', '', 913, '', 8, 73, 'Riera Gavarra  numero 73 local', '08360', '', 0, '', 0, 1),
(133, '2018-10-15 17:24:23', '2025-03-04 09:10:15', '2018-10-15 17:24:23', '2025-03-04 09:15:07', 'aitzberri', 'Elena maria', 'tome pereda', '33427768m', 'aitzberri@hotmail.com', '', '33427768m', '', 'zigari', '486d2f3735796002f6e11e1dc4e164a5', '', 0, '', 0, 0, '', '', '', 0, 'es', 0, 1),
(135, '2018-10-24 14:58:04', '2022-09-29 10:53:36', '2018-10-24 14:58:04', '2025-02-07 09:21:39', 'elisa_1', 'Elisabeth', 'Gonzalez gomez', 'Peluquería elisabeth', 'Etzabal45@gmail.com', '', '72438557b', '', 'enri83', '964bceea7c99eaa16e151e0924de1bdf', '', 0, '', 0, 0, '', '', '', 0, 'es', 0, 1),
(136, '2018-11-05 16:32:52', '2018-11-05 16:33:13', '2018-11-05 16:29:50', '2025-01-15 16:55:05', 'mila_1', 'Mila', 'Jauregi', 'Peluquería LM', 'otajauregi@gmail.com', '609155658', '15952651', '', 'jauregi_1', '52036c19ea1ca93026911793ab89f9e7', '', 3184, '', 20, 73, 'euskal herria 4,bajo  ibarra guipuzkoa ', '20400', '', 0, '', 0, 1),
(137, '2018-11-13 21:31:03', '2018-11-13 21:31:03', '2018-11-13 21:31:03', '2025-04-03 16:40:58', 'orden07', 'Reyes', 'Ocon', 'Peluquería Reyes Ocón', 'reyesocon64@gmail.com', '618171164', '16539299E', '', 'orden07', '8de3acd289c9ed2c317ef140cf7be72b', '', 4133, '', 26, 73, 'Aurora Infante 9 -5 D', '26005', NULL, 0, 'es', 0, 1),
(138, '2018-11-27 14:57:39', '2018-11-27 14:57:39', '2018-11-27 14:57:39', '2025-04-02 08:52:50', 'Adrianaserendipia', 'Adriana', 'Hernández', 'Serendipia Ecosalon', 'adriana.hc16@gmail.com', '663516903', '53573046c', '', 'hernandez16', '9fbad6b12a30c1f8f3f16f591b0a602e', '', 684, '', 6, 73, 'calle portugal 40 ', '06400', NULL, 0, 'es', 0, 1),
(139, '2018-12-17 16:04:30', '2018-12-17 16:04:30', '2018-12-17 16:04:30', '2025-03-11 13:38:35', 'nuriapeluquería', 'Nuria', 'Berdonces Esandi', 'Nuria Berdonces Esandi', 'nuryaimar@hotmail.com', '649 59 41 ', '33433781s', '', 'nuriape2', 'b3e0cfb2c019ab8522e73ff0f3cd79f1', '', 4626, '', 31, 73, 'c/ Loza, nº1 piso 7b', '31013', NULL, 0, 'es', 0, 1),
(140, '2018-12-20 12:34:02', '2019-05-23 09:51:52', '2018-12-20 12:32:07', '2020-01-10 09:55:38', 'marisol_1', 'Marisol ', 'Gonzalez', 'Peluquería Marisol González', 'marisol-gs@hotmail.es', '606532624', '33432784F', '', 'gonzalez_1', 'c74d2113499ea49a3c904d5e8e2a9539', '', 4668, '', 31, 73, 'Plaza sierra  Izaga 5', '31191', '', 0, '', 0, 1),
(141, '2019-01-04 08:55:54', '2024-02-22 15:35:36', '2019-01-04 08:55:54', '2024-02-22 15:37:03', 'mila1', 'MILAGROS', 'LOZANO BESARI', 'MILA BESRI', 'milabesari@gmail.com', '', '26747661H', '', 'Koloreko22', 'f0bff71b7290c691d9733411696d2d24', '', 0, '', 0, 0, '', '', '', 0, 'es', 0, 1),
(142, '2019-01-08 14:24:51', '2019-01-08 14:24:51', '2019-01-08 14:24:51', '2025-02-24 13:59:36', 'Saldias', 'Izaro', 'Elcoro Saldias', 'Peluquería Saldias', 'izaroelkoro@yahoo.es', '675703580', 'E-20110565', '', 'Isaldias75', '6bc6859362e8ccc017d2361ad99319e7', '', 3168, '', 20, 73, 'Catalina de Erauso 10 bajo', '20010', NULL, 0, 'es', 0, 1),
(143, '2019-01-24 10:22:49', '2019-01-24 10:22:49', '2019-01-24 10:22:49', '2024-09-26 13:03:50', 'María José', 'María José', 'Sánchez Acero', 'María José Acero', 'mjsacero@gmail.com', '976522738 ', '29100829X', '', 'koloreko', '3b58a59e752c3671e43e0ed5c7d306e8', '', 8119, '', 50, 73, 'C/Valle de Zuriza18', '50015', NULL, 0, 'es', 0, 1),
(144, '2019-01-30 13:32:13', '2021-08-02 10:59:55', '2019-01-30 13:31:31', '2021-08-02 11:00:18', 'oihana1', 'oihana', 'otaegi', 'oo', 'oihanao@hotmail.com', '', '44158823L', '', 'otaegi1', 'c5c5c56c7968b09bdfb5831305f0fe2b', '', 0, '', 0, 0, '', '', '', 0, '', 0, 1),
(146, '2019-03-14 15:34:03', '2019-03-14 15:34:03', '2019-03-14 15:34:03', '2025-03-05 08:45:38', 'ileak', 'Maria Soledad', 'Fraile Escudero', 'salon ileak', 'salonileak@gmail.com', '946819436', '72241207R', '', 'ileakmsf51', 'cf02422cbbf11ef3ca810bdddd2b3b18', '', 7499, '', 48, 73, 'askatasun etorbidea 14 bajo durango', '48200', NULL, 0, 'es', 0, 1),
(147, '2019-03-20 10:24:31', '2019-03-20 10:24:31', '2019-03-20 10:24:31', '2025-03-24 08:36:58', 'Valenzuela', 'Dolores ', 'Mena Lopez', 'Salón Valenzuela', 'salonvalenzuela@gmail.com', '675711076', '22726993A', '', 'Cuca4494', '786370eb393008d5543fc8909436c090', '', 7495, '', 48, 73, 'Blas de Otero,19bajo. 48014 bilbao', '48915', NULL, 0, 'es', 0, 1),
(148, '2019-03-22 15:29:57', '2019-03-22 15:29:57', '2019-03-22 15:27:22', '2024-11-13 18:09:36', 'marco', 'MARCO', 'PEREZ MATEO', 'Marco Pm', 'info@marcopm.com', '948278214', '15723056Q', '', 'm1XeOAB4ZSLL0zyM', 'fa2427edcd89a617c9cd8ca67b09469a', '', 4823, '', 31, 73, 'MONASTERIO DE URDAX NR. 38', '31011', NULL, 0, 'es', 0, 1),
(149, '2019-04-01 17:45:25', '2019-04-01 17:45:25', '2019-04-01 17:45:25', '2025-03-20 13:03:48', 'Alaitz', 'Alaitz', 'Surio Abad', 'Alaitz Surio Estilistas', 'salaitz@hotmail.com', '636278084 ', '44162673M', '', 'alazne06', 'ca23f890b37bb3bb4ee66782cbf150bd', '', 3168, '', 20, 73, 'nemesio etxaniz nº2 bajo', '20014', NULL, 0, 'es', 0, 1),
(150, '2019-04-02 07:31:55', '2019-11-12 15:25:00', '2019-04-02 07:31:55', '2025-02-01 15:35:24', 'biok1', 'Ione', 'Urquijo', 'Biok ileapaindegia', 'anaalze@yahoo.es', '943333032', 'E20579587', '', 'biok1', '21d3e08cd65d24ec3761699f4da0d76e', '', 3181, '', 20, 73, 'Elkano kalea,18', '20120', '', 0, '', 0, 1),
(151, '2019-04-02 08:44:38', '2019-04-02 08:44:38', '2019-04-02 08:44:38', '2025-03-26 16:40:18', 'jesuka', 'jess', 'caballero', 'novostylo', 'jesuka25@gmail.com', '912957474', '53447182 n', '', 'gimnasia', 'b50113d28bc4cadcd9b7b8bfbbedacb6', '', 4360, '', 28, 73, 'calle juan muñoz 56', '28911', NULL, 0, 'es', 0, 1),
(152, '2019-04-02 20:34:27', '2019-04-02 20:34:27', '2019-04-02 20:34:27', '2025-04-01 18:34:04', 'Lessence', 'María del Carmen', 'Martinez', 'Ecosalon L\'essence ', 'mayka-1986@hotmail.com', '647006994', '53238505z', '', 'lessence', 'c6fa1673d0034c58bf2e322f6af2684a', '', 4443, '', 28, 73, 'Paseo de los hoteles nº12', '28341', NULL, 0, 'es', 0, 1),
(153, '2019-04-08 19:07:10', '2019-04-08 19:07:10', '2019-04-08 19:07:10', '2020-06-09 17:15:09', 'Manuela', 'Manuela', 'Cid', 'Lalola', 'lolailocid@yahoo.es', '677401000', '05405861x', '', 'patata', '35bc8cec895861697a0243c1304c7789', '', 4365, '', 28, 73, 'Apodaca N: 1', '20004', NULL, 0, 'es', 0, 1),
(154, '2019-04-18 10:33:28', '2019-04-23 17:09:56', '2019-04-18 10:33:27', '2025-04-03 21:05:13', 'sonia', 'Sonia', 'Fernández Duque', 'Peluqueria Laka', 'soniafer73@gmail.com', '645476587', '12378164R', '', 'pelulakas', '3719c7288f0b8e49d95421d9bbcda4ef', '', 7421, '', 47, 73, 'C/ Santa Lucía Nº 8 ocal', '47005', '', 0, '', 0, 1),
(155, '2019-04-24 13:38:45', '2019-04-24 13:38:45', '2019-04-24 13:38:45', '2025-03-26 17:37:28', 'La Fabrique', 'LA FABRIQUE', 'PELUQUEROS S COOP', 'LA FABRIQUE PELUQUEROS', 'lafabrique@lafabrique.coop', '944069939', 'F95593562', '', 'esperanza13', '6f30b5d918cb2bb884878b3e082c4ad0', '', 7495, '', 48, 73, 'C/ Esperanza frente n26', '48005', NULL, 0, 'es', 0, 1),
(156, '2019-05-29 13:43:48', '2019-05-30 08:20:23', '2019-05-29 13:43:48', '2025-03-21 17:45:48', 'neelam', 'Neelambioperruqueria ', 'Aguilar', 'neelam bioperruqueria ', 'neelamca13@gmail.com', '616691261', '47644619G', '', 'shanti13', 'ffad24314ec16e2dbc09321048022dc1', '', 892, '', 8, 73, 'Cartagena 296 ', '08025', '', 0, '', 0, 1),
(157, '2019-06-04 14:03:31', '2019-06-04 14:04:33', '2019-06-04 13:53:29', '2020-11-30 14:48:46', 'yulane', 'Ana Maria ', 'Gurruchaga', 'Peluqueria yulane', 'Anagurrutxaga@hotmail.com', '600829655 ', '15918749n', '', 'peluqueria', 'cd2e4d16fec409eb2aa5a722a3ad8d88', '', 3168, '', 20, 73, 'C/Amezketa 7 bajo peluquería ', '20010 ', '', 0, '', 0, 1),
(158, '2019-06-06 10:13:37', '2020-01-27 15:18:47', '2019-06-06 10:10:51', '2025-02-19 15:20:14', 'soco1', 'María José', 'Gestido Pousa', 'Diccionario Eco Salón', 'socco.eco.salon@gmail.com', '610777628', '76994202-T', '', 'soco2', '5b1312fecdcdf2115b0c98e7affb8e88', '', 5313, '', 36, 73, 'c/damas apostolicas,8 -bajo D.  A Ramallosa', '36370', '', 0, '', 0, 1),
(161, '2019-06-13 17:10:51', '2019-07-10 09:59:32', '2019-06-13 17:10:51', '0000-00-00 00:00:00', 'pelupepa', 'Maria Jesús', 'Fernández Lopez', 'Peluquería Pepa', 'Fernandezlopezmariajesus35@gmail.com', '', '23239703 C', '', 'EBKBED8ay34XP9MN', 'e4835008c51e31e7cfd48c4fdfc7868f', '', 0, '', 0, 0, '', '', '', 0, '', 0, 3),
(162, '2019-06-17 17:00:31', '2023-07-26 11:42:36', '2019-06-17 16:56:41', '2024-09-20 09:23:12', 'beltran_2', 'Agustina', 'Beltran Chamizo ', 'Belgreen shop ESPJ', 'beltranestilistas@gmail.com', '', 'E67705079', '', 'elisa2', 'e251856b9c6d4d579c26ab1149bd2ba4', '', 0, '', 0, 0, '', '', '', 0, 'es', 0, 1),
(164, '2019-07-11 13:48:36', '2019-07-11 13:48:36', '2019-07-11 13:46:28', '2025-01-13 11:30:16', 'yolanda1', 'Yolanda ', 'Gutierrez', 'Peluquería Yolanda', 'yolandagutir@hotmail.com', '616571303', '72449398L', '', 'yolanda_1', '3ea30c4227d191f658c8f83c545b0759', '', 3168, '', 20, 73, 'C/ Moraza N15', '20006', NULL, 0, 'es', 0, 1),
(165, '2019-09-11 13:22:51', '2020-10-07 14:47:24', '2019-09-11 13:22:51', '2023-09-25 07:02:04', 'capeli_1', 'MODESTO', 'SOLLAMI', 'CAPELI PELUQUEROS', 'capelipeluqueros@gmail.com', '679858236', 'X5399704V', '', 'sollami_1', '048990e504fc2a8fa5115969ff9fefe0', '', 4365, '', 28, 73, 'C/AVIADOR ZORITA, 13 - LOCAL PELUQUERIA', '28020', '', 0, '', 0, 1),
(166, '2019-10-02 15:17:30', '2019-10-02 15:17:30', '2019-10-02 15:17:30', '2025-01-22 15:19:57', 'PERFIL', 'SUSANA ', 'PRADO BALLESTERO', 'SUGUIPE 2005 SL', 'peluqueriayesteticaperfil@gmail.com', '657679739', 'B84325117', '', 'KOLOREKO', 'd474bf1b216cd2a0d0d2f19b3b45373a', '', 4365, '', 28, 73, 'Pº ERMITA, 10', '28023', NULL, 0, 'es', 0, 1),
(167, '2019-10-03 14:38:01', '2019-10-03 14:38:01', '2019-10-03 14:38:01', '2024-10-29 11:47:29', 'Livia', 'Marìa Olivia', 'Costas Álvarez', 'Pelqueria Adel', 'liviacostas25@gmail.com', '667264637', '36098930Q', '', 'kolorsalu', '70b0ef728eb2f8ac553ecdec222fe65b', '', 5335, '', 36, 73, 'Carretera Valladares 382', '36315', NULL, 0, 'es', 0, 1),
(171, '2019-11-14 10:03:19', '2019-11-14 10:03:19', '2019-11-14 10:03:19', '2025-04-07 15:33:12', 'Irene', 'Irene', 'Rodríguez Sierra', 'IES Marqués de Manzanedo', 'ireneimagenpersonal@gmail.com', '651954884', 'Q3968112G', '', 'luetiga03', 'f5ce15862ff6ee061b9a22832fa9e3ab', '', 5834, '', 39, 73, 'C/ Manzanedo 12', '39740', NULL, 0, 'es', 0, 1),
(172, '2019-11-14 17:23:36', '2019-11-14 17:23:36', '2019-11-14 17:23:36', '2021-12-07 09:47:08', 'SILVIASLOOK', 'SILVIA', 'CARNERO ARES ', 'SILVIA\'S  LOOK', 'silviaslook@gmail.com', '881941942', '44841482S', '', 'silviacarlos8380', 'c10a6f4bc2171dbf2e47201fb72e4e85', '', 2194, '', 15, 73, 'Avenida Compostela 26,bajo  . Padron . A  Coruña. ', '15900', NULL, 0, 'es', 0, 1),
(173, '2019-11-15 17:27:14', '2021-01-21 11:12:35', '2019-11-15 17:27:14', '2025-02-11 18:18:24', 'yonepelu1', 'Yone', 'Asenjo Andueza', 'Peluqueria yone asenjo', 'yoneasenjo@hotmail.com', '620981793', '34104997e', '', 'asenjo1', 'ef3fb2a81f92dc3d732e8c131e443381', '', 3168, '', 20, 73, 'Calle gloria 7 bajo', '20001', '', 0, '', 0, 1),
(174, '2019-11-18 16:30:36', '2019-11-18 16:30:36', '2019-11-18 16:29:26', '2025-03-20 08:34:36', 'blanqui1', 'Yolanda', 'Fernández San Juan', 'Peluquería Blanqui', 'yolanda16_3@hotmail.com', '941430188', '16630748T', '', 'blanqui1', '25f53535739ef0b3274b18109220dd76', '', 4065, '', 26, 73, 'C/mayor número 11', '26513', NULL, 0, 'es', 0, 1),
(175, '2019-12-21 20:54:07', '2019-12-21 20:54:07', '2019-12-21 20:54:07', '2025-03-26 15:06:17', 'Anuska', 'Ana Maria', 'Muñoz Gomez', 'Ana Muñoz Biopeluqueria ', 'biosalon.anna@gmail.com', '663540932', '08934033M', '', 'Ana131427', 'eddc687ea1a235e550a78355f25e3822', '', 4328, '', 28, 73, 'España 5 local 2', '28350', NULL, 0, 'es', 0, 1),
(176, '2020-01-13 15:52:07', '2020-01-13 15:52:07', '2020-01-13 15:50:37', '2021-07-29 07:31:50', 'laurasan1', 'Laura', 'San Julian Leza', 'Peluquería Laura San Julián', 'laurasanjulian@gmail.com', '665706517', '72500229C', '', 'laurasan2', 'de02fdfb6f32cd0ee1d91b4f11ee3021', '', 3168, '', 20, 73, 'Calle Prim 6 bajo', '20006', NULL, 0, 'es', 0, 1),
(177, '2020-01-16 17:22:57', '2020-01-16 17:22:57', '2020-01-16 17:19:52', '2025-03-21 08:35:17', 'ana1', 'Ana', 'Martínez silguero', 'Punto zero', 'anitapuntozero@hotmail.com', '650366026', '34098392H', '', 'punto0', '49c0cd2848792b431f7c5234c1fbd529', '', 3168, '', 20, 73, 'plaza valencia 7 intxaurrondo ,donostia ', '20015', NULL, 0, 'es', 0, 1),
(178, '2020-01-29 12:20:56', '2020-01-29 12:20:56', '2020-01-29 12:20:56', '2025-03-04 15:09:54', 'tamara', 'TAMARA', 'CARRASCO DEL CASAR', 'PELUQUERÍA CARYSMA', 'tamytamara23@hotmail.com', '657979654', '53447930R', '', 'carysma', '6a08af77010c60470b1f17262bee2c99', '', 4360, '', 28, 73, 'C/ RÍO DUERO Nº 49   28913-LEGANÉS', '28913', NULL, 0, 'es', 0, 1),
(179, '2020-02-17 13:10:44', '2020-02-17 13:10:44', '2020-02-17 13:09:08', '2022-02-23 09:26:03', 'sitara1', 'Gemma', 'MATLANI', 'sitara', 'hemamatlani@hotmail.com', '910249426', 'B8739603', '', 'sitara2', 'a77db4d97adc474359613304c41cb5a7', '', 4365, '', 28, 73, 'C/MONTALBOS 39 LOCAL 24 , ENTRADA POR CARRETERA CANILLAS 144 LOCAL 24', '28043', NULL, 0, 'es', 0, 1),
(180, '2020-02-18 21:26:38', '2021-11-03 13:29:33', '2020-02-18 21:26:38', '2025-03-05 08:50:24', 'asentxo_1', 'Asentxo ', 'asentxo', 'Izeta illeapaindegia', 'asentxo@hotmail.com', '943862083', '15947195f', '', 'izeta_1', '1272ab4c4816935b49f7384d5982ba82', '', 3224, '', 20, 73, 'urumea kalea 6, izeta peluqueria', '20750', '', 0, '', 0, 1),
(181, '2020-06-03 15:23:35', '2021-10-15 07:57:48', '2020-06-03 15:23:13', '2025-02-12 12:15:00', 'iaadesign', 'Ion', 'Altamira', 'LTL', 'ion@lantalau.com', '', '', '', 'jarl5525', '35ce3c4159fb8a19b515fec48c318f57', '', 0, '', 0, 0, '', '', '', 0, '', 0, 1),
(182, '2020-06-17 10:04:00', '2022-01-25 11:11:52', '2020-06-17 10:01:46', '2022-01-25 11:17:24', 'atuaire1', 'Pablo', 'Muñoz', 'A tu aire Salud y Belleza', 'ecopeluqueria402@gmail.com', '', 'B544622634', '', 'salud1', 'b3eaf7bc06524810eab935679b1279f9', '', 0, '', 0, 0, '', '', '', 0, 'es', 0, 1),
(183, '2020-06-23 16:25:13', '2020-06-23 16:25:13', '2020-06-23 16:21:18', '0000-00-00 00:00:00', 'mendi_1', 'Arantza', '', 'CIPF INSTITUTO MENDIZABALA', 'arantzazugarmendia@lhmendizabala.eus', '', 'S4833001c', '', 'insti_1', '45ad47758578398899b7f0cde6a012b4', '', 0, '', 0, 0, '', '', NULL, 0, 'es', 0, 1),
(184, '2020-07-08 16:12:27', '2020-07-08 16:12:27', '2020-07-08 16:11:06', '2020-08-26 11:39:30', 'prim1', 'Malva', 'Álvarez robles ', 'Peluquería Prim-Arte', 'malvamenorca@gmail.com', '669178396', '72497976K', '', 'malva1', '368376b081be7f55adad7289667fb71f', '', 3181, '', 20, 73, 'Calle Izpizua bajo 5', '20120', NULL, 0, 'es', 0, 1),
(185, '2020-07-09 08:28:02', '2022-02-09 14:16:27', '2020-07-09 08:26:39', '2024-12-08 18:22:54', 'cris_1', 'Cristina', 'Risueno', 'Peluquería Ohana', 'cris_risueno@hotmail.com', '', 'E75158378', '', 'meraki_1', 'dcf32363cf2730eb2b5333e4a25e0c44', '', 0, '', 0, 0, '', '', '', 0, 'es', 0, 1),
(186, '2020-08-08 11:36:30', '2020-08-27 14:37:03', '2020-08-08 11:36:30', '2025-03-18 08:30:51', 'carmen1', 'María del Carmen', 'Fernández Movellán ', 'Carmen Movellán  Estudio Orgánico', 'cfmove86@gmail.com', '687331851', '72057529R', '', 'estudio1', '99f5a0e7bea5bf4cde9e1f9221f7a9e1', '', 5830, '', 39, 73, 'c/alta 90 - bajo', '39008', '', 0, '', 0, 1),
(187, '2020-10-06 13:59:00', '2023-04-25 14:34:37', '2020-10-06 13:57:15', '2025-01-15 10:48:43', 'apocada_1', 'Manuel', 'tourette', 'TOURETTE SLU ', 'peluquerialesalon@gmail.com', '', 'B83433946', '', 'salon_1', '69a33a679bee19609067a36a98ae6e1e', '', 0, '', 0, 0, '', '', '', 0, 'es', 0, 1),
(189, '2020-10-19 20:56:37', '2020-10-19 20:56:37', '2020-10-19 20:56:37', '2025-03-28 09:08:18', 'BEA', 'BEA', 'SAA PEÑA', 'MAGENTA ESTILISMO', 'magentaestilista@gmail.com', '630742196', '15993287F', '', 'dunita08', '16adf99d388dc6e65a760b92601adc07', '', 3168, '', 20, 73, 'CALLE LOGROÑO 5 BAJO', '20018', NULL, 0, 'es', 0, 1),
(191, '2020-11-02 15:41:21', '2020-11-02 15:41:21', '2020-11-02 15:39:25', '2025-04-03 12:00:06', 'zaloa1', 'Zaloa', 'Goicoechea', 'Urrezko orrazia', 'zaloa2@hotmail.com', '645314274', '72524150K', '', 'urrezko_1', '821c9d7c71bd76ca6d7515a9d648920f', '', 3168, '', 20, 73, 'Felisa Martin Bravo 13 Peluquería Urrezko Orrazia', '20014', NULL, 0, 'es', 0, 1),
(192, '2020-11-05 16:44:49', '2020-11-05 17:24:56', '2020-11-05 16:44:49', '2025-03-07 08:38:48', 'belle_1', 'Verónica', 'Hernández Casero', 'Peluquería Belle Epoque', 'pelubellepoque12@hotmail.com', '680112013', '76118562q', '', 'epoque_1', '4c8843653b5b381d0bf6fe1a733d9412', '', 1700, '', 10, 73, 'Ronda del Salvador,27 (local)', '10600', '', 0, '', 0, 1),
(193, '2020-11-25 16:12:31', '2022-04-04 08:49:03', '2020-11-25 16:09:07', '2025-01-23 15:13:11', 'pelubio_1', 'YOLANDA', 'TRANI SANCHEZ (PABLO)', 'PELU&BIO', 'benitopm04@gmail.com', '', '25336843C', '', 'trani_1', 'd764dd1021d58a167fb54d6998d9df83', '', 0, '', 0, 0, '', '', '', 0, 'es', 0, 1),
(195, '2021-01-18 14:03:26', '2021-01-18 14:03:26', '2021-01-18 14:03:26', '2025-04-08 08:03:25', 'Stylart', 'Maria Rosa ', 'Font Valles', 'Stylart', 'stylartmr@gmail.com', '679775566/', '77118470e', '', '679775566', 'fdbda6127af0d803d9bc5ee4037cc646', '', 1173, '', 8, 73, 'Rambla la Girada 93 local2', '08720', NULL, 0, 'es', 0, 1),
(196, '2021-02-17 22:10:12', '2021-09-30 11:02:11', '2021-02-17 22:10:12', '2021-09-30 13:38:26', 'peluana_1', 'Ana', 'Carballa Bugallo', 'Peluquería Ana', 'Peluqueriana@hotmail.com', '627510436', '77407524N', '', 'carballa_1', '0abb8cb71a94b52fc86c63af59a80819', '', 5320, '', 36, 73, 'Calle Palamios 21 PELUQUERÍA ANA ', '36001', '', 0, '', 0, 1),
(197, '2021-02-21 13:41:05', '2021-02-24 15:13:00', '2021-02-21 13:41:05', '2024-01-30 12:20:54', 'dmaspelos1', 'MARIA MERCEDES', 'RUIZ GALVEZ', 'DMASPELOS', 'info@dmaspelos.com', '633201698', '77474805-H', '', 'ruizgalvez1', 'db86c4ff9f1fcf7a750716dce895612b', '', 4293, '', 28, 73, 'CALLE PARQUE DEL TEIDE NUMERO 27', '28924', '', 0, '', 0, 1),
(198, '2021-03-21 20:35:43', '2021-03-21 20:35:43', '2021-03-21 20:35:43', '2025-03-01 08:27:58', 'Sandra Franch', 'Sandra', 'Franch Manrique', 'Clips perruquers', 'Perruqueriaclips@hotmail.com', '638244665 ', '39358708G', '', 'casellasfranch', '460d3b6ae0d96f0031179ab0449b7116', '', 989, '', 8, 73, 'Calle Barcelona 23', '08242', NULL, 0, 'es', 0, 1),
(199, '2021-04-27 09:49:55', '2021-04-27 09:49:55', '2021-04-27 09:49:55', '2023-01-12 11:16:52', 'Peluquería X2', 'Jaione', 'Uriarte Eslava', 'Peluqueria X2', 'peluqueriax2salon@gmail.com', '948 11 60 ', 'E71400089', '', 'PeluqueriaX2', 'b30a6987ebcbf3b1bd504befc129ae0a', '', 4823, '', 31, 73, 'Iturrama 32 bj', '31007', NULL, 0, 'es', 0, 1),
(200, '2021-04-29 19:14:03', '2021-04-29 19:14:03', '2021-04-29 19:14:03', '2021-08-02 09:49:21', 'Maite', 'Maite', 'Igarzabal Etxabide', 'Maite Igarzabal ileapaindegia', 'maiteigarzabal@yahoo.es', '676917400', '72664896F', '', '4Abril1962', 'a4041800f232fbfdb7da305679f76d4a', '', 4772, '', 31, 73, 'Koskontako bidea 3', '31770', NULL, 0, 'es', 0, 1),
(201, '2021-05-17 10:37:11', '2021-05-17 10:37:11', '2021-05-17 10:37:11', '2024-09-18 06:57:37', 'Ines ', 'Ines', 'Barras Aguirre', 'Peluquería Peines', 'peluqueriap.ines@gmail.com', '640912363', '44137757K', '', 'koloreko2008', '020fe08e752b83057cee0ff41e3c35fd', '', 3181, '', 20, 73, 'Plaza de las agustinas N°5  ', '20120', NULL, 0, 'es', 0, 1),
(203, '2021-05-21 14:43:12', '2021-05-21 14:43:12', '2021-05-21 14:43:12', '2025-03-24 21:08:11', 'rosatrim', 'Rosa', 'Ensenyat Brun', 'Perruqueria Trim', 'perruqueriatrim@gmail.com', '650404540', '78090138-D', '', 'rose7792', 'd9ecfa8b8d2d8348acf927363924208d', '', 4025, '', 25, 73, 'Soldevila, 6 baixos', '25620', NULL, 0, 'es', 0, 1),
(205, '2021-09-15 07:29:30', '2023-01-05 14:34:50', '2021-09-15 07:27:18', '2024-12-25 22:31:47', 'ana_1', 'Ana', 'Couso', 'Peluquría Ana Barros', 'anabarrosgabinete@gmail.com', '', 'B-94103199', '', 'barros_1', '2ef2502fe14eadfadea265d820ecea9e', '', 0, '', 0, 0, '', '', '', 0, 'es', 0, 1),
(206, '2021-09-20 15:27:39', '2021-09-20 15:54:06', '2021-09-20 15:26:27', '2021-09-21 11:22:41', 'anna_1', 'Anna ', 'Dal Passo', 'Biocenter', 'info@biocenter.es', '', '', '', 'biocenter_1', 'e759d4ed71b4863d325d8a2f99675c90', '', 0, '', 0, 0, '', '', '', 0, '', 0, 1),
(207, '2021-09-27 16:04:25', '2021-09-28 07:24:04', '2021-09-27 15:57:04', '2024-06-03 12:20:35', 'lucia_1', 'Lucia ', 'Liberal Irigoyen', '', 'ibainahia@hotmail.es', '676078102', '44622787G', '', 'liberal_1', '1367ec1614f49280ab229b8dc825ef5a', '', 4626, '', 31, 73, 'Calle Lerin 11 6.D, Calle lerin 11 6.c', '31013', '', 0, '', 0, 1),
(208, '2021-09-28 12:43:41', '2021-09-28 12:43:41', '2021-09-28 12:42:20', '2022-04-22 11:46:54', 'sonia_1', 'Sonia', '', 'Perruquería Sonia', 'afriangi@gmail.com', '', '', '', 'perruqueria_1', '39cf6d20ea94b00b47dc7bcdb0d5ba1d', '', 0, '', 0, 0, '', '', NULL, 0, 'es', 0, 1),
(211, '2021-11-11 08:47:44', '2021-11-11 08:47:44', '2021-11-11 08:44:31', '2022-04-05 14:04:57', 'whynot_1', 'Ane', 'Ezquerro', 'Why not? Peluquería ', 'whynot.donostia@gmail.com', '', '44168071K', '', 'ane_1', '958852da425746336dcb35445c05010d', '', 0, '', 0, 0, '', '', NULL, 0, 'es', 0, 1),
(212, '2021-12-02 12:09:01', '2023-02-15 16:04:01', '2021-12-02 12:06:26', '2023-02-15 16:18:46', 'maroli_1', 'Mar', 'Olivares', 'El rincón del perfumista', 'molivares5@hotmail.com', '', '36091528C', '', 'elrinconde_1', 'd53275cae3e51fb9c136248ff4558ab0', '', 0, '', 0, 0, '', '', '', 0, 'es', 1, 1),
(213, '2022-01-18 15:02:15', '2023-09-05 10:49:37', '2022-01-18 14:56:39', '2024-10-01 08:40:22', 'alberto1', 'Alberto', 'Hidalgo', 'Alberto Hidalgo Estilistas', 'bahibilbao@gmail.com', '', '78897377V', '', '0713', 'fa6250961bd946dd412a36857953dea2', '', 0, '', 0, 0, '', '', '', 0, 'es', 0, 1),
(216, '2022-01-26 22:59:09', '2022-01-26 22:59:09', '2022-01-26 22:59:09', '2025-03-27 13:20:37', 'kimeraestilistas@gma', 'Monica ', 'Gonzalez Carabelos ', 'Kimera Estilistas ', 'kimeraestilistas@gmail.com', '646657803', '53118989y', '', 'qexmuk-zerhYf-decki0', 'e4d9eccf266508c9fa98e160223758c2', '', 0, '', 0, 0, '', '', '', 0, 'es', 0, 1),
(217, '2022-01-27 07:39:15', '2022-01-27 08:57:43', '2022-01-27 07:39:15', '2024-01-16 15:45:14', 'marta_m', 'Marta', 'MAIZ HUARTE', 'Peluquería MARTA MAIZ', 'martamhl@gmail.com', '', '34098896Q', '', 'nosotros123', 'd3b44afa924a68839844c70b6f00ae3c', '', 0, '', 0, 0, '', '', '', 0, 'es', 0, 1),
(221, '2022-01-27 15:46:38', '2022-01-27 15:46:38', '2022-01-27 15:46:38', '2022-01-27 15:46:43', 'lala', 'Laura', 'Ruiz', 'lantalau', 'lauraruizdepablo@gmail.com', '943610169', 'E20994141', '', '1234', '81dc9bdb52d04dc20036dbd8313ed055', '', 0, '', 0, 0, '', '', '', 0, 'es', 0, 1),
(227, '2022-01-29 08:36:38', '2022-01-29 08:36:38', '2022-01-29 08:36:38', '2025-03-15 08:45:27', 'Yovanna', 'Yovanna', 'Pérez Fernández', 'Erjidaty SL', 'ypf1251983@gmail.com', '645635126', '34638301w', '', 'erjidary', 'f5fa74db0f6e1f07a2831cb3aa3b9872', '', 0, '', 0, 0, '', '', '', 0, 'es', 0, 1),
(230, '2022-02-03 18:58:10', '2022-08-29 09:28:26', '2022-02-03 18:58:10', '2024-12-27 18:26:32', 'argiloa_1', 'maite', 'manteca iribarren', 'La Pelukekeria', 'lapelukekeriamaite@outlook.es', '', '16560595c', '', 'maite_1', '2a8cd06efccf4dc67e8ad63b11643105', '', 0, '', 0, 0, '', '', '', 0, 'es', 0, 1),
(233, '2022-02-04 09:28:45', '2022-02-04 09:28:45', '2022-02-04 09:28:45', '2025-03-28 09:14:17', 'arumenature', 'Monica', 'Vilanova gonzalez', 'ARUME NATURE', 'Arumenature@gmail.com', '650507211', '35586700L', '', 'arumenature91', '5771b13388365437aef2f9130816bc02', '', 0, '', 0, 0, '', '', '', 0, 'es', 1, 1),
(234, '2022-02-04 11:06:50', '2022-02-04 11:06:50', '2022-02-04 11:06:50', '2025-03-25 11:05:17', 'amayazar', 'Amaya', 'Polo Calvo', 'ZAR PELUQUERIA', 'zarpeluqueria@gmail.com', '676293380', '33440972F', '', '33435676r', '3944605aa7e21d6928ffb6c17cc5f8a9', '', 0, '', 0, 0, '', '', '', 0, 'es', 0, 1),
(235, '2022-02-06 00:29:46', '2022-02-06 00:29:46', '2022-02-06 00:29:46', '2022-02-06 00:29:50', 'Alicia ', 'Alicia ', 'Val', 'Centro de beleza Alicia Val', 'Centroaliciaval@gmail.com', '658595743', '34884556L', '', 'centroaliciavalvizos', 'dc819e21356a3c5e3f0811af63add4bb', '', 0, '', 0, 0, '', '', '', 0, 'es', 0, 1),
(236, '2022-02-08 07:09:45', '2022-02-08 07:09:45', '2022-02-08 07:09:45', '2022-02-08 07:09:46', 'Silvietata', 'Silvia', 'Navarro Miñana', 'Perruqueria Silvia Navarro', 'silvietanavarro@hotmail.com', '679 17 97 ', '20030847D', '', 'xicarizada', '14e51b5deb525af0f9f0fd8e59f99feb', '', 0, '', 0, 0, '', '', '', 0, 'es', 0, 1),
(240, '2022-02-09 09:24:34', '2022-02-09 13:45:10', '2022-02-09 09:24:34', '2025-04-05 10:43:30', 'martinez1', 'Ana Cristina ', 'Carratalá Martínez ', 'Martínez Soriano Peluqueros ', 'martinezsorianopeluqueros@hotmail.com', '', '48350716 R ', '', 'mspmar03', '4e84cea6e36010fb12788c720806282f', '', 0, '', 0, 0, '', '', '', 0, 'es', 1, 1),
(241, '2022-02-10 15:44:30', '2022-02-10 15:44:30', '2022-02-10 15:44:30', '2022-02-10 15:44:32', 'bambucles', 'Rosanna ', 'Barbagallo', 'Bambucles', 'bambucles@gmail.com', '605236252', '01183108', '', 'almeria77', 'fdad5ea5a082209261c5b3ad79aa2c1d', '', 0, '', 0, 0, '', '', '', 0, 'es', 0, 1),
(256, '2022-03-09 11:24:43', '2023-03-16 09:50:04', '2022-03-09 11:22:37', '2025-03-05 12:37:26', 'mai_1', 'Maica', 'Martinez Fresno', 'BIOMAIMAR', 'maimarfre@gmail.com', '', '45543586K', '', 'marfre_1', 'e5901c11676251ba79d9a9a682ef15f9', '', 0, '', 0, 0, '', '', '', 0, 'es', 0, 1),
(266, '2022-03-24 17:30:23', '2022-03-24 17:30:23', '2022-03-24 17:30:23', '2022-03-24 17:30:25', 'raices vivas', 'Rezarta', 'Gjeci', 'herbolario Raíces Vivas', 'info@raicesvivas.com', '662369397', 'Y8010259V', '', 'raicesvivas', '32b45bc2078585ee13cb67f989181522', '', 0, '', 0, 0, '', '', '', 0, 'es', 1, 1);
INSERT INTO `public_users` (`id`, `creation_date`, `modification_date`, `fecha_creacion`, `fecha_ultimo_acceso`, `alias`, `nombre`, `apellidos`, `empresa`, `email`, `telefono`, `dni`, `vat`, `pass`, `passmd5`, `localidad`, `id_localidad`, `provincia`, `id_provincia`, `id_pais`, `direccion`, `cp`, `avatar`, `mailing`, `mailing_lang`, `recargo`, `estado`) VALUES
(272, '2022-03-31 07:55:06', '2022-03-31 07:55:06', '2022-03-31 07:46:51', '2022-03-31 07:55:56', 'elena_1', 'ELENA', 'BUSTO', 'FLORAL HAIR S.L', 'contact@elena-busto.com', '', 'B75182352', '', 'beauty_1', 'cf6d1c8fa124cd34940393a56dbc6dd9', '', 0, '', 0, 0, '', '', '', 0, 'es', 0, 1),
(276, '2022-04-04 13:22:20', '2022-04-04 13:22:20', '2022-04-04 13:22:20', '2022-12-19 14:34:10', 'hellboy069', 'Ion', 'Altamira', 'Lantalau', 'hellboy069@gmail.com', '234234', '234234', '', 'jarl5525', '35ce3c4159fb8a19b515fec48c318f57', '', 3173, '', 20, 73, 'Calle calle', '20110', '', 0, 'es', 1, 1),
(277, '2022-04-04 13:36:34', '2022-04-04 13:36:34', '2022-04-04 13:36:34', '2022-04-04 13:36:35', 'laura', 'laura', 'fdfffff', 'dffff', 'laura@lantalau.com', '943124578', 'e20994141', '', '123', '202cb962ac59075b964b07152d234b70', '', 3187, '', 20, 73, 'alle ', '20301', '', 0, 'es', 1, 1),
(287, '2022-04-08 19:51:24', '2022-04-08 19:51:24', '2022-04-08 19:51:24', '2022-04-11 09:52:01', 'Amaia', 'Amaia', 'Ruiz de Alegría Arzaburu', 'N/A', 'amaia@uabc.edu.mx', '620199997', '44685900M', '', 'Phd_Plym7', '8032e89c71f43d68daa44ff706a0682d', '', 0, '', 0, 0, '', '', '', 0, 'es', 0, 1),
(293, '2022-04-12 10:53:40', '2022-04-12 10:53:40', '2022-04-12 10:53:40', '2025-03-31 17:15:50', 'A vecinal', 'Camino', 'del Amo Cerrada', 'A vecinal', 'proveedores.avecinal@gmail.com', '876050071', 'F99531881', '', 'proveedores2022', 'cad9190f0baf9f7423ebe6d9d43db2b8', '', 0, '', 0, 0, '', '', '', 0, 'es', 0, 1),
(326, '2022-05-12 09:52:43', '2022-05-12 09:52:43', '2022-05-12 09:50:40', '0000-00-00 00:00:00', 'torres_1', 'Raquel ', 'Torres León', 'Estética Natural Raquel Torres', 'raqueltorresleon@hotmail.com', '', '72695951N', '', 'natural_1', '2522f2ee3ae35b39e58c0958fae7efbe', '', 0, '', 0, 0, '', '', '', 0, 'es', 0, 1),
(329, '2022-05-13 08:34:45', '2023-01-11 12:32:04', '2022-05-13 08:34:45', '2023-01-11 12:00:17', 'montse1', 'Mª Montserrat', 'Bea Sanchez', 'BideBerde Productos Bio Naturales', 'bideberde@bideberde.com', '', '15980212l', '', 'bideberde1', '320c849503e5548eeb354343f2037696', '', 0, '', 0, 0, '', '', '', 0, 'es', 0, 1),
(340, '2022-05-19 16:28:09', '2024-01-18 12:34:19', '2022-05-19 16:28:09', '2025-03-26 09:38:40', 'anabelen_1', 'Ana Belen', ' Castro Lamas', 'Centro Estetico LCA . SL', 'info@anacastroestilistas.es', '', 'B10703486', '', 'acastro_1', 'ba9527048e403fd6a3b4b7955a2d157b', '', 0, '', 0, 0, '', '', '', 0, 'es', 0, 1),
(344, '2022-05-23 09:33:11', '2022-07-06 09:09:34', '2022-05-23 09:33:11', '2024-12-17 21:22:43', 'maddi_8', 'Soki madiel heljea ', 'KiBANGOU ', 'Maddisormena8 ', 'maddisormena8@gmail.com', '', 'Y2341844k', '', 'maddi82017', '35a853767e0f69cd73a86b8a2b6c1d7e', '', 0, '', 0, 0, '', '', '', 0, 'es', 0, 1),
(352, '2022-05-28 14:53:06', '2022-09-26 15:14:33', '2022-05-28 14:53:06', '2025-04-07 11:10:27', 'natalia22', 'Natalia', 'Fernández Blanco', 'Homenatura Girona', 'homemadegirona@gmail.com', '', '53081060G', '', 'lailacruz22', 'ff76c554e9b2cbbf94544485418ddb84', '', 0, '', 0, 0, '', '', '', 0, 'es', 0, 1),
(354, '2022-05-30 16:26:30', '2022-05-30 16:26:30', '2022-05-30 16:26:30', '0000-00-00 00:00:00', '', 'Maria', 'Vilariño Otero', '', 'Mizifux@hotmail.com', '', '', '', 'Goienkale7', 'fe3a98894d2cafbd0538005dd3b6a91d', '', 7485, '', 48, 73, '', '', '', 0, 'es', 0, 1),
(359, '2022-06-23 08:43:44', '2022-06-23 08:43:44', '2022-06-23 08:40:42', '2025-03-19 08:10:33', 'beqhair_1', 'ÓSCAR', 'QUEMADA', 'beQ hairstyle', 'osbruque@gmail.com', '', 'B10704427', '', 'osbruque_1', 'a7b83817f4f086254e92b137abc1c038', '', 0, '', 0, 0, '', '', '', 0, 'es', 0, 1),
(362, '2022-08-17 08:57:55', '2022-08-17 09:57:30', '2022-08-17 08:57:55', '2024-09-18 14:29:03', 'monica3', 'Monica', 'Del Castillo', 'Calma terapias de peluquería ', 'calmaterapiasdepeluqueria@gmail.com', '', '46361703m', '', 'calmaterapias3', 'c79ff8705007f05f0de2f04acf1b84e2', '', 0, '', 0, 0, '', '', '', 0, 'es', 0, 1),
(365, '2022-10-25 11:07:23', '2022-10-25 11:07:23', '2022-10-25 11:07:23', '2023-02-17 17:08:15', 'DsBeauty', 'Daniele', 'Ferreira Dos Santos', 'DS Beauty Estética y peluquería', 'dansantosmc@hotmail.com', '627797192', '77769381X', '', 'Chloemiguel2019', 'a96f54dfa93f12a50097826c40a20a12', '', 0, '', 0, 0, '', '', '', 0, 'es', 1, 1),
(367, '2022-11-30 11:44:55', '2022-11-30 11:44:55', '2022-11-30 11:44:55', '2025-03-05 16:04:13', 'Sakura', 'LAURA', 'POLA PEÑA', 'LAURA POLA PEÑA  (nombre de la peluqueria SAKURA BY LAURA)', 'sakurabylaura@gmail.com', '652811970', '38853920C', '', 'Peke24', 'fff922fafbfc265704feb8eff8b09b9a', '', 0, '', 0, 0, '', '', '', 0, 'es', 0, 1),
(368, '2022-12-01 13:08:27', '2024-11-05 10:44:08', '2022-12-01 13:08:27', '2025-02-04 12:31:11', 'elmarco1', 'jayone', 'martinez carretero', 'el marco blanco', 'info@elmarcoblanco.com', '', '35769664H', '', '100916', '0af45c525b38914e5085812933c9fb66', '', 0, '', 0, 0, '', '', '', 0, 'es', 0, 1),
(369, '2022-12-09 14:30:12', '2022-12-09 14:30:12', '2022-12-09 14:30:12', '2022-12-09 14:30:14', 'Hilda', 'Hilda', 'Agopian', 'Felices.nl', 'hildago73@outlook.com', '0643203033', 'NL003082814B45', '', 'Maverickbonita73', 'f383259f43091690823478989e11430b', '', 0, '', 0, 0, '', '', '', 0, 'es', 1, 1),
(370, '2022-12-21 09:39:17', '2022-12-21 09:39:17', '2022-12-21 09:39:17', '2025-03-28 11:50:22', 'ainhoa_01', 'Ainhoa', 'Castresana', 'Peluquería Ainhoa Castresana', 'ainhoa_oa@hotmail.com', '629511203', '30685543R', '', 'castresana_01', '2203da49a06401abcb562cf55dd5a4ea', '', 0, '', 0, 0, '', '', '', 0, 'es', 0, 1),
(371, '2022-12-22 18:12:58', '2022-12-22 18:12:58', '2022-12-22 18:12:58', '2022-12-22 18:13:00', 'koloreco', 'sonia', 'gonzalez', 'EL HADA DE AVALON S.L', 'avalon.herboristeria@gmail.com', '+346504716', 'B71444731', '', 'koloreco77', 'a3ec040fccf83aa311f1883d4749c706', '', 0, '', 0, 0, '', '', '', 0, 'es', 0, 1),
(374, '2023-01-18 07:55:25', '2023-01-18 09:28:51', '2023-01-18 07:50:11', '2025-01-26 17:51:14', 'david_1', 'David Alexander', ' Cuadrado Muñoz', 'David Cuadrado Estilistas', 'davidcuadradoestilistas@gmail.com', '', '72534527W', '', 'cuadrado_1', 'ecb3ea1f5d2615418fd63b785ce5e6dd', '', 0, '', 0, 0, '', '', '', 0, 'es', 0, 1),
(375, '2023-01-23 13:46:25', '2023-05-31 11:41:06', '2023-01-23 13:46:25', '2025-03-04 08:02:21', 'b100005', 'Beatriz', 'Izeta Ostolaza', 'BEATRIZ IZETA', 'beatrizileapaindegia@gmail.com', '', '72438407e', '', 'b100005', '8787c350b38242e5e6e323c2bf79c6ee', '', 0, '', 0, 0, '', '', '', 0, 'es', 0, 1),
(377, '2023-02-22 09:19:20', '2023-02-22 09:19:20', '2023-02-22 09:19:20', '2023-02-22 09:33:08', 'almudena_1', 'Almudena', 'Tobar', 'Peluquería Chelsea', 'almudenatobar@hotmail.com', '669462597', 'B 80681760', '', 'tobar_1', '4b36d4cf125553190c6c3b6abb4505d7', '', 0, '', 0, 0, '', '', '', 0, 'es', 0, 1),
(380, '2023-03-15 16:45:11', '2024-02-29 10:50:05', '2023-03-15 16:45:11', '2024-12-10 16:00:06', 'lucia13', 'Lucia', 'Zabala Pérez', 'Lucia Zabala Peluquería y maquillaje SLU', 'peluqueria@luciazabala.com', '', 'B71214241', '', 'FRANCISCo1', 'd55d5c412a644e65488ad59ac7a1805d', '', 0, '', 0, 0, '', '', '', 0, 'es', 0, 1),
(382, '2023-03-23 17:20:39', '2023-03-23 17:20:39', '2023-03-23 17:20:39', '2023-03-23 17:20:41', 'Estela', 'Estela ', 'Martín Caballero', 'La Pelu de Estela', 'lapelu1381975@hotmail.com', '670765620', '20182769q', '', 'Maitie16', 'f573198684718873ac9aba29169d1a65', '', 0, '', 0, 0, '', '', '', 0, 'es', 0, 1),
(383, '2023-03-31 05:53:23', '2023-03-31 05:53:23', '2023-03-31 05:53:23', '2023-03-31 05:53:27', 'Belinda', 'Belinda ', 'Sánchez Fernández)', 'Peluquería Belinda', 'belipuque@gmail.com', '605845114', '74692277f', '', '122912', '64e52fa4bb47c4b0957cffc0f827725d', '', 0, '', 0, 0, '', '', '', 0, 'es', 1, 1),
(384, '2023-04-11 07:43:11', '2023-04-11 07:43:11', '2023-04-11 07:43:11', '2025-04-06 14:13:12', 'Rosaibe', 'Nil', 'Vilarnau Beltri', 'NaturPell', 'naturpellbio@gmail.com', '655286374', '47938689L', '', 'COMPRESROSA', '33a247be3073ae8b88df1939cde5c58b', '', 0, '', 0, 0, '', '', '', 0, 'es', 1, 1),
(385, '2023-04-11 09:49:15', '2023-04-11 09:49:15', '2023-04-11 09:48:15', '2023-04-11 15:51:48', 'jorge_1', 'Jorge ', 'Castello', 'Disvaldiet', 'jorge.castello@disvaldiet.com', '', '', '', 'disvaldiet_1', '42286942a32409b627ba609cac98a7c1', '', 0, '', 0, 0, '', '', '', 0, 'es', 0, 1),
(387, '2023-04-25 17:17:17', '2023-04-25 17:17:17', '2023-04-25 17:17:17', '2023-05-03 08:40:37', 'Albert', 'Albert', 'Pratdesaba  Sañé', 'Sañe & Pratdesaba Perruquers', 'pratvivet@gmail.com', '938855604', '33936717X', '', 'albertieko123', '4d6bd8bf874c74b85a3e65588aa22818', '', 0, '', 0, 0, '', '', '', 0, 'es', 0, 1),
(388, '2023-04-26 10:20:07', '2023-04-26 10:20:07', '2023-04-26 10:20:07', '2023-04-27 15:16:17', 'Ainhoa', 'Ainhoa', 'Irastorza', 'Peluqueria Ainhoa Irastorza', 'kaxkamotx@gmail.com', '675709750', '44155442L', '', 'Mojacar74', '9cad6d76879b1731277df39aafe91acc', '', 0, '', 0, 0, '', '', '', 0, 'es', 0, 1),
(389, '2023-04-26 18:09:14', '2023-04-26 18:09:14', '2023-04-26 18:09:14', '2025-01-13 07:23:22', 'Eider', 'Eider', 'Ezenarro Alvarez', 'LA PULGUITA ILEAPAINDEGIA', 'eiderezenarro@yahoo.es', '606998475', '44138509Z', '', 'Politena11975', 'c57f11002e1ca831064d8b9413f53e1d', '', 0, '', 0, 0, '', '', '', 0, 'es', 1, 1),
(390, '2023-05-07 16:06:47', '2023-05-07 16:06:47', '2023-05-07 16:06:47', '2024-11-30 06:42:04', 'Vic', 'Victoria', 'Vico Gavilán', 'Vic', 'mvvicog@gmail.com', '655848478', '35077960Q ', '', 'vico1965', '8cc24733b6e079535551ffffdbda421a', '', 0, '', 0, 0, '', '', '', 0, 'es', 1, 1),
(391, '2023-05-11 12:08:03', '2023-05-11 12:08:03', '2023-05-11 12:08:03', '2023-05-11 12:08:05', 'vallerosbatu3@gmail.', 'Marcelina ', 'Valleros batuecas ', 'Marcelina VALLEROS ', 'Vallerosbatu3@gmail.com', '925059955', '04205494M', '', 'Jarandilla35.', '539de30e8e3a88983992ba3d097c8107', '', 0, '', 0, 0, '', '', '', 0, 'es', 0, 1),
(392, '2023-05-22 18:10:28', '2023-05-22 18:10:28', '2023-05-22 18:10:28', '2023-05-22 18:10:30', 'Nieves', 'Nieves', 'benitez', 'Salón natural Nieves Benítez', 'm.nievesbenitez@hotmail.com', '654793501', '76254103H', '', 'montezuma123', '79398f17e2c44eab241c810a839b2ea6', '', 0, '', 0, 0, '', '', '', 0, 'es', 0, 1),
(393, '2023-05-26 09:35:16', '2023-05-26 09:35:16', '2023-05-26 09:35:16', '2023-05-26 09:35:17', 'HELENARBEA', 'HELENA', 'ARBEA MARTINEZ', 'LA BARBERIA DE MAITE ARBEA', 'harbeamartinez@gmail.com', '663716642', '29156221H', '', 'Helen2828', 'd48ec5b884c05e1e3b19a965e98c3677', '', 0, '', 0, 0, '', '', '', 0, 'es', 0, 1),
(395, '2023-06-30 14:32:29', '2023-10-26 07:56:06', '2023-06-30 14:32:29', '2024-10-09 19:04:15', 'paqui_1', 'Paqui', 'Rodriguez Bardallo', 'Salaya peluquería', 'salayapeluqueria@gmail.com', '', '29056775R', '', 'salaya_1', '475fe285e0651ac8416a7849184c838b', '', 0, '', 0, 0, '', '', '', 0, 'es', 0, 1),
(397, '2023-07-04 10:07:12', '2023-07-18 09:11:29', '2023-07-04 10:07:12', '2025-03-12 19:29:46', 'vivirpelos', 'Lisa ', 'Ventas Cosano ', 'Vivirporlospelos', 'lisa@vivirporlospelos.com', '', '08946881L', '', 'Noahv882008', 'd5a25c35105098a6204d4cd5ea622b16', '', 0, '', 0, 0, '', '', '', 0, 'es', 0, 1),
(398, '2023-07-06 14:46:57', '2023-07-06 14:46:57', '2023-07-06 14:46:57', '2023-07-07 11:42:54', 'queguapatepongo1', 'Carmen', 'Martínez Arévalo', 'Karmen peluqueros ', 'cmartinezarevalo66@gmail.com', '914373151', '51909324A', '', 'karmenpeluqueros1', '7eda86df91e92eea27f90c892ac8d7ca', '', 0, '', 0, 0, '', '', '', 0, 'es', 0, 1),
(399, '2023-07-25 10:15:54', '2023-07-25 10:15:54', '2023-07-25 10:15:54', '2024-08-20 11:30:10', 'healingeider', 'Eider', 'Rodriguez', 'Eider', 'healingeider@yahoo.es', '666867829', '44159558h', '', '123EkkE321', 'd2322edc1e159e67b5e1dd97025ca0d6', '', 0, '', 0, 0, '', '', '', 0, 'es', 0, 1),
(400, '2023-08-01 12:15:31', '2023-08-01 12:15:31', '2023-08-01 12:15:31', '2024-10-29 13:51:53', 'pepibb1977@gmail.com', 'Josefa ', 'Barroso Barroso ', 'Peluquería unisex pepi barroso ', 'pepibb1977@gmail.com', '635415111', '76020510 J', '', '#Pepita1977', '06da30f8a14b25ca8bbb1250b6eb9303', '', 0, '', 0, 0, '', '', '', 0, 'es', 0, 1),
(402, '2023-08-21 19:18:17', '2023-08-21 19:18:17', '2023-08-21 19:18:17', '2025-03-12 21:30:31', 'evamariacs', 'Eva Maria', 'Cervantes Serrano', 'Peluquería Eva María Cervantes Serrano ', 'evamariacs11031984@gmail.com', '662187396', '74730694Z', '', 'eaaia84aiaa13', '76a540505f72160cd4f77cf0708e6fba', '', 0, '', 0, 0, '', '', '', 0, 'es', 0, 1),
(403, '2023-08-22 11:17:29', '2023-08-22 11:17:29', '2023-08-22 11:15:11', '2024-04-18 13:37:25', 'rosama1', 'Rosa', 'Gavira', 'Peluquería Rosa María Gavira', 'rosa_peluquera@hotmail.com', '', '09056244V', '', 'gavira1', '0ca8955e4de0ad3982e4aadc53303fe1', '', 0, '', 0, 0, '', '', '', 0, 'es', 0, 1),
(405, '2023-09-06 01:36:14', '2023-09-06 01:36:14', '2023-09-06 01:36:14', '2023-09-06 01:36:17', 'Rogelaine ', 'Rogelaine ', 'Tomé da Costa ', 'Rogelaine Imagen ', 'rogelainecosta@hotmail.com', '674134345', '51749710D', '', 'Eliete10', 'fdab54c5ac03e338a699210a85baadce', '', 0, '', 0, 0, '', '', '', 0, 'es', 0, 1),
(406, '2023-09-06 08:49:25', '2023-11-21 11:55:47', '2023-09-06 08:49:25', '2025-02-03 09:21:27', 'domenico1', 'domenico', 'giangreco', 'Domenico giangreco hair', 'domenicogiangreco85@gmail.com', '', 'y5451224P', '', 'giangreco1', '49e73d8f33dd41d909b57d871a7c14c4', '', 0, '', 0, 0, '', '', '', 0, 'es', 0, 1),
(407, '2023-09-20 11:54:10', '2023-09-20 13:28:10', '2023-09-20 11:54:10', '2025-04-03 08:12:09', 'nestorsavi', 'NESTOR', 'SANCHEZ VIDAL', 'ESTUDIO DE PELUQUERIA NESTOR SAVI', 'salon.nestor.savi@gmail.com', '', '78800578W', '', 'pelunestorsavi', '09eb4ae69193a7e7c19f9808cbc35f23', '', 0, '', 0, 0, '', '', '', 0, 'es', 0, 1),
(408, '2023-09-21 15:04:19', '2023-09-21 15:04:19', '2023-09-21 15:04:19', '2025-04-01 16:01:48', 'lanueva', 'Paola', 'Casado Duque', 'La nueva perfecta Paola S.L.', 'Lanuevaperfecta@gmail.com', '699762903', 'b10822609', '', 'perfectapaola', '46d6d067078f360c84aa0d5faf7b5f40', '', 0, '', 0, 0, '', '', '', 0, 'es', 0, 1),
(409, '2023-10-03 21:23:59', '2023-10-03 21:23:59', '2023-10-03 21:23:59', '2025-01-18 10:16:43', 'Montse ', 'Montserrat ', 'Martínez  Medina ', 'Peluquera Curly ', 'Peluqueracurly@gmail.com', '665676100', '48918103R', '', 'Febrero80.', '66a99d356727a0bf70780b4be04fbadc', '', 0, '', 0, 0, '', '', '', 0, 'es', 0, 1),
(410, '2023-10-11 14:07:40', '2023-11-08 08:15:56', '2023-10-11 14:07:40', '2025-03-11 14:20:05', 'mirendeba1', 'Miren', 'Leon', 'Peluquería ILEA ', 'mirentxudeba@hotmail.com', '', '15378882R', '', 'ileadeba1', '19431a51773ef263d570d82d6cd79850', '', 0, '', 0, 0, '', '', '', 0, 'es', 0, 1),
(411, '2023-10-12 18:01:44', '2023-10-12 18:01:44', '2023-10-12 18:01:44', '0000-00-00 00:00:00', '', 'Maria Isabel', 'Dosil Lago', '', 'sabelapeluqueros@hotmail.com', '696703094', '', '', '', 'd41d8cd98f00b204e9800998ecf8427e', '', 0, '', 0, 0, '', '', '', 0, 'es', 0, 1),
(413, '2023-10-23 08:14:02', '2023-10-23 08:14:02', '2023-10-23 08:14:02', '2023-10-23 08:14:04', 'mohanapeluqueros@gma', 'Ana', 'Garcia Castro', 'Moana', 'mohanapeluqueros@gmail.com', '669372626', '33536211A', '', 'Unomasunoson4', 'dde54513182520336f322e58c1d8e7b8', '', 0, '', 0, 0, '', '', '', 0, 'es', 0, 1),
(414, '2023-10-26 09:34:54', '2023-10-26 09:34:54', '2023-10-26 09:34:54', '2025-04-03 14:14:35', 'CABOSY', 'Jose Diego', 'Canovas SIlla', 'CABOSY DEVELOPMENT SL', 'cabosydsl@gmail.com', '609347758', 'B42585190', '', 'cbsl251102', '9cd53644caaa1bbc3b6aa2a790e5a6f6', '', 0, '', 0, 0, '', '', '', 0, 'es', 0, 1),
(415, '2023-10-29 18:08:45', '2023-10-29 18:08:45', '2023-10-29 18:08:45', '2024-05-15 09:19:51', 'Manu Echeverria', 'Manuel', 'Echeverria Uranga', 'La Portería ileapaindegia peluqueria', 'manu.echeverria@gmail.com', '615707321', '44163944B', '', 'donostia76', '638e134f49a271df60063d9d45ee8752', '', 0, '', 0, 0, '', '', '', 0, 'es', 0, 1),
(416, '2023-11-21 17:34:30', '2023-11-21 17:34:30', '2023-11-21 17:34:30', '2025-02-17 11:58:40', 'Anuskscg', 'Ana', 'Cañadas gomez', 'Peluquería Barbarela ', 'anuska_acg@hotmail.com', '669059951', '76113476j', '', 'Fibre321', '89c0809f1d1f4c1627f5609348b07ff1', '', 0, '', 0, 0, '', '', '', 0, 'es', 1, 1),
(417, '2023-11-23 12:52:35', '2023-11-23 12:52:35', '2023-11-23 12:52:35', '2023-11-23 12:52:37', 'Vanessa', 'Vanessa', 'Fernandez', 'Peluqueria Ana Belen', 'Aguiferaia@hotmail.es', '943831991', '72488752C', '', 'moGwyr-defga4-divtaq', 'e9d7df6b5d87cf9caf6f181097194978', '', 0, '', 0, 0, '', '', '', 0, 'es', 1, 1),
(419, '2023-11-28 08:28:34', '2024-02-21 08:29:08', '2023-11-28 08:28:34', '2025-01-14 13:29:23', 'patricias1', 'Paricia ', 'Alcantara Santana', 'Peluqueria Patri Alcantara SL ', 'patri.alcantara@hotmail.com', '', 'b93384725', '', '3cerditos', '61857af9c734fb915917aa0e84d422ed', '', 0, '', 0, 0, '', '', '', 0, 'es', 0, 1),
(420, '2023-12-04 09:46:47', '2025-01-21 15:05:56', '2023-12-04 09:46:47', '2025-03-05 14:02:00', 'borganica1', 'Consuelo ', 'Delgado de la Fuente ', 'Borganica', 'info@borganicaeco.com', '', '30576423Q ', '', 'azkar1', '885fcad5c120a490208f963a7963ff44', '', 0, '', 0, 0, '', '', '', 0, 'es', 0, 1),
(421, '2024-01-04 09:01:55', '2024-01-04 09:29:37', '2024-01-04 09:01:55', '2025-03-08 09:18:36', 'biopom1', 'Gemma', 'Sanjuan Vicente', 'Biopompaslleida', 'gemmetaroy@gmail.com', '', '43719172J', '', 'gemma1', 'e66d7c18bb4bac069ca3bca3d47ad56c', '', 0, '', 0, 0, '', '', '', 0, 'es', 0, 1),
(422, '2024-01-05 16:29:53', '2024-01-05 16:29:53', '2024-01-05 16:29:53', '2024-01-05 16:29:56', 'nika', 'Ana Mª Lizana y', 'Mónica Yubero', 'A. Lizana Comino y M. Yubero Calvo', 'anamonica2022@gmail.com', '653518786', 'E71446660', '', '1234567890', 'e807f1fcf82d132f9bb018ca6738a19f', '', 0, '', 0, 0, '', '', '', 0, 'es', 1, 1),
(423, '2024-01-22 15:16:42', '2024-01-22 15:16:42', '2024-01-22 15:16:42', '2024-02-12 10:35:24', 'deside1', 'Desiderio', 'Bienzobas Sanz', 'Desi Peluqueros', 'desibienzobas@gmail.com', '650965582', '1582965582', '', 'aoiz14', '0f8a4600c6757fce2c19df4e7b30b206', '', 0, '', 0, 0, '', '', '', 0, 'es', 0, 1),
(424, '2024-02-06 09:20:38', '2024-02-06 09:20:38', '2024-02-06 09:20:38', '2025-04-01 11:42:48', 'PeluqueriaMarai', 'Silvia', 'Fernandez Diaz', 'Peluqueria Marai', 'silvana943@hotmail.com', '688764695', '44557670T', '', 'Sf140608', '1eaa380f2c7c3749d58a4874dd703301', '', 0, '', 0, 0, '', '', '', 0, 'es', 0, 1),
(425, '2024-02-06 10:18:24', '2024-02-06 10:18:24', '2024-02-06 10:18:24', '2024-02-08 18:26:14', 'shangara1', 'Shangara', 'Lora Aroca', 'Shangara Lora Orgánic', 'Shangaralora@hotmail.com', ' 617 28 63', '78968025D', '', 'loraaroca1', '3226382fe6ce48868b7b5127d9462ca8', '', 0, '', 0, 0, '', '', '', 0, 'es', 0, 1),
(426, '2024-02-07 09:33:57', '2024-02-07 09:33:57', '2024-02-07 09:33:57', '2024-02-07 09:33:59', 'dor.le1', 'Dorleta', 'Barandiaran Ozaeta', 'Pelquería KMV', 'dor.le@hotmail.com', '945143673', '16258185Z', '', 'pelukmv1', '2a82be81f369fee7595d52dd93798b7e', '', 0, '', 0, 0, '', '', '', 0, 'es', 0, 1),
(427, '2024-02-07 15:54:39', '2024-02-07 15:54:39', '2024-02-07 15:54:39', '2025-02-10 10:55:11', 'Natalia', 'Natalia', 'Paderne cabezas', 'Nude Color', 'Nudecolorestudio@gmail.com', '666496600', 'B70583638', '', 'NaTa3y27@', 'a30451f6779f12bfc98028986e5fd341', '', 0, '', 0, 0, '', '', '', 0, 'es', 0, 1),
(429, '2024-02-20 16:26:32', '2024-02-20 16:26:32', '2024-02-20 16:26:32', '2024-02-24 14:30:00', 'Adoceta', 'Ainhoa', 'Gil Mateos', 'Adoceta.', 'adoceta@gmail.com', '664669541', '72507477T', '', 'ai1991gm', 'a13f0b0988c7918a1a1166a26f427067', '', 0, '', 0, 0, '', '', '', 0, 'es', 0, 1),
(430, '2024-02-28 20:13:14', '2024-02-28 20:13:14', '2024-02-28 20:13:14', '2024-02-28 20:13:16', 'almumabe', 'Almudena', 'Mata Bermúdez', 'Peluquería Almudena Mata', 'almumabe@hotmail.com', '608342875', '74661142Z', '', 'Bermudez1.', '4a5180d4faab78b328b61a03c4e2f69e', '', 0, '', 0, 0, '', '', '', 0, 'es', 0, 1),
(431, '2024-03-01 09:00:50', '2024-03-01 09:00:50', '2024-03-01 09:00:50', '2024-08-16 14:16:52', 'Jiana1', 'Natalia ', 'Lema Caamaño', 'Natalia Lema Caamaño', 'jiana.peluqueriaorganica@gmail.com', ' 981515937', '47374443D', '', 'Caamaño1', 'ecb674e4aab3bc397fddf5cc6fd61b02', '', 0, '', 0, 0, '', '', '', 0, 'es', 0, 1),
(432, '2024-03-01 16:39:45', '2024-03-01 16:39:45', '2024-03-01 16:39:45', '2024-03-01 16:39:47', 'Peluqueriacot', 'M Aurelia', 'Cot Velasco', 'Peluqueria Cot', 'peluqueriacot@gmail.com', '659693836', '15376233C', '', 'AUjoanai95', '3b0a5b9d4e44c978c1c4459a9fc51a08', '', 0, '', 0, 0, '', '', '', 0, 'es', 0, 1),
(434, '2024-03-30 08:21:48', '2024-03-30 08:21:48', '2024-03-30 08:21:48', '2024-03-30 08:21:50', 'Taty', 'Joaquina', 'Suarez Castillo', 'H&V estilistas', 'joaky_taty85@hotmail.com', '618620468', '71662747z', '', 'Miangel09', '5842dd99df20ab08b6977d5e65551271', '', 0, '', 0, 0, '', '', '', 0, 'es', 0, 1),
(437, '2024-04-18 08:13:55', '2024-04-18 08:13:55', '2024-04-18 08:13:55', '2024-04-18 08:13:57', 'rosae', 'Rosa María ', 'Pazos Castro', 'Peluquería rosarosae', 'Rosarosae2677@gmail.com', '943 511301', '44142680E', '', '12345678', '25d55ad283aa400af464c76d713c07ad', '', 0, '', 0, 0, '', '', '', 0, 'es', 0, 1),
(439, '2024-04-27 10:04:00', '2024-04-27 10:04:00', '2024-04-27 10:04:00', '2024-04-27 10:04:02', 'ArteSano', 'Alberto', 'Alberto Bermúdez ', 'ArteSanodelcabello', 'albertobermudezmesa@gmail.com', '625989414', '75754762f', '', '280678', '97b692a810d29b0b7a668edc4ea07d6b', '', 0, '', 0, 0, '', '', '', 0, 'es', 1, 1),
(442, '2024-05-11 15:57:35', '2024-05-11 15:57:35', '2024-05-11 15:57:35', '2024-05-11 15:57:36', 'aranazpi', 'Arantxa', 'Azpiroz Hidalgo ', 'Peluquería Estetica Arantxa Azpiroz ', 'aranazpi@yahoo.es', '943619880', '44170956P', '', 'pemboh-9vyRhe-tizxup', '169e81d9bac6b270242c56ed40275374', '', 0, '', 0, 0, '', '', '', 0, 'es', 0, 1),
(443, '2024-05-12 11:48:16', '2024-05-12 11:48:16', '2024-05-12 11:48:16', '2025-03-23 15:17:24', 'Xhada', 'Natalia ', 'Lopez Sancho', 'Natalia Lopez Sancho', 'xhadaestilistas@gmail.com', '661805722', '25169200R', '', 'Natalia.1975', '0d9760f7618a62edb58768503921baff', '', 0, '', 0, 0, '', '', '', 0, 'es', 0, 1),
(444, '2024-05-26 22:23:40', '2024-05-26 22:23:40', '2024-05-26 22:23:40', '2024-05-26 22:23:43', 'karola', 'carolina', 'feliu velazquez', 'Centro de belleza Zoe', 'claraherbal41@gmail.com', '658612326', '52765527P', '', 'Trabajo-24', '851d3c10aa4a00cb10b1c4684ff56c52', '', 0, '', 0, 0, '', '', '', 0, 'es', 1, 1),
(446, '2024-05-30 11:05:16', '2024-05-30 11:05:16', '2024-05-30 11:05:16', '2024-11-14 17:22:08', 'SALONGORRAIZ ', 'jaione ', 'zubimendi', 'cruz lecuna carolina y zubimendi sanchez jaione', 'salongorraizpeluqueria@gmail.com', '948337712', 'E71430078', '', 'SGardanaz2', '528762c4ba602888e3af1065987ee462', '', 0, '', 0, 0, '', '', '', 0, 'es', 0, 1),
(447, '2024-06-02 13:01:14', '2024-06-02 13:01:14', '2024-06-02 13:01:14', '2024-06-02 13:01:17', 'Pepa', 'JOSEFA', 'MUÑOZ LÓPEZ', 'BIENESTAR Y BELLEZA SL', 'bienestarybelleza@yahoo.es', '625077650', 'B83403683', '', 'Bellezapelo24', '331e332ba838dd7b71fc72200ad3bab4', '', 0, '', 0, 0, '', '', '', 0, 'es', 1, 1),
(448, '2024-06-04 17:27:02', '2024-06-04 17:27:02', '2024-06-04 17:27:02', '2024-06-04 17:27:04', 'Débora ', 'Debora', 'López Morales', 'Peluquería Aries', 'ariespeluquer@hotmail.es', '629592585', '43825827v', '', 'Libertad77', 'a89fbf049c4f018ee317f6563dde8573', '', 0, '', 0, 0, '', '', '', 0, 'es', 0, 1),
(449, '2024-06-13 09:33:34', '2024-06-13 09:33:34', '2024-06-13 09:33:34', '2024-06-13 09:33:40', 'Peluquerialabonita', 'Mar', 'Chabuel Rodrigo', 'Mar Chabuel Rodrigo', 'peluquerialabonitazgz@gmail.com', '606609063', '76971082H', '', 'Gretit@2248', '727688beb3f463140aea55e4f132c45d', '', 0, '', 0, 0, '', '', '', 0, 'es', 0, 1),
(450, '2024-06-17 13:36:44', '2024-06-17 13:36:44', '2024-06-17 13:36:44', '2024-06-17 13:36:46', 'Ut', 'Ruth', 'de Prado Rodríguez ', 'Ruth de Prado Rodríguez ', 'rdepradoruth@hotmail.com', '669468864', '13161289E', '', 'Rr16242104', 'e8254613cda85c534c64ba13d2efd781', '', 0, '', 0, 0, '', '', '', 0, 'es', 1, 1),
(452, '2024-06-24 13:52:03', '2024-06-24 13:52:03', '2024-06-24 13:52:03', '2024-06-24 13:52:05', 'Edurnesenosiain', 'Edurne', 'Perez Senosiain', 'Edurne Senosiain', 'info@edurnesenosiain.com', '621264304', 'B71041503', '', 'Arrieta29', '9d4c0cbb58f6f057fbcde1ccb9cf3521', '', 0, '', 0, 0, '', '', '', 0, 'es', 0, 1),
(453, '2024-07-14 15:10:54', '2024-07-14 15:10:54', '2024-07-14 15:10:54', '2024-07-14 15:10:56', 'Lenixelle ', 'Rocio', 'Díaz junco', 'Lenixelle peluqueria', 'rocio-d.j@hotmail.com', '615779282', '72135019-g', '', '06061983', '7f7a132476d90055e0be9b008bcbd133', '', 0, '', 0, 0, '', '', '', 0, 'es', 0, 1),
(454, '2024-07-24 10:28:26', '2024-07-24 11:18:21', '2024-07-24 10:28:26', '2025-03-21 13:57:54', 'silviazas', 'Silvia', 'Fernández Blanco', 'Peluquería Marzan', 'silvia.zas@hotmail.com', '', '46918226C', '', 'silvia1606@', '12c3215541301b8c11dbd8066e1d72a7', '', 0, '', 0, 0, '', '', '', 0, 'es', 0, 1),
(455, '2024-08-05 19:59:06', '2024-08-05 19:59:06', '2024-08-05 19:59:06', '2025-03-23 00:28:36', 'Palomalafarga', 'Paloma', 'Lafarga Solanes', 'PL', 'palomalafarga123@gmail.com', '747764930', '18067788T', '', 'paloma123', 'c29abc3d65d0514415016c15b4220b14', '', 0, '', 0, 0, '', '', '', 0, 'es', 0, 1),
(456, '2024-08-14 10:42:45', '2024-08-14 10:42:45', '2024-08-14 10:42:45', '2024-08-14 10:42:45', 'Pelukiss22', 'Yolanda ', 'Sánchez Rodríguez ', 'Peluqueria y Estética Aqua ', 'Pelukiss22@hotmail.com', '692668529', '52979707N ', '', 'Yo@151022', '16fcc280b9a748885d543d4b487121ce', '', 0, '', 0, 0, '', '', '', 0, 'es', 0, 1),
(457, '2024-08-22 09:48:11', '2024-08-22 09:48:11', '2024-08-22 09:48:11', '2024-08-22 09:48:11', 'Raquel ', 'Raquel', 'Vicente ruiz', 'Peluquería Raquel estilo', 'raquelyjesus@hotmail.es', '635507604', '72674191x', '', 'Navarra123', '46e14143ffb9a6498e09dea586aff143', '', 0, '', 0, 0, '', '', '', 0, 'es', 0, 1),
(458, '2024-09-10 16:13:41', '2024-09-10 16:13:41', '2024-09-10 16:13:41', '2024-09-10 16:13:42', 'LAB SANA', 'NURIA', 'TELLEZ', 'LABORATORIO ECOLOGICO SANA SL', 'info@laboratorioecologico.com', '637167142', 'B88515325', '', '23_Pc_23', '79c04cb6d211c8e890b9b4e5fafd1bf4', '', 0, '', 0, 0, '', '', '', 0, 'es', 0, 1),
(459, '2024-09-11 19:27:59', '2024-09-11 19:27:59', '2024-09-11 19:27:59', '2024-09-11 19:27:59', 'Edurne ', 'Edurne ', 'Sesma Aranda ', 'Edurne Sesma estilista ', 'esa_edu@hotmail.com', '649256825', '78755097s', '', 'Herrerias_16', 'df216afa4483ab5368d9032787ef6f7f', '', 0, '', 0, 0, '', '', '', 0, 'es', 0, 1),
(460, '2024-09-17 10:39:54', '2024-09-17 10:39:54', '2024-09-17 10:36:47', '2025-03-26 12:39:15', 'anezkerro1', 'Ane', 'Ezkerro Olaizola', 'Ane Ezkerro Estilista', 'aneezkerro@gmail.com', '', '44168071K', '', 'aneestilistas', 'bff32c8168ddc4991438a2efe0c8a932', '', 0, '', 0, 0, '', '', '', 0, 'es', 0, 1),
(461, '2024-09-17 15:27:39', '2024-09-17 15:27:39', '2024-09-17 15:27:39', '2024-09-17 15:27:39', 'pamies perruquer', 'SERGI', 'PAMIES MESTRES', 'SERGI PÀMIES PERRUQUER', 'AVAPAMIES@GMAIL.COM', '610168233', '46654437h', '', '10201968', 'acd2a671ff12db719dd38b74a1e24981', '', 0, '', 0, 0, '', '', '', 0, 'es', 1, 1),
(462, '2024-09-24 12:55:51', '2024-10-25 06:55:08', '2024-09-24 12:55:51', '2024-10-24 17:35:13', 'roser1', 'Rosa ', 'Mancebo ', 'Peluquería Abril', 'rosermancebo@hotmail.com', '', '52792499R ', '', 'mancebo1', '07ef2726809d7116a0d07db1d13eccb4', '', 0, '', 0, 0, '', '', '', 0, 'es', 0, 1),
(463, '2024-09-25 12:54:14', '2024-09-25 12:54:14', '2024-09-25 12:52:03', '2024-09-25 13:21:46', 'claudiasa1', 'Claudia', ' Santolaya  Quinteros', '', 'cmsantolaya@gmail.com', '', '8.948.373-5', '', 'koloreko1', '7b1fc293758f5762494c4f0217f94b3d', '', 0, '', 0, 0, '', '', '', 0, 'es', 0, 1),
(464, '2024-10-07 06:38:07', '2024-10-07 06:38:07', '2024-10-07 06:38:07', '2024-10-07 06:38:07', 'Manuela Reyes ', 'Manuela ', 'Reyes Gómez ', 'Manuela Reyes Organic Hair & Beauty ', 'manuelareyesg@gmail.com', '697337236', '44366547F ', '', '123456', 'e10adc3949ba59abbe56e057f20f883e', '', 0, '', 0, 0, '', '', '', 0, 'es', 1, 1),
(465, '2024-10-07 17:46:18', '2024-10-07 17:46:18', '2024-10-07 17:46:18', '2024-10-07 17:46:18', 'Salon28rp', 'Ruben ', 'Piñana cacho ', 'Salón 28 Ruben Piñana ', 'salon28rp@hotmail.com', '617502814', '80102417H', '', 'Soymuytonto13', 'f2f96a8e77a71f6e842fdb43ba6e5cd3', '', 0, '', 0, 0, '', '', '', 0, 'es', 1, 1),
(466, '2024-10-07 21:25:15', '2024-10-07 21:25:15', '2024-10-07 21:25:15', '0000-00-00 00:00:00', '', 'Alicia', 'Gómez Rojo', '', 'aliciagomezrojo@gmail.com', '607604727', '', '', 'A08934923k', 'c41a4cb70d32f6d5d2cc7f5f8b437350', '', 0, '', 0, 0, '', '', '', 0, 'es', 0, 1),
(467, '2024-10-09 10:08:09', '2024-10-09 10:08:09', '2024-10-09 10:08:09', '2025-03-31 18:50:15', 'samsara1', 'Inmaculada', 'Salinas', 'Zudaire', 'inma.sa.zu@gmail.com', '613031280', '33424599X', '', 'inma.sa.zu', '6f8629d92a0c95d4390fe489fbce984f', '', 0, '', 0, 0, '', '', '', 0, 'es', 0, 1),
(468, '2024-10-09 15:17:43', '2024-10-09 15:17:43', '2024-10-09 15:17:43', '0000-00-00 00:00:00', '', 'Rosa ', 'Güido Reyes', '', 'rosaguido1978@gmail.com', '620860823', '75069641X', '', 'rosanayeva', 'e6a4a6b5c90d473ff5b83e3a23b5f1a0', '', 0, '', 0, 0, '', '', '', 0, 'es', 0, 1),
(469, '2024-10-10 07:15:41', '2024-10-10 07:17:37', '2024-10-10 07:15:41', '2025-03-19 10:53:06', 'alamo1', 'Rocio ', 'Alonso Álamo', 'Álamo Estilistas', 'Alamoestilistas11@gmail.com', '', '54300309G', '', 'rocioal1', 'aa1d54d03e533250834955de40eb5ea7', '', 0, '', 0, 0, '', '', '', 0, 'es', 0, 1),
(471, '2024-11-08 06:44:37', '2024-11-08 06:44:37', '2024-11-08 06:44:37', '2024-11-21 20:31:54', 'saraonlywomen@gmail.', 'Sara', 'Perez', 'Only Women', 'saraonlywomen@gmail.com', '608416021', '39419868F', '', 'kuka_sara123', 'e5ae28c0c435e2865f5adc346bcbe217', '', 0, '', 0, 0, '', '', '', 0, 'es', 0, 1),
(472, '2024-11-21 08:22:11', '2024-11-22 08:36:41', '2024-11-21 08:22:11', '2024-11-21 20:35:51', 'sara1981', 'Sara', 'Jiménez Zarza', 'Peluquería', 'rhonabodas@gmail.com', '', '46936865Y', '', '1981sara', '0273405428ee43882175b8f56c09ee65', '', 0, '', 0, 0, '', '', '', 0, 'es', 0, 1),
(473, '2024-11-21 12:03:22', '2024-11-21 12:03:22', '2024-11-21 12:03:22', '2024-11-24 12:13:44', 'elpeine1', 'Elisabeth', 'Antoñanzas Lorente', 'PELUQUERÍA EL PEINE DEL VIENTO ', 'infoelpeinedelviento@gmail.com', '672096580', '72494925Y', '', 'antoñanzas1', '3289205bd124b90af108bde80fe12405', '', 0, '', 0, 0, '', '', '', 0, 'es', 0, 1),
(474, '2024-12-06 08:14:45', '2024-12-06 08:14:45', '2024-12-06 08:14:45', '2024-12-06 08:14:45', 'Flaflo', 'Flavia', 'Florentino', '', 'flaflo1111@gmail.com', '654500873', '', '', 'Flaflo10@', '9054c35d2abaef81e1dee751589b6cca', '', 0, '', 0, 0, '', '', '', 0, 'es', 0, 1),
(476, '2024-12-30 18:55:17', '2024-12-30 18:55:17', '2024-12-30 18:55:17', '2024-12-30 18:55:17', 'Rosa', 'Rosa ', 'Garcia clemente', 'RG’S peluqueros', 'Turiaso424@hormail.com', '716792300', '73077183L', '', 'RosaZanguengo1', 'acdea7b3e5fecc8a6df216cc25934f33', '', 0, '', 0, 0, '', '', '', 0, 'es', 1, 1),
(477, '2025-01-02 10:31:18', '2025-01-02 10:31:18', '2025-01-02 10:31:18', '2025-02-20 19:51:08', 'aireyalma1', 'MARÍA ', 'MARTÍN ESPINOSA', 'Peluquería Aire y alma', 'Maricari9@hotmail.com', '918489536', '47032021B', '', 'maricari9', 'f1101076434acf56ca7998d6ce7bbd7a', '', 0, '', 0, 0, '', '', '', 0, 'es', 0, 1),
(478, '2025-01-08 11:44:00', '2025-01-08 11:44:00', '2025-01-08 11:44:00', '2025-01-30 14:35:19', 'rous1', 'Rous ', 'Carvajal Balado', 'Rous Carvajal Balado S.L', 'mrosabadi@gmail.com', '670254132', 'B66678756', '', 'mireia1', 'f945df60da4d198dfcfc3203c140508b', '', 0, '', 0, 0, '', '', '', 0, 'es', 0, 1),
(479, '2025-01-09 11:39:55', '2025-01-09 11:39:55', '2025-01-09 11:39:55', '2025-03-18 12:37:40', 'maitemu1', 'MARÍA TERESA', 'MUÑOZ FERNANDEZ', 'MAITE ESTILISTAS', 'maitemestilistas@gmail.com', '665706446', '1538623L', '', 'mestilistas', '0bb17648df7207b864b105eb6bce0e23', '', 0, '', 0, 0, '', '', '', 0, 'es', 0, 1),
(480, '2025-01-10 01:31:05', '2025-01-10 01:31:05', '2025-01-10 01:31:05', '2025-01-10 01:31:08', 'gustavoibiza@hotmail', 'gustavo', 'Pastor Villullas', 'Honey house', 'gustavoibiza@hotmail.com', '609237133', '21669320p', '', '@10Sep1975@', '136dd17efe31310e3838e41e4127ee48', '', 0, '', 0, 0, '', '', '', 0, 'es', 1, 1),
(481, '2025-01-11 13:26:21', '2025-01-11 13:26:21', '2025-01-11 13:26:21', '2025-04-07 07:46:40', 'Sheila', 'Sheila', 'Belio villafranca', 'Peluqueria Sheila', 'sheila.belio@hotmail.com', '652843560', '52446050r', '', '24Mayo1975', '56b59a22e658cae5775773d04814c6c9', '', 0, '', 0, 0, '', '', '', 0, 'es', 0, 1),
(482, '2025-01-15 16:21:31', '2025-01-15 16:30:43', '2025-01-15 16:21:31', '2025-01-31 10:27:00', 'martamu1', 'Marta', 'Muñoz Genovés', 'Marta Muñoz', 'martita1509@hotmail.es', '', '08999266X', '', 'genoves1', '6e31afdb517dbb225f0965465cf0e8fc', '', 0, '', 0, 0, '', '', '', 0, 'es', 0, 1),
(483, '2025-01-23 11:17:56', '2025-01-23 11:17:56', '2025-01-23 11:17:56', '2025-03-28 21:23:25', 'Carolina', 'Carolina', 'Rodal tenorio', 'Rasgo’s', 'carolrodal0106@gmail.com', '687400007', '78735279t', '', 'Braisendika', '24512425fb559f505c315ceffe74b6c6', '', 0, '', 0, 0, '', '', '', 0, 'es', 0, 1),
(484, '2025-01-23 21:15:12', '2025-01-23 21:15:12', '2025-01-23 21:15:12', '2025-02-28 08:25:39', 'Aurora', 'Maria Aurora', 'Junquera Leon', 'Aurora Junle Estilistas', 'aurorajunle@gmail.com', '985382351', '10862051W', '', 'peluqueriagarcia7', 'bd30640e5a926ca81703059084c52151', '', 0, '', 0, 0, '', '', '', 0, 'es', 1, 1),
(485, '2025-01-24 11:09:21', '2025-01-24 11:09:21', '2025-01-24 11:09:21', '0000-00-00 00:00:00', '', 'Marisa', 'Torres Alcaraz ', '21464442Z', 'marisa.torres.peluqueros@hotmail.com', '675809030', '21464442Z ', '', '', 'd41d8cd98f00b204e9800998ecf8427e', '', 0, '', 0, 0, '', '', '', 0, 'es', 0, 1),
(486, '2025-01-29 12:14:09', '2025-01-29 12:14:09', '2025-01-29 12:14:09', '2025-01-30 19:43:51', 'arbelecos', 'ANA MARÍA', 'Rojas Gordillo ', 'CENTRO ARBELECOS', 'centroarbelecos@gmail.com', '655816000', 'E06729404', '', 'anamaria1', '9f68fdcba3eece9e885dbeee91ffd61d', '', 0, '', 0, 0, '', '', '', 0, 'es', 0, 1),
(487, '2025-01-29 16:49:49', '2025-01-29 16:49:49', '2025-01-29 16:49:49', '2025-03-15 09:06:01', 'Martit11@hotmail.es', 'Marta Cristina ', 'Martin Martínez ', 'Terra peluqueria ecológica ', 'Martit11@hotmail.es', '609440021', '51669543c ', '', 'Labicha1971', '2f88971898de6e867cadf2c5504570c3', '', 0, '', 0, 0, '', '', '', 0, 'es', 0, 1),
(488, '2025-01-30 15:31:21', '2025-01-30 15:35:04', '2025-01-30 15:31:21', '2025-03-12 21:34:22', 'amoedo1', 'María', 'Amoedo', 'María Amoedo Estilistas', 'marliex_17@hotmail.com', '', '36210', '', 'maria1', '95021724c3acfab92feecc6952189414', '', 0, '', 0, 0, '', '', '', 0, 'es', 0, 1),
(489, '2025-02-01 14:59:31', '2025-02-01 14:59:31', '2025-02-01 14:59:31', '2025-02-01 14:59:31', 'Mireia', 'Mireia', 'Ozcoz Bermudez', 'Mireia Ozcoz ', 'mireia.estilista@gmail.com', '605540466', '38137738N', '', '0Pipo120', '3bac06a9573c3b82aedf814091e2b784', '', 0, '', 0, 0, '', '', '', 0, 'es', 1, 1),
(490, '2025-02-07 09:12:00', '2025-02-07 09:33:21', '2025-02-07 09:08:30', '0000-00-00 00:00:00', 'paola1', 'PAOLA', 'CENEDE ESTILISTAS', 'CAPILAR BRISTOL S.L', 'Paolacenedeseestilista@gmail.com', '', 'B20878542', '', 'cenede1', '2e6e96ee302f2dd1926182f4a4db487e', '', 0, '', 0, 0, '', '', '', 0, 'es', 0, 1),
(491, '2025-02-12 14:20:38', '2025-02-13 08:00:37', '2025-02-12 14:20:38', '2025-02-12 14:31:16', 'moraima', 'Moraima', 'Mora Pedroso', 'Moraima', 'mmp.mora@gmail.com', '', '72523874K', '', 'moraima1', '5579873fbcb5b057e2966dfa46868aa5', '', 0, '', 0, 0, '', '', '', 0, 'es', 0, 1),
(492, '2025-02-12 14:24:56', '2025-02-12 14:24:56', '2025-02-12 14:24:56', '2025-02-17 11:23:48', 'Naguivi', 'Nadia', 'Guijarro Villacieros ', 'Nadia Guijarro Peluquería y Estética ', 'nadiaguijarroestilista@hotmail.es', '656307711 ', '48629519K', '', 'ngv1989ali', '287b0aa468b0338480db8ded6c56a2bc', '', 0, '', 0, 0, '', '', '', 0, 'es', 0, 1),
(493, '2025-02-13 07:55:29', '2025-02-13 07:55:29', '2025-02-13 07:55:29', '2025-02-13 09:57:52', 'marcos1', 'MARCOS ', 'RUBIÑO MOYA', 'MARCOS RUBIÑO PELUQUERÍA ORGÁNICA', 'marcoscasasnuevas@gmail.com', '600 31 56 ', '23699424J', '', 'RUBIÑO1', '3b06ca958c5d16b71ca90d7f31b73d70', '', 0, '', 0, 0, '', '', '', 0, 'es', 0, 1),
(494, '2025-02-17 09:48:57', '2025-02-17 09:48:57', '2025-02-17 09:48:57', '2025-02-17 09:48:57', 'Koloreko', 'Milagros ', 'Serón Egurza ', 'Mi Look ', 'mirariseron@gmail.com', '610619563', '34080988w', '', '', 'd41d8cd98f00b204e9800998ecf8427e', '', 0, '', 0, 0, '', '', '', 0, 'es', 1, 1),
(495, '2025-02-25 08:54:18', '2025-02-25 08:59:18', '2025-02-25 08:54:18', '2025-03-12 10:18:16', 'amileapain', 'Ainhoa', 'Echaniz Unanue', 'Am ileapaindegia', 'am.ileapaindegia@gmail.com', '', 'E72942311', '', 'Urtarrilak3', '7cf7e57ff0adf1ebd8b324edb63e83be', '', 0, '', 0, 0, '', '', '', 0, 'es', 0, 1),
(496, '2025-02-26 09:14:06', '2025-02-26 09:14:18', '2025-02-26 09:12:03', '2025-03-20 18:36:11', 'mgbpelu', 'Mónica', 'Guevara Bravo', 'Mónica Guevara Estilistas', 'mgbpeluquera@hotmail.es', '', '16598040K', '', 'guevarabravo', 'be95d0215a7b8463e68966207e67b605', '', 0, '', 0, 0, '', '', '', 0, 'es', 0, 1),
(497, '2025-02-28 10:06:53', '2025-02-28 10:06:53', '2025-02-28 10:06:53', '2025-02-28 10:06:53', 'Nereay', 'Nerea', 'Ayuso matesanz', 'Partícular', 'nayuso93@gmail.com', '679612634', '72489889F', '', '1010Guijosa.', 'c59a6c3a112966382fcf625c530bb203', '', 0, '', 0, 0, '', '', '', 0, 'es', 0, 1),
(498, '2025-03-02 20:50:09', '2025-03-02 20:50:09', '2025-03-02 20:50:09', '2025-03-12 20:53:02', 'Reyes', 'Reyes', 'Tirado Amador', 'NailaStudios', 'reyestirado@gmail.com', '646141574', '17754609n', '', 'Dolorosa79', '680731a8c6ae4d78a261faa1b7a25edf', '', 0, '', 0, 0, '', '', '', 0, 'es', 1, 1),
(499, '2025-03-10 18:54:12', '2025-03-10 18:54:12', '2025-03-10 18:54:12', '2025-03-10 18:54:12', 'Marivi', 'Maria Victoria ', 'Berenguer Gómez ', 'Natural Care', 'mvi1429@gmail.com', '699705716', '48573088D ', '', 'Volvov50', 'ef6440dfcf70b39d8c364eda774ff084', '', 0, '', 0, 0, '', '', '', 0, 'es', 1, 1),
(500, '2025-03-16 11:31:15', '2025-03-16 11:31:15', '2025-03-16 11:31:15', '2025-03-16 11:39:56', 'S', 'Silvia', 'García Martínez ', 'Ninguna', 'ohianegm9@gmail.com', '620551525', '78915733L', '', 'keko#16', '3629e367a5c36f73372068b008cdcb1d', '', 0, '', 0, 0, '', '', '', 0, 'es', 0, 1),
(501, '2025-03-18 12:25:24', '2025-03-18 12:25:24', '2025-03-18 12:25:24', '2025-04-08 09:44:28', 'santa1', 'Mercedes ', 'Lobariñas Rodriguez', 'Santa Envidia S.L', 'merchilobarinas@gmail.com', '670 44 80 ', 'B27746098', '', 'envidia1', '13de7eda990d86ae770f8ccfef28cbc8', '', 0, '', 0, 0, '', '', '', 0, 'es', 0, 1),
(502, '2025-03-28 16:32:12', '2025-03-28 16:32:12', '2025-03-28 16:32:12', '2025-03-28 16:32:12', 'Fefi', 'Josefa', 'Suárez armas', 'Autonoma', 'ffsuares@gmail.com', '645878540', '44705317x', '', 'volvos40', '92f3cb62fc2623410464dd63ebddaf5e', '', 0, '', 0, 0, '', '', '', 0, 'es', 1, 1),
(503, '2025-04-02 10:16:54', '2025-04-02 10:16:54', '2025-04-02 10:15:40', '2025-04-02 10:18:23', 'kmpelu1', 'MARÍA IRENE', ' GONZALEZ GONZALEZ', 'Peluqueria KM', 'maratellerigain@hotmail.com', '', '15973879B', '', 'mara1', '720020687dfc6aad4834ca247f8133f0', '', 0, '', 0, 0, '', '', '', 0, 'es', 0, 1),
(504, '2025-04-06 21:55:41', '2025-04-06 21:55:41', '2025-04-06 21:55:41', '2025-04-06 21:55:41', 'Elisabeth', 'elisabeth', 'pueyo', 'Elisabet Pueyo ', 'elisabethpueyo@gmail.com', '656623377', '25685849r', '', 'secretosDiego', '92f262c119610d2962d8c81b43c3907f', '', 0, '', 0, 0, '', '', '', 0, 'es', 1, 1);

-- --------------------------------------------------------

--
-- Estructura de tabla para la tabla `public_users_estados`
--

