CREATE TABLE `menus` (
  `id` int(10) NOT NULL,
  `id_parent` int(10) NOT NULL,
  `id_modulo` int(10) NOT NULL,
  `id_modulo_element` int(10) NOT NULL,
  `font_css` varchar(100) NOT NULL,
  `font_css_color` int(2) NOT NULL,
  `url` varchar(250) NOT NULL,
  `blank` int(1) NOT NULL,
  `posicion` int(1) NOT NULL,
  `orden` int(10) NOT NULL,
  `estado` int(1) NOT NULL,
  `creation_date` datetime NOT NULL,
  `modification_date` datetime NOT NULL
) ENGINE=InnoDB DEFAULT CHARSET=utf8mb3 COLLATE=utf8mb3_general_ci;

--
-- Volcado de datos para la tabla `menus`
--

INSERT INTO `menus` (`id`, `id_parent`, `id_modulo`, `id_modulo_element`, `font_css`, `font_css_color`, `url`, `blank`, `posicion`, `orden`, `estado`, `creation_date`, `modification_date`) VALUES
(1, 0, 1, 0, 'font-icon font-icon-dashboard', 5, '', 0, 3, 1, 1, '0000-00-00 00:00:00', '2021-06-23 15:08:33'),
(2, 0, 66, 0, 'fa fa-briefcase', 2, '', 0, 3, 5, 2, '0000-00-00 00:00:00', '2018-10-17 16:03:33'),
(3, 0, 72, 0, 'far fa-calendar-check', 5, '', 0, 3, 2, 2, '0000-00-00 00:00:00', '2019-09-25 14:23:28'),
(4, 0, 74, 0, 'far fa-map', 4, '', 0, 3, 4, 2, '0000-00-00 00:00:00', '2019-10-01 12:20:53'),
(5, 0, 18, 0, 'fa fa-sticky-note', 4, '', 0, 3, 6, 2, '0000-00-00 00:00:00', '2018-10-17 16:05:03'),
(6, 0, 71, 0, 'fa fa-users', 5, '', 0, 3, 3, 1, '0000-00-00 00:00:00', '2021-06-23 15:05:21'),
(7, 0, 73, 0, 'far fa-sticky-note', 13, '', 0, 3, 14, 1, '2020-04-24 10:00:17', '2020-04-24 10:00:45'),
(8, 0, 77, 0, 'fa fas fa-people-carry', 5, '', 0, 3, 7, 1, '2021-06-23 15:05:28', '2021-06-23 15:35:07'),
(9, 0, 69, 0, 'fa fas fa-box', 6, '', 0, 3, 8, 1, '2021-06-23 16:14:35', '2021-09-07 14:04:59'),
(10, 0, 80, 0, 'fa fas fas fa-dolly', 4, '', 0, 3, 12, 1, '2021-09-02 10:46:36', '2022-03-01 12:09:14'),
(11, 0, 81, 0, 'fa fas fa-truck-loading', 4, '', 0, 3, 11, 1, '2021-09-02 10:47:09', '2022-02-23 16:49:38'),
(12, 0, 79, 0, 'fa fas fa-warehouse', 6, '', 0, 3, 10, 1, '2021-09-02 10:47:35', '2022-06-21 12:20:14'),
(13, 0, 82, 0, 'fa fas fa-boxes', 4, '', 0, 3, 13, 1, '2021-09-02 10:48:06', '2021-09-21 15:40:55'),
(14, 0, 83, 0, 'fa fas fa-tags', 6, '', 0, 3, 9, 1, '2022-05-17 10:47:29', '2022-05-17 10:51:42');

-- --------------------------------------------------------

--
-- Estructura de tabla para la tabla `menus_colores`
--

CREATE TABLE `menus_colores` (
  `id` int(2) NOT NULL,
  `lang` varchar(2) NOT NULL DEFAULT 'es',
  `value` varchar(20) NOT NULL,
  `color` varchar(6) NOT NULL,
  `css` varchar(20) NOT NULL,
  `orden` int(2) NOT NULL,
  `estado` int(1) NOT NULL DEFAULT 1
) ENGINE=MyISAM DEFAULT CHARSET=utf8mb3 COLLATE=utf8mb3_general_ci;

--
-- Volcado de datos para la tabla `menus_colores`
--

INSERT INTO `menus_colores` (`id`, `lang`, `value`, `color`, `css`, `orden`, `estado`) VALUES
(1, 'es', 'Gris', '009688', 'grey', 1, 1),
(2, 'es', 'Marrón', '2196f3', 'brown', 2, 1),
(3, 'es', 'Rojo', 'ff9800', 'red', 3, 1),
(4, 'es', 'Morado', '9c27b0', 'purple', 4, 1),
(5, 'es', 'Oro', '', 'gold', 5, 1),
(6, 'es', 'Azul Claro', '', 'blue-dirty', 6, 1),
(7, 'es', 'Magenta', '', 'magenta', 7, 1),
(8, 'es', 'Verde', '', 'green', 8, 1),
(9, 'es', 'Rosa/Rojo', '', 'pink-red', 9, 1),
(10, 'es', 'Azul', '', 'blue', 10, 1),
(11, 'es', 'Naranja/Rojo', '', 'orange-red', 11, 1),
(12, 'es', 'Rojo', '', 'red', 12, 1),
(13, 'es', 'Aquamarina', '', 'aquamarine', 13, 1),
(14, 'es', 'Gris azulado', '', 'grey-blue', 14, 1),
(15, 'es', 'Rosa', '', 'pink', 15, 1),
(16, 'es', 'Naranja', '', 'orange', 16, 1);

-- --------------------------------------------------------

--
-- Estructura de tabla para la tabla `menus_lang`
--

CREATE TABLE `menus_lang` (
  `id` int(10) NOT NULL,
  `id_rel` int(10) NOT NULL,
  `lang` varchar(2) NOT NULL,
  `titulo` varchar(150) NOT NULL
) ENGINE=InnoDB DEFAULT CHARSET=utf8mb3 COLLATE=utf8mb3_general_ci;

--
-- Volcado de datos para la tabla `menus_lang`
--

INSERT INTO `menus_lang` (`id`, `id_rel`, `lang`, `titulo`) VALUES
(1, 1, 'es', 'Tu Tablero'),
(2, 2, 'es', 'Reuniones'),
(3, 3, 'es', 'Agenda'),
(4, 4, 'es', 'Mapa situación'),
(5, 5, 'es', 'Notas'),
(6, 6, 'es', 'Clientes'),
(13, 7, 'es', 'Informes'),
(14, 8, 'es', 'Proveedores'),
(15, 9, 'es', 'Articulos'),
(16, 10, 'es', 'Albaranes'),
(17, 11, 'es', 'Pedidos'),
(18, 12, 'es', 'Almacen'),
(19, 13, 'es', 'Lotes'),
(20, 14, 'es', 'Reetiquetaje');

-- --------------------------------------------------------

--
-- Estructura de tabla para la tabla `menu_posiciones`
--

CREATE TABLE `menu_posiciones` (
  `id` int(5) NOT NULL,
  `orden` int(5) NOT NULL,
  `estado` int(1) NOT NULL
) ENGINE=InnoDB DEFAULT CHARSET=utf8mb3 COLLATE=utf8mb3_general_ci;

--
-- Volcado de datos para la tabla `menu_posiciones`
--

INSERT INTO `menu_posiciones` (`id`, `orden`, `estado`) VALUES
(1, 1, 1),
(2, 2, 1),
(3, 3, 1),
(4, 4, 0),
(5, 5, 0);

-- --------------------------------------------------------

--
-- Estructura de tabla para la tabla `menu_posiciones_lang`
--

CREATE TABLE `menu_posiciones_lang` (
  `id` int(5) NOT NULL,
  `id_rel` int(5) NOT NULL,
  `lang` varchar(2) NOT NULL,
  `value` varchar(100) NOT NULL
) ENGINE=InnoDB DEFAULT CHARSET=utf8mb3 COLLATE=utf8mb3_general_ci;

--
-- Volcado de datos para la tabla `menu_posiciones_lang`
--

INSERT INTO `menu_posiciones_lang` (`id`, `id_rel`, `lang`, `value`) VALUES
(1, 1, 'es', 'Superior'),
(2, 2, 'es', 'Inferior'),
(3, 3, 'es', 'Izquierda'),
(4, 4, 'es', 'Derecha'),
(5, 5, 'es', 'Menu usuario logeado');

-- --------------------------------------------------------

--
-- Estructura de tabla para la tabla `modules`
--

CREATE TABLE `modules` (
  `id` int(10) NOT NULL,
  `estado` int(1) NOT NULL DEFAULT 1,
  `selectable` int(1) NOT NULL,
  `menu` int(1) DEFAULT 0,
  `font_css` varchar(60) NOT NULL,
  `home_history` int(1) NOT NULL,
  `sitemap` int(1) NOT NULL,
  `search` int(1) DEFAULT 0,
  `rss` int(1) DEFAULT 0,
  `id_parent` int(10) DEFAULT 0,
  `orden` int(10) DEFAULT 0,
  `define` varchar(50) NOT NULL,
  `categorized` int(1) DEFAULT 0,
  `placeable` int(5) NOT NULL DEFAULT 0,
  `placeable_values` varchar(150) NOT NULL DEFAULT '',
  `export_xml` int(1) DEFAULT NULL,
  `xml` varchar(150) NOT NULL,
  `comentarios` int(1) DEFAULT 0,
  `multilanguage` int(1) DEFAULT 0,
  `table` varchar(50) NOT NULL,
  `table_index` varchar(50) NOT NULL,
  `table_lang` varchar(50) NOT NULL,
  `table_lang_index` varchar(50) NOT NULL,
  `portada_module` varchar(150) NOT NULL,
  `categorias_module` varchar(250) NOT NULL,
  `elementos_module` varchar(250) NOT NULL,
  `table_galeria` varchar(150) NOT NULL,
  `table_galeria_lang` varchar(150) NOT NULL,
  `cachemodules` text NOT NULL,
  `cache` int(1) DEFAULT NULL,
  `cache_time` int(10) NOT NULL
) ENGINE=InnoDB DEFAULT CHARSET=utf8mb3 COLLATE=utf8mb3_general_ci;

--
-- Volcado de datos para la tabla `modules`
--

INSERT INTO `modules` (`id`, `estado`, `selectable`, `menu`, `font_css`, `home_history`, `sitemap`, `search`, `rss`, `id_parent`, `orden`, `define`, `categorized`, `placeable`, `placeable_values`, `export_xml`, `xml`, `comentarios`, `multilanguage`, `table`, `table_index`, `table_lang`, `table_lang_index`, `portada_module`, `categorias_module`, `elementos_module`, `table_galeria`, `table_galeria_lang`, `cachemodules`, `cache`, `cache_time`) VALUES
(1, 1, 1, 0, '', 0, 0, 0, 0, NULL, 10, '_MOD_INICIO', 0, 0, '', 0, '', 0, 0, '', '', '', '', '', '', '', '', '', '', 0, 0),
(2, 1, 0, 0, '', 0, 0, 0, 0, 0, 19, '_MOD_AVISOS', 0, 0, '', 0, '', 0, 1, 'avisos', 'id', 'avisos_lang', 'id_rel', '', '', '_MOD_AVISOS', '', '', '', 0, 0),
(3, 1, 0, 0, '', 0, 0, 0, 0, 0, 22, '_MOD_LOGIN', 0, 0, '', 0, '', 0, 0, '', '', '', '', '', '', '', '', '', '', 0, 0),
(4, 1, 0, 0, '', 0, 0, 0, 0, NULL, 23, '_MOD_RECORDAR_PASS', 0, 0, '', 0, '', 0, 0, '', '', '', '', '', '', '', '', '', '', 0, 0),
(5, 1, 0, 0, 'fa fa-envelope', 0, 0, 0, 0, NULL, 0, '_MOD_NOTIFICACIONES', 0, 0, '', 0, '', 0, 1, 'not_notificaciones', 'id', 'not_notificaciones_lang', 'id_rel', '', '', '', '', '', '', 0, 0),
(6, 1, 0, 1, 'fa fa-puzzle-piece', 0, 0, 0, 0, 0, 4, '_MOD_MODULES', 0, 0, '', 0, '', 0, 1, 'modules', 'id', 'modules_lang', 'id_rel', '', '', '_MOD_MODULES', '', '', '', 0, 0),
(7, 1, 0, 1, 'fa fa-sitemap', 0, 0, 0, 0, 0, 8, '_MOD_PANEL_MENUS', 1, 1, 'panel_menu_posiciones', 1, '', 0, 1, 'panel_menus', 'id', 'panel_menus_lang', 'id_rel', '', '', '_MOD_PANEL_MENUS', '', '', '', 0, 0),
(8, 1, 0, 1, 'fa fa-cog', 0, 0, 0, 0, NULL, 1, '_MOD_CONFIG', 0, 0, '', 0, '', 0, 0, 'config', 'id', '', '', '', '', '_MOD_CONFIG', '', '', '', 0, 0),
(9, 1, 0, 1, 'fa fa-users', 0, 0, 0, 0, 0, 7, '_MOD_CMS_USERS', 0, 0, '', 0, '', 0, 0, 'users', 'id', '', '', '', '', '_MOD_CMS_USERS', '', '', '', 0, 0),
(10, 1, 0, 1, 'fa fa-exclamation', 0, 0, 0, 0, NULL, 9, '_MOD_CMS_AVISOS', 0, 0, '', 0, '', 0, 1, 'avisos', 'id', 'avisos_lang', 'id_rel', '', '', '', '', '', '', 0, 0),
(11, 1, 0, 1, 'fas fa-tools', 0, 0, 0, 0, NULL, 6, '_MOD_UTILIDADES_SISTEMA', 0, 0, '', 0, '', 0, 0, '', '', '', '', '', '', '', '', '', '', 0, 0),
(12, 1, 0, 1, 'fas fa-flag', 0, 0, 0, 0, NULL, 5, '_MOD_LANGUAGES', 0, 0, '', 0, '', 0, 0, 'languages', 'id', '', '', '', '', '_MOD_LANGUAGES', '', '', '', 0, 0),
(13, 1, 1, 0, '', 0, 0, 0, 0, NULL, 3, '_MOD_USUARIOS', 0, 0, '', 0, '', 0, 0, 'public_users', 'id', '', '', '', '', '', '', '', '', 0, 0),
(14, 1, 0, 0, '', 0, 0, 0, 0, 0, 2, '_MOD_USUARIOS_MSG', 0, 0, '', 0, '', 0, 0, 'public_users', 'id', '', '', '', '', '', '', '', '', 0, 0),
(15, 1, 0, 0, 'fa fa-cog', 0, 0, 0, 0, NULL, 0, '_MOD_CONFIGURACION_USUARIO', 0, 0, '', 0, '', 0, 0, '', '', '', '', '', '', '', '', '', '', 0, 0),
(16, 1, 0, 1, 'fas fa-language', 0, 0, 0, 0, NULL, 0, '_MOD_DEFINES_IDIOMAS', 0, 0, '', 0, '', 0, 1, 'def_defines', 'id', 'def_defines_lang', 'id_rel', '', '', '', '', '', '', 0, 0),
(18, 1, 0, 0, '', 0, 0, 0, 0, NULL, 0, '_MOD_PUBLIC_LOGIN', 0, 0, '', 0, '', 0, 0, '', '', '', '', '', '', '', '', '', '', 0, 0),
(64, 2, 1, 0, 'fa fa-tasks', 0, 0, 0, 0, NULL, 0, '_MOD_PEDIDOS_OLD', 0, 0, '', 0, '', 0, 0, '', '', '', '', '', '', '', '', '', '', 0, 0),
(65, 1, 1, 0, 'fa fa-calendar-check-o', 0, 0, 0, 0, 0, 0, '_MOD_PARTES', 0, 0, '', 0, '', 0, 0, 'pro_proyectos_partes', 'id', '', '', '', '', '', '', '', '', 0, 0),
(66, 1, 1, 0, 'fa fa-briefcase', 0, 0, 0, 0, 0, 0, '_MOD_REUNIONES', 0, 0, '', 0, '', 0, 0, 'reu_reuniones', 'id', '', '', '', '', '', '', '', '', 0, 0),
(67, 1, 1, 0, 'fa fa-sitemap', 0, 0, 0, 0, 0, 0, '_MOD_MENUS', 1, 1, 'menu_posiciones', 0, '', 0, 1, 'menus', 'id', 'menus_lang', 'id_rel', '', '', '', '', '', '', 0, 0),
(69, 1, 1, 0, 'fa fas fa-box', 0, 0, 0, 0, NULL, 0, '_MOD_ARTICULOS', 0, 0, '', 0, '', 0, 0, '', '', '', '', '', '', '', '', '', '', 0, 0),
(70, 1, 0, 0, '', 0, 0, 0, 0, NULL, 0, '_MOD_CATEGORIAS', 0, 0, '', 0, '', 0, 0, '', '', '', '', '', '', '', '', '', '', 0, 0),
(71, 1, 1, 0, 'fas fa-user-tie', 0, 0, 0, 0, NULL, 0, '_MOD_CLIENTES', 0, 0, '', 0, '', 0, 0, '', '', '', '', '', '', '', '', '', '', 0, 0),
(72, 1, 1, 0, 'far fa-calendar-check', 0, 0, 0, 0, NULL, 0, '_MOD_AGENDA', 0, 0, '', 0, '', 0, 0, '', '', '', '', '', '', '', '', '', '', 0, 0),
(73, 1, 1, 0, 'far fa-sticky-note', 0, 0, 0, 0, NULL, 0, '_MOD_INFORMES', 0, 0, '', 0, '', 0, 0, '', '', '', '', '', '', '', '', '', '', 0, 0),
(74, 1, 1, 0, '', 0, 0, 0, 0, NULL, 0, '_MOD_MAPA_SITUACION', 0, 0, '', 0, '', 0, 0, '', '', '', '', '', '', '', '', '', '', 0, 0),
(75, 1, 0, 0, '', 0, 0, 0, 0, NULL, 0, '_MOD_ACCIONES_COMERCIALES_USUARIOS', 0, 0, '', 0, '', 0, 0, '', '', '', '', '', '', '', '', '', '', 0, 0),
(76, 1, 1, 0, 'far fa-calendar-check', 0, 0, 0, 0, NULL, 0, '_MOD_CALENDARIO_LABORAL', 0, 0, '', 0, '', 0, 0, '', '', '', '', '', '', '', '', '', '', 0, 0),
(77, 1, 1, 0, 'fas fa-people-carry', 0, 0, 0, 0, NULL, 0, '_MOD_PROVEEDORES', 0, 0, '', 0, '', 0, 0, '', '', '', '', '', '', '', '', '', '', 0, 0),
(78, 2, 1, 0, 'fas fa-fill-drip', 0, 0, 0, 0, NULL, 0, '_MOD_ARTICULOS', 0, 0, '', 0, '', 0, 0, '', '', '', '', '', '', '', '', '', '', 0, 0),
(79, 1, 1, 0, 'fas fas-warehouse', 0, 0, 0, 0, NULL, 0, '_MOD_ALMACEN', 0, 0, '', 0, '', 0, 0, '', '', '', '', '', '', '', '', '', '', 0, 0),
(80, 1, 1, 0, 'fas fa-dolly', 0, 0, 0, 0, NULL, 0, '_MOD_COMPRAS', 0, 0, '', 0, '', 0, 0, '', '', '', '', '', '', '', '', '', '', 0, 0),
(81, 1, 1, 0, 'fas fa-truck-loading', 0, 0, 0, 0, NULL, 0, '_MOD_PEDIDOS', 0, 0, '', 0, '', 0, 0, '', '', '', '', '', '', '', '', '', '', 0, 0),
(82, 1, 1, 0, 'fas fa-boxes', 0, 0, 0, 0, NULL, 0, '_MOD_LOTES', 0, 0, '', 0, '', 0, 0, '', '', '', '', '', '', '', '', '', '', 0, 0),
(83, 1, 1, 0, 'fa fas fa-tags', 0, 0, 0, 0, NULL, 0, '_MOD_REETIQUETAJE', 0, 0, '', 0, '', 0, 0, '', '', '', '', '', '', '', '', '', '', 0, 0),
(84, 1, 1, 0, '', 0, 0, 0, 0, NULL, 0, '_MOD_TRAZABILIDAD', 0, 0, '', 0, '', 0, 0, '', '', '', '', '', '', '', '', '', '', 0, 0),
(85, 1, 1, 0, '', 0, 0, 0, 0, NULL, 0, '_MOD_LOGS', 0, 0, '', 0, '', 0, 0, '', '', '', '', '', '', '', '', '', '', 0, 0),
(86, 1, 0, 0, '', 0, 0, 0, 0, NULL, 0, '_MOD_CMS_AYUDA', 0, 0, '', 0, '', 0, 0, '', '', '', '', '', '', '', '', '', '', 0, 0);

-- --------------------------------------------------------

--
-- Estructura de tabla para la tabla `modules_attributes`
--

CREATE TABLE `modules_attributes` (
  `id` int(10) NOT NULL,
  `id_rel` int(10) NOT NULL,
  `src` varchar(150) NOT NULL,
  `menu_elementos` varchar(255) NOT NULL,
  `estructure` int(1) NOT NULL DEFAULT 1,
  `start` int(1) NOT NULL DEFAULT 0,
  `login` int(1) NOT NULL DEFAULT 0,
  `class` int(1) NOT NULL DEFAULT 0,
  `ordered` int(1) NOT NULL DEFAULT 0,
  `inverted_order` int(1) NOT NULL DEFAULT 0,
  `query` text NOT NULL,
  `joins` text NOT NULL,
  `where` text NOT NULL,
  `listHead` text NOT NULL,
  `order_by` varchar(50) NOT NULL,
  `listpattern` varchar(100) NOT NULL,
  `export_fields` varchar(150) NOT NULL,
  `export_sql` text NOT NULL
) ENGINE=InnoDB DEFAULT CHARSET=utf8mb3 COLLATE=utf8mb3_general_ci;

--
-- Volcado de datos para la tabla `modules_attributes`
--

INSERT INTO `modules_attributes` (`id`, `id_rel`, `src`, `menu_elementos`, `estructure`, `start`, `login`, `class`, `ordered`, `inverted_order`, `query`, `joins`, `where`, `listHead`, `order_by`, `listpattern`, `export_fields`, `export_sql`) VALUES
(1, 1, 'inicio/index.php', '', 2, 1, 1, 0, 0, 0, '', '', '', '', '', '', '', ''),
(2, 2, 'base/avisos/aviso.php', '', 3, 0, 0, 0, 0, 0, '', '', '', '', '', '', '', ''),
(3, 3, 'login/index.php', '', 3, 0, 0, 0, 0, 0, '', '', '', '', '', '', '', ''),
(4, 4, 'base/usuarios/recordar.php', '', 1, 0, 0, 0, 0, 0, '', '', '', '', '', '', '', ''),
(5, 5, 'notificaciones/panel/index.php', '', 1, 0, 1, 1, 0, 0, '', '', '', '_TXT_ASUNTO:asunto;_TXT_OBSERVACIONES:observaciones;_TXT_FIRMA:firma', '', '', '', ''),
(6, 6, 'base/modules/index.php', '', 1, 0, 1, 1, 0, 0, '', '', '', '_TXT_VISIBILIDAD:estado:status;_TXT_ID:id;_TXT_TITULO:titulo;_TXT_ICONO:font_css', 'estado DESC, titulo ASC', '<img src=\'img/[estado].png\' align=\'absmiddle\'/> [titulo]', '', ''),
(7, 7, 'base/menus/index.php', '', 1, 0, 1, 1, 1, 0, '', '', '', '_TXT_VISIBILIDAD:estado:status;_TXT_TITULO:titulo;:font_css;:id;:id_parent', '', '', '', ''),
(8, 8, 'base/configuracion/index.php', '', 1, 0, 0, 1, 0, 0, '', '', '', '_TXT_ID:id;_TXT_TITULO:config;_TXT_VALUE:value', 'config ASC', '[config]', '', ''),
(9, 9, 'base/usuarios/index.php', '', 1, 0, 1, 1, 0, 0, '', '', '', '_TXT_VISIBILIDAD:estado:status;_TXT_NOMBRE:nombre;_TXT_APELLIDOS:apellidos;_TXT_EMAIL:email', 'nombre, apellidos ASC', '[alias]', '', ''),
(10, 10, 'base/avisos/index.php', '', 1, 0, 1, 1, 0, 0, '', '', '', '_TXT_VISIBILIDAD:estado:status;\r\n_TXT_CODIGO:code;\r\n_TXT_TITULO:titulo', 'code ASC', '([code]) - [titulo]', '', ''),
(11, 11, 'base/utilidades/index.php', '', 2, 0, 1, 1, 0, 0, '', '', '', '', '', '', '', ''),
(12, 12, 'base/idiomas/index.php', '', 1, 0, 1, 1, 1, 0, '', '', '', '', '', '', '', ''),
(13, 13, 'usuarios/panel/usuarios.php', '', 1, 0, 1, 1, 0, 0, '', '', '', '_TXT_VISIBILIDAD:estado:status;\r\n_TXT_NOMBRE:nombre;\r\n_TXT_APELLIDOS:apellidos;\r\n_TXT_NUCLEO_ID:nid;\r\n_TXT_EMAIL:email', '', '[apellidos], [nombre]', 'nombre, apellidos, fecha_creacion, fecha_ultimo_acceso, email, division, estado', 'SELECT t.fecha_creacion, t.fecha_ultimo_acceso, t.nombre, t.apellidos, t.email, tl.titulo as division, el.value as estado FROM public_users as t LEFT JOIN div_divisiones_lang as tl ON t.id_division = tl.id_rel LEFT JOIN public_users_estados_lang as el ON t.estado= el.id_rel WHERE tl.lang=\'es\''),
(14, 14, 'usuarios/panel/msg.php', '', 1, 0, 1, 1, 0, 0, '', '', '', '_TXT_VISIBILIDAD:estado:status;_TXT_NOMBRE:nombre;_TXT_APELLIDOS:apellidos;_TXT_EMAIL:email', '', '[apellidos], [nombre] - [email]', '', ''),
(15, 15, 'configuracion/index.php', '', 2, 0, 1, 1, 0, 0, '', '', '', '', '', '', '', ''),
(16, 16, 'base/defines/index.php', '', 1, 0, 1, 1, 0, 0, '', '', '', '_TXT_ESTADO:estado:status;_TXT_DEFINE:define;_TXT_VALUE:value;_TXT_MODIFICATION_DATE:modification_date;_TXT_PARTE_PUBLICA:public;_TXT_DEFINE_BASE:base', 'modification_date DESC', '[define]', 'id, define, lang, value', 'SELECT d.id, define, lang, value FROM def_defines as d INNER JOIN def_defines_lang AS dl ON d.id=dl.id_rel WHERE public = 1'),
(17, 64, '', '', 0, 0, 0, 0, 0, 0, '', '', '', '', '', '', '', ''),
(18, 67, 'menus/panel/index.php', '', 1, 0, 1, 1, 1, 0, '', '', '', '', '', '', '', ''),
(20, 18, 'usuarios/panel/public-login.php', '', 2, 0, 0, 0, 0, 0, '', '', '', '', '', '', '', ''),
(21, 71, 'clientes/panel/index.php', '', 1, 0, 1, 1, 0, 0, '', '', '', '', '', '', '', ''),
(22, 77, 'proveedores/panel/index.php', '', 1, 0, 1, 1, 0, 0, '', '', '', '', '', '', '', ''),
(23, 78, 'articulos/panel/index.php', '', 1, 0, 1, 1, 0, 0, '', '', '', '', '', '', '', ''),
(24, 85, 'estadisticas/index.php', '', 2, 0, 1, 1, 0, 0, '', '', '', '', '', '', '', '');

-- --------------------------------------------------------

--
-- Estructura de tabla para la tabla `modules_attributes_public`
--

CREATE TABLE `modules_attributes_public` (
  `id` int(10) NOT NULL,
  `id_rel` int(10) NOT NULL,
  `src` varchar(150) NOT NULL,
  `menu_elementos` varchar(255) NOT NULL,
  `estructure` int(1) NOT NULL DEFAULT 1,
  `start` int(1) NOT NULL DEFAULT 0,
  `login` int(1) NOT NULL DEFAULT 0,
  `class` int(1) NOT NULL DEFAULT 0,
  `ordered` int(1) NOT NULL DEFAULT 0,
  `inverted_order` int(1) NOT NULL DEFAULT 0,
  `query` text NOT NULL,
  `joins` text NOT NULL,
  `where` text NOT NULL,
  `listHead` text NOT NULL,
  `order_by` varchar(50) NOT NULL,
  `listpattern` varchar(100) NOT NULL,
  `export_fields` varchar(150) NOT NULL,
  `export_sql` text NOT NULL
) ENGINE=InnoDB DEFAULT CHARSET=utf8mb3 COLLATE=utf8mb3_general_ci;

--
-- Volcado de datos para la tabla `modules_attributes_public`
--

INSERT INTO `modules_attributes_public` (`id`, `id_rel`, `src`, `menu_elementos`, `estructure`, `start`, `login`, `class`, `ordered`, `inverted_order`, `query`, `joins`, `where`, `listHead`, `order_by`, `listpattern`, `export_fields`, `export_sql`) VALUES
(1, 1, 'inicio/index.php', '', 2, 1, 1, 0, 0, 0, '', '', '', '', '', '', '', ''),
(2, 2, 'avisos/index.php', '', 1, 0, 0, 0, 0, 0, '', '', '', '', '', '', '', ''),
(3, 3, 'usuarios/public/index.php', '', 1, 0, 0, 0, 0, 0, '', '', '', '', '', '', '', ''),
(4, 4, 'usuarios/public/index.php', '', 1, 0, 0, 0, 0, 0, '', '', '', '', '', '', '', ''),
(5, 18, '', '', 0, 0, 0, 0, 0, 0, '', '', '', '', '', '', '', ''),
(7, 64, 'pedidos/public/index.php', '', 2, 0, 1, 0, 0, 0, '', '', '', '', '', '', '', ''),
(8, 13, 'usuarios/public/index.php', '', 2, 0, 0, 0, 0, 0, '', '', '', '', '', '', '', ''),
(9, 65, 'partes/index.php', '', 2, 0, 0, 0, 0, 0, '', '', '', '', '', '', '', ''),
(10, 66, 'reuniones/index.php', '', 2, 0, 0, 0, 0, 0, '', '', '', '', 't.fecha_inicio DESC', '', '', ''),
(11, 67, '', '', 0, 0, 0, 0, 1, 0, '', '', '', '', '', '', '', ''),
(12, 69, 'articulos/public/index.php', '', 2, 0, 1, 0, 0, 0, '', '', '', '', '', '', '', ''),
(13, 70, 'articulos/public/index.php', '', 2, 0, 0, 0, 0, 0, '', '', '', '', '', '', '', ''),
(14, 71, 'clientes/public/index.php', '', 2, 0, 1, 0, 0, 0, '', '', '', '', '', '', '', ''),
(15, 72, 'agenda/public/index.php', '', 2, 0, 1, 0, 0, 0, '', '', '', '', '', '', '', ''),
(16, 73, 'informes/index.php', '', 2, 0, 1, 0, 0, 0, '', '', '', '', '', '', '', ''),
(17, 74, 'mapa/public/index.php', '', 2, 0, 1, 0, 0, 0, '', '', '', '', '', '', '', ''),
(18, 75, 'acciones-comerciales/public/index.php', '', 2, 0, 0, 0, 0, 0, '', '', '', '', '', '', '', ''),
(19, 76, 'calendario-laboral/public/index.php', '', 2, 0, 1, 0, 0, 0, '', '', '', '', '', '', '', ''),
(20, 77, 'proveedores/public/index.php', '', 2, 0, 1, 0, 0, 0, '', '', '', '', '', '', '', ''),
(21, 78, 'articulos/public/index.php', '', 2, 0, 1, 0, 0, 0, '', '', '', '', '', '', '', ''),
(22, 80, 'compras/public/index.php', '', 2, 0, 0, 0, 0, 0, '', '', '', '', '', '', '', ''),
(23, 82, 'lotes/public/index.php', '', 2, 0, 1, 0, 0, 0, '', '', '', '', '', '', '', ''),
(24, 81, 'pedidos/public/index.php', '', 2, 0, 0, 0, 0, 0, '', '', '', '', '', '', '', ''),
(25, 83, 'reetiquetaje/public/index.php', '', 2, 0, 1, 0, 0, 0, '', '', '', '', '', '', '', ''),
(26, 79, 'almacen/public/index.php', '', 2, 0, 1, 0, 0, 0, '', '', '', '', '', '', '', ''),
(27, 84, 'almacen/public/index.php', '', 2, 0, 1, 0, 0, 0, '', '', '', '', '', '', '', ''),
(28, 86, 'ayuda/index.php', '', 2, 0, 0, 0, 0, 0, '', '', '', '', '', '', '', '');

-- --------------------------------------------------------

--
-- Estructura de tabla para la tabla `modules_lang`
--

CREATE TABLE `modules_lang` (
  `id` int(10) NOT NULL,
  `id_rel` int(10) NOT NULL,
  `lang` varchar(2) NOT NULL,
  `titulo` varchar(150) NOT NULL,
  `link` varchar(150) NOT NULL,
  `link_pattern` varchar(250) NOT NULL,
  `description` text NOT NULL,
  `meta_title` varchar(250) NOT NULL,
  `meta_metas` text NOT NULL,
  `meta_description` text NOT NULL
) ENGINE=InnoDB DEFAULT CHARSET=utf8mb3 COLLATE=utf8mb3_general_ci;

--
-- Volcado de datos para la tabla `modules_lang`
--

INSERT INTO `modules_lang` (`id`, `id_rel`, `lang`, `titulo`, `link`, `link_pattern`, `description`, `meta_title`, `meta_metas`, `meta_description`) VALUES
(1, 1, 'es', 'Tu Tablero', 'tu-tablero', '', '', '', '', ''),
(2, 2, 'es', 'Avisos', 'avisos', '0', '', '', '', ''),
(3, 3, 'es', 'Login', 'login', '', '', '', '', ''),
(4, 4, 'es', 'Recordar contraseña usuario', 'recordar-contrasena', '', '', '', '', ''),
(5, 5, 'es', 'Notificaciones', 'notificaciones', '0', '', '', '', ''),
(6, 6, 'es', 'CMS Modulos', 'cms-modulos', '', '', '', '', ''),
(7, 7, 'es', 'CMS Menus', 'cms-menus', '0', '', '', '', ''),
(8, 8, 'es', 'CMS Configuración', 'cms-configuracion', '', '', '', '', ''),
(9, 9, 'es', 'CMS Usuarios', 'cms-usuarios', '', '', '', '', ''),
(10, 10, 'es', 'CMS Avisos', 'cms-avisos', '0', '', '', '', ''),
(11, 11, 'es', 'CMS Utilidades', 'cms-utilidades', '', '', '', '', ''),
(12, 12, 'es', 'CMS Idiomas', 'cms-idiomas', '', '', '', '', ''),
(13, 13, 'es', 'Usuarios', 'usuarios', '0', '', '', '', ''),
(14, 14, 'es', 'Usuarios - Enviar mensaje', 'usuarios-publicos-mensaje', '', '', '', '', ''),
(15, 15, 'es', 'Configuración', 'configuracion-usuario', '', '', '', '', ''),
(16, 16, 'es', 'CMS Idiomas Defines', 'cms-defines-idiomas', '0', '', '', '', ''),
(17, 18, 'es', 'Login publico', 'login-publico', '0', '', '', '', ''),
(19, 64, 'es', 'Pedidos', 'pedidos', '0', 'Gestión de pedidos', '', '', ''),
(20, 65, 'es', 'Partes laborales', 'partes-laborales', '0', '', '', '', ''),
(21, 66, 'es', 'Reuniones', 'reuniones', '0', '<p>Gestión de Reuniones</p>', '', '', ''),
(22, 67, 'es', 'Menús públicos', 'menus-publicos', '0', '', '', '', ''),
(23, 1, 'en', 'Tu Tablero', 'tu-tablero', '', '', '', '', ''),
(24, 2, 'en', 'Avisos', 'avisos', '0', '', '', '', ''),
(25, 3, 'en', 'Login', 'login', '', '', '', '', ''),
(26, 4, 'en', 'Recordar contraseña usuario', 'recordar-contrasena', '', '', '', '', ''),
(27, 5, 'en', 'Plantillas notificaciones', 'plantillas-notificaciones', '0', '', '', '', ''),
(28, 6, 'en', 'CMS Modulos', 'cms-modulos', '', '', '', '', ''),
(29, 7, 'en', 'CMS Menus', 'cms-menus', '0', '', '', '', ''),
(30, 8, 'en', 'CMS Configuración', 'cms-configuracion', '', '', '', '', ''),
(31, 9, 'en', 'CMS Usuarios', 'cms-usuarios', '', '', '', '', ''),
(32, 10, 'en', 'CMS Avisos', 'cms-avisos', '0', '', '', '', ''),
(33, 11, 'en', 'CMS Utilidades', 'cms-utilidades', '', '', '', '', ''),
(34, 12, 'en', 'CMS Idiomas', 'cms-idiomas', '', '', '', '', ''),
(35, 13, 'en', 'Usuarios', 'usuarios', '', '', '', '', ''),
(36, 14, 'en', 'Usuarios - Enviar mensaje', 'usuarios-publicos-mensaje', '', '', '', '', ''),
(37, 15, 'en', 'Configuración', 'configuracion-usuario', '', '', '', '', ''),
(38, 16, 'en', 'CMS Idiomas Defines', 'cms-defines-idiomas', '0', '', '', '', ''),
(39, 18, 'en', '', '', '0', '', '', '', ''),
(41, 64, 'en', 'Orders', 'orders', '0', 'Gestión de proyectos', '', '', ''),
(42, 65, 'en', 'Partes laborales', 'partes-laborales', '0', '', '', '', ''),
(43, 66, 'en', 'Reuniones', 'reuniones', '0', '<p>Gestión de Reuniones</p>', '', '', ''),
(44, 67, 'en', 'Menús públicos', 'menus-publicos', '0', '', '', '', ''),
(45, 69, 'es', 'Artículos', 'articulos', '0', '', '', '', ''),
(46, 69, 'en', 'Articles', 'articles', '0', '', '', '', ''),
(47, 70, 'es', 'Categorias', 'categorias', '0', '', '', '', ''),
(48, 70, 'en', '', '', '0', '', '', '', ''),
(49, 71, 'es', 'Clientes', 'clientes', '0', '', '', '', ''),
(50, 71, 'en', '', '', '', '', '', '', ''),
(51, 72, 'es', 'Agenda', 'agenda', '0', '', '', '', ''),
(52, 73, 'es', 'Informes', 'informes', '0', '', '', '', ''),
(53, 74, 'es', 'Mapa de situación', 'mapa-de-situacion', '0', '', '', '', ''),
(54, 75, 'es', 'Acciones', 'acciones-comerciales', '0', '', '', '', ''),
(55, 76, 'es', 'Calendario laboral', 'calendario-laboral', '0', '', '', '', ''),
(56, 77, 'es', 'Proveedores', 'proveedores', '0', '', '', '', ''),
(57, 78, 'es', 'Artículos', 'articulos', '0', '', '', '', ''),
(58, 79, 'es', 'Almacen', 'almacen', '0', '', '', '', ''),
(59, 80, 'es', 'Albaranes', 'albaranes-entradas', '0', '', '', '', ''),
(60, 81, 'es', 'Pedidos', 'pedidos-salidas', '0', '', '', '', ''),
(61, 82, 'es', 'Lotes', 'lotes', '0', '', '', '', ''),
(62, 83, 'es', 'Reetiquetaje', 'reetiquetaje', '0', '', '', '', ''),
(63, 84, 'es', 'Trazabilidad', 'trazabilidad', '0', '', '', '', ''),
(64, 85, 'es', 'Logs', 'logs', '0', '', '', '', ''),
(65, 86, 'es', 'Ayuda', 'ltw-ayuda', '0', '', '', '', '');

-- --------------------------------------------------------

--
-- Estructura de tabla para la tabla `modules_rel`
--

CREATE TABLE `modules_rel` (
  `id` int(11) NOT NULL,
  `id_modulo` int(11) NOT NULL,
  `id_rel_modulo` int(11) NOT NULL,
  `index_rel` varchar(20) NOT NULL,
  `orden_rel` varchar(20) NOT NULL
) ENGINE=InnoDB DEFAULT CHARSET=utf8mb3 COLLATE=utf8mb3_general_ci;

-- --------------------------------------------------------

--
-- Estructura de tabla para la tabla `not_notificaciones`
--

CREATE TABLE `not_notificaciones` (
  `id` int(5) NOT NULL,
  `orden` int(5) NOT NULL,
  `estado` int(1) NOT NULL,
  `uso` int(1) NOT NULL DEFAULT 1,
  `img` varchar(255) NOT NULL,
  `observaciones` text NOT NULL
) ENGINE=InnoDB DEFAULT CHARSET=utf8mb3 COLLATE=utf8mb3_general_ci;

--
-- Volcado de datos para la tabla `not_notificaciones`
--

INSERT INTO `not_notificaciones` (`id`, `orden`, `estado`, `uso`, `img`, `observaciones`) VALUES
(1, 1, 1, 0, 'upload/recursos/mobile-phone-791644_1920.jpg', 'Plantilla para el cambio de contraseña');

-- --------------------------------------------------------

--
-- Estructura de tabla para la tabla `not_notificaciones_lang`
--

CREATE TABLE `not_notificaciones_lang` (
  `id` int(5) NOT NULL,
  `id_rel` int(5) NOT NULL,
  `lang` varchar(2) NOT NULL,
  `asunto` varchar(100) NOT NULL,
  `cuerpo` text NOT NULL,
  `firma` text NOT NULL
) ENGINE=InnoDB DEFAULT CHARSET=utf8mb3 COLLATE=utf8mb3_general_ci;

--
-- Volcado de datos para la tabla `not_notificaciones_lang`
--

INSERT INTO `not_notificaciones_lang` (`id`, `id_rel`, `lang`, `asunto`, `cuerpo`, `firma`) VALUES
(1, 1, 'es', 'Cambio de contraseña', '<table border=\"0\" cellspacing=\"0\" cellpadding=\"0\" align=\"center\" bgcolor=\"#ffffff\">\r\n<tbody>\r\n<tr>\r\n<td height=\"20\"> </td>\r\n</tr>\r\n<tr>\r\n<td align=\"center\" width=\"100%\">\r\n<p>Has solicitado una nueva contraseña para entrar a nuestra plataforma. </p><p><a href=\"[PASSWORD_URL]\">Pulsa aqui</a> para generar una nueva contraseña o copia y pega el siguiente texto en la barra de direcciones:</p>\r\n<p>[PASSWORD_URL]</p>\r\n</td>\r\n</tr>\r\n<tr><td align=\"center\" width=\"100%\"><br></td></tr></tbody></table>', '<p><b>El equipo de Koloreko</b></p>'),
(2, 2, 'es', 'Informe de control completado', '<p>Un equipo a rellenado un Informe de control de Obra con los siguientes datos:</p><p><b>Obra</b>: [OBRA]<b><br></b></p><p><b>Equipo</b>: [EQUIPO]</p><p><b>Fecha informe</b>: [FECHA]</p><p><b>Horas totales</b>: [HORAS]</p><p><a href=\"http://[LINK]\" style=\"background-color: white;\">Pulsa aquí</a> para acceder a la gestión del Informe.</p>', '<p><strong><strong>PLAMAR</strong></strong></p>'),
(3, 3, 'es', 'Acceso gestión Informes de Control de Obra', '<p><strong style=\"background-color: transparent;\">Estimado [USUARIO],</strong></p><p>Te enviamos el acceso&nbsp;<a href=\"http://[LINK]\">para gestionar los Informes de Control de Obra</a>. Si no puedes acceder copia y pega la siguiente url en tu navegador:</p><p>[LINK]</p>', '<p><strong><strong>PLAMAR</strong></strong></p>'),
(4, 4, 'es', 'Copia de Acción Comercial', '<p>Envió de resumen de acción comercial:</p><p>Comercial: <b>[COMERCIAL]</b></p><p>Cliente: <b>[CLIENTE]</b></p><p>Hora entrada: <b>[HORA_ENTRADA]</b></p><p>Hora salida: <b>[HORA_SALIDA]</b></p><p>Tiempo: <b>[TIEMPO]</b></p><p>Sección: <b>[SECCION]</b></p><p>Acción Comercial: <b>[ACCION]</b></p><p>Tipo de Contacto: <b>[TIPO]</b></p><p>Resumen Visita: <b>[RESUMEN]</b></p><p><br></p>', '<p><br></p>');

-- --------------------------------------------------------

--
-- Estructura de tabla para la tabla `not_notificaciones_usos`
--

CREATE TABLE `not_notificaciones_usos` (
  `id` int(5) NOT NULL,
  `orden` int(5) NOT NULL,
  `estado` int(1) NOT NULL
) ENGINE=InnoDB DEFAULT CHARSET=utf8mb3 COLLATE=utf8mb3_general_ci;

-- --------------------------------------------------------

--
-- Estructura de tabla para la tabla `not_notificaciones_usos_lang`
--

CREATE TABLE `not_notificaciones_usos_lang` (
  `id` int(5) NOT NULL,
  `id_rel` int(5) NOT NULL,
  `lang` varchar(2) NOT NULL,
  `value` varchar(100) NOT NULL
) ENGINE=InnoDB DEFAULT CHARSET=utf8mb3 COLLATE=utf8mb3_general_ci;

-- --------------------------------------------------------

--
-- Estructura de tabla para la tabla `panel_menus`
--

CREATE TABLE `panel_menus` (
  `id` int(10) NOT NULL,
  `id_parent` int(10) NOT NULL,
  `id_modulo` int(10) NOT NULL,
  `url` varchar(250) NOT NULL,
  `blank` int(1) NOT NULL,
  `font_css` varchar(50) NOT NULL,
  `posicion` int(1) NOT NULL,
  `orden` int(10) NOT NULL,
  `estado` int(1) NOT NULL
) ENGINE=InnoDB DEFAULT CHARSET=utf8mb3 COLLATE=utf8mb3_general_ci;

--
-- Volcado de datos para la tabla `panel_menus`
--

INSERT INTO `panel_menus` (`id`, `id_parent`, `id_modulo`, `url`, `blank`, `font_css`, `posicion`, `orden`, `estado`) VALUES
(1, 0, 15, '', 0, 'fa fa-cog', 1, 4, 1),
(2, 0, 13, '', 0, 'fa fa-users', 1, 1, 1),
(3, 0, 67, '', 0, 'fa fa-sitemap', 1, 2, 1),
(4, 0, 5, '', 0, 'fa fa-bullhorn', 1, 3, 1),
(7, 0, 71, '', 0, 'fa fas fa-user-tie', 1, 5, 1),
(8, 0, 85, '', 0, 'fa fas fa-history', 1, 6, 1);

-- --------------------------------------------------------

--
-- Estructura de tabla para la tabla `panel_menus_lang`
--

CREATE TABLE `panel_menus_lang` (
  `id` int(10) NOT NULL,
  `id_rel` int(10) NOT NULL,
  `lang` varchar(2) NOT NULL,
  `titulo` varchar(150) NOT NULL,
  `descripcion` text NOT NULL
) ENGINE=InnoDB DEFAULT CHARSET=utf8mb3 COLLATE=utf8mb3_general_ci;

--
-- Volcado de datos para la tabla `panel_menus_lang`
--

INSERT INTO `panel_menus_lang` (`id`, `id_rel`, `lang`, `titulo`, `descripcion`) VALUES
(1, 1, 'es', 'Configuración', ''),
(2, 2, 'es', 'Usuarios', ''),
(3, 3, 'es', 'Menus', 'Gestión de menús'),
(4, 4, 'es', 'Notificaciones', ''),
(7, 7, 'es', 'Clientes', ''),
(8, 7, 'en', '', ''),
(9, 8, 'es', 'Logs', '');

-- --------------------------------------------------------

--
-- Estructura de tabla para la tabla `panel_menu_posiciones`
--

CREATE TABLE `panel_menu_posiciones` (
  `id` int(5) NOT NULL,
  `orden` int(5) NOT NULL,
  `estado` int(1) NOT NULL
) ENGINE=InnoDB DEFAULT CHARSET=utf8mb3 COLLATE=utf8mb3_general_ci;

--
-- Volcado de datos para la tabla `panel_menu_posiciones`
--

INSERT INTO `panel_menu_posiciones` (`id`, `orden`, `estado`) VALUES
(1, 1, 1),
(2, 2, 1),
(3, 3, 1),
(4, 4, 1);

-- --------------------------------------------------------

--
-- Estructura de tabla para la tabla `panel_menu_posiciones_lang`
--

CREATE TABLE `panel_menu_posiciones_lang` (
  `id` int(5) NOT NULL,
  `id_rel` int(5) NOT NULL,
  `lang` varchar(2) NOT NULL,
  `value` varchar(100) NOT NULL
) ENGINE=InnoDB DEFAULT CHARSET=utf8mb3 COLLATE=utf8mb3_general_ci;

--
-- Volcado de datos para la tabla `panel_menu_posiciones_lang`
--

INSERT INTO `panel_menu_posiciones_lang` (`id`, `id_rel`, `lang`, `value`) VALUES
(1, 1, 'es', 'Superior'),
(2, 2, 'es', 'Inferior'),
(3, 3, 'es', 'Izquierda'),
(4, 4, 'es', 'Derecha');

-- --------------------------------------------------------

--
-- Estructura de tabla para la tabla `public_users`
--

CREATE TABLE `public_users` (
  `id` int(100) NOT NULL,
  `creation_date` datetime NOT NULL,
  `modification_date` datetime NOT NULL,
  `fecha_creacion` datetime NOT NULL,
  `fecha_ultimo_acceso` datetime DEFAULT NULL,
  `id_empresa` int(10) NOT NULL,
  `empresa_admin` int(1) NOT NULL DEFAULT 0,
  `tipo` int(1) NOT NULL,
  `alias` varchar(20) DEFAULT NULL,
  `avatar` varchar(255) NOT NULL,
  `nombre` varchar(100) NOT NULL,
  `apellidos` varchar(100) NOT NULL,
  `email` varchar(100) NOT NULL,
  `telefono` varchar(10) NOT NULL,
  `dni` varchar(16) NOT NULL,
  `pass` varchar(20) NOT NULL,
  `passmd5` varchar(40) NOT NULL,
  `localidad` varchar(150) DEFAULT '',
  `provincia` varchar(150) DEFAULT NULL,
  `direccion` varchar(150) DEFAULT NULL,
  `cp` varchar(10) NOT NULL,
  `estado` int(1) NOT NULL
) ENGINE=InnoDB DEFAULT CHARSET=utf8mb3 COLLATE=utf8mb3_general_ci;

--
-- Volcado de datos para la tabla `public_users`
--

INSERT INTO `public_users` (`id`, `creation_date`, `modification_date`, `fecha_creacion`, `fecha_ultimo_acceso`, `id_empresa`, `empresa_admin`, `tipo`, `alias`, `avatar`, `nombre`, `apellidos`, `email`, `telefono`, `dni`, `pass`, `passmd5`, `localidad`, `provincia`, `direccion`, `cp`, `estado`) VALUES
(1, '2017-02-09 14:17:58', '2019-04-09 12:39:05', '0000-00-00 00:00:00', NULL, 0, 0, 1, NULL, '', '', '', 'ion@lantalau.com', '', '', '', 'd41d8cd98f00b204e9800998ecf8427e', NULL, NULL, NULL, '', 0),
(2, '2017-02-14 14:24:27', '2017-02-14 14:37:09', '2017-02-14 14:24:27', '2019-02-19 08:42:18', 1, 0, 1, '', 'upload/usuarios/lander.jpg', 'Lander', 'Carrera Mayor', 'lander@lantalau.com', '665731435', '', 'lander', 'bdcbf8851ab9470be0ffb051cf3d96a1', '', '', '', '', 1),
(3, '0000-00-00 00:00:00', '2017-03-08 11:03:34', '0000-00-00 00:00:00', '2019-02-21 10:08:20', 1, 0, 1, '', '', 'Laura', 'Ruiz de Pablo', 'laura@lantalau.com', '', '', 'laura', '680e89809965ec41e64dc7e447f175ab', '', '', '', '', 1),
(4, '0000-00-00 00:00:00', '2017-12-13 12:38:53', '0000-00-00 00:00:00', '2018-06-28 12:01:16', 1, 0, 1, '', 'upload/usuarios/alberto.jpg', 'Alberto', 'Norato', 'alberto@lantalau.com', '677220000', '44100000', '123456', 'e10adc3949ba59abbe56e057f20f883e', '', '', '', '', 2),
(5, '2018-02-15 17:50:26', '2018-02-15 17:50:26', '2018-02-15 17:50:26', '2018-02-15 17:52:02', 2, 0, 1, NULL, 'upload/usuarios/download.png', 'BNI', '', 'bni@lantalau.com', '', '', 'bni', '5c199234210e910129d3913b58bdc9d8', '', NULL, NULL, '', 1),
(6, '2018-05-31 15:14:21', '2018-05-31 15:14:21', '2018-05-31 15:14:21', '2019-01-31 10:16:39', 3, 0, 1, NULL, '', 'Ion', 'Altamira Alcalde', 'info@iaadesign.com', '', '', 'jarl5525', '35ce3c4159fb8a19b515fec48c318f57', '', NULL, NULL, '', 1);

-- --------------------------------------------------------

--
-- Estructura de tabla para la tabla `public_users_estados`
--

CREATE TABLE `public_users_estados` (
  `id` int(5) NOT NULL,
  `orden` int(5) NOT NULL,
  `estado` int(1) NOT NULL
) ENGINE=InnoDB DEFAULT CHARSET=utf8mb3 COLLATE=utf8mb3_general_ci;

--
-- Volcado de datos para la tabla `public_users_estados`
--

INSERT INTO `public_users_estados` (`id`, `orden`, `estado`) VALUES
(1, 1, 1),
(2, 2, 1),
(3, 3, 1),
(4, 4, 0);

-- --------------------------------------------------------

--
-- Estructura de tabla para la tabla `public_users_estados_lang`
--

CREATE TABLE `public_users_estados_lang` (
  `id` int(5) NOT NULL,
  `id_rel` int(5) NOT NULL,
  `lang` varchar(2) NOT NULL,
  `value` varchar(100) NOT NULL
) ENGINE=InnoDB DEFAULT CHARSET=utf8mb3 COLLATE=utf8mb3_general_ci;

--
-- Volcado de datos para la tabla `public_users_estados_lang`
--

INSERT INTO `public_users_estados_lang` (`id`, `id_rel`, `lang`, `value`) VALUES
(1, 1, 'es', 'Activo'),
(2, 2, 'es', 'Pendiente activacion'),
(3, 3, 'es', 'Bloqueado'),
(4, 4, 'es', 'Baja voluntaria');

-- --------------------------------------------------------

--
-- Estructura de tabla para la tabla `public_users_jornadas`
--

CREATE TABLE `public_users_jornadas` (
  `id_user` int(10) NOT NULL,
  `id_empresa` int(10) NOT NULL,
  `start` datetime NOT NULL,
  `end` datetime DEFAULT NULL,
  `horas` decimal(4,2) DEFAULT 0.00,
  `closed` int(1) DEFAULT 0
) ENGINE=InnoDB DEFAULT CHARSET=utf8mb3 COLLATE=utf8mb3_general_ci;

--
-- Volcado de datos para la tabla `public_users_jornadas`
--

INSERT INTO `public_users_jornadas` (`id_user`, `id_empresa`, `start`, `end`, `horas`, `closed`) VALUES
(1, 1, '2017-03-22 09:42:30', '2017-04-05 21:09:37', 99.99, 1),
(1, 1, '2017-12-12 16:32:50', '2017-12-12 16:32:56', 0.00, 1);

-- --------------------------------------------------------

--
-- Estructura de tabla para la tabla `public_users_mails`
--

CREATE TABLE `public_users_mails` (
  `id` int(11) NOT NULL,
  `creation_date` datetime NOT NULL,
  `modification_date` datetime NOT NULL,
  `id_parent` int(10) NOT NULL,
  `id_user_from` int(11) NOT NULL,
  `id_user_to` int(11) NOT NULL,
  `id_empresa` int(10) NOT NULL,
  `id_proyecto` int(11) DEFAULT NULL,
  `id_tarea` int(11) DEFAULT NULL,
  `asunto` varchar(255) NOT NULL,
  `mensaje` text NOT NULL,
  `leido` int(1) DEFAULT 0,
  `estado_mensaje` int(1) DEFAULT 1,
  `estado` int(1) DEFAULT 1,
  `fav` int(1) NOT NULL,
  `attach` int(1) NOT NULL
) ENGINE=InnoDB DEFAULT CHARSET=utf8mb3 COLLATE=utf8mb3_general_ci;

--
-- Volcado de datos para la tabla `public_users_mails`
--

INSERT INTO `public_users_mails` (`id`, `creation_date`, `modification_date`, `id_parent`, `id_user_from`, `id_user_to`, `id_empresa`, `id_proyecto`, `id_tarea`, `asunto`, `mensaje`, `leido`, `estado_mensaje`, `estado`, `fav`, `attach`) VALUES
(1, '2017-12-13 15:24:14', '2017-12-13 15:24:14', 0, 1, 3, 1, 0, NULL, 'Enviar mensaje a Jon', '<p><p>Avisa a Jon de que ya puede ver los cambios de la web, que salsee y que nos avise con cualquier cambios.</p></p>', 1, 1, 1, 0, 0),
(2, '2017-12-13 16:07:35', '2017-12-13 16:07:35', 0, 2, 1, 1, 0, NULL, 'Importación de usuarios web Lekuona', '<p><p>Os he pasado un mail con 2 excels. Hay que importar estos listados en los \"suscriptores web\" de la web de Lekuona. Cerar un grupo \"Clientes potenciales\" y dentro \"Hondarribia\" e \"Irun\". Les he comentado como que 1 hora. Tenéis el parte creado y preparado para rellenar&nbsp;</p></p>', 1, 1, 1, 0, 0),
(3, '2017-12-13 16:07:35', '2017-12-13 16:07:35', 0, 2, 4, 1, 0, NULL, 'Importación de usuarios web Lekuona', '<p><p>Os he pasado un mail con 2 excels. Hay que importar estos listados en los \"suscriptores web\" de la web de Lekuona. Cerar un grupo \"Clientes potenciales\" y dentro \"Hondarribia\" e \"Irun\". Les he comentado como que 1 hora. Tenéis el parte creado y preparado para rellenar&nbsp;</p></p>', 1, 1, 1, 0, 0),
(4, '2017-12-13 16:31:22', '2017-12-13 16:31:22', 0, 2, 1, 1, 0, NULL, 'DIDHEYA :: Revisar problemas al subir imágenes', '<p><p>Parece que hay problemas al subir imágenes. No sé si es el PHPThumb... pero en otros proyectos no haty problemas con esto. COmentaba esto: \"Aupa Lander</p><p>He metido una nueva imagen en el slider de la portada de la web y no aparece (i4257 Collection)</p><p>Cuando tengas un hueco a ver si le puedes echar un ojo.</p><p>También he puesto una imagen en el banner de media página y tampoco aparece.</p><p>No se que hago mal.​​\"&nbsp;</p><p><br></p></p>', 1, 1, 1, 0, 0),
(5, '2017-12-13 16:54:57', '2017-12-13 16:54:57', 0, 3, 4, 1, NULL, NULL, 'daukat', '<p><p>¿Se han hecho las redirecciones 301 en Daukat?</p><p>Hay enlaces rotos...</p></p>', 1, 1, 1, 0, 0),
(6, '2017-12-13 17:25:53', '2017-12-13 17:25:53', 0, 1, 2, 1, NULL, NULL, 'Prueba de mensaje', '<p><p>Yuyu</p></p>', 1, 1, 1, 0, 0),
(7, '2017-12-13 18:05:58', '2017-12-13 18:05:58', 0, 1, 2, 1, NULL, NULL, 'Mangarran', '<p><p>Buuuu</p></p>', 1, 1, 1, 0, 0),
(8, '2017-12-13 18:06:23', '2017-12-13 18:06:23', 0, 2, 1, 1, NULL, NULL, 'Buuu', '<p><p>tvvt6v6</p></p>', 1, 1, 1, 0, 0),
(9, '2017-12-14 12:06:48', '2017-12-14 12:06:48', 0, 3, 2, 1, NULL, NULL, 'LEKUONA', '<p><p>Llamar a Ander Lekuona</p></p>', 1, 1, 1, 0, 0),
(10, '2017-12-14 14:32:48', '2017-12-14 14:32:48', 0, 4, 2, 1, NULL, NULL, 'app google', 'mandame el pass de la cuenta de lantalau@lantalau.com en google para aceptar los cambios en desarrolladores de apps (del mail reenviado)', 1, 1, 1, 0, 0),
(11, '2017-12-14 18:09:15', '2017-12-14 18:09:15', 0, 3, 4, 1, NULL, NULL, 'MOBIKO WEB', '<p><p>Kaixo Alberto,</p><p>En la web de Mobiko si entras en el apartado empresas, si te fijas arriba hay una franja gris. Eso debería de coger una foto, ok? Como hemos hecho en otras webs. En el menú está preparado pero luego no se ve.</p><p>Ya me dirás si lo has entendido, ok?</p><p>Eskerrik asko!</p></p>', 1, 1, 1, 0, 0),
(12, '2017-12-15 11:08:40', '2017-12-15 11:08:40', 0, 3, 1, 1, 0, NULL, 'tema programa', '<p><p>Ha llamado Jon All4móvil para comentarte que te había mandado un email.</p></p>', 1, 1, 1, 0, 0),
(13, '2017-12-15 11:09:46', '2017-12-15 11:09:46', 0, 3, 1, 1, NULL, NULL, 'teachandlearn', '<p><p>Ha llamado Teach and Learn para poner una fecha para reunión.</p></p>', 1, 1, 1, 0, 0),
(14, '2017-12-15 17:33:15', '2017-12-15 17:33:15', 0, 3, 1, 1, 0, NULL, 'Farmacia Olaizola', '<p><p>Hacer presupuesto para mantenimiento de<b> Farmacia Olaizola</b>. Proponerle bolsa de horas para los trabajos que vayamos haciendo....</p><p>El lunes lo hablamos</p></p>', 1, 1, 1, 0, 0),
(15, '2017-12-18 14:41:16', '2017-12-18 14:41:16', 0, 3, 4, 1, 0, NULL, 'Contacto y Localización', '<p><p>Se tienen que mostrar las 2 localidades</p></p>', 1, 1, 1, 0, 0),
(16, '2017-12-18 18:11:26', '2017-12-18 18:11:26', 0, 1, 3, 1, 0, NULL, 'Cliente Hosteleryko', '<p><p>Kaixo. He recado el proyecto de hosteleryko, como no sabia el cliente he creado uno cono ese nombre, cambialo a lo que necesites.</p><p>Ya hay cambios, se estan mostrando las horas en los proyectos, a temblar jajajaja</p></p>', 1, 1, 1, 0, 0),
(17, '2017-12-18 18:13:50', '2017-12-18 18:13:50', 0, 2, 1, 1, 0, NULL, 'Augustusssss', '<p><p>Mail enviado!</p></p>', 1, 1, 1, 0, 0),
(18, '2017-12-18 19:18:00', '2017-12-18 19:18:00', 0, 2, 1, 1, 0, NULL, 'Volver  escribir a Luis.', '<p><p>&nbsp;Copia a contact@moveontracker.com</p></p>', 1, 1, 1, 0, 0),
(19, '2017-12-19 10:15:16', '2017-12-19 10:15:16', 0, 3, 1, 1, 0, NULL, 'Correo de Josean (web ipiranga)', '<p><p>Te he reenviado el correo de Josean, ok? Luego lo miras.</p><p>Thanks!</p></p>', 1, 1, 1, 0, 0),
(20, '2017-12-19 10:44:47', '2017-12-19 10:44:47', 0, 2, 1, 1, NULL, NULL, 'Contactar con Aitor', '<p><p>Ion, acuérdate de hablar con Aitor Gª, de T&amp;L... No sé si ayer al final le escribiste. Estaba esperando tu llamada...</p></p>', 1, 1, 1, 0, 0),
(21, '2017-12-19 13:20:53', '2017-12-19 13:20:53', 0, 3, 1, 1, 0, NULL, 'ALL4MOVIL', 'Te llamará hoy para quedar.&nbsp;', 1, 1, 1, 0, 0),
(22, '2017-12-19 15:01:15', '2017-12-19 15:01:15', 0, 1, 3, 1, 0, NULL, 'Avisar Josean', '<p><p>Ya he cambiado la formula y subido a 8090. Avisa a Josean para que lo confirme please.</p></p>', 1, 1, 1, 0, 0),
(23, '2017-12-19 17:28:15', '2017-12-19 17:28:15', 0, 3, 4, 1, NULL, NULL, 'proyecta-studio', '<p><p>Kaixo Alberto,&nbsp;</p><p>La de Proyecta-studio viene el viernes hacia las 9:30.&nbsp; Le miras el móvil porque parece que recibe pero no puede mandar los correos.</p><p><br></p></p>', 1, 1, 1, 0, 0),
(24, '2017-12-19 20:32:41', '2017-12-19 20:32:41', 0, 2, 1, 1, NULL, NULL, 'Ppto. Adeepi', 'Sin faltaaa', 1, 1, 1, 0, 0),
(25, '2017-12-19 20:43:57', '2017-12-19 20:43:57', 0, 1, 2, 1, 0, NULL, 'Presupuesto Adeepi', '<p><p>Ya no tenían bolsa de horas, no?</p><p>5H<br></p></p>', 1, 1, 1, 0, 0),
(26, '2017-12-19 20:47:00', '2017-12-19 20:47:00', 0, 2, 1, 1, NULL, NULL, 'Xmas Ltl', '<p><p>Date una vueltita x Twitter... A ver qué se nos/te ocurre...</p></p>', 1, 1, 1, 0, 0),
(27, '2017-12-20 08:20:49', '2017-12-20 08:20:49', 0, 4, 3, 1, NULL, NULL, 'proyecta-estudio', '<p><p>el viernes no voy a poder mirarle el móvil porque no estoy</p></p>', 1, 1, 1, 0, 0),
(28, '2017-12-20 08:46:13', '2017-12-20 08:46:13', 0, 3, 1, 1, NULL, NULL, 'Lantawork', '<p><p>Ion, el Lantawork no se puede eliminar proyectos.</p><p>Y ahora el precio del presupuesto está a\"0\" aunque le pongas precio no cambia.</p></p>', 1, 1, 1, 0, 0),
(29, '2017-12-20 09:19:46', '2017-12-20 09:19:46', 0, 3, 1, 1, 0, NULL, 'web Ipiranga', '<p><p>Repasar toda la web y sus textos. que cada apartado corresponda con los textos adecuados. Igual eso lo podría hacer yo.... luego lo hablamos. Y una vez que esté todo bien, pasarles los textos en un word ppara que los manden a traducir, ok?</p><p><br></p></p>', 1, 1, 1, 0, 0),
(30, '2017-12-20 11:08:42', '2017-12-20 11:08:42', 0, 2, 1, 1, 0, NULL, 'Revisar mail de Augustus Capital.', '<p><p>Ya nos han respondido a las consultas realizadas...</p></p>', 1, 1, 1, 0, 0),
(31, '2017-12-20 13:16:13', '2017-12-20 13:16:13', 0, 1, 3, 1, 0, NULL, 'Fase cerrada', '<p><p>Mensaje de Tomas:</p><p>Perfecto ion,<br></p><p>\r\n</p><p>Fase cerrada, así que ya he reenviado la factura y demás.\r\n</p><p>\r\n</p><p>Cualquier cosa vamos hablando.\r\n</p><p>Gracias por todo.\r\n</p><p>\r\n</p><p>A ver si ganamos hoy :)\r\n</p><p><p></p></p><p>Tomás\r\n</p></p>', 1, 1, 1, 0, 0),
(32, '2017-12-20 14:36:26', '2017-12-20 14:36:26', 0, 4, 2, 1, NULL, NULL, 'inprenta eus', '<p><p>ya he subido a 8090 inprenta_eus para que puedan revisarlo</p></p>', 1, 1, 1, 0, 0),
(33, '2017-12-21 10:01:07', '2017-12-21 10:01:07', 0, 3, 1, 1, 0, NULL, 'email de ipiranga', '<p><p>Egun on Laura,\r\n</p><p><p></p></p><p>La dirección de email que vamos a utilizar para todos los asuntos relacionados con la web (registro visitas web, contacto...) será: info@ipirangahusillos.com\r\n</p></p>', 1, 1, 1, 0, 0),
(34, '2017-12-21 14:16:37', '2017-12-21 14:16:37', 0, 2, 1, 1, 0, NULL, 'OK al presupuesto ', '<p><p>Nos han dado el OK al presu de Adeepi.</p></p>', 1, 1, 1, 0, 0),
(35, '2017-12-21 15:43:24', '2017-12-21 15:43:24', 0, 1, 2, 1, NULL, NULL, 'Asier Gestintra', '<p><p>Ha llamado Asier de GEstintra, por favor que le llameis a primera hora.</p></p>', 1, 1, 1, 0, 0),
(36, '2017-12-21 15:43:24', '2017-12-21 15:43:24', 0, 1, 3, 1, NULL, NULL, 'Asier Gestintra', '<p><p>Ha llamado Asier de GEstintra, por favor que le llameis a primera hora.</p></p>', 1, 1, 1, 0, 0),
(37, '2017-12-21 16:17:49', '2017-12-21 16:17:49', 0, 1, 2, 1, 0, NULL, 'Llamar a Javier', '<p><p>Ha llamado John de CCVIgara para que llames directamente al comercio que tiene problemas con el precio para explicarselo tu.</p><p>Se llama Javier y su numero es 943 65 29 01<br></p></p>', 1, 1, 1, 0, 0),
(38, '2017-12-22 09:42:42', '2017-12-22 09:42:42', 0, 1, 4, 1, 0, NULL, 'Llamar a Javier', '<p><p>Ha vuelto a llamar Jon de CCV, es urgente que hables con el del comercio. En cuanto hables con el que le llames para informarle.</p></p>', 1, 1, 1, 0, 0),
(39, '2017-12-22 09:47:31', '2017-12-22 09:47:31', 0, 1, 3, 1, 0, NULL, 'Llamar a Oscar', 'Ha llamado Oscar de SoriaPalm, que le llameis para jablar del logotipo de las celtiberas.', 1, 1, 1, 0, 0),
(40, '2017-12-22 09:47:31', '2017-12-22 09:47:31', 0, 1, 2, 1, 0, NULL, 'Llamar a Oscar', 'Ha llamado Oscar de SoriaPalm, que le llameis para jablar del logotipo de las celtiberas.', 1, 1, 1, 0, 0),
(41, '2017-12-28 09:43:27', '2017-12-28 09:43:27', 0, 3, 1, 1, NULL, NULL, 'CREAR NUEVO CLIENTE', '<p><p>Quiero crear un nuevo cliente \"Rehabilitación Prim\" y me dice que ya existe y clico en el enlace y me va a Goxart.</p><p>Y el cliente nuevo \"Rehabilitación Prim\" no existe... para que lo mires...</p><p>Eskerrik asko</p></p>', 1, 1, 1, 0, 0),
(42, '2017-12-29 14:21:21', '2017-12-29 14:21:21', 0, 3, 1, 1, NULL, NULL, 'BNI web', '<p><p>Kaixo Ion,</p><p>En la web de BNI INDARRA no se comparte las noticias desde el iconito de facebook</p><p>Lo miras, ok?</p><p>Thanks</p></p>', 1, 1, 1, 0, 0),
(43, '2017-12-29 14:23:05', '2017-12-29 14:23:05', 0, 3, 1, 1, 0, NULL, 'tema facturas Programa de Gestión GL', '<p><p>Mira por favor qué se ha hecho hasta ahora, tenemos que mirar las facturas mandadas... tengo dudas.</p><p>tHANKS</p></p>', 1, 1, 1, 0, 0),
(44, '2018-01-02 09:52:43', '2018-01-02 09:52:43', 0, 1, 3, 1, NULL, NULL, 'Nuevo cliente', '<p><p>Me comentabas que no podias crear un nuevo cliente:&nbsp;</p><p>\"Quiero crear un nuevo cliente \"Rehabilitación Prim\" y me dice que ya existe y clico en el enlace y me va a Goxart.</p><p>\r\n</p><p>Y el cliente nuevo \"Rehabilitación Prim\" no existe... para que lo mires...\"</p><p>Es porque el email eta vacio, y el sistema busca si existe un cliente con el mismo email, y al estar los dos vacios dice que ya existe.</p></p>', 1, 1, 1, 0, 0),
(45, '2018-01-03 10:13:33', '2018-01-03 10:13:33', 0, 1, 3, 1, 0, NULL, 'Petición de reunión', '<p><p>Me ha escrito Jon de All4Movil, te he reenviado el mensaje, para concertar una cita. Le digo que le comento a la tarde una fecha y miramos, ok?</p></p>', 1, 1, 1, 0, 0),
(46, '2018-01-04 09:07:45', '2018-01-04 09:07:45', 0, 2, 1, 1, NULL, NULL, 'Adeepi. Recordatorio mods. programa de compras', '<p><p>Hola Ion. Para acordarnos de este tema, que creo que no lo apuntamos en las tareas de la semana.</p><p><br></p></p>', 1, 1, 1, 0, 0),
(47, '2018-01-04 11:28:22', '2018-01-04 11:28:22', 0, 1, 3, 1, NULL, NULL, 'HRC', '<p><p>He agregado el menu lateral en HRC y lo he subido, revisalo a ver si lo ves OK.</p></p>', 1, 1, 1, 0, 0),
(48, '2018-01-04 15:42:44', '2018-01-04 15:42:44', 0, 3, 1, 1, NULL, NULL, 'EHLABE', '<p><p>Mira el correo,&nbsp; que te he mandado, ok?</p><p>Thanks,</p><p><br></p></p>', 1, 1, 1, 0, 0),
(49, '2018-01-08 11:57:37', '2018-01-08 11:57:37', 0, 1, 2, 1, 0, NULL, 'Cambio de fecha', '<p><p>He avisado a los de Lomeña para cambiar la fecha del martes al miércoles, que si no no llego con todo, me han dicho que sin problema.</p></p>', 1, 1, 1, 0, 0),
(50, '2018-01-08 11:57:37', '2018-01-08 11:57:37', 0, 1, 3, 1, 0, NULL, 'Cambio de fecha', '<p><p>He avisado a los de Lomeña para cambiar la fecha del martes al miércoles, que si no no llego con todo, me han dicho que sin problema.</p></p>', 1, 1, 1, 0, 0),
(51, '2018-01-08 11:59:25', '2018-01-08 11:59:25', 0, 2, 1, 1, NULL, NULL, 'Lomeña reunión', '<p><p>Ok!<br></p></p>', 1, 1, 1, 0, 0),
(52, '2018-01-09 17:15:07', '2018-01-09 17:15:07', 0, 2, 4, 1, NULL, NULL, 'IMS. Duplicar módulo de clientes', '<p><p>Mañana te explico cómo hay que mostrarlo ;)</p></p>', 1, 1, 1, 0, 0),
(53, '2018-01-10 09:27:32', '2018-01-10 09:27:32', 0, 4, 2, 1, NULL, NULL, 'llamada telefónica', '<p><p>Ha llamado Oscar, de Soria, que le pegues un toque cuando llegues. Le he dicho que estabas en una reunión y que llegarías a las 11,00-11,30<br></p></p>', 1, 1, 1, 0, 0),
(54, '2018-01-10 10:19:19', '2018-01-10 10:19:19', 0, 4, 3, 1, NULL, NULL, 'llamada telefónica', '<p>Ha llamado Marta Ortiz a las 10:13, para decir que ya ha hecho el ingreso de 84.70€ de su página web, pero que no ha puesto concepto. Que le confirmes que está todo bien, me hadicho que le puedes enviar un whatsapp. Que si tienes alguna duda que le llames (648 08 77 12).<br><p><br></p></p>', 1, 1, 1, 0, 0),
(55, '2018-01-10 10:35:54', '2018-01-10 10:35:54', 0, 4, 2, 1, NULL, NULL, 'llamada telefónica', '<p><p>Han llamado de Ashegui, llamarán más tarde. Les he dicho que estabas en una reunión y que llegarías para las 11-11,30.<br></p></p>', 1, 1, 1, 0, 0),
(56, '2018-01-10 11:33:01', '2018-01-10 11:33:01', 0, 1, 2, 1, NULL, NULL, 'Jose Valiño', '<p><p>Te ha llamado Jose, que le mandes lo de las tareas si no se lo has mandado. Le he dicho que estabas en el medico con Luken.</p></p>', 1, 1, 1, 0, 0),
(57, '2018-01-10 13:20:31', '2018-01-10 13:20:31', 0, 1, 3, 1, 0, NULL, 'Correo', '<p><p>He echo los cambios y le he mandado a Josean. Y ha contestado que se ponen a revisar unas cosas quele he pedido.</p></p>', 1, 1, 1, 0, 0),
(58, '2018-01-10 16:52:18', '2018-01-10 16:52:18', 56, 2, 1, 1, NULL, NULL, 'RE: Jose Valiño', '<p><p>Listo. Ya le he llamado. Era para hablar de la factura que le hemos enviado ;)</p></p>', 1, 1, 1, 0, 0),
(59, '2018-01-10 17:00:44', '2018-01-10 17:00:44', 56, 1, 2, 1, NULL, NULL, 'RE: RE: Jose Valiño', '<p><p>Genial! Este hombre lo hace todo muy sencillo.</p></p>', 1, 1, 1, 0, 0),
(60, '2018-01-10 17:10:23', '2018-01-10 17:10:23', 56, 2, 1, 1, NULL, NULL, 'RE: RE: RE: Jose Valiño', '<p><p>Un autentico amor de hombre.</p></p>', 1, 1, 1, 0, 0),
(61, '2018-01-10 17:13:48', '2018-01-10 17:13:48', 46, 1, 2, 1, 0, NULL, 'RE: Adeepi. Recordatorio mods. programa de compras', '<p><p>Que no se nos olvide esto, no lo hemos metido en las tareas semanales.</p></p>', 1, 1, 1, 0, 0),
(62, '2018-01-10 17:15:15', '2018-01-10 17:15:15', 0, 1, 3, 1, 0, NULL, 'Respuesta en notas', '<p><p>Ya se puede responder a las notas, y se puede seguir el hilo de una conversación.</p></p>', 1, 1, 1, 0, 0),
(63, '2018-01-10 17:15:15', '2018-01-10 17:15:15', 0, 1, 4, 1, 0, NULL, 'Respuesta en notas', '<p><p>Ya se puede responder a las notas, y se puede seguir el hilo de una conversación.</p></p>', 1, 1, 1, 0, 0),
(64, '2018-01-11 08:28:23', '2018-01-11 08:28:23', 63, 4, 1, 1, NULL, NULL, 'RE: Respuesta en notas', '<p><p>ya era hora! xD</p><p><br></p><p>y los emojis pa cuando? :P<br></p></p>', 1, 1, 1, 0, 0),
(65, '2018-01-11 16:19:48', '2018-01-11 16:19:48', 62, 3, 1, 1, NULL, NULL, 'RE: Respuesta en notas', '<p><p>Perfecto Ion!!! Bikain!!!</p></p>', 1, 1, 1, 0, 0),
(66, '2018-01-15 10:59:04', '2018-01-15 10:59:04', 0, 2, 3, 1, 0, NULL, 'Llamar a Aitor', '<p><p><br></p><p>Te ha llamado Aitor. Le he dicho que le llamarías hacia las 14:00h</p></p>', 1, 1, 1, 0, 0),
(67, '2018-01-15 12:37:28', '2018-01-15 12:37:28', 0, 2, 3, 1, NULL, NULL, 'Jon All4Móvil', '<p><p>Ha llamado Ion.<br></p><p>2 cosillas.</p><p>1) Concertar una cita para alguna cosilla pendiente</p><p>2) Que teníamos que hablara con Iturria para presupuestar un mantenimiento de la web</p><p>Habla antes con él,&nbsp; a ver qué te cuénta</p><p><br></p></p>', 1, 1, 1, 0, 0),
(68, '2018-01-16 11:06:13', '2018-01-16 11:06:13', 0, 2, 3, 1, NULL, NULL, 'GUILLERMO Gª OTAZO', '<p><p>PAra el tema de la factura de Hosteleryko, que a ver a quién se la tiene que hacer. Luego le escribes.</p></p>', 1, 1, 1, 0, 0),
(69, '2018-01-16 11:50:55', '2018-01-16 11:50:55', 0, 2, 3, 1, NULL, NULL, 'Actualizar cita Kutxa en Google Calendar', '', 1, 1, 1, 0, 0),
(70, '2018-01-16 13:20:24', '2018-01-16 13:20:24', 0, 2, 3, 1, NULL, NULL, 'Pedro Almajano', '<p><p>Que le llames. Quiere hablar contigo algo de las visitas y el Facebook profesional...</p></p>', 1, 1, 1, 0, 0),
(71, '2018-01-16 13:25:18', '2018-01-16 13:25:18', 0, 2, 3, 1, NULL, NULL, 'KENDU', '<p><p>Crea por favor el cliente KENDU y sus proyectos y partes ;)</p></p>', 1, 1, 1, 0, 0),
(72, '2018-01-16 15:55:17', '2018-01-16 15:55:17', 69, 3, 2, 1, NULL, NULL, 'RE: Actualizar cita Kutxa en Google Calendar', '<p><p>ok, ya está</p></p>', 1, 1, 1, 0, 0),
(73, '2018-01-16 17:26:27', '2018-01-16 17:26:27', 0, 3, 2, 1, 0, NULL, 'logotipo Celtiveras', '<p><p>Ha llamado Oscar,</p><p>Qué muy bien, que no se deciden por el 1º o el 3º&nbsp; . Qué si puedes hacer esos 2 logotipos en negativo.&nbsp;</p><p>Con SoriaPalm se lo presentamos de esa manera y dice que viéndolo en negativo seguro que ya lo elijen.</p><p>Mandar Soriapalm sin las letras solo con la \"o\". (Esto ya te lo explico).</p><p>Thanks!</p><p><br></p><p><br></p></p>', 1, 1, 1, 0, 0),
(74, '2018-01-16 17:37:12', '2018-01-16 17:37:12', 71, 3, 2, 1, NULL, NULL, 'RE: KENDU', '<p><p>ok, ya está creado.</p></p>', 1, 1, 1, 0, 0),
(75, '2018-01-16 18:44:50', '2018-01-16 18:44:50', 0, 3, 2, 1, 0, NULL, 'HOSTELERYKO', '<p><p>Esto dice el de Hosteleryko:</p><p>El otro dia os envie unos ficheros por e-mail, cuando podiamos quedar para seguir avanzando y a Lander le pedi un presupuesto de la tienda on line.&nbsp;</p></p>', 1, 1, 1, 0, 0),
(76, '2018-01-16 19:39:42', '2018-01-16 19:39:42', 70, 3, 2, 1, NULL, NULL, 'RE: Pedro Almajano', '<p><p>ok, ya está. Viene el jueves 18 a ala 13:30&nbsp;</p></p>', 1, 1, 1, 0, 0),
(77, '2018-01-17 10:14:08', '2018-01-17 10:14:08', 0, 2, 3, 1, NULL, NULL, 'Pinturas Bidasoa Irun. Ppto.', '<p><p>Mira el mail que te he pasado antes. Se me ha olvidado decirte que nos entró la socilitud desde WhatsApp</p></p>', 1, 1, 1, 0, 0),
(78, '2018-01-17 11:49:49', '2018-01-17 11:49:49', 77, 3, 2, 1, NULL, NULL, 'RE: Pinturas Bidasoa Irun. Ppto.', '<p><p>ok, se lo mando ahora mismo.&nbsp;</p></p>', 1, 1, 1, 0, 0),
(79, '2018-01-17 12:26:55', '2018-01-17 12:26:55', 77, 3, 2, 1, NULL, NULL, 'RE: Pinturas Bidasoa Irun. Ppto.', '<p><p>ok, mandado</p></p>', 1, 1, 1, 0, 0),
(80, '2018-01-17 17:18:52', '2018-01-17 17:18:52', 0, 1, 4, 1, 0, NULL, 'Probadores virtuales', '<p><p>Pacharl? Si puedes mañana dedicale 15-30 minutos a buscar alguna URL de probadores virtuales. Es para CCVIgara, que le interesa sobretodo probadores virtuales de ropa, belleza (maquillaje), y muebles.</p></p>', 1, 1, 1, 0, 0),
(81, '2018-01-18 09:13:43', '2018-01-18 09:13:43', 0, 2, 3, 1, NULL, NULL, 'KIROLETIK. ', '<p><p>Contactar con Unai de Kiroletik (unai_oiartzun@hotmail.com) para informarle de los problemas de&nbsp; la importación.</p><p>Comentarle a ver si va a querer mantener tb. el castellano.</p></p>', 1, 1, 1, 0, 0),
(82, '2018-01-18 09:37:09', '2018-01-18 09:37:09', 0, 2, 3, 1, NULL, NULL, 'ASACOAT', '<p><p>Nuria de Asacoat. Te llamará en 1/2 hora. Hacia las 10:00h</p></p>', 1, 1, 1, 0, 0),
(83, '2018-01-18 13:08:14', '2018-01-18 13:08:14', 81, 3, 2, 1, NULL, NULL, 'RE: KIROLETIK. ', '<p><p>ok, ya le he mandado email</p></p>', 1, 1, 1, 0, 0),
(84, '2018-01-18 13:58:56', '2018-01-18 13:58:56', 81, 2, 3, 1, NULL, NULL, 'RE: RE: KIROLETIK. ', '<p><p>Hay que pedirle tb. la FTP para descargar las imágenes</p></p>', 1, 1, 1, 0, 0),
(85, '2018-01-18 17:40:27', '2018-01-18 17:40:27', 0, 1, 2, 1, NULL, NULL, 'Iparreko Eztia', '<p><p>Ha llamado un tal Sergio, colega de Carlos preguntando por el.&nbsp;</p><p>Debe estar con subvenciones para su empresa y le han dicho que puede entrar la página web, ha llamado para ver si podríamos presentar una factura para mañana o lunes a mas tardar.</p><p>El email es iparrekoeztia112@gmail.com y el telefono 652566336, ya he creado el cliente.</p></p>', 1, 1, 1, 0, 0),
(86, '2018-01-18 17:40:27', '2018-01-18 17:40:27', 0, 1, 3, 1, NULL, NULL, 'Iparreko Eztia', '<p><p>Ha llamado un tal Sergio, colega de Carlos preguntando por el.&nbsp;</p><p>Debe estar con subvenciones para su empresa y le han dicho que puede entrar la página web, ha llamado para ver si podríamos presentar una factura para mañana o lunes a mas tardar.</p><p>El email es iparrekoeztia112@gmail.com y el telefono 652566336, ya he creado el cliente.</p></p>', 1, 1, 1, 0, 0),
(87, '2018-01-19 09:07:09', '2018-01-19 09:07:09', 0, 4, 2, 1, NULL, NULL, 'datos reales SEUR', '<p><p>nos faltan los datos reales de CCV en SEUR&nbsp; para poder subirlo a la web, he probado abajo y la conexión real funciona, no he hecho prueba de envío (porque es real)<br></p></p>', 1, 1, 1, 0, 0),
(88, '2018-01-19 14:05:30', '2018-01-19 14:05:30', 0, 1, 2, 1, 0, NULL, 'Angel', '<p><p>Cuando puedas que llames a Angel Business</p></p>', 1, 1, 1, 0, 0),
(89, '2018-01-19 16:52:27', '2018-01-19 16:52:27', 0, 2, 4, 1, 0, NULL, 'TARTUFA', '<p><p>Te he enviado un mensaje con un excel de prueba para probar la importación...</p></p>', 1, 1, 1, 0, 0),
(90, '2018-01-23 13:24:03', '2018-01-23 13:24:03', 0, 2, 3, 1, NULL, NULL, 'ALMAJANO', '<p><p>Que hacia las 15:30h te llamará...</p></p>', 1, 1, 1, 0, 0),
(91, '2018-01-23 18:10:30', '2018-01-23 18:10:30', 90, 3, 2, 1, NULL, NULL, 'RE: ALMAJANO', '<p><p>pues no me ha llamado...</p></p>', 1, 1, 1, 0, 0),
(92, '2018-01-23 18:26:32', '2018-01-23 18:26:32', 0, 3, 4, 1, 0, NULL, 'modificaciones ', '<p><p>Te comento algunos problemillas.\r\n</p><p>\r\n</p><ul><li>En el slider no podemos añadir mas fotos, nos salta un error al guardar.\r\n</li><li>Eliminar el texto que aparece encima del slider, lo ocultamos pero sigue apareciendo una linea blanca.</li><li>En portada hay una opcion de galeria de imagenes, para que es?</li></ul><p>Esto es lo que me han mandado desde Mobiko.</p><p>\r\n</p></p>', 1, 1, 1, 0, 0),
(93, '2018-01-23 18:35:01', '2018-01-23 18:35:01', 0, 3, 4, 1, 0, NULL, 'modificaciones00', '<ul><li>En el SLIDER, si pongo el nombre al botón, no aparece nada.&nbsp;</li><li>En la llamada a la acción, el hover no aparece</li></ul>', 1, 1, 1, 0, 0),
(94, '2018-01-24 12:22:30', '2018-01-24 12:22:30', 0, 4, 3, 1, 0, NULL, 'modificaciones web', '<p><p>mira si los cambios en mobiko están bien<br></p></p>', 1, 1, 1, 0, 0),
(95, '2018-01-24 13:04:10', '2018-01-24 13:04:10', 0, 3, 4, 1, 0, NULL, 'FARMACIA ALMAJANO', '<p><p>Incorporar el módulo de BLOG en la web de Farmacia Almajano</p></p>', 1, 1, 1, 0, 0),
(96, '2018-01-26 16:00:41', '2018-01-26 16:00:41', 0, 3, 4, 1, 0, NULL, 'SLIDER - MOBIKO', '<p><p>Tema de Slider, mirar faltan flechas....etc... botón.</p></p>', 1, 1, 1, 0, 0),
(97, '2018-01-29 10:08:18', '2018-01-29 10:08:18', 0, 3, 1, 1, 0, NULL, 'llamar a Aitor', '<p><p>Ha llamado Aitor que le des un toque.</p><p>670 49 90 18</p></p>', 1, 1, 1, 0, 0),
(98, '2018-01-30 09:11:40', '2018-01-30 09:11:40', 0, 2, 1, 1, NULL, NULL, 'Zazpi', '<p><p>Ion, mírame por favor por qué no puedo editar la ficha de las etiquetas de traducción</p></p>', 1, 1, 1, 0, 0),
(99, '2018-01-30 09:48:58', '2018-01-30 09:48:58', 0, 3, 1, 1, 0, NULL, 'farmacia Olaizola', '<p><p>Mensaje de Maider:</p><p><b>hola chicos\r\n</b></p><p> \r\n</p><p><b>mirarnos porfa cuando podais el tema de la subida de imagenes q no nos deja desde la farmacia (lo del ajaexplorer).\r\n</b></p><p> \r\n</p><p><p></p></p><p><b>gracias!\r\n</b></p><p><br></p></p>', 1, 1, 1, 0, 0),
(100, '2018-01-30 10:11:24', '2018-01-30 10:11:24', 99, 1, 3, 1, NULL, NULL, 'RE: farmacia Olaizola', '<p><p>Bai, tengo que mirar eso y lo de las imagenes y precios.</p></p>', 1, 1, 1, 0, 0),
(101, '2018-01-30 10:34:06', '2018-01-30 10:34:06', 98, 1, 2, 1, NULL, NULL, 'RE: Zazpi', '<p><p>Listo, arreglado.</p></p>', 1, 1, 1, 0, 0),
(102, '2018-01-30 10:58:31', '2018-01-30 10:58:31', 0, 3, 4, 1, 0, NULL, 'Kiroletik web SLIDER', '<p><p>No funciona bien el Slider. Al duplicar... míralo, ok?</p><p>Esk</p></p>', 1, 1, 1, 0, 0),
(103, '2018-01-31 13:30:43', '2018-01-31 13:30:43', 0, 1, 3, 1, NULL, NULL, 'Galarent', '<p><p>Ha llamado el de Galarent, que quiere quitar el precio de la limpieza en el precio del dueño del inmueble. Le he dicho que lo valoraremos.</p><p>He valorado y con 1H estaría hecho. Nos va a mandar un correo, le he dicho que te ponga en copia.</p></p>', 1, 1, 1, 0, 0),
(104, '2018-01-31 14:16:27', '2018-01-31 14:16:27', 0, 1, 3, 1, 0, NULL, 'Goxart', '<p><p>Ha llamado tu primo, que le llames cuando puedas.</p></p>', 1, 1, 1, 0, 0),
(105, '2018-01-31 16:13:54', '2018-01-31 16:13:54', 103, 3, 1, 1, NULL, NULL, 'RE: Galarent', '<p><p>ok, presupuesto mandado. NO empezar hasta que nos den el OK</p></p>', 1, 1, 1, 0, 0),
(106, '2018-01-31 16:14:52', '2018-01-31 16:14:52', 104, 3, 1, 1, NULL, NULL, 'RE: Goxart', '<p><p>OK, ya he hablado con el. Thanks</p></p>', 1, 1, 1, 0, 0),
(107, '2018-02-01 09:59:55', '2018-02-01 09:59:55', 0, 2, 3, 1, NULL, NULL, 'CARMEN CORTAZAR', '<p><p>Poner en standby la web carmentudecoradora.com a la hora de renovar este año.</p><p>Nuevo correo electrónico: golfcarmen@gmail.com</p></p>', 1, 1, 1, 0, 0),
(108, '2018-02-01 13:54:35', '2018-02-01 13:54:35', 0, 4, 3, 1, NULL, NULL, 'almajano', '<p><p>Ha llamado Pedro, que quería copiar los consejos que tenía en contenidos.</p><p>Se los he copiado, son: </p><p>-DECÁLOGO PARA MANTENER UNA VIDA SALUDABLE</p><p>-OJOS QUE NO PARAN DE LLORAR</p><p>échales un vistazo a ver si están bien las palabras SEO y las etiquetas<br></p><p>Luego quería saber como publicar con la página de la farmacia de facebook, que le publica con su cuenta personal y quiere publicar con la de la farmacia, así que probablemente llame para las 16,00 o así...<br></p><p><p><br></p></p></p>', 1, 1, 1, 0, 0),
(109, '2018-02-01 15:24:28', '2018-02-01 15:24:28', 0, 1, 3, 1, 0, NULL, 'Cambio de imagenes y precios', 'Kaixo! Ya he cambiado los precios e imagenes que nos pasaron las de la farmacia. Le he mandado un email para avisarles.', 1, 1, 1, 0, 0),
(110, '2018-02-01 17:27:00', '2018-02-01 17:27:00', 108, 3, 4, 1, NULL, NULL, 'RE: almajano', '<p><p>ok Gracias Alberto,</p><p>No ha llamado todavía igual mañana.<br></p></p>', 1, 1, 1, 0, 0),
(111, '2018-02-01 17:27:31', '2018-02-01 17:27:31', 107, 3, 2, 1, NULL, NULL, 'RE: CARMEN CORTAZAR', '<p><p>bai??? k pena!</p></p>', 1, 1, 1, 0, 0),
(112, '2018-02-01 17:27:54', '2018-02-01 17:27:54', 109, 3, 1, 1, NULL, NULL, 'RE: Cambio de imagenes y precios', '<p><p>perfecto Ion! thanks!</p></p>', 1, 1, 1, 0, 0),
(113, '2018-02-02 09:09:21', '2018-02-02 09:09:21', 0, 4, 2, 1, NULL, NULL, 'ascensores bidasoa', '<p><p>ha llamado ruben, que no les funciona el correo, desde ayer a la tarde que no podía entrar (me ha dicho que les da error en el outlook de pop3)<br></p></p>', 1, 1, 1, 0, 0),
(114, '2018-02-02 09:09:21', '2018-02-02 09:09:21', 0, 4, 3, 1, NULL, NULL, 'ascensores bidasoa', '<p><p>ha llamado ruben, que no les funciona el correo, desde ayer a la tarde que no podía entrar (me ha dicho que les da error en el outlook de pop3)<br></p></p>', 1, 1, 1, 0, 0),
(115, '2018-02-02 10:31:05', '2018-02-02 10:31:05', 107, 2, 3, 1, NULL, NULL, 'RE: RE: CARMEN CORTAZAR', '<p><p>Se ha metido en temas de pintura y es posible que le de una vuelta a la web en un futuro incluyendo nuevos servicios... No eliminar el paquete!</p></p>', 1, 1, 1, 0, 0),
(116, '2018-02-05 08:36:38', '2018-02-05 08:36:38', 0, 3, 4, 1, NULL, NULL, 'TU CARNET', '<p><p>Buenas tardes Laura:\r\n</p><p> \r\n</p><p>No nos aparece en al web el plano de ubicación. Supongo será sencillo de arreglar.\r\n</p><p> \r\n</p><p>Muchas gracias\r\n</p><p> \r\n</p><p><p></p></p><p>TU CARNET\r\n</p></p>', 1, 1, 1, 0, 0),
(117, '2018-02-05 09:17:02', '2018-02-05 09:17:02', 0, 3, 4, 1, NULL, NULL, 'bni indarra', '<p><p>En la portada,  al lado de los miembros destacados sacar otro. \r\n</p><p>\r\n</p><p><p>\r\n</p><p></p></p><p>http://www.bniindarra.com/</p><p>\r\n</p></p>', 1, 1, 1, 0, 0),
(118, '2018-02-05 14:05:24', '2018-02-05 14:05:24', 0, 1, 3, 1, NULL, NULL, 'Almajano', '<p><p>Ha llamado Pedro, que teniais reunión a las 15:00 pero que le viene mal, que haber si puede ser mas tarde. QUe le llames al 696377607</p></p>', 1, 1, 1, 0, 0),
(119, '2018-02-05 14:14:55', '2018-02-05 14:14:55', 118, 3, 1, 1, NULL, NULL, 'RE: Almajano', '<p><p>ok, listo!!!</p><p><br></p></p>', 1, 1, 1, 0, 0),
(120, '2018-02-06 17:36:50', '2018-02-06 17:36:50', 0, 1, 2, 1, NULL, NULL, 'Global6K', '<p><p>Cuando puedas me maquetas lo de los niños en la parte de registro de global6K</p><p><a href=\"http://lantalau.sytes.net:8080/global6k/es/unete/\" target=\"_blank\">Aqui</a>.</p></p>', 1, 1, 1, 0, 0),
(121, '2018-02-06 18:37:32', '2018-02-06 18:37:32', 0, 3, 4, 1, 0, NULL, 'Modificaciones en la programación de la web de Easo Telesecretarias', '<p><p><a href=\"http://lantalau.sytes.net:8080/easo/es/\">http://lantalau.sytes.net:8080/easo/es/</a></p><p>Cambiar varias cosas;<br>1· CONTACTO Y LOCALIZACIÓN. Cuando entres que se vea el mapa desplegado. De lado a lado de la pantalla.</p><p>2· El apartado de SERVICIOS. Poner la opción de colocar una foto en la cabecera de lado a lado de la pantalla. La foto sería la que hayamos metido en cada servicio.</p><p>3· Para los CONTENIDOS lo mismo. Dar la opción de colocar en la cabecera una foto de lado a lado.&nbsp;</p><p>Cualquier duda mañana lo</p></p>', 1, 1, 1, 0, 0),
(122, '2018-02-06 18:46:40', '2018-02-06 18:46:40', 0, 3, 4, 1, NULL, NULL, 'Cerrajería', '<p><p><a href=\"http://lantalau.sytes.net:8080/cerrajeria/\">http://lantalau.sytes.net:8080/cerrajeria/</a></p><p>el apartado de cerrajería convencional está puesto para que desde ese apartado vaya a una URL externa. El tema es que no hace un blanck.</p><p>Míralo, ok?</p><p>Eskerrik asko,</p></p>', 1, 1, 1, 0, 0),
(123, '2018-02-07 13:25:41', '2018-02-07 13:25:41', 0, 1, 3, 1, NULL, NULL, 'Elatzeta', '<p><p>Te han llamado de Elatzeta, que te llaman a la tarde o mañana</p></p>', 1, 1, 1, 0, 0),
(124, '2018-02-07 15:40:13', '2018-02-07 15:40:13', 123, 3, 1, 1, NULL, NULL, 'RE: Elatzeta', '<p><p>OKIS, THANKS</p></p>', 1, 1, 1, 0, 0),
(125, '2018-02-07 15:41:44', '2018-02-07 15:41:44', 0, 3, 4, 1, 0, NULL, 'REPASO ANTES DE SUBIR LA WEB', '<p><p>301.</p><p>coger la hoja con los puntos que hiciste y hacer repaso,</p><p>Eskerrik asko,</p><p><br></p></p>', 1, 1, 1, 0, 0),
(126, '2018-02-07 16:42:43', '2018-02-07 16:42:43', 0, 2, 3, 1, NULL, NULL, 'REGINA', '<p><p>Que le llames...</p></p>', 1, 1, 1, 0, 0),
(127, '2018-02-08 08:29:31', '2018-02-08 08:29:31', 125, 4, 3, 1, NULL, NULL, 'RE: REPASO ANTES DE SUBIR LA WEB', '<p><p>que web?<br></p></p>', 1, 1, 1, 0, 0),
(128, '2018-02-08 10:07:57', '2018-02-08 10:07:57', 0, 3, 1, 1, 0, NULL, 'farmacia Olaizola', '<p><p><b>hola Laura \r\n</b></p><p><p></p></p><p><b>y el resto de mejoras que comentamos ???</b></p><p>Esto me comenta Uxoa. Lo hablamos, ok?</p><p>\r\n</p></p>', 1, 1, 1, 0, 0),
(129, '2018-02-08 17:33:29', '2018-02-08 17:33:29', 0, 3, 2, 1, NULL, NULL, 'TARTUFA', '<p><p>kAIXOOOOOO te ha llamado MONTXO de TARTUFA. Qué mañana le llames</p><p>688686823</p></p>', 1, 1, 1, 0, 0),
(130, '2018-02-08 17:34:59', '2018-02-08 17:34:59', 0, 1, 2, 1, NULL, NULL, 'CCVIGARA', '<p><p>Ya esta el listado de escaparates, revisalo.</p></p>', 1, 1, 1, 0, 0),
(131, '2018-02-09 08:41:33', '2018-02-09 08:41:33', 0, 4, 2, 1, NULL, NULL, 'niko', '<p><p>ha llamado Niko, que le habéis llamado sobre algún presupuesto, que ha andado desaparecido, le he dicho que no estábais todavía y que ya le pegábais un toque cuando llegueis<br></p></p>', 1, 1, 1, 0, 0),
(132, '2018-02-09 08:41:33', '2018-02-09 08:41:33', 0, 4, 3, 1, NULL, NULL, 'niko', '<p><p>ha llamado Niko, que le habéis llamado sobre algún presupuesto, que ha andado desaparecido, le he dicho que no estábais todavía y que ya le pegábais un toque cuando llegueis<br></p></p>', 1, 1, 1, 0, 0),
(133, '2018-02-09 09:18:48', '2018-02-09 09:18:48', 0, 4, 2, 1, NULL, NULL, 'llamada Irene', '<p><p>ha llamado Irene, la hermana de Vero, que cuando podáis le deis un toque (ha dicho que no es urgente)<br></p></p>', 1, 1, 1, 0, 0),
(134, '2018-02-09 09:18:48', '2018-02-09 09:18:48', 0, 4, 3, 1, NULL, NULL, 'llamada Irene', '<p><p>ha llamado Irene, la hermana de Vero, que cuando podáis le deis un toque (ha dicho que no es urgente)<br></p></p>', 1, 1, 1, 0, 0),
(135, '2018-02-09 11:34:35', '2018-02-09 11:34:35', 0, 1, 3, 1, 0, NULL, 'ASACOAT', '<p><p>Han llamado de ASACOAT. Les han llegado los seloos, pero han llegado en negro, y ella te debio de inisitir (pelin plasta la tia) que tenia que ser en azul. Que le llames para comentarle soluciones.</p></p>', 1, 1, 1, 0, 0),
(136, '2018-02-11 21:15:29', '2018-02-11 21:15:29', 0, 2, 1, 1, 0, NULL, 'Mail Business Angel', '<p><p>Mira lo que te he enviado, please</p></p>', 1, 1, 1, 0, 0),
(137, '2018-02-12 08:38:13', '2018-02-12 08:38:13', 136, 1, 2, 1, NULL, NULL, 'RE: Mail Business Angel', '<p><p>Luego me pongo con el menu para dejartelo apañado.</p></p>', 1, 1, 1, 0, 0),
(138, '2018-02-12 10:16:00', '2018-02-12 10:16:00', 136, 2, 1, 1, NULL, NULL, 'RE: RE: Mail Business Angel', '<p><p>Guay. Thanks</p></p>', 1, 1, 1, 0, 0),
(139, '2018-02-13 17:19:07', '2018-02-13 17:19:07', 0, 3, 4, 1, 0, NULL, 'bni web', '<p><p>Kaixo,</p><p>Cuandoi entramos en BNI en el apartado BLOG que no haga despegable, que vaya directamente a la pantalla de las noticias, ok?</p><p>Eskerrik asko,</p><p><br></p></p>', 1, 1, 1, 0, 0),
(140, '2018-02-14 10:05:48', '2018-02-14 10:05:48', 0, 3, 4, 1, NULL, NULL, 'FARMACIA ALMAJANO', '<p><p>Kaixo, parece que hay algún error en la web de farmacia almajano.&nbsp;</p><p>Por ejemplo en rodilleras, la que está en la portada solo sale la talla 7. Y en el panel tiene activado las siguientes tallas.&nbsp;</p><p>Eskerrik asko,</p><p><br></p><p><br></p><p><br></p></p>', 1, 1, 1, 0, 0),
(141, '2018-02-14 11:04:46', '2018-02-14 11:04:46', 0, 2, 3, 1, 0, NULL, 'Llamar a Aitor Ruiz Goxart', '', 1, 1, 1, 0, 0),
(142, '2018-02-14 14:33:01', '2018-02-14 14:33:01', 140, 4, 3, 1, NULL, NULL, 'RE: FARMACIA ALMAJANO', '<p><p>ya he solucionado (ha llamado otra vez), le he mandado un mail diciendole que ya estaba solucionado (porque ya estaba cerrada la farmacia)<br></p></p>', 1, 1, 1, 0, 0),
(143, '2018-02-14 14:33:53', '2018-02-14 14:33:53', 0, 4, 2, 1, NULL, NULL, 'erosal', '<p><p>he estado mirando porque no envía pero no he encontrado, creo que es algún problema de javascript, mañana lo sigo mirando<br></p></p>', 1, 1, 1, 0, 0),
(144, '2018-02-14 14:37:11', '2018-02-14 14:37:11', 0, 4, 3, 1, NULL, NULL, 'easo', '<p><p>ya he subido las carpetas al FTP en la carpeta nueva_web (para que se siga viendo la de construcción), me falta subir la base de datos y configurarlo</p></p>', 1, 1, 1, 0, 0),
(145, '2018-02-14 15:25:37', '2018-02-14 15:25:37', 144, 3, 4, 1, NULL, NULL, 'RE: easo', '<p><p>ok, Alberto,</p><p>mañana lo dejamos ya abierto.&nbsp;</p><p>thanks!</p></p>', 1, 1, 1, 0, 0),
(146, '2018-02-15 08:39:10', '2018-02-15 08:39:10', 144, 4, 3, 1, NULL, NULL, 'RE: RE: easo', '<p><p>me falta el acceso al cpanel para subir la base de datos<br></p></p>', 1, 1, 1, 0, 0),
(147, '2018-02-15 09:22:19', '2018-02-15 09:22:19', 0, 2, 3, 1, NULL, NULL, 'Antxeta', '<p><p>Te ha llamado Aitor, de Antxeta</p><p><br></p></p>', 1, 1, 1, 0, 0),
(148, '2018-02-15 13:13:07', '2018-02-15 13:13:07', 0, 1, 2, 1, NULL, NULL, 'Flluidal', '<p><p>Cuando puedas llama a la de Fluidal, que te ha llamado antes.</p></p>', 1, 1, 1, 0, 0),
(149, '2018-02-15 14:24:40', '2018-02-15 14:24:40', 0, 4, 3, 1, NULL, NULL, 'easo', '<p><p>he puesto el email info@easotelesecretarias.com, no sé si es ese u otro, también falta el password y configurar el envío de mail<br></p></p>', 1, 1, 1, 0, 0),
(150, '2018-02-15 17:11:40', '2018-02-15 17:11:40', 149, 3, 4, 1, NULL, NULL, 'RE: easo', '<p><p>es idoia@easotelesecretarias.com</p><p>Ya lo cambio ahora. Le pido la contraseña.</p><p><br></p><p>Eskerrik asko!</p></p>', 1, 1, 1, 0, 0),
(151, '2018-02-15 17:16:39', '2018-02-15 17:16:39', 0, 3, 4, 1, 0, NULL, 'PINTURAS LARREA', '<p><p>Ion ha subido la web al servidor, ok? ahora hay que montarla. Hay que hacer que se vea. Por si las moscas te doy la FTP.&nbsp; Te la mando por email.</p><p><br></p></p>', 1, 1, 1, 0, 0),
(152, '2018-02-16 09:23:14', '2018-02-16 09:23:14', 0, 4, 2, 1, NULL, NULL, 'llamada', '<p><p>ha llamado Amaia de Fluidal, cuando puedas que le llames 650007910<br></p></p>', 1, 1, 1, 0, 0),
(153, '2018-02-16 13:50:01', '2018-02-16 13:50:01', 0, 3, 4, 1, 0, NULL, 'web hirulex', '<p><p>En la web de Hirulex, en el apartado de contenidos si se copia un texto y se pega, al darle a guardar desaparece. solo pasa con el explorer.</p><p>Ella utiliza mucho el explorer porque otros programas de Asesoría los tiene que abrir con ese navegador.</p></p>', 1, 1, 1, 0, 0),
(154, '2018-02-16 13:50:01', '2018-02-16 13:50:01', 0, 3, 1, 1, 0, NULL, 'web hirulex', '<p><p>En la web de Hirulex, en el apartado de contenidos si se copia un texto y se pega, al darle a guardar desaparece. solo pasa con el explorer.</p><p>Ella utiliza mucho el explorer porque otros programas de Asesoría los tiene que abrir con ese navegador.</p></p>', 1, 1, 1, 0, 0),
(155, '2018-02-16 15:23:18', '2018-02-16 15:23:18', 0, 2, 1, 1, 0, NULL, 'Revisar familias', '<p><p>Parte pública:</p><p>Si llegamos hasta la familia \"AS (ESTÁNDAR - CON CONEXIÓN INSTANTÁNEA INCORPORADA)\"</p><p><a href=\"http://lantalau.sytes.net/fluidal/es/as-estandar-con-conexion-instantanea-incorporada-1/\">http://lantalau.sytes.net/fluidal/es/as-estandar-con-conexion-instantanea-incorporada-1/</a></p><p>Vemos que hay varias familias en su interior.</p><p><br></p><p>Sin embargo, si vamos al panel, figura como una única familia. No tiene familias hijos</p><p><br></p></p>', 1, 1, 1, 0, 0),
(156, '2018-02-19 11:30:40', '2018-02-19 11:30:40', 0, 1, 2, 1, 0, NULL, 'Reunión Saul', '<p><p>He llamado a Saul, me ha dicho que un dia se coge vacaciones para terminara la API, asi que un dia se pasara por aqui y le damos carpetazo.</p></p>', 1, 1, 1, 0, 0),
(157, '2018-02-19 16:30:46', '2018-02-19 16:30:46', 0, 2, 3, 1, NULL, NULL, 'Bicicletas Jaizkibel', '<p><p>Que le llames a Michel.</p><p>943 57 24 34</p></p>', 1, 1, 1, 0, 0),
(158, '2018-02-20 11:18:24', '2018-02-20 11:18:24', 155, 1, 2, 1, NULL, NULL, 'RE: Revisar familias', '<p><p>Listo!</p></p>', 1, 1, 1, 0, 0),
(159, '2018-02-20 12:19:23', '2018-02-20 12:19:23', 0, 2, 1, 1, NULL, NULL, 'GLOBAL6K. ', '<p><p>Subir a su servidor</p></p>', 1, 1, 1, 0, 0),
(160, '2018-02-20 12:23:44', '2018-02-20 12:23:44', 159, 1, 2, 1, NULL, NULL, 'RE: GLOBAL6K. ', '<p><p>Lo dejo subido para la tarde.</p></p>', 1, 1, 1, 0, 0),
(161, '2018-02-20 13:50:29', '2018-02-20 13:50:29', 0, 1, 2, 1, NULL, NULL, 'Solicitur de presupuesto Flyer', '<p><p>Ha llamado una chica, deben estar en frente nuestro, una nueva tienda, que necesitan presupuesto para Flyers.</p><p>Se llama Alin: 693201501</p></p>', 1, 1, 1, 0, 0),
(162, '2018-02-20 13:50:29', '2018-02-20 13:50:29', 0, 1, 3, 1, NULL, NULL, 'Solicitur de presupuesto Flyer', '<p><p>Ha llamado una chica, deben estar en frente nuestro, una nueva tienda, que necesitan presupuesto para Flyers.</p><p>Se llama Alin: 693201501</p></p>', 1, 1, 1, 0, 0),
(163, '2018-02-20 14:31:40', '2018-02-20 14:31:40', 0, 4, 3, 1, NULL, NULL, 'sumipesca', '<p><p>está para que vayas retocando algo de estilos de la portada, pero todavía me falta que muestre bien los servicios y los productos (y el desarrollo de cualquier elemento)<br></p></p>', 1, 1, 1, 0, 0),
(164, '2018-02-20 16:20:02', '2018-02-20 16:20:02', 0, 3, 4, 1, NULL, NULL, 'reconocimiento medico', '<p><p>Miércoles 28 de marzo:\r\n</p><p><p></p></p><p>1.	8:10 Alberto\r\n</p></p>', 1, 1, 1, 0, 0),
(165, '2018-02-20 16:20:27', '2018-02-20 16:20:27', 0, 3, 1, 1, NULL, NULL, 'reconocimiento medico', '<p><p>Martes 20 de marzo:\r\n</p><p><p></p></p><p>1.	9:30 Ion\r\n</p></p>', 1, 1, 1, 0, 0),
(166, '2018-02-20 16:20:52', '2018-02-20 16:20:52', 0, 3, 2, 1, NULL, NULL, 'reconocimiento medico', '<p><p>Martes 13 de marzo: \r\n</p><p>1.	9:30 Laura\r\n</p><p><p></p></p><p>2.	9:50 Lander\r\n</p></p>', 1, 1, 1, 0, 0),
(167, '2018-02-20 16:46:04', '2018-02-20 16:46:04', 0, 3, 2, 1, NULL, NULL, 'glt', '<p><p>belén GLT, le mosquea la IP que dicen los de host europa. Debe ser la IP de sus compañeros de Tanger.</p><p>Se identifican desde: <a href=\"https://geoiptool.com/en/?ip=105.155.251.33\">https://geoiptool.com/en/?ip=105.155.251.33</a></p><p>Lo miramos,</p></p>', 1, 1, 1, 0, 0),
(168, '2018-02-20 16:47:32', '2018-02-20 16:47:32', 0, 1, 2, 1, NULL, NULL, 'Blog kinendu', '<p><p>Ya tienes el blog de kinendu funcionando:</p><p><a href=\"http://192.168.0.250:8080/kinendu/\">http://192.168.0.250:8080/kinendu/</a><br></p></p>', 1, 1, 1, 0, 0),
(169, '2018-02-20 17:01:49', '2018-02-20 17:01:49', 0, 1, 3, 1, NULL, NULL, 'Ccvigara', '<p><p>Ya estan subidos los cambios de CCVIgara, pero todavia le queda darle diseño.</p></p>', 1, 1, 1, 0, 0),
(170, '2018-02-20 17:01:49', '2018-02-20 17:01:49', 0, 1, 2, 1, NULL, NULL, 'Ccvigara', '<p><p>Ya estan subidos los cambios de CCVIgara, pero todavia le queda darle diseño.</p></p>', 1, 1, 1, 0, 0),
(171, '2018-02-20 17:08:30', '2018-02-20 17:08:30', 0, 1, 3, 1, 0, NULL, 'Presupuesto all4Movil', '<p><p>Te he mandado el presupuesto de All4Movil al correo, solo estimación y un breve texto que el entendera.</p></p>', 1, 1, 1, 0, 0),
(172, '2018-02-20 17:34:47', '2018-02-20 17:34:47', 0, 3, 2, 1, NULL, NULL, 'HOSTELERYKO', '<p><p>Te ha mandado un wetransfer de lo que le pediste. está descargado.</p><p><br></p></p>', 1, 1, 1, 0, 0),
(173, '2018-02-20 19:12:21', '2018-02-20 19:12:21', 0, 3, 4, 1, NULL, NULL, 'MOBIKO WEB', '<p><p>Blog quitar el submenú. Que sea como en BNI igual.</p><p>En la portada las noticias aparece la tercera debajo. Que se vea todo en 1 línea.</p></p>', 1, 1, 1, 0, 0),
(174, '2018-02-21 19:13:50', '2018-02-21 19:13:50', 0, 2, 1, 1, 0, NULL, 'Revisar link de dorsal :: MODIFICAR URGENTE!', '<p><p>Si le doy al link de descargar dorsal me da error. Me lleva a esta URL:</p><p></p><p>https//6kforwater.kinendu.com/pdf/fb2cc25ff6c1c3f8c19b468bd28c37d0/</p><p>y debería ir a esta:</p><p></p><p><a href=\"https://6kforwater.kinendu.com/pdf/fb2cc25ff6c1c3f8c19b468bd28c37d0/\">https://6kforwater.kinendu.com/pdf/fb2cc25ff6c1c3f8c19b468bd28c37d0/</a></p></p>', 1, 1, 1, 0, 0),
(175, '2018-02-21 19:16:10', '2018-02-21 19:16:10', 0, 3, 1, 1, NULL, NULL, 'galarent', '<p><p>Mirar el apartamento Orly que da error.</p></p>', 1, 1, 1, 0, 0),
(176, '2018-02-21 19:17:14', '2018-02-21 19:17:14', 0, 2, 4, 1, 0, NULL, 'Descragar base de datos BD', '<p><p>Ya han etido el italiano. Descargar y actualizar BBDD en servidor para trabajar en las modificaciones</p></p>', 1, 1, 1, 0, 0),
(177, '2018-02-22 11:11:22', '2018-02-22 11:11:22', 0, 3, 2, 1, 0, NULL, 'kiroletik web', '<p><p>Anadir en el foot de la página el icono el banner de antxetra irratia que ponga \"Astelehenetan 9:30tan\" y el enlace a https://www.antxetamedia.eus/radio/kiroletik/</p><p><br></p></p>', 1, 1, 1, 0, 0),
(178, '2018-02-23 08:19:06', '2018-02-23 08:19:06', 0, 2, 4, 1, 0, NULL, 'Mail importación', '<p><p>Échale un vistazo al mail porfa</p></p>', 1, 1, 1, 0, 0),
(179, '2018-02-23 09:11:38', '2018-02-23 09:11:38', 0, 4, 1, 1, NULL, NULL, 'mejora', '<p><p>existe la posibilidad de quitar la hora en el momento de dar un parte de alta en lantawork? es que me parece un poco largo tener que escoger día, hora y minuto... (con escoger solo el día, creo que sería más que suficiente)<br></p></p>', 1, 1, 1, 0, 0),
(180, '2018-02-23 10:05:28', '2018-02-23 10:05:28', 179, 1, 4, 1, NULL, NULL, 'RE: mejora', '<p><p>Se puede cambiar el datepicker por el que esta en teach and learn.</p></p>', 1, 1, 1, 0, 0),
(181, '2018-02-23 10:05:28', '2018-02-23 10:05:28', 179, 1, 2, 1, NULL, NULL, 'RE: mejora', '<p><p>Se puede cambiar el datepicker por el que esta en teach and learn.</p></p>', 1, 1, 1, 0, 0),
(182, '2018-02-26 14:02:31', '2018-02-26 14:02:31', 0, 4, 2, 1, NULL, NULL, 'tartufa', '<p><p>ya está la importación hecha y se ve bien</p><p>comentarios:</p><p>- la 1ª importación de 5 productos no tiene imagen (ahora en el upload está la nueva carpeta de productos, descargada de DRIVE)</p><p>- las imágenes en excel están como NOMBREIMAGEN.JPG, cuando son todas con extensión NOMBREIMAGEN.jpg (y el servidor diferencia mayúsculas con minúsculas)</p><p>- alguna imagen en excel está como NOMBREIMAGEN (no tiene la extensión JPG), eso da problemas a la hora de mostrar la imagen, ya que no la encuentra (porque le falta el .jpg)<br></p></p>', 1, 1, 1, 0, 0),
(183, '2018-02-26 14:25:20', '2018-02-26 14:25:20', 0, 1, 2, 1, NULL, NULL, 'CCVIGARA', '<p><p>Hay que darle cariño a la sección de tus cupones favoritos en CCV y hacer que el icono fa-heart-o en rojo, que se pone en blanco.</p></p>', 1, 1, 1, 0, 0),
(184, '2018-02-27 09:04:45', '2018-02-27 09:04:45', 0, 2, 3, 1, NULL, NULL, 'Llamar a Olatz Lekuona', '<p><p>Para el tema de los proyectos en curso</p></p>', 1, 1, 1, 0, 0),
(185, '2018-02-27 17:49:02', '2018-02-27 17:49:02', 184, 3, 2, 1, NULL, NULL, 'RE: Llamar a Olatz Lekuona', '<p><p>ok, ya está</p></p>', 1, 1, 1, 0, 0),
(186, '2018-02-27 18:44:27', '2018-02-27 18:44:27', 0, 3, 4, 1, NULL, NULL, 'SUMIPESCA', '<p><p>Darle calor para que yo lo pueda coger.</p><p>Por ejemplo. Si clicas en servicios que vaya a servicios... los productos igual y que funcione la foto de cabecera.</p><p>Mañana hablamos, thanks</p></p>', 1, 1, 1, 0, 0),
(187, '2018-02-28 10:27:48', '2018-02-28 10:27:48', 0, 1, 3, 1, 0, NULL, 'Cambios GL GEstión', '<p><p>Me ha escrito Carol para el programa de compras, me comenta algunas correcciones y tengo que llamarle mañana para que me explique algo por telefono.</p></p>', 1, 1, 1, 0, 0),
(188, '2018-02-28 10:27:48', '2018-02-28 10:27:48', 0, 1, 2, 1, 0, NULL, 'Cambios GL GEstión', '<p><p>Me ha escrito Carol para el programa de compras, me comenta algunas correcciones y tengo que llamarle mañana para que me explique algo por telefono.</p></p>', 1, 1, 1, 0, 0),
(189, '2018-02-28 10:28:19', '2018-02-28 10:28:19', 187, 3, 1, 1, NULL, NULL, 'RE: Cambios GL GEstión', '<p><p>ok, Ion</p></p>', 1, 1, 1, 0, 0),
(190, '2018-02-28 10:29:41', '2018-02-28 10:29:41', 0, 1, 2, 1, 0, NULL, 'API Kinendu', '<p><p>Tengo un par de correos de Saul, sobre un par de correcciones de la API y otro de Angelito, diciendome que van a llamarme de Inycom para hacer pruebas de la api y hacerme algunas consultas, porque esta sin documentar. Ya le he dicho que hoy me pilla fuera, que me llame mañana.</p></p>', 1, 1, 1, 0, 0),
(191, '2018-02-28 10:38:19', '2018-02-28 10:38:19', 0, 3, 2, 1, NULL, NULL, 'ASHEGI', '<p><p>Lander, Ashegi que no pueden quedar el lunes, que han estado fuera y que ya te llamarán para quedar</p></p>', 1, 1, 1, 0, 0),
(192, '2018-02-28 17:06:00', '2018-02-28 17:06:00', 0, 2, 3, 1, NULL, NULL, 'Erosal', '<p><p>Te ha llamado Miren Basauri. Mañana te llamará de nuevo</p></p>', 1, 1, 1, 0, 0),
(193, '2018-02-28 17:06:56', '2018-02-28 17:06:56', 0, 2, 3, 1, 0, NULL, 'Factura adicional', '<p><p>Hay que enviarles otra factura de ampliación. Está ya creada en el sistema. Te la dejo impresa en tu mesa</p></p>', 1, 1, 1, 0, 0),
(194, '2018-03-01 13:23:16', '2018-03-01 13:23:16', 193, 3, 2, 1, NULL, NULL, 'RE: Factura adicional', '<p><p>ya está enviada</p></p>', 1, 1, 1, 0, 0),
(195, '2018-03-01 16:07:26', '2018-03-01 16:07:26', 0, 2, 1, 1, 0, NULL, 'Subir cupones', '<p><p>Si hoy al final no da tiempo, mañana, viernes 02 de marzo, lo subimos, por favor ;)</p><p>Grazie mile</p></p>', 1, 1, 1, 0, 0),
(196, '2018-03-01 16:09:54', '2018-03-01 16:09:54', 195, 1, 2, 1, NULL, NULL, 'RE: Subir cupones', '<p><p>Putis</p></p>', 1, 1, 1, 0, 0),
(197, '2018-03-01 17:31:25', '2018-03-01 17:31:25', 0, 3, 1, 1, NULL, NULL, 'web BidasoaFormación', '<p><p>Subid please a 8090,</p><p>Thanks!!!</p><p><br></p><p><br></p></p>', 1, 1, 1, 0, 0),
(198, '2018-03-02 07:33:26', '2018-03-02 07:33:26', 0, 2, 1, 1, NULL, NULL, 'Presupuestos pendientes', '<p><p>-Recetario</p><p>-PlanCuatro</p><p>-Hosteleryko</p></p>', 1, 1, 1, 0, 0),
(199, '2018-03-02 09:59:29', '2018-03-02 09:59:29', 197, 1, 3, 1, NULL, NULL, 'RE: web BidasoaFormación', '<p><p>Subido!</p></p>', 1, 1, 1, 0, 0),
(200, '2018-03-02 10:31:56', '2018-03-02 10:31:56', 0, 4, 2, 1, NULL, NULL, 'llamada', '<p><p>ha llamado Moncho, de tartufa, que le pegues toque cuando libres del teléfono<br></p></p>', 1, 1, 1, 0, 0),
(201, '2018-03-02 17:54:03', '2018-03-02 17:54:03', 0, 1, 4, 1, 0, NULL, 'Revisar Ccvigara', '<p><p>Hemos subido todo ccvigara, revisa por favor que haga bien todo el tema de los pedidos. Todo lo antiguo esta dentro de templates/web/ccvigara_02_03_2018 por si necesitas algo.</p></p>', 1, 1, 1, 0, 0),
(202, '2018-03-05 08:49:44', '2018-03-05 08:49:44', 201, 4, 1, 1, NULL, NULL, 'RE: Revisar Ccvigara', '<p><p>no habrás pisado todo el tema de transportistas, no?</p><p>te voy a cortar los huevecillos, que abajo está con los datos de pruebas... (；⌣̀_⌣́) </p></p>', 1, 1, 1, 0, 0),
(203, '2018-03-05 09:03:36', '2018-03-05 09:03:36', 0, 3, 2, 1, NULL, NULL, 'PLAN CUATRO', '<p><p>Ha llamado Uxoa de Plan cuatro. Comenta que te llamará más tarde.</p></p>', 1, 1, 1, 0, 0),
(204, '2018-03-05 10:31:39', '2018-03-05 10:31:39', 203, 2, 3, 1, NULL, NULL, 'RE: PLAN CUATRO', '<p><p>Ok</p></p>', 1, 1, 1, 0, 0),
(205, '2018-03-05 15:36:37', '2018-03-05 15:36:37', 0, 3, 1, 1, NULL, NULL, 'teach and learn', '<p><p>llamar a Aitor 670 49 90 18</p></p>', 1, 1, 1, 0, 0);
INSERT INTO `public_users_mails` (`id`, `creation_date`, `modification_date`, `id_parent`, `id_user_from`, `id_user_to`, `id_empresa`, `id_proyecto`, `id_tarea`, `asunto`, `mensaje`, `leido`, `estado_mensaje`, `estado`, `fav`, `attach`) VALUES
(206, '2018-03-06 09:24:47', '2018-03-06 09:24:47', 0, 3, 2, 1, NULL, NULL, 'asmobel representaciones', '<p><p>Deben de tener algún problema con el alojamiento.&nbsp;</p><p>internal server error 500</p><p>ellos solo tienen cuentas de correo, ok? pùeden mandar y no recibir.</p><p>Míralo please. LLama a Idoia 616901826</p></p>', 1, 1, 1, 0, 0),
(207, '2018-03-06 11:29:35', '2018-03-06 11:29:35', 0, 2, 3, 1, 0, NULL, 'Pedro Almajano', '<p><p>Te ha llamado Pedro Almajano. Que si puedes, le des un toque 943 64 00 68</p></p>', 1, 1, 1, 0, 0),
(208, '2018-03-06 16:13:50', '2018-03-06 16:13:50', 0, 3, 4, 1, NULL, NULL, 'EROSAL', '<p><p>Llegan 2 emails a la misma cuenta desde el formulario. Míralo, ok?</p><p>Eskerrik asko,</p><p><br></p></p>', 1, 1, 1, 0, 0),
(209, '2018-03-07 08:46:40', '2018-03-07 08:46:40', 208, 4, 3, 1, NULL, NULL, 'RE: EROSAL', '<p><p>He probado a cambiar el mail que recibe la consulta por el mío y solo me ha llegado una vez</p><p>Seguro que no tienen ninguna redirección en la cuenta de <b>administracion@erosal.net</b> ?</p><p>Esa es la que recibe los envíos de formulario (contactMail)<br></p></p>', 1, 1, 1, 0, 0),
(210, '2018-03-07 09:17:05', '2018-03-07 09:17:05', 0, 2, 3, 1, NULL, NULL, 'Responder consulta web', '<p><p>Recibido ayer, martes 6, a las 16:52.</p><p>\"buenas tardes, os escribimos para ver si nos podéis enviar un presupuesto de lo siguiente: - tarjetas 85x55 el pedido minimo posible - rotulo con y sin luz de 2,54 metros alto x 0,40 ancho gracias!!\"</p></p>', 1, 1, 1, 0, 0),
(211, '2018-03-07 13:17:47', '2018-03-07 13:17:47', 0, 2, 1, 1, 0, NULL, 'Ppto. Inutralia', '<p><p>Acuérdate de prepararme el mininforme</p></p>', 1, 1, 1, 0, 0),
(212, '2018-03-07 16:06:46', '2018-03-07 16:06:46', 211, 1, 2, 1, NULL, NULL, 'RE: Ppto. Inutralia', '<p><p>Dentro de la plataforma de Kinnendu tenemos que montar la sección de alimentación realizando llamadas contra el webservice de iNutralia.</p><p>Con los datos recibidos mostraremos los siguientes elementos en esta sección:</p><p><br></p><ul><li>Menus</li><li>Desarrollo de menu</li><li>Recetas</li><li>Desarrollo de recetas</li></ul><p><br></p><p>Incluiremos la opción de filtrar y de buscar sobre una palabra.</p><p><br></p><p><br></p></p>', 1, 1, 1, 0, 0),
(213, '2018-03-07 16:59:59', '2018-03-07 16:59:59', 0, 3, 4, 1, NULL, NULL, 'EROSAL', '<p><p>En el panel de control. En el apartado de Categorías que se vea también la imagen de la foto como en productos.</p><p>Si no me he explicado bien, espera a que llegue y te explico, ok?</p><p><br></p><p>Thanks!</p></p>', 1, 1, 1, 0, 0),
(214, '2018-03-08 08:53:43', '2018-03-08 08:53:43', 0, 2, 3, 1, NULL, NULL, 'Andrés, Arintaldea', '<p><p>Una pregunta a cerca de la web de Sukia. Luego le llamas</p><p>627 46 04 67</p></p>', 1, 1, 1, 0, 0),
(215, '2018-03-08 10:27:08', '2018-03-08 10:27:08', 0, 2, 3, 1, NULL, NULL, 'LANTAGEST para cliente Lekuona', '<p><p>Olatz nos ha llamado para comentarnos el interés de un cliente en un sistema de emisión de facturas.</p><p>Le va a dar nuestro contacto. Se llama Antonio.</p></p>', 1, 1, 1, 0, 0),
(216, '2018-03-08 11:24:51', '2018-03-08 11:24:51', 215, 3, 2, 1, NULL, NULL, 'RE: LANTAGEST para cliente Lekuona', '<p><p>ok, perfecto!</p></p>', 1, 1, 1, 0, 0),
(217, '2018-03-09 14:30:25', '2018-03-09 14:30:25', 0, 4, 2, 1, NULL, NULL, 'basque destination', '<p><p>ya está el buscador metido y subido a 8090 de basque destination<br></p></p>', 1, 1, 1, 0, 0),
(218, '2018-03-09 15:42:29', '2018-03-09 15:42:29', 0, 3, 4, 1, NULL, NULL, 'ABALAN', '<p><p>Kaixo,</p><p>He creado el cliente BIKIN BAT y dentro de este cliente está el proyecto ABALAN. Veo que tu tienes creado el Cliente ABALAN y le estás asignando a este el tiempo.</p><p>Pasa tu tiempo a al proyecto ok? ABALAN-WEB</p><p>eSK</p></p>', 1, 1, 1, 0, 0),
(219, '2018-03-12 13:54:03', '2018-03-12 13:54:03', 0, 1, 2, 1, NULL, NULL, 'Llamada para presupuesto', '<p><p>Ha llamado un chico de parte de mailboxes. No se le entendia muy bien, parecia extranjero.</p><p>Ha llamado para pedir un presupuesto, que le dijeramos cuanto cobrariamospor una tienda online y como lo hariamos. Le he dicho que eso depende del proyecto.</p><p>Me ha preguntado horario, me ha dicho que el esta estudiando por las mañanas y que solo puede de 14-15. Le he dicho que a esa hora estamos se ha despedido, no he podido sacarle mas datos, gente mas rara...</p><p>El telefono: 632 468 241</p></p>', 1, 1, 1, 0, 0),
(220, '2018-03-12 13:54:03', '2018-03-12 13:54:03', 0, 1, 3, 1, NULL, NULL, 'Llamada para presupuesto', '<p><p>Ha llamado un chico de parte de mailboxes. No se le entendia muy bien, parecia extranjero.</p><p>Ha llamado para pedir un presupuesto, que le dijeramos cuanto cobrariamospor una tienda online y como lo hariamos. Le he dicho que eso depende del proyecto.</p><p>Me ha preguntado horario, me ha dicho que el esta estudiando por las mañanas y que solo puede de 14-15. Le he dicho que a esa hora estamos se ha despedido, no he podido sacarle mas datos, gente mas rara...</p><p>El telefono: 632 468 241</p></p>', 1, 1, 1, 0, 0),
(221, '2018-03-13 11:06:31', '2018-03-13 11:06:31', 0, 1, 4, 1, NULL, NULL, 'CCVIGARA', '<p><p>Ha llamado John para comentar un par de cosas:</p><p>- Incluir la posibilidad en el listado de comercios de meterlos en filas de 3 y colocar el menu de categorias en horizontal, como en los comercios.</p><p>- Me ha dicho que esta semana me ponga con el tablon de Anuncios&nbsp; &nbsp; &nbsp;8(</p></p>', 1, 1, 1, 0, 0),
(222, '2018-03-13 11:06:57', '2018-03-13 11:06:57', 0, 1, 2, 1, NULL, NULL, 'CCVIGARA', '<p><p>Ha llamado John para comentar un par de cosas:\r\n</p><p>\r\n</p><p>- Incluir la posibilidad en el listado de comercios de meterlos en filas de 3 y colocar el menu de categorias en horizontal, como en los comercios.\r\n</p><p>\r\n</p><p>- Me ha dicho que esta semana me ponga con el tablon de Anuncios&nbsp; &nbsp; &nbsp; &nbsp; 8(</p></p>', 1, 1, 1, 0, 0),
(223, '2018-03-13 11:07:41', '2018-03-13 11:07:41', 221, 4, 1, 1, NULL, NULL, 'RE: CCVIGARA', '<p><p>ok<br></p></p>', 1, 1, 1, 0, 0),
(224, '2018-03-13 16:58:18', '2018-03-13 16:58:18', 0, 3, 2, 1, NULL, NULL, 'HRC VIDEO', '<p><p>Necesito el vídeo please,</p><p>Eskerrik asko, :)</p><p><br></p><p><br></p></p>', 1, 1, 1, 0, 0),
(225, '2018-03-14 10:29:55', '2018-03-14 10:29:55', 0, 2, 1, 1, 0, NULL, 'Informe Business', '<p><p>Acuérdate cuando puedas de pasarle el informe a Ángel</p></p>', 1, 1, 1, 0, 0),
(226, '2018-03-14 14:55:36', '2018-03-14 14:55:36', 0, 1, 2, 1, NULL, NULL, 'Mohamed', '<p><p>Ha venido el chico que estuvo en MailBoxes, hay que prepararle presupuesto, en partes:</p><p>1- FASE 1: Pagina Catalogo de productos. Solo categorías, productos y presentación de la tienda. En 4 idiomas (es, eu, fr, en)</p><p>2- FASE 2: Ecommerce con atributos</p><p>3- Creación de logotipo</p><p>4- Precio de Hosting</p><p>5- Presupuesto de fotos, sus productos no tienen fotos y el no las quiere sacar con el móvil.</p><p>El vende productos artesanos.&nbsp;</p><p>Le he comentado que para la semana que viene lo tiene.</p></p>', 1, 1, 1, 0, 0),
(227, '2018-03-14 14:55:36', '2018-03-14 14:55:36', 0, 1, 3, 1, NULL, NULL, 'Mohamed', '<p><p>Ha venido el chico que estuvo en MailBoxes, hay que prepararle presupuesto, en partes:</p><p>1- FASE 1: Pagina Catalogo de productos. Solo categorías, productos y presentación de la tienda. En 4 idiomas (es, eu, fr, en)</p><p>2- FASE 2: Ecommerce con atributos</p><p>3- Creación de logotipo</p><p>4- Precio de Hosting</p><p>5- Presupuesto de fotos, sus productos no tienen fotos y el no las quiere sacar con el móvil.</p><p>El vende productos artesanos.&nbsp;</p><p>Le he comentado que para la semana que viene lo tiene.</p></p>', 1, 1, 1, 0, 0),
(228, '2018-03-14 17:41:21', '2018-03-14 17:41:21', 0, 3, 4, 1, NULL, NULL, 'abalan', '<p><p>Planteamiento del apartado de Productos cambiarlo. Mañana lo comentamos</p><p>El apartado de servicios no carga nada. Míralo, ok?</p><p>Thanks</p></p>', 1, 1, 1, 0, 0),
(229, '2018-03-14 19:31:52', '2018-03-14 19:31:52', 0, 3, 4, 1, NULL, NULL, 'MOBIKO WEB', '<p><p>En contenidos-empresa- si quiero colocar un vídeo no me deja. Donde se pone el texto SÍ pero abajo, donde te deja poner una url del vídeo no hace nada.</p><p>En el Slider ajustar más la imagen que se muy garnde pero esto tranquilo que es más cosa nuestra de diseño que de programación. Lo mando para que no se me olvide,</p><p>Thanks!</p></p>', 1, 1, 1, 0, 0),
(230, '2018-03-15 11:20:03', '2018-03-15 11:20:03', 0, 4, 1, 1, NULL, NULL, 'fallo en guardar video en contenido', '<p><p>puedes echar un vistazo en Mobiko porque no se cargan los contenidos?</p><p>he mirado en el proyecto de Abalan (que es de los últimos) y he cargado un video en el contenido y al principio me ha hecho bien, luego he mirado diferencias con Mobiko y no he encontrado </p><p>con el firebug me marca este error:</p><p>	</p><p>	</p><p>POST <a href=\"http://lantalau.sytes.net:8080/mobiko/inc/class/core/form/includes/gallerieVideoIncGetImg.php\">http://lantalau.sytes.net:8080/mobiko/inc/class/core/form/includes/gallerieVideoIncGetImg.php</a></p><p>(en un principio he mirado el código y está bien)<br></p><p>y después he probado de nuevo con Abalan y me ha salido el mismo error (ya no me dejaba guardar)</p><p>sabes porqué puede ser?<br></p><p><br></p><p>Estoy probando en otros proyectos y no me da error al guardar(en Mobiko si), pero luego no guarda el video<br></p><p><br></p><p>PD: te doy 5 minutos, sino palito!!! <br></p><p>٩(◕‿◕)۶</p><p><br></p></p>', 1, 1, 1, 0, 0),
(231, '2018-03-15 11:37:58', '2018-03-15 11:37:58', 0, 2, 3, 1, 0, NULL, 'Andrés, Arintaldea', 'Ha llamado Andrés (11:35h) Luego le llamas.', 1, 1, 1, 0, 0),
(232, '2018-03-15 13:14:53', '2018-03-15 13:14:53', 0, 4, 2, 1, NULL, NULL, 'bd', '<p><p>solicitud-presupuesto/public/index.php</p></p>', 1, 1, 1, 0, 0),
(233, '2018-03-15 17:36:05', '2018-03-15 17:36:05', 0, 1, 2, 1, NULL, NULL, 'Sponsors', '<p><p>Ya están los Sponsors, y programada la portada.</p></p>', 1, 1, 1, 0, 0),
(234, '2018-03-15 18:39:00', '2018-03-15 18:39:00', 0, 3, 1, 1, NULL, NULL, 'ARINTALDEA', '<p><p>Subir la web de Arintaldea. La ftp ya te la he pasado. No borrar la web antigua meterle en una carpeta para que ellos puedan acceder.</p><p>Eskerrik asko,</p></p>', 1, 1, 1, 0, 0),
(235, '2018-03-16 07:11:26', '2018-03-16 07:11:26', 233, 2, 1, 1, NULL, NULL, 'RE: Sponsors', '<p><p>Bikain!!</p><p><br></p><p><br></p></p>', 1, 1, 1, 0, 0),
(236, '2018-03-16 07:13:09', '2018-03-16 07:13:09', 0, 2, 4, 1, 0, NULL, 'Mirar .stl', '<p><p>Alberto, a ver si puedes investigar algo acerca del tema de la importación. No inviertas demasiado, simplemente ver cómo podríamos plantearlo</p></p>', 1, 1, 1, 0, 0),
(237, '2018-03-16 08:40:28', '2018-03-16 08:40:28', 0, 2, 4, 1, 0, NULL, 'Exportación usuarios', '<p><p>La exportación de usuarios de WHY ya está</p></p>', 1, 1, 1, 0, 0),
(238, '2018-03-16 08:41:11', '2018-03-16 08:41:11', 0, 2, 4, 1, 0, NULL, 'Era una pregunta', '<p><p>???</p></p>', 1, 1, 1, 0, 0),
(239, '2018-03-16 10:14:57', '2018-03-16 10:14:57', 0, 3, 2, 1, NULL, NULL, 'LLAMADAS', '<p><p>Llamar a UXOA&nbsp;</p><p>LLamar a IDITEK Ricardo (NOVEDADES)</p></p>', 1, 1, 1, 0, 0),
(240, '2018-03-16 11:53:07', '2018-03-16 11:53:07', 0, 3, 1, 1, 0, NULL, 'ARINTALDEA', '<p><p>En Arintaldea en planos poner después de TERRAZA -<b> TXOKOS</b> - <b>GARAGE</b>. Y después del pdf una<b> DISPONIBILIDAD</b>.</p></p>', 1, 1, 1, 0, 0),
(241, '2018-03-16 11:57:57', '2018-03-16 11:57:57', 0, 3, 1, 1, NULL, NULL, 'ARINTALDEA', 'En vez de poner txoko solo pon TXOKO O ÁTICO', 1, 1, 1, 0, 0),
(242, '2018-03-19 10:54:13', '2018-03-19 10:54:13', 0, 4, 2, 1, NULL, NULL, 'servos subido', '<p><p>ya está subido servos a la web y se muestra bien lo de destacado con campo libre<br></p></p>', 1, 1, 1, 0, 0),
(243, '2018-03-20 10:05:36', '2018-03-20 10:05:36', 0, 2, 3, 1, 0, NULL, 'Llámale', '<p><p>627 46 04 67</p></p>', 1, 1, 1, 0, 0),
(244, '2018-03-20 10:06:50', '2018-03-20 10:06:50', 243, 3, 2, 1, NULL, NULL, 'RE: Llámale', '<p><p>Arintaldea?</p></p>', 1, 1, 1, 0, 0),
(245, '2018-03-20 10:10:32', '2018-03-20 10:10:32', 243, 2, 3, 1, NULL, NULL, 'RE: RE: Llámale', '<p><p>Bai</p></p>', 1, 1, 1, 0, 0),
(246, '2018-03-20 10:52:42', '2018-03-20 10:52:42', 0, 2, 3, 1, NULL, NULL, 'Pinturas Larrea', '<p><p>Lander, de Pinturas Larrea, no va a poder venir. Que te avise</p></p>', 1, 1, 1, 0, 0),
(247, '2018-03-20 11:20:37', '2018-03-20 11:20:37', 0, 3, 2, 1, NULL, NULL, 'IDITEK', '<p><p>Llamar a Ricardo Iditek. No se si lo habrás hecho</p></p>', 1, 1, 1, 0, 0),
(248, '2018-03-20 11:22:55', '2018-03-20 11:22:55', 246, 3, 2, 1, NULL, NULL, 'RE: Pinturas Larrea', '<p><p>ok</p></p>', 1, 1, 1, 0, 0),
(249, '2018-03-20 11:23:12', '2018-03-20 11:23:12', 243, 3, 2, 1, NULL, NULL, 'RE: RE: RE: Llámale', '<p><p>ok, ahora le llamo</p></p>', 1, 1, 1, 0, 0),
(250, '2018-03-20 11:47:06', '2018-03-20 11:47:06', 243, 3, 2, 1, NULL, NULL, 'RE: RE: RE: Llámale', '<p><p>ok, llamado</p></p>', 1, 1, 1, 0, 0),
(251, '2018-03-20 15:21:22', '2018-03-20 15:21:22', 0, 1, 3, 1, NULL, NULL, 'Farmacia', '<p><p>Ya esta subido tambien lo del checkbox del banco para que le avises y lo revisen. He creado un contenido nuevo, copiando algo de texto del aviso legal, y asi he creado condiciones de venta</p></p>', 1, 1, 1, 0, 0),
(252, '2018-03-20 15:53:02', '2018-03-20 15:53:02', 0, 3, 4, 1, NULL, NULL, 'web artola', '<p><p>Kaixo,</p><p>Cuandop puedas miramos la web de artola, es una tontería, ok?</p><p>Eskerrik asko,</p></p>', 1, 1, 1, 0, 0),
(253, '2018-03-20 16:54:10', '2018-03-20 16:54:10', 0, 3, 2, 1, NULL, NULL, 'HOSTELERYKO', '<p><p>Mandar presupuesto a <b>Hosteleryko</b>.</p></p>', 1, 1, 1, 0, 0),
(254, '2018-03-20 18:49:05', '2018-03-20 18:49:05', 0, 3, 1, 1, NULL, NULL, 'mobiko web', '<p><p>Mobiko imágenes de cabecera. Mañana te cuento.</p></p>', 1, 1, 1, 0, 0),
(255, '2018-03-21 08:38:03', '2018-03-21 08:38:03', 253, 2, 3, 1, NULL, NULL, 'RE: HOSTELERYKO', '<p><p>Lo ha reclamado?</p></p>', 1, 1, 1, 0, 0),
(256, '2018-03-21 08:39:20', '2018-03-21 08:39:20', 0, 2, 1, 1, 0, NULL, 'Quitar CEIN de grupos', '<p><p>Creo que ayer, entre tanto cambio, se nos olvidó retirar a CEIN de grupos</p></p>', 1, 1, 1, 0, 0),
(257, '2018-03-21 10:09:38', '2018-03-21 10:09:38', 253, 3, 2, 1, NULL, NULL, 'RE: RE: HOSTELERYKO', '<p><p>no, no era por si se te había olvidado mandar.</p></p>', 1, 1, 1, 0, 0),
(258, '2018-03-21 10:09:47', '2018-03-21 10:09:47', 256, 1, 2, 1, NULL, NULL, 'RE: Quitar CEIN de grupos', '<p><p>Eliminado. Actualmente quedan Inycom, Acciona, Mediapost y We are water, ok?</p></p>', 1, 1, 1, 0, 0),
(259, '2018-03-21 10:41:39', '2018-03-21 10:41:39', 0, 4, 2, 1, NULL, NULL, 'ccvigara', '<p><p>ya está metido en el formulario el teléfono obligatorio en ccv y subido<br></p></p>', 1, 1, 1, 0, 0),
(260, '2018-03-21 10:42:19', '2018-03-21 10:42:19', 256, 1, 2, 1, NULL, NULL, 'RE: Quitar CEIN de grupos', '<p><p>Llamada a la api para recoger los sponsors de la carrera de we are water:</p><p><a href=\"https://api.kinendu.com/v1.0/race/[token]/1/sponsors\">https://api.kinendu.com/v1.0/race/[token]/1/sponsors</a></p><p>Resultado:</p><p>{\r\n</p><p>    \"meta\": {\r\n</p><p>        \"code\": 200,\r\n</p><p>        \"message\": \"Race Sponsors retrieved successfully\"\r\n</p><p>    },\r\n</p><p>    \"data\": [\r\n</p><p>        {\r\n</p><p>            \"sponsor_id\": \"3\",\r\n</p><p>            \"name\": \"We Are Water Foundation\",\r\n</p><p>            \"description\": \"We Are Water patrocina los kilómetros solidarios de los corredores individuales\",\r\n</p><p>            \"url\": \"https://www.wearewater.org/es\",\r\n</p><p>            \"logo\": \"https://api.kinendu.com/v1.0/img/sponsor/3/default.jpg\",\r\n</p><p>            \"members\": \"7\"\r\n</p><p>        },\r\n</p><p>        {\r\n</p><p>            \"sponsor_id\": \"1\",\r\n</p><p>            \"name\": \"Inycom\",\r\n</p><p>            \"description\": \"\",\r\n</p><p>            \"url\": \"https://www.inycom.es\",\r\n</p><p>            \"logo\": \"https://api.kinendu.com/v1.0/img/sponsor/1/default.jpg\",\r\n</p><p>            \"members\": \"3\"\r\n</p><p>        },\r\n</p><p>        {\r\n</p><p>            \"sponsor_id\": \"5\",\r\n</p><p>            \"name\": \"Acciona\",\r\n</p><p>            \"description\": \"\",\r\n</p><p>            \"url\": \"https://www.acciona.com/es/\",\r\n</p><p>            \"logo\": \"https://api.kinendu.com/v1.0/img/sponsor/5/default.jpg\",\r\n</p><p>            \"members\": \"1\"\r\n</p><p>        },\r\n</p><p>        {\r\n</p><p>            \"sponsor_id\": \"6\",\r\n</p><p>            \"name\": \"Mediapost\",\r\n</p><p>            \"description\": \"\",\r\n</p><p>            \"url\": \"http://www.mediapostgroup.es/\",\r\n</p><p>            \"logo\": \"https://api.kinendu.com/v1.0/img/sponsor/6/default.jpg\",\r\n</p><p>            \"members\": \"0\"\r\n</p><p>        }\r\n</p><p>    ]\r\n</p><p>}</p></p>', 1, 1, 1, 0, 0),
(261, '2018-03-21 11:13:47', '2018-03-21 11:13:47', 0, 4, 3, 1, NULL, NULL, 'artola', '<p><p>ya he puesto que si no hay titulo no se muestra el bloque, hay que subirlo a la web?<br></p></p>', 1, 1, 1, 0, 0),
(262, '2018-03-21 11:15:00', '2018-03-21 11:15:00', 261, 3, 4, 1, NULL, NULL, 'RE: artola', '<p><p>ok, thanks!!!!</p></p>', 1, 1, 1, 0, 0),
(263, '2018-03-21 11:16:02', '2018-03-21 11:16:02', 259, 2, 4, 1, NULL, NULL, 'RE: ccvigara', '<p><p>Guay</p></p>', 1, 1, 1, 0, 0),
(264, '2018-03-21 13:40:35', '2018-03-21 13:40:35', 0, 1, 2, 1, NULL, NULL, 'Plan4', '<p><p>Han llamado las de plan4, que te llamaran o te mandara un email</p></p>', 1, 1, 1, 0, 0),
(265, '2018-03-21 15:21:32', '2018-03-21 15:21:32', 0, 1, 3, 1, NULL, NULL, 'Victoria', '<p><p>Te ha llamado Victoria Lizagarate, que no sabe si te acordaras, que te llama mas tarde</p></p>', 1, 1, 1, 0, 0),
(266, '2018-03-22 13:25:40', '2018-03-22 13:25:40', 261, 4, 3, 1, NULL, NULL, 'RE: RE: artola', '<p><p>	Usuario : genericautoseo@gmail.com</p><p>•	Password: gdPwbfKu</p></p>', 1, 1, 1, 0, 0),
(267, '2018-03-22 16:59:12', '2018-03-22 16:59:12', 0, 3, 4, 1, NULL, NULL, 'GOXART', '<p><p>Tema Facebook, redes sociales que no comparten.</p><p>Estos tenían por tansferencia bancaria?</p><p>Hacer repaso que no utilizan del panel,</p><p>Eskerrik asko,</p><p><br></p></p>', 1, 1, 1, 0, 0),
(268, '2018-03-22 17:00:23', '2018-03-22 17:00:23', 0, 3, 4, 1, NULL, NULL, 'HRC', '<p><p>Subir la web de HRC.</p><p>En el wachap tienes el acceso a la base de datos,</p><p><br></p><p>Eskerrik asko,</p></p>', 1, 1, 1, 0, 0),
(269, '2018-03-22 17:09:12', '2018-03-22 17:09:12', 0, 1, 3, 1, NULL, NULL, 'Aritz', '<p><p>Te ha llamado Aritz, que le llames.</p></p>', 1, 1, 1, 0, 0),
(270, '2018-03-22 17:32:42', '2018-03-22 17:32:42', 0, 2, 4, 1, NULL, NULL, 'Actualiza tareas de la semanaaaaaa', '', 1, 1, 1, 0, 0),
(271, '2018-03-22 17:32:42', '2018-03-22 17:32:42', 0, 2, 2, 1, NULL, NULL, 'Actualiza tareas de la semanaaaaaa', '', 1, 1, 1, 0, 0),
(272, '2018-03-22 17:32:42', '2018-03-22 17:32:42', 0, 2, 1, 1, NULL, NULL, 'Actualiza tareas de la semanaaaaaa', '', 1, 1, 1, 0, 0),
(273, '2018-03-22 17:32:42', '2018-03-22 17:32:42', 0, 2, 3, 1, NULL, NULL, 'Actualiza tareas de la semanaaaaaa', '', 1, 1, 1, 0, 0),
(274, '2018-03-22 17:33:12', '2018-03-22 17:33:12', 272, 1, 2, 1, NULL, NULL, 'RE: Actualiza tareas de la semanaaaaaa', '<p><p>Okis pokis</p></p>', 1, 1, 1, 0, 0),
(275, '2018-03-23 08:37:47', '2018-03-23 08:37:47', 270, 4, 2, 1, NULL, NULL, 'RE: Actualiza tareas de la semanaaaaaa', '<p><p>estoy al día, me falta algo?<br></p></p>', 1, 1, 1, 0, 0),
(276, '2018-03-23 09:07:40', '2018-03-23 09:07:40', 0, 4, 1, 1, NULL, NULL, 'llamada Raul', '<p><p>ha llamado Raul</p><p>Que ayer le debió llamar el marido de Uxoa diciendo que no entraban los correos (ayer a la tarde, para las 6 o así creo que me ha dicho).</p><p>Le he dicho que habías comentado que para las 19,45 ya entraban todos los correos.</p><p>Y luego que hay un par con outlook y que necesitan los datos para configurar el outlook.</p><p>Que le mandes mail si quieres para comentarle como está todo.<br></p></p>', 1, 1, 1, 0, 0),
(277, '2018-03-23 09:19:24', '2018-03-23 09:19:24', 0, 4, 1, 1, NULL, NULL, 'llamada de Uxoa', '<p><p>ha llamado Uxoa que a ver que pasa con los mails, que no reciben desde el miércoles, que ella no puede acceder desde el iPad, le he dicho que ayer entraron para las 19,45 y que puede que no lo vea en el iPad porque hay que configurarlo, luego me ha colgado (emoji de sorpresa)<br></p></p>', 1, 1, 1, 0, 0),
(278, '2018-03-23 09:19:24', '2018-03-23 09:19:24', 0, 4, 3, 1, NULL, NULL, 'llamada de Uxoa', '<p><p>ha llamado Uxoa que a ver que pasa con los mails, que no reciben desde el miércoles, que ella no puede acceder desde el iPad, le he dicho que ayer entraron para las 19,45 y que puede que no lo vea en el iPad porque hay que configurarlo, luego me ha colgado (emoji de sorpresa)<br></p></p>', 1, 1, 1, 0, 0),
(279, '2018-03-23 18:50:26', '2018-03-23 18:50:26', 0, 2, 4, 1, 0, NULL, 'Gorka Lomeña. Organizar subida', '<p><p>Alberto, a ver si podemos subir la web hoy mismo. Lo hablamos</p></p>', 1, 1, 1, 0, 0),
(280, '2018-03-23 18:50:26', '2018-03-23 18:50:26', 0, 2, 2, 1, 0, NULL, 'Gorka Lomeña. Organizar subida', '<p><p>Alberto, a ver si podemos subir la web hoy mismo. Lo hablamos</p></p>', 1, 1, 1, 0, 0),
(281, '2018-03-25 12:08:00', '2018-03-25 12:08:00', 0, 2, 1, 1, 0, NULL, 'Global 6k. Ok al ppto.', '', 1, 1, 1, 0, 0),
(282, '2018-03-25 12:08:00', '2018-03-25 12:08:00', 0, 2, 3, 1, 0, NULL, 'Global 6k. Ok al ppto.', '', 1, 1, 1, 0, 0),
(283, '2018-03-26 15:41:22', '2018-03-26 15:41:22', 0, 2, 4, 1, 0, NULL, 'Ogitxu. Web para subir', '<p><p>Mira el mail que te he pasado. Nos han dado una nueva IP para subir la web</p></p>', 1, 1, 1, 0, 0),
(284, '2018-03-26 18:14:23', '2018-03-26 18:14:23', 0, 3, 1, 1, NULL, NULL, 'varias cosas', '<p><p>Presupuestos;</p><p>AZ3</p><p>AUTOESCUELA: De este ,mañana hablamos, ok?</p><p>All 4 móvil: tendría que estar para este miércoles</p></p>', 1, 1, 1, 0, 0),
(285, '2018-03-26 18:16:37', '2018-03-26 18:16:37', 0, 3, 4, 1, NULL, NULL, 'tienes un email mío.', '', 1, 1, 1, 0, 0),
(286, '2018-03-27 08:15:09', '2018-03-27 08:15:09', 285, 4, 3, 1, NULL, NULL, 'RE: tienes un email mío.', '<p><p>calculo que entre impletentar el código, subirlo a la web&nbsp; y comprobar que todo funciona ok, 1 hora y media aprox.<br></p></p>', 1, 1, 1, 0, 0),
(287, '2018-03-27 08:47:07', '2018-03-27 08:47:07', 0, 4, 2, 1, NULL, NULL, 'llamada', '<p><p>Ha llamado Idoia de Ashegui, cuando llegues que le pegues un toque. Me ha dejado el fijo: 943 007 647<br></p></p>', 1, 1, 1, 0, 0),
(288, '2018-03-27 10:16:57', '2018-03-27 10:16:57', 0, 4, 2, 1, NULL, NULL, 'ashegui', '<p><p>también ha llamado javier, que les llames cuando puedas<br></p></p>', 1, 1, 1, 0, 0),
(289, '2018-03-27 14:35:58', '2018-03-27 14:35:58', 285, 3, 4, 1, NULL, NULL, 'RE: RE: tienes un email mío.', '<p><p>Ok, eskerrik asko</p></p>', 1, 1, 1, 0, 0),
(290, '2018-03-28 14:40:15', '2018-03-28 14:40:15', 0, 4, 2, 1, NULL, NULL, 'lomeña', 'ya está subida la web, faltan algunos pequeños detalles (me queda algún punto suelto del checklist y bajar la vieja web), pero ya está funcional y las 301 también<br>', 1, 1, 1, 0, 0),
(291, '2018-03-28 15:22:08', '2018-03-28 15:22:08', 0, 3, 1, 1, NULL, NULL, 'REUNIÓN, te llamará el martes 3 para reunirse contigo en su oficina', '<p><p>Kaixoooo,</p><p>Te paso los datos del tio raruno:</p><p>Nikola:</p><p>943 64 05 89</p><p>C/ Lepanto18&nbsp;</p><p>creo que la empresa es de \"casitas de madera\".</p><p>SUERTE!!!!!!!</p></p>', 1, 1, 1, 0, 0),
(292, '2018-03-28 15:33:50', '2018-03-28 15:33:50', 290, 2, 4, 1, NULL, NULL, 'RE: lomeña', '<p><p>Ok... Guay</p></p>', 1, 1, 1, 0, 0),
(293, '2018-04-03 13:07:03', '2018-04-03 13:07:03', 0, 1, 2, 1, NULL, NULL, 'Correos fluidal', '<p><p>Ha llamado Manu, para que le informes de cuando se van a hacer el cambio de los correos para que no se queden sin servicio. Le he dicho que el lunes le llamas y planificamos la semana para que sepa cuando lo vamos a hacer, que en principio lo haremos de noche para que no se queden colgados.</p></p>', 1, 1, 1, 0, 0),
(294, '2018-04-03 16:17:05', '2018-04-03 16:17:05', 293, 2, 1, 1, NULL, NULL, 'RE: Correos fluidal', '<p><p>Perfecto Ion ', 1, 1, 1, 0, 0),
(295, '2018-04-06 08:22:48', '2018-04-06 08:22:48', 0, 4, 1, 1, NULL, NULL, 'llamada', '<p><p>te ha llamado Aitor, cuando puedas que le llames<br></p></p>', 1, 1, 1, 0, 0),
(296, '2018-04-06 08:25:44', '2018-04-06 08:25:44', 0, 4, 1, 1, NULL, NULL, 'llamada II', '<p><p>ha llamado Angel, comenta que la página de 6k4water la han presentado el otro día en USA y que como tenían los navegadores en inglés no se veía bien, que pongamos predeterminado el castellano o que clonemos todo lo que está en castellano a inglés</p><p>luego me ha preguntado a ver que tal llevo lo del facebook, le he dicho que todavía no he tocado nada porque hemos estado poniendo bien el servidor y me ha dicho que hay que meterle caña que para el 15 quieren abrir (una de las suyas)<br></p></p>', 1, 1, 1, 0, 0),
(297, '2018-04-10 07:34:10', '2018-04-10 07:34:10', 0, 2, 4, 1, 0, NULL, 'Organizar subida Fluidal', '<p><p>El viernes a la tarde abrimos la web. Lander: Pasar datos FTP a Alberto. Cuando esté subido y preparado, avisarles para que no hagan más modificaciones</p></p>', 1, 1, 1, 0, 0),
(298, '2018-04-10 07:34:10', '2018-04-10 07:34:10', 0, 2, 2, 1, 0, NULL, 'Organizar subida Fluidal', '<p><p>El viernes a la tarde abrimos la web. Lander: Pasar datos FTP a Alberto. Cuando esté subido y preparado, avisarles para que no hagan más modificaciones</p></p>', 1, 1, 1, 0, 0),
(299, '2018-04-10 07:34:10', '2018-04-10 07:34:10', 0, 2, 1, 1, 0, NULL, 'Organizar subida Fluidal', '<p><p>El viernes a la tarde abrimos la web. Lander: Pasar datos FTP a Alberto. Cuando esté subido y preparado, avisarles para que no hagan más modificaciones</p></p>', 1, 1, 1, 0, 0),
(300, '2018-04-10 10:17:24', '2018-04-10 10:17:24', 0, 2, 3, 1, NULL, NULL, 'ALL4MOVIL', '<p><p>Llamar a Ion Al4Movil. Ha mandado un Watchapp para que le llames</p><p><br></p></p>', 1, 1, 1, 0, 0),
(301, '2018-04-11 08:20:36', '2018-04-11 08:20:36', 0, 2, 3, 1, 0, NULL, 'Revisar envío de facturas pendientes', '<p><p>Luego hablamos de esto</p><p><br></p></p>', 1, 1, 1, 0, 0),
(302, '2018-04-11 10:58:57', '2018-04-11 10:58:57', 0, 2, 3, 1, NULL, NULL, 'Antonio Enerty', '<p><p>Que le llames cuando puedas</p></p>', 1, 1, 1, 0, 0),
(303, '2018-04-11 14:26:58', '2018-04-11 14:26:58', 0, 4, 2, 1, NULL, NULL, 'fluidal', '<p><p>ya está subido y checkeado</p><p>falta meter datos de email y contraseña, comprobar el envío correcto de emails y google analytics y search console<br></p></p>', 1, 1, 1, 0, 0),
(304, '2018-04-11 17:45:41', '2018-04-11 17:45:41', 0, 2, 4, 1, 0, NULL, 'ASHEGUI :: Pendientes', '<ul><li>En portada, incluir el bloque de noticias destacadas (copiar del listado de noticias)</li><li>Contenidos. En cada bloque habilitar una zona para insertar PDF\'s</li><li>Footer. En el listado de noticias no se muestra nada.&nbsp; A su lado, meter un formulario de contacto</li></ul>', 1, 1, 1, 0, 0),
(305, '2018-04-12 16:13:08', '2018-04-12 16:13:08', 0, 1, 4, 1, NULL, NULL, 'Clase pàra enviar mensajes', '<p><p>Cual es la clase que has utilizado en Gorka Lomeña para enviar los mensajes?</p></p>', 1, 1, 1, 0, 0),
(306, '2018-04-12 17:54:28', '2018-04-12 17:54:28', 0, 3, 4, 1, NULL, NULL, 'rehabilitacion', '<p><p>Hola,</p><p>Deberíamos de quitar también la parte&nbsp; del panel donde pone los gastos de envío, gastos de provincia etc...</p><p>en la web de Regina, ok?</p><p><br></p><p><br></p></p>', 1, 1, 1, 0, 0),
(307, '2018-04-12 18:54:54', '2018-04-12 18:54:54', 0, 2, 4, 1, NULL, NULL, 'The Project 2.1', '<p><p>He descargado la nueva versión de The Project. Lo he dejado en el servidor, carpeta Resources.</p><p>PD: Por cierto, \"repositorios\" creo que no la habéis copiado</p></p>', 1, 1, 1, 0, 0),
(308, '2018-04-12 18:54:54', '2018-04-12 18:54:54', 0, 2, 1, 1, NULL, NULL, 'The Project 2.1', '<p><p>He descargado la nueva versión de The Project. Lo he dejado en el servidor, carpeta Resources.</p><p>PD: Por cierto, \"repositorios\" creo que no la habéis copiado</p></p>', 1, 1, 1, 0, 0),
(309, '2018-04-12 18:54:54', '2018-04-12 18:54:54', 0, 2, 3, 1, NULL, NULL, 'The Project 2.1', '<p><p>He descargado la nueva versión de The Project. Lo he dejado en el servidor, carpeta Resources.</p><p>PD: Por cierto, \"repositorios\" creo que no la habéis copiado</p></p>', 1, 1, 1, 0, 0),
(310, '2018-04-13 08:43:22', '2018-04-13 08:43:22', 305, 4, 1, 1, NULL, NULL, 'RE: Clase pàra enviar mensajes', '<p><p>que poco caso me haces... swift mailer, si tienes alguna duda para implementar me dices<br></p></p>', 1, 1, 1, 0, 0),
(311, '2018-04-13 14:51:30', '2018-04-13 14:51:30', 309, 3, 2, 1, NULL, NULL, 'RE: The Project 2.1', '<p><p>okis</p><p><br></p></p>', 1, 1, 1, 0, 0),
(312, '2018-04-13 16:43:26', '2018-04-13 16:43:26', 0, 2, 4, 1, 0, NULL, 'Llamar a Manu', '<p><p>Configuración de correos</p><p>943 453 795</p><p>616 91 53 49</p></p>', 1, 1, 1, 0, 0),
(313, '2018-04-13 19:41:50', '2018-04-13 19:41:50', 0, 1, 2, 1, NULL, NULL, 'Kinendu', '<p><p>El tiempo del servidor lo he metido en el proyecto base de datos</p></p>', 1, 1, 1, 0, 0),
(314, '2018-04-16 09:23:26', '2018-04-16 09:23:26', 0, 4, 2, 1, NULL, NULL, 'llamada', '<p><p>ha llamado Marta de Gorka Lomeña, cuando llegues que le llames (le he dicho que llegarías para las 10 o así)<br></p></p>', 1, 1, 1, 0, 0),
(315, '2018-04-16 14:28:28', '2018-04-16 14:28:28', 0, 4, 2, 1, NULL, NULL, 'ederne', '<p><p>ya he hecho los cambios y los he subido, al final hora y media he tardado<br></p></p>', 1, 1, 1, 0, 0),
(316, '2018-04-16 16:24:40', '2018-04-16 16:24:40', 315, 2, 4, 1, NULL, NULL, 'RE: ederne', '<p><p>Perfect! Veo que sale un alert verde diciendo que faltan datos... Lo comentamos</p></p>', 1, 1, 1, 0, 0),
(317, '2018-04-16 16:57:50', '2018-04-16 16:57:50', 0, 2, 3, 1, NULL, NULL, 'PLAN CUATRO. Envío factura a Plan Cuatro', '<p><p>Hay que enviar la factura.</p></p>', 1, 1, 1, 0, 0),
(318, '2018-04-16 17:16:50', '2018-04-16 17:16:50', 0, 2, 4, 1, 0, NULL, 'Contactar con Redsys', '<p><p>Mañana hay que llamar a Redsys para darles no se qué clave</p><p>902 10 62 23</p></p>', 1, 1, 1, 0, 0),
(319, '2018-04-16 17:16:50', '2018-04-16 17:16:50', 0, 2, 3, 1, 0, NULL, 'Contactar con Redsys', '<p><p>Mañana hay que llamar a Redsys para darles no se qué clave</p><p>902 10 62 23</p></p>', 1, 1, 1, 0, 0),
(320, '2018-04-17 09:19:22', '2018-04-17 09:19:22', 0, 2, 1, 1, 0, NULL, 'Dar de alta grupo Management Solutions', '<p><p>MIrar email</p></p>', 1, 1, 1, 0, 0),
(321, '2018-04-17 17:16:09', '2018-04-17 17:16:09', 317, 3, 2, 1, NULL, NULL, 'RE: PLAN CUATRO. Envío factura a Plan Cuatro', '<p><p>okis lo mando ahora</p></p>', 1, 1, 1, 0, 0),
(322, '2018-04-17 17:17:00', '2018-04-17 17:17:00', 319, 3, 2, 1, NULL, NULL, 'RE: Contactar con Redsys', '<p><p>Será para lo de Regina</p><p><br></p></p>', 1, 1, 1, 0, 0),
(323, '2018-04-17 17:55:41', '2018-04-17 17:55:41', 0, 3, 2, 1, NULL, NULL, 'trabajillos', '<p><p>Tengo que hablar contigo para: OWEG + LANDER LARREA.</p></p>', 1, 1, 1, 0, 0),
(324, '2018-04-18 11:49:51', '2018-04-18 11:49:51', 0, 1, 2, 1, 0, NULL, 'Diseño pagina', '<p><p>Cuando puedas me lo afinas please? Queda fatal el diseño:</p><p><a href=\"http://lantalau.sytes.net:8080/teach-learn/es/ayuda/\">http://lantalau.sytes.net:8080/teach-learn/es/ayuda/</a></p><p><span style=\"background-color: rgb(255, 255, 255);\">http://lantalau.sytes.net:8080/teach-learn/panel/es/contenidos/edit/4/</span></p><p><span style=\"background-color: rgb(255, 255, 255);\"><br></span><br></p><p><br></p></p>', 1, 1, 1, 0, 0),
(325, '2018-04-19 14:31:31', '2018-04-19 14:31:31', 0, 4, 3, 1, NULL, NULL, 'regina', '<p><p>ya he avisado a los de kutxabank de que está la TPV integrada en la web de Regina para que la verifiquen y nos la pasen a real<br></p></p>', 1, 1, 1, 0, 0),
(326, '2018-04-19 17:26:29', '2018-04-19 17:26:29', 325, 3, 4, 1, NULL, NULL, 'RE: regina', '<p><p>OKIS PERFECTO!!!</p></p>', 1, 1, 1, 0, 0),
(327, '2018-04-19 17:48:57', '2018-04-19 17:48:57', 0, 3, 4, 1, NULL, NULL, 'Regina', '<p><p>Al final la política de venta cancelación política de entrega etc... no habías puesto texto?</p><p>Me comentas, ok?</p><p>Quitar en la parte donde te registras el tema de \"Deseo recibir información de ofertas y novedades.</p><p><br></p><p>Eskerrik asko,<br></p><p><br></p></p>', 1, 1, 1, 0, 0),
(328, '2018-04-20 09:22:18', '2018-04-20 09:22:18', 327, 4, 3, 1, NULL, NULL, 'RE: Regina', '<p><p>ya he quitado lo del registro de \"Deseo recibir información de ofertas y novedades\" y la política de venta y cancelación ya copieteé ayer de otra web<br></p></p>', 1, 1, 1, 0, 0),
(329, '2018-04-23 14:12:16', '2018-04-23 14:12:16', 0, 4, 2, 1, NULL, NULL, 'ashegui', '<p><p>ya está la web para poder cambiar las DNS, faltaría:</p><p>- analytics</p><p>- search console</p><p>- comprobar la configuración del mail en la web<br></p></p>', 1, 1, 1, 0, 0),
(330, '2018-04-24 15:30:39', '2018-04-24 15:30:39', 0, 2, 4, 1, NULL, NULL, 'ASHEGUI', '<p><p>Ya he dado la orden de actualizar las DNS\'s.</p><p>El código de seguimiento del Analytics es UA-10523394-1. Ya tenemos permisos.</p><p>Confirma que esté actualizado en en panel de control.</p><p>Mañana crearemos el Search Console</p><p><br></p><p><br></p></p>', 1, 1, 1, 0, 0),
(331, '2018-04-24 15:32:38', '2018-04-24 15:32:38', 0, 2, 3, 1, NULL, NULL, 'Goxart', '<p><p>Llamar a Aitor</p></p>', 1, 1, 1, 0, 0),
(332, '2018-04-24 18:45:12', '2018-04-24 18:45:12', 0, 3, 4, 1, NULL, NULL, 'Abalan', '<p><p>Un par de cositas que he visto:<br></p><p>1· SERVICIOS. La foto del banner la coge desde servicios-oficiales.</p><p>2· En producto, el texto que está en el banner hay que poner estilos....</p><p>3· Y en servicios \"servicios Abalan,\" Poder las marcas una al lado de la otra en 4 columnas.</p><p>No empieces con esto hasta que yo llegue a la oficina, ok?</p><p>Thanks</p></p>', 1, 1, 1, 0, 0),
(333, '2018-04-24 18:46:35', '2018-04-24 18:46:35', 0, 3, 4, 1, NULL, NULL, 'sumipesca', '<p><p>en este también un par de cosas. Mañana te lo explico,</p><p>Thanks,</p><p><br></p></p>', 1, 1, 1, 0, 0),
(334, '2018-04-25 18:00:23', '2018-04-25 18:00:23', 0, 3, 4, 1, NULL, NULL, 'GOXART', '<p><p>Mañana mirar un tema de Goxart, Te comento.</p></p>', 1, 1, 1, 0, 0),
(335, '2018-04-25 18:36:36', '2018-04-25 18:36:36', 0, 2, 1, 1, NULL, NULL, '6K. Sitemap', '<p><p>Revisar el search console</p></p>', 1, 1, 1, 0, 0),
(336, '2018-04-25 18:52:13', '2018-04-25 18:52:13', 0, 3, 4, 1, NULL, NULL, 'Ascensores bidasoa', '<p><p>Ascensores bidasoa.&nbsp;</p><p>Sacar módulo de preguntas frecuentes. En 8080 hay un apartado que pone \"faq\"</p><p>Lo puedes copiar de la web de bniindarra.com&nbsp;</p></p>', 1, 1, 1, 0, 0),
(337, '2018-04-25 18:57:12', '2018-04-25 18:57:12', 0, 3, 4, 1, NULL, NULL, 'Ascensores bidasoa', '<p><p>Ascensores bidasoa,</p><p>Qué se muestre el mapa directamente en la sección de contacto,</p></p>', 1, 1, 1, 0, 0),
(338, '2018-04-25 19:21:23', '2018-04-25 19:21:23', 0, 2, 3, 1, NULL, NULL, 'Carlos 10t', '<p><p>Enviar 10t</p></p>', 1, 1, 1, 0, 0),
(339, '2018-04-27 09:33:18', '2018-04-27 09:33:18', 0, 3, 1, 1, NULL, NULL, 'Move on', '<p><p>Mira en el wachap del curro, ok?&nbsp;</p><p>Dice ángel de colocar los 2 logos de Brigston en los 2 sitios.&nbsp; Qué es URGENTE...</p><p>THANKS</p></p>', 1, 1, 1, 0, 0),
(340, '2018-04-27 09:33:18', '2018-04-27 09:33:18', 0, 3, 2, 1, NULL, NULL, 'Move on', '<p><p>Mira en el wachap del curro, ok?&nbsp;</p><p>Dice ángel de colocar los 2 logos de Brigston en los 2 sitios.&nbsp; Qué es URGENTE...</p><p>THANKS</p></p>', 1, 1, 1, 0, 0),
(341, '2018-04-27 10:21:06', '2018-04-27 10:21:06', 339, 1, 3, 1, NULL, NULL, 'RE: Move on', '<p><p>Listo</p></p>', 1, 1, 1, 0, 0),
(342, '2018-04-27 13:39:57', '2018-04-27 13:39:57', 0, 3, 1, 1, NULL, NULL, 'NOMINA ABRIL ION', '<p><p>Ion a tí este mes te he hecho (-50) ok?</p></p>', 1, 1, 1, 0, 0),
(343, '2018-04-27 13:41:09', '2018-04-27 13:41:09', 342, 1, 3, 1, NULL, NULL, 'RE: NOMINA ABRIL ION', '<p><p>Ok! Thanx</p></p>', 1, 1, 1, 0, 0),
(344, '2018-04-27 13:41:13', '2018-04-27 13:41:13', 0, 3, 4, 1, NULL, NULL, 'NOMINA ABRIL ALBERTO', '<p><p>Este mes te he hecho (-15€) ok? para que todos los meses sea un importe diferente. El siguiente mes te los devolveré.&nbsp;</p></p>', 1, 1, 1, 0, 0),
(345, '2018-04-27 15:22:55', '2018-04-27 15:22:55', 0, 3, 4, 1, NULL, NULL, 'SUMIPESCA', '<p><p>Cuando clico en la empresa sumipesca por ejemplo, no va a ningun lado. La empesa suimipesca en su contenido tiene texto de \"LOREM IPSUM...\" y una foTo.... y no aparece. Míralo por favor,</p><p>Gracias,</p><p><br></p></p>', 1, 1, 1, 0, 0),
(346, '2018-04-30 09:21:09', '2018-04-30 09:21:09', 0, 1, 2, 1, NULL, NULL, 'Contacto Adeepi', '<p><p>Han llamado desde Ceuta, los que Adeepi les recomendaron que contactaran con nosotros. Nos van a mandar un email con los datos de la web para que le echemos un vistazo y les comentemos como lo vemos para mejorarla.</p></p>', 1, 1, 1, 0, 0),
(347, '2018-04-30 09:21:09', '2018-04-30 09:21:09', 0, 1, 3, 1, NULL, NULL, 'Contacto Adeepi', '<p><p>Han llamado desde Ceuta, los que Adeepi les recomendaron que contactaran con nosotros. Nos van a mandar un email con los datos de la web para que le echemos un vistazo y les comentemos como lo vemos para mejorarla.</p></p>', 1, 1, 1, 0, 0),
(348, '2018-04-30 12:10:17', '2018-04-30 12:10:17', 345, 4, 3, 1, NULL, NULL, 'RE: SUMIPESCA', '<p><p>no tenía desarrollo, ya le he puesto para que aparezca algo<br></p></p>', 1, 1, 1, 0, 0),
(349, '2018-05-02 16:33:55', '2018-05-02 16:33:55', 0, 3, 2, 1, NULL, NULL, 'basque Destination', '<p><p>Ha llamado Ane que le llames mañana a las 9:30</p></p>', 1, 1, 1, 0, 0),
(350, '2018-05-02 17:04:15', '2018-05-02 17:04:15', 0, 1, 2, 1, NULL, NULL, 'CCVIGARA anuncios', '<p><p>Ya estan subidos los anuncios de CCVIGARA.</p></p>', 1, 1, 1, 0, 0),
(351, '2018-05-02 17:08:11', '2018-05-02 17:08:11', 0, 3, 2, 1, NULL, NULL, 'Fluidal alojamiento', '<p><p>hay que pasarle a Fluidal la factura del alojamiento?</p></p>', 1, 1, 1, 0, 0),
(352, '2018-05-02 18:22:43', '2018-05-02 18:22:43', 349, 2, 3, 1, NULL, NULL, 'RE: basque Destination', '<p><p>Ok</p></p>', 1, 1, 1, 0, 0),
(353, '2018-05-02 18:23:02', '2018-05-02 18:23:02', 350, 2, 1, 1, NULL, NULL, 'RE: CCVIGARA anuncios', '<p><p>Guay!</p></p>', 1, 1, 1, 0, 0),
(354, '2018-05-02 18:50:55', '2018-05-02 18:50:55', 0, 3, 4, 1, NULL, NULL, 'SUMIPESCA', '<p><p>En la ficha de cada empresa que aparezca todo, logotipo, dirección... todo, ok?</p></p>', 1, 1, 1, 0, 0),
(355, '2018-05-03 10:25:04', '2018-05-03 10:25:04', 0, 1, 2, 1, NULL, NULL, 'CCVIgara', '<p><p>Ya están los anuncios en la portada.</p></p>', 1, 1, 1, 0, 0),
(356, '2018-05-03 11:14:00', '2018-05-03 11:14:00', 355, 2, 1, 1, NULL, NULL, 'RE: CCVIgara', '<p><p>Guay!</p></p>', 1, 1, 1, 0, 0),
(357, '2018-05-03 14:47:51', '2018-05-03 14:47:51', 0, 2, 4, 1, 0, NULL, 'Revisar exportación usuarios', '<p><p>CReoq ue los sectores no los exporta bien. Sí la primera fila, pero ninguno más... no?</p></p>', 1, 1, 1, 0, 0),
(358, '2018-05-08 19:23:55', '2018-05-08 19:23:55', 0, 3, 1, 1, NULL, NULL, 'presupuesto DUPLOSTOCK', '<p><p>Esto me ha comentado Gotzon,</p><p>Kaixo, \r\n</p><p><p></p></p><p>El mismo viernes les envié un correo y estoy a la espera de sus noticias. Os digo algo. No te preocupes. Merci.</p><p><br></p><p><br></p><p><br></p></p>', 1, 1, 1, 0, 0),
(359, '2018-05-08 19:25:08', '2018-05-08 19:25:08', 0, 3, 1, 1, NULL, NULL, 'MOVE ON', '<p><p>Llama mañana a Ángel cuando puedas... Thanks!</p></p>', 1, 1, 1, 0, 0),
(360, '2018-05-09 17:39:22', '2018-05-09 17:39:22', 0, 3, 4, 1, NULL, NULL, 'Rehabilitacion Prim', '<p><p><br></p><p><a href=\"https://www.rehabilitacionprim.com/es/\">https://www.rehabilitacionprim.com/es/</a></p><p>Mira esta web en los 2 navegadores, en firebox y chrome.&nbsp;</p><p>En chrome no se ve la intro. Justo debajo del slider hay un trozo que no se ve.... lo miras ok?</p><p><br></p><p>Gracias</p></p>', 1, 1, 1, 0, 0),
(361, '2018-05-09 18:00:36', '2018-05-09 18:00:36', 0, 3, 4, 1, NULL, NULL, 'rehabilitación Prim', '<p><p>No aparece el mapa... ha desaperecido....</p></p>', 1, 1, 1, 0, 0),
(362, '2018-05-10 08:46:14', '2018-05-10 08:46:14', 361, 4, 3, 1, NULL, NULL, 'RE: rehabilitación Prim', '<p><p>ya está solucionado, resulta que ahora da error si se llama al javascript de google maps con http y la página es https, por lo que he cambiado la llamada al mapa de http a https, según la ayuda de firefox:<br></p><p><br></p><p>Cuando un usuario visita una página web, servida mediante el protocolo HTTPS, su conexión está encriptada con SSL y por tanto, se trata de una conexión segura frente a ataques de captura de información (sniffers) y ataques de hombre en medio (man-in-the-middle) .</p><p>En el caso de que la página HTTPS incluya contenido obtenido por HTTP sin cifrar, la conexión solo estará encriptada parcialmente: el contenido sin cifrar es susceptible de recibir ataques de captura de información y de hombre en medio, por tanto, el resultado es una conexión no segura. Cuando una página web se comporta de esta manera, recibe el nombre de Página con Contenido Mixto</p></p>', 1, 1, 1, 0, 0),
(363, '2018-05-10 08:47:41', '2018-05-10 08:47:41', 360, 4, 3, 1, NULL, NULL, 'RE: Rehabilitacion Prim', '<p><p>lo veo en los 2 navegadores igual, que es lo que no se ve?<br></p></p>', 1, 1, 1, 0, 0),
(364, '2018-05-10 12:57:08', '2018-05-10 12:57:08', 0, 1, 3, 1, NULL, NULL, 'Desos', '<p><p>Te ha llamado Desos, que le llames.</p></p>', 1, 1, 1, 0, 0),
(365, '2018-05-10 13:58:33', '2018-05-10 13:58:33', 0, 2, 3, 1, NULL, NULL, 'ASACOAT', '<p><p>Lau, llama a Nuria de Asacoat cuando puedas.</p></p>', 1, 1, 1, 0, 0),
(366, '2018-05-10 16:14:08', '2018-05-10 16:14:08', 0, 1, 2, 1, NULL, NULL, 'Maquetación Farmacia Olaizola', '<p><p>Echale un ojo a productos relacionados</p></p>', 1, 1, 1, 0, 0),
(367, '2018-05-11 12:26:43', '2018-05-11 12:26:43', 366, 2, 1, 1, NULL, NULL, 'RE: Maquetación Farmacia Olaizola', '<p><p>Listooooo</p></p>', 1, 1, 1, 0, 0),
(368, '2018-05-11 13:23:13', '2018-05-11 13:23:13', 0, 3, 1, 1, NULL, NULL, 'Farmacia Olaizola', '<p><p>LLamar a Maider para explocarle lo de los productos relacionados y el +1,</p></p>', 1, 1, 1, 0, 0),
(369, '2018-05-11 15:10:50', '2018-05-11 15:10:50', 0, 3, 1, 1, NULL, NULL, 'farmacia olaizola', '<p><p>llamar el lunes a la farmacia olaizola pero a partir de las 15.30</p></p>', 1, 1, 1, 0, 0),
(370, '2018-05-11 15:58:17', '2018-05-11 15:58:17', 0, 3, 1, 1, NULL, NULL, 'Lantawork', '<p><p>Me serviría el módulo de clientes. Dentro de clientes poder seleccionar \"llamada de telefono\" no se cómo llamarlo :(</p><p>Y tener un filtro donde yo pueda saber cuales son a los que he llamado.&nbsp;</p></p>', 1, 1, 1, 0, 0),
(371, '2018-05-14 10:47:36', '2018-05-14 10:47:36', 0, 1, 3, 1, NULL, NULL, 'Erosal', '<p><p>Ha llamado Miren de Erosal, que la llames. 943747338</p></p>', 1, 1, 1, 0, 0),
(372, '2018-05-14 16:05:37', '2018-05-14 16:05:37', 0, 2, 2, 1, NULL, NULL, 'EROSAL', '<p><p>Para el tema de la LOPD</p></p>', 1, 1, 1, 0, 0),
(373, '2018-05-14 16:08:39', '2018-05-14 16:08:39', 372, 2, 2, 1, NULL, NULL, 'RE: EROSAL', '', 1, 1, 1, 0, 0),
(374, '2018-05-14 16:08:39', '2018-05-14 16:08:39', 372, 2, 3, 1, NULL, NULL, 'RE: EROSAL', '', 1, 1, 1, 0, 0),
(375, '2018-05-14 16:31:02', '2018-05-14 16:31:02', 0, 2, 4, 1, NULL, NULL, 'TARTUFA. Lista para subir', '<p><p>Buenas Alberto. Tartufa la tienes lista para subir. Ya le he metido los textos legales en el footer</p></p>', 1, 1, 1, 0, 0),
(376, '2018-05-14 17:39:36', '2018-05-14 17:39:36', 0, 1, 3, 1, 0, NULL, 'Desos montado', '<p><p>Ya tienes montado Desos:<br><br></p><p><a href=\"http://lantalau.sytes.net:8080/desos/panel\">http://lantalau.sytes.net:8080/desos/panel</a></p><p><br></p><p>Mandame el logo en cuanto lo tengas y los datos ftp (que no me acuerdo si me los mandaste).</p></p>', 1, 1, 1, 0, 0),
(377, '2018-05-14 17:48:53', '2018-05-14 17:48:53', 0, 2, 4, 1, 0, NULL, 'Material OWEG', '<p><p>Te he enviado un correo con el PDF de Oweg, ok?</p><p>Y el material te lo dejo en el servidor. Agur!</p></p>', 1, 1, 1, 0, 0),
(378, '2018-05-15 10:58:27', '2018-05-15 10:58:27', 0, 1, 3, 1, 0, NULL, 'DESOS', '<p><p>Cuando tengas el logo mandamelo please, que ya esta montado el boletín.</p></p>', 1, 1, 1, 0, 0),
(379, '2018-05-15 11:21:00', '2018-05-15 11:21:00', 376, 3, 1, 1, NULL, NULL, 'RE: Desos montado', '<p><p>qué bien!</p><p>qué rápido madre mía!!! thankssss</p></p>', 1, 1, 1, 0, 0),
(380, '2018-05-15 11:21:21', '2018-05-15 11:21:21', 378, 3, 1, 1, NULL, NULL, 'RE: DESOS', '<p><p>okis estoy con ello ahora mismo....</p></p>', 1, 1, 1, 0, 0),
(381, '2018-05-15 11:21:52', '2018-05-15 11:21:52', 376, 1, 3, 1, NULL, NULL, 'RE: RE: Desos montado', '<p><p>Le queda darle cariño.&nbsp;</p><p>Los servicios son categorizados? Dime que proyecto te gusta mas para copiarle los servicios.</p></p>', 1, 1, 1, 0, 0),
(382, '2018-05-15 11:25:26', '2018-05-15 11:25:26', 376, 3, 1, 1, NULL, NULL, 'RE: RE: RE: Desos montado', '<p><p><a href=\"http://www.harri.eus/\">http://www.harri.eus/</a></p><p>le gusta esta web</p></p>', 1, 1, 1, 0, 0),
(383, '2018-05-15 11:26:50', '2018-05-15 11:26:50', 376, 1, 3, 1, NULL, NULL, 'RE: RE: RE: RE: Desos montado', '<p><p>Cojonuto! A copiarla pues</p></p>', 1, 1, 1, 0, 0),
(384, '2018-05-15 11:27:23', '2018-05-15 11:27:23', 376, 3, 1, 1, NULL, NULL, 'RE: RE: RE: Desos montado', '<p><p>kaixooooo,</p><p>Tienes creado el proyecto en Lantawork para que le pongas el tiempo, ok?</p><p><br></p></p>', 1, 1, 1, 0, 0),
(385, '2018-05-15 11:27:40', '2018-05-15 11:27:40', 376, 3, 1, 1, NULL, NULL, 'RE: RE: RE: RE: RE: Desos montado', '<p><p>perfectoooooo!!!!</p></p>', 1, 1, 1, 0, 0),
(386, '2018-05-15 11:30:02', '2018-05-15 11:30:02', 376, 1, 3, 1, NULL, NULL, 'RE: RE: RE: RE: Desos montado', '<p><p>Bai, ya les he puesto lo de ayer</p></p>', 1, 1, 1, 0, 0),
(387, '2018-05-15 11:30:24', '2018-05-15 11:30:24', 376, 3, 1, 1, NULL, NULL, 'RE: RE: RE: RE: RE: Desos montado', '<p><p>genial!!!</p></p>', 1, 1, 1, 0, 0),
(388, '2018-05-16 08:58:15', '2018-05-16 08:58:15', 0, 4, 2, 1, NULL, NULL, 'resumen día 15-05', '<p><p>preparar todo para poder funcionar desde casa (importar ftps, configurar sublime, etc...)</p><p>subir web tartufa (descargar a mi ordenador porque por filezilla no se puede subir de un ftp a otro), comprobar que todo funciona bien, hacer checklist a medias (falta comprobar que el correo funciona bien y google analytics y search console)</p><p>descargar oweg, basque destination y lantalau para trabajar en local (así luego subo los cambios mejor) y montarlo en local</p><p>ir revisando basque destination lo que falta</p></p>', 1, 1, 1, 0, 0),
(389, '2018-05-16 08:58:15', '2018-05-16 08:58:15', 0, 4, 3, 1, NULL, NULL, 'resumen día 15-05', '<p><p>preparar todo para poder funcionar desde casa (importar ftps, configurar sublime, etc...)</p><p>subir web tartufa (descargar a mi ordenador porque por filezilla no se puede subir de un ftp a otro), comprobar que todo funciona bien, hacer checklist a medias (falta comprobar que el correo funciona bien y google analytics y search console)</p><p>descargar oweg, basque destination y lantalau para trabajar en local (así luego subo los cambios mejor) y montarlo en local</p><p>ir revisando basque destination lo que falta</p></p>', 1, 1, 1, 0, 0),
(390, '2018-05-16 09:24:59', '2018-05-16 09:24:59', 388, 2, 4, 1, NULL, NULL, 'RE: resumen día 15-05', '<p><p>Ok Alberto. Perfecto.</p></p>', 1, 1, 1, 0, 0),
(391, '2018-05-16 18:38:42', '2018-05-16 18:38:42', 0, 3, 1, 1, NULL, NULL, 'microdata farmacia olaizola', '<p><p>Kaixo iON,</p><p>Me pregunta Uxoa, Hola Laura, buenas tardes</p><p>Queda pendiente el tema d ella microdata que sugirió Alvaro desde el principio y que como él planteaba podría ayudarnos a posicionar mejor la web, ya que estamos en números rojos ¿Para cuando puede estar hecho ?\r\n</p><p>Un saludo \r\n</p><p>\r\n</p><p>\r\n</p><p>Uxoa Olaizola \r\n</p><p></p><p><br></p></p>', 1, 1, 1, 0, 0),
(392, '2018-05-16 20:01:28', '2018-05-16 20:01:28', 391, 1, 3, 1, NULL, NULL, 'RE: microdata farmacia olaizola', '<p><p>Numeros rojos? ene... Para el viernes tarde dile que lo tiene, que mañana estoy a full con Hosteleryko</p></p>', 1, 1, 1, 0, 0),
(393, '2018-05-17 07:57:26', '2018-05-17 07:57:26', 0, 1, 3, 1, 0, NULL, 'Boletin Desos', '<p><p>Ya esta funcionando el boletin de Desos. Si puedes mandame una foto y los datos de Desos para montar una presencial en la parte publica.</p></p>', 1, 1, 1, 0, 0),
(394, '2018-05-17 08:32:29', '2018-05-17 08:32:29', 0, 4, 2, 1, NULL, NULL, 'resumen día 16-05', '<p><p>montar la web de oweg, dejar la portada más o menos parecida al pdf, se clona del proyecto de sumipesca</p><p>mirar search analytics de rehabilitacionprim para las páginas indexadas</p><p>dejar funcionando los formularios de contacto de erosal con el checkbox de privacidad incluido</p><p>corregir el buscador de basque destination (no funcionaba uno de los 3 campos bien) y montar bien el mail de envío de usuario registrado, al igual que dejar en pendiente el registro para que se active por parte del administrador de la web</p></p>', 1, 1, 1, 0, 0),
(395, '2018-05-17 08:32:29', '2018-05-17 08:32:29', 0, 4, 3, 1, NULL, NULL, 'resumen día 16-05', '<p><p>montar la web de oweg, dejar la portada más o menos parecida al pdf, se clona del proyecto de sumipesca</p><p>mirar search analytics de rehabilitacionprim para las páginas indexadas</p><p>dejar funcionando los formularios de contacto de erosal con el checkbox de privacidad incluido</p><p>corregir el buscador de basque destination (no funcionaba uno de los 3 campos bien) y montar bien el mail de envío de usuario registrado, al igual que dejar en pendiente el registro para que se active por parte del administrador de la web</p></p>', 1, 1, 1, 0, 0);
INSERT INTO `public_users_mails` (`id`, `creation_date`, `modification_date`, `id_parent`, `id_user_from`, `id_user_to`, `id_empresa`, `id_proyecto`, `id_tarea`, `asunto`, `mensaje`, `leido`, `estado_mensaje`, `estado`, `fav`, `attach`) VALUES
(396, '2018-05-17 08:57:41', '2018-05-17 08:57:41', 394, 2, 4, 1, NULL, NULL, 'RE: resumen día 16-05', '<p><p>Bikain, ALbert!</p></p>', 1, 1, 1, 0, 0),
(397, '2018-05-17 09:42:18', '2018-05-17 09:42:18', 391, 3, 1, 1, NULL, NULL, 'RE: RE: microdata farmacia olaizola', '<p><p>ok, Ion, eskerrik asko!!!</p><p>Ya ves números rojos y además será nuestra culpa... madre mía!!</p></p>', 1, 1, 1, 0, 0),
(398, '2018-05-17 09:44:58', '2018-05-17 09:44:58', 391, 1, 3, 1, NULL, NULL, 'RE: RE: RE: microdata farmacia olaizola', '<p><p>Es acojonante, nosotros nunca le vendimos ninguna moto, eso fue el Alvaro</p></p>', 1, 1, 1, 0, 0),
(399, '2018-05-17 09:50:34', '2018-05-17 09:50:34', 393, 3, 1, 1, NULL, NULL, 'RE: Boletin Desos', '<p><p>No tengo nada de material por ahora. Se lo pido, ok?</p><p>Cual es el enlace para entrar?</p><p>THANKS</p></p>', 1, 1, 1, 0, 0),
(400, '2018-05-17 09:52:27', '2018-05-17 09:52:27', 393, 1, 3, 1, NULL, NULL, 'RE: RE: Boletin Desos', '<p><p>Ah, pensaba que las fotos que tenias el otro dia eran suyas.</p><p><a href=\"http://www.desos.eus/panel\">http://www.desos.eus/panel</a></p><p>Entra con los datos de lantalau de siempre, la parte publica esta bloqueada, y quiero poner una presencial</p></p>', 1, 1, 1, 0, 0),
(401, '2018-05-17 09:57:37', '2018-05-17 09:57:37', 393, 3, 1, 1, NULL, NULL, 'RE: RE: RE: Boletin Desos', '<p><p>está muy chulo Ion!</p><p>Esos fotos de donde las ha sacado?</p><p><br></p></p>', 1, 1, 1, 0, 0),
(402, '2018-05-17 10:09:07', '2018-05-17 10:09:07', 393, 1, 3, 1, NULL, NULL, 'RE: RE: RE: RE: Boletin Desos', '<p><p>Internet, busque demoliciones, pero era por ir teniendo algo</p></p>', 1, 1, 1, 0, 0),
(403, '2018-05-17 10:14:36', '2018-05-17 10:14:36', 393, 3, 1, 1, NULL, NULL, 'RE: RE: RE: RE: RE: Boletin Desos', '<p><p>OKIS PERFECTO!</p></p>', 1, 1, 1, 0, 0),
(404, '2018-05-17 11:38:27', '2018-05-17 11:38:27', 393, 3, 1, 1, NULL, NULL, 'RE: RE: RE: RE: RE: Boletin Desos', '<p><p>KAIXOOOO</p><p>Te acabo de mandar un email con el logo de DESOS.</p></p>', 1, 1, 1, 0, 0),
(405, '2018-05-17 11:39:15', '2018-05-17 11:39:15', 393, 1, 3, 1, NULL, NULL, 'RE: RE: RE: RE: RE: RE: Boletin Desos', '<p><p>Voy!</p></p>', 1, 1, 1, 0, 0),
(406, '2018-05-18 10:25:55', '2018-05-18 10:25:55', 0, 2, 3, 1, NULL, NULL, 'Llamar a Victoria Elizagárate', '', 1, 1, 1, 0, 0),
(407, '2018-05-18 10:26:34', '2018-05-18 10:26:34', 0, 2, 3, 1, NULL, NULL, 'Llamar a Victoria Elizagárate', '<p><p>616145261</p></p>', 1, 1, 1, 0, 0),
(408, '2018-05-18 13:18:20', '2018-05-18 13:18:20', 407, 3, 2, 1, NULL, NULL, 'RE: Llamar a Victoria Elizagárate', '<p><p>está mal el número :)</p></p>', 1, 1, 1, 0, 0),
(409, '2018-05-18 13:18:31', '2018-05-18 13:18:31', 406, 3, 2, 1, NULL, NULL, 'RE: Llamar a Victoria Elizagárate', '<p><p>ok, listo</p></p>', 1, 1, 1, 0, 0),
(410, '2018-05-18 17:08:30', '2018-05-18 17:08:30', 0, 3, 1, 1, NULL, NULL, 'DESOS- boletin', '<p><p>Kiaxo Ion,&nbsp;</p><p>Me comentaba el de DESOS si se podría hacer el boletín algo más ancho, que pudiese ocupar como el ancho de un A4. Me dices, ok?</p><p>Eskerrik asko</p></p>', 1, 1, 1, 0, 0),
(411, '2018-05-21 17:18:26', '2018-05-21 17:18:26', 0, 2, 3, 1, 0, NULL, 'Que le llames al de Desos', '<p><p>Llamar a Desos</p></p>', 1, 1, 1, 0, 0),
(412, '2018-05-22 12:05:19', '2018-05-22 12:05:19', 0, 2, 3, 1, NULL, NULL, 'Jaione, Kabiatik', '<p><p>Que le llmas a Jaione, de Kabia.</p><p>635741466</p></p>', 1, 1, 1, 0, 0),
(413, '2018-05-22 13:30:29', '2018-05-22 13:30:29', 0, 2, 1, 1, 0, NULL, 'HOSTELERYKO. Llamada Softlan', '<p><p>Teléfono 943 62 90 74</p></p>', 1, 1, 1, 0, 0),
(414, '2018-05-22 15:20:54', '2018-05-22 15:20:54', 413, 1, 2, 1, NULL, NULL, 'RE: HOSTELERYKO. Llamada Softlan', '<p><p>Lo dicho, mañana les llamo sin falta</p></p>', 1, 1, 1, 0, 0),
(415, '2018-05-22 15:23:45', '2018-05-22 15:23:45', 413, 2, 1, 1, NULL, NULL, 'RE: RE: HOSTELERYKO. Llamada Softlan', '<p><p>Okis</p></p>', 1, 1, 1, 0, 0),
(416, '2018-05-22 16:13:46', '2018-05-22 16:13:46', 0, 3, 1, 1, NULL, NULL, 'Desos', '<p><p>Kaixo Ion,</p><p>Te he mamdado un email para que coloques el logotipo de Desos.<br></p></p>', 1, 1, 1, 0, 0),
(417, '2018-05-22 17:24:38', '2018-05-22 17:24:38', 416, 1, 3, 1, NULL, NULL, 'RE: Desos', '<p><p>Ya lo tienes, y te he creado la de construcción, pero mete los datos reales por favor</p></p>', 1, 1, 1, 0, 0),
(418, '2018-05-22 18:46:38', '2018-05-22 18:46:38', 416, 3, 1, 1, NULL, NULL, 'RE: RE: Desos', '<p><p>ok Ion, eskerrik asko!</p></p>', 1, 1, 1, 0, 0),
(419, '2018-05-22 19:02:58', '2018-05-22 19:02:58', 0, 3, 1, 1, 0, NULL, 'desos boletin', '<p><p>Kaixo Ion,</p><p>Me puedes hacer un favorcete? podrías modificarme el boletin el tamaño de ancho? más o menos como un folio... es que me he dado cuenta que el de abajo, el que está en 8080 no es el mismo que está arriba.&nbsp; Y no quiero meter la pata con el que está ya. Porque mañana tengo reunión a primera hora...</p><p>Mila esker! :)</p></p>', 1, 1, 1, 0, 0),
(420, '2018-05-23 09:09:03', '2018-05-23 09:09:03', 0, 3, 2, 1, NULL, NULL, 'llamar a JOHN DE ccv igara', '<p><p>LLamar a john de CCV igara</p></p>', 1, 1, 1, 0, 0),
(421, '2018-05-24 12:43:24', '2018-05-24 12:43:24', 0, 3, 1, 1, NULL, NULL, 'desos', '<p><p>Estas son las cosillas a realizar,</p><p>\r\n</p><p>2· Y para la de ahora DESOS. Crear botón de importación para meter excell de emails de clientes. Si solo se tiene correos, que de la opción que no tengas que porqué rellenar el campo de nombre y apellidos.\r\n</p><p>\r\n</p><p>3· Y dentro de la descripción del boletín dejar que pueda meter imágenes. (Faltaría ese botón)\r\n</p><p>\r\n</p><p>4· Y para el boletín, ahora mismo si en servicios no tienes imágen asignada que puedas meter el servicio sin imagen. Qué no sea obligatorio\r\n</p><p>\r\n</p><p>5· En la maquetación del boletín dejar un alo blanco entre servicio y servicio. Como si fuesen independientes.&nbsp;</p></p>', 1, 1, 1, 0, 0),
(422, '2018-05-24 13:09:48', '2018-05-24 13:09:48', 421, 1, 3, 1, NULL, NULL, 'RE: desos', '<p><p>Listo, ya esta todo:<br></p><p><a href=\"http://www.desos.eus/panel/es/boletines/preview/4/\">http://www.desos.eus/panel/es/boletines/preview/4/</a></p><p>Te dejo este boletin con el ejemplo.</p></p>', 1, 1, 1, 0, 0),
(423, '2018-05-24 13:24:35', '2018-05-24 13:24:35', 421, 3, 1, 1, NULL, NULL, 'RE: RE: desos', '<p><p>todo?????</p><p>joder k máquina!!!!!</p><p><br></p></p>', 1, 1, 1, 0, 0),
(424, '2018-05-24 13:26:43', '2018-05-24 13:26:43', 421, 1, 3, 1, NULL, NULL, 'RE: RE: RE: desos', '<p><p>Na, era sencillico, con el sistema de boletines que tenemos es facil cambiar cosas de maquetacion.</p></p>', 1, 1, 1, 0, 0),
(425, '2018-05-24 13:27:23', '2018-05-24 13:27:23', 421, 3, 1, 1, NULL, NULL, 'RE: RE: RE: RE: desos', '<p><p>nada nada que eres un CRACK!!!</p></p>', 1, 1, 1, 0, 0),
(426, '2018-05-24 13:31:14', '2018-05-24 13:31:14', 421, 1, 3, 1, NULL, NULL, 'RE: RE: RE: RE: RE: desos', '<p><p>(icono de cara sonrojada) XD</p></p>', 1, 1, 1, 0, 0),
(427, '2018-05-24 16:49:40', '2018-05-24 16:49:40', 0, 3, 1, 1, NULL, NULL, 'cibilbao', '<p><p>Proyecto <b>CIBILBAO</b>.</p><p>Cambios a realizar:</p><ul><li>En los Post, parece que al implementar el plugin para que cogiese la primera fotos de la cabecera, dentro del post cuando se abre se duplica la foto.</li><li>En el apartado de \"Video de la semana\" en el SIDEBAR&nbsp; hay que poner un enlace \"ver todos los vídeos\"</li><li>En el apartado de COMERCIOS DEL CIB en el SIDEBAR lo mismo colocar enlace \"ver todos los COMERCIOS CIB\".</li><li>En los post, limitar el resumen de cada uno. Si te fijas en la portada hay algunos que ocupan bastante más que otros. Limitar por ejemplo a 100 caracteres.</li><li>Tema Participantes</li><li>Tema boletín por dentro....</li></ul><p><br></p><p><br></p></p>', 1, 1, 1, 0, 0),
(428, '2018-05-25 07:36:25', '2018-05-25 07:36:25', 0, 2, 1, 1, 0, NULL, 'Contactar con Softgest', '<p><p>Proyecto Hosteleryko</p></p>', 1, 1, 1, 0, 0),
(429, '2018-05-25 13:08:21', '2018-05-25 13:08:21', 0, 3, 1, 1, NULL, NULL, 'INMOBILIARIA JUNCAL GAMINDE', '<p><p>Ion, te acabop de pasar un email con el acceso a&nbsp; la web de Inmobiliaria Gaminde, ok?</p><p><br></p></p>', 1, 1, 1, 0, 0),
(430, '2018-05-25 15:28:10', '2018-05-25 15:28:10', 429, 1, 3, 1, NULL, NULL, 'RE: INMOBILIARIA JUNCAL GAMINDE', '<p><p>Ok.</p></p>', 1, 1, 1, 0, 0),
(431, '2018-05-25 18:31:50', '2018-05-25 18:31:50', 0, 2, 2, 1, NULL, NULL, 'Contactar con Borja (Promotora)', '<p><p>Ha llamado a las 18:30 un tal Borja, de una promotora de Irun.</p><p>Quieren desarrollar una web exclusiva para una promoción: Fotos, planos, fichas técnicas, etc...</p><p>Hay que pasarle la web de Oinaurre para que la vean</p><p>deposito144@yahoo.es</p><p>618604731</p></p>', 1, 1, 1, 0, 0),
(432, '2018-05-25 18:31:50', '2018-05-25 18:31:50', 0, 2, 3, 1, NULL, NULL, 'Contactar con Borja (Promotora)', '<p><p>Ha llamado a las 18:30 un tal Borja, de una promotora de Irun.</p><p>Quieren desarrollar una web exclusiva para una promoción: Fotos, planos, fichas técnicas, etc...</p><p>Hay que pasarle la web de Oinaurre para que la vean</p><p>deposito144@yahoo.es</p><p>618604731</p></p>', 1, 1, 1, 0, 0),
(433, '2018-05-28 09:21:26', '2018-05-28 09:21:26', 0, 3, 2, 1, NULL, NULL, 'aldanbera', '<p><p>Llamar a Ardanbera,</p></p>', 1, 1, 1, 0, 0),
(434, '2018-05-28 12:58:15', '2018-05-28 12:58:15', 0, 3, 1, 1, NULL, NULL, 'Desos Boletin', '<p><p>Kaixo Ion,</p><p>Tal y como hemos hablado, quita el logotipo de desos del boletin de momento, ok?</p><p>Eskerrik asko, me avisas para que le pueda decir al cliente,</p><p>Merzie!</p></p>', 1, 1, 1, 0, 0),
(435, '2018-05-28 15:26:30', '2018-05-28 15:26:30', 0, 3, 2, 1, NULL, NULL, 'KONIK', '<p><p>Mira si de esas 2 faturas que nos debe hay alguna aceptación del presupuesto.</p><p><br></p></p>', 1, 1, 1, 0, 0),
(436, '2018-05-28 18:55:32', '2018-05-28 18:55:32', 0, 2, 1, 1, NULL, NULL, 'PULSIMPATIK', '<p><p>Si podéis, por favor, acordaros de mirarme lo que os comenté el otro día x whatsapp de footermenu de Pulsimpatik</p><p>\"Una cosilla. Estaba mirando una cosa curiosa en Pulsimpatik. En el footer de 8080 se muestra el footer menu. En la web no. Y he actualizado los archivos footer.php y footer-menu.php y nada. Curiosidades del php. YaA me diréis si sabéis por qué puede ser... Bihar arte\"</p></p>', 1, 1, 1, 0, 0),
(437, '2018-05-28 18:55:32', '2018-05-28 18:55:32', 0, 2, 4, 1, NULL, NULL, 'PULSIMPATIK', '<p><p>Si podéis, por favor, acordaros de mirarme lo que os comenté el otro día x whatsapp de footermenu de Pulsimpatik</p><p>\"Una cosilla. Estaba mirando una cosa curiosa en Pulsimpatik. En el footer de 8080 se muestra el footer menu. En la web no. Y he actualizado los archivos footer.php y footer-menu.php y nada. Curiosidades del php. YaA me diréis si sabéis por qué puede ser... Bihar arte\"</p></p>', 1, 1, 1, 0, 0),
(438, '2018-05-29 08:20:02', '2018-05-29 08:20:02', 0, 2, 4, 1, 0, NULL, 'CCV', '<p><p>Cerrar página web. Quién se encarga?</p></p>', 1, 1, 1, 0, 0),
(439, '2018-05-29 08:20:02', '2018-05-29 08:20:02', 0, 2, 1, 1, 0, NULL, 'CCV', '<p><p>Cerrar página web. Quién se encarga?</p></p>', 1, 1, 1, 0, 0),
(440, '2018-05-29 09:22:03', '2018-05-29 09:22:03', 439, 1, 2, 1, NULL, NULL, 'RE: CCV', '<p><p>Ya le meto mano, que hacemos? Creamos un mensaje? O directamente pagina en blanco?</p></p>', 1, 1, 1, 0, 0),
(441, '2018-05-29 09:29:03', '2018-05-29 09:29:03', 439, 2, 1, 1, NULL, NULL, 'RE: RE: CCV', '<p><p>Pues no sé... No me cogen el teléfono. Por ahora página en blanco...</p></p>', 1, 1, 1, 0, 0),
(442, '2018-05-29 09:29:54', '2018-05-29 09:29:54', 0, 2, 3, 1, NULL, NULL, 'NOA CARGO', '<p><p>Que les llames a Joaquín. 609 40 52 65</p></p>', 1, 1, 1, 0, 0),
(443, '2018-05-29 09:35:04', '2018-05-29 09:35:04', 0, 1, 2, 1, NULL, NULL, 'Kinendu marca blanca', '<p><p>Te he mandado un correo con lo del Connect marca blanca, con la chapa. Aparte yo le subiria 3 horillas, por la parte de exportar actividades desde el PC que he incluido.</p></p>', 1, 1, 1, 0, 0),
(444, '2018-05-29 09:39:58', '2018-05-29 09:39:58', 439, 1, 2, 1, NULL, NULL, 'RE: RE: RE: CCV', '<p><p>Listo, pagina en blanco. He redireccionado todo el trafico con el htaccess a 302, de manera temporal, o lo dejo en 301 definitivo? Entiendo que deberian crear una página de explicación o algo, un contenido, explicando que la web se cierra por bla bla bla</p></p>', 1, 1, 1, 0, 0),
(445, '2018-05-29 09:45:40', '2018-05-29 09:45:40', 0, 1, 3, 1, NULL, NULL, 'LOPD Olaizola', '<p><p>Que hacemos con la LOPD de Olaizola? Habria que cambiar solo una linea o hay mas historia? Tenemos mensaje de MAider:</p><p>Hola chicos\r\n</p><p> \r\n</p><p>una duda, creo q ya os ha preguntado Ainara , pero como yo he estado fuera de vacaciones por si aca...\r\n</p><p> \r\n</p><p><p></p></p><p>con lo del tema de la lopd nueva de la web tenemos q hacer algo o estaría todo legal ya así?\r\n</p><p><br></p></p>', 1, 1, 1, 0, 0),
(446, '2018-05-29 09:45:40', '2018-05-29 09:45:40', 0, 1, 2, 1, NULL, NULL, 'LOPD Olaizola', '<p><p>Que hacemos con la LOPD de Olaizola? Habria que cambiar solo una linea o hay mas historia? Tenemos mensaje de MAider:</p><p>Hola chicos\r\n</p><p> \r\n</p><p>una duda, creo q ya os ha preguntado Ainara , pero como yo he estado fuera de vacaciones por si aca...\r\n</p><p> \r\n</p><p><p></p></p><p>con lo del tema de la lopd nueva de la web tenemos q hacer algo o estaría todo legal ya así?\r\n</p><p><br></p></p>', 1, 1, 1, 0, 0),
(447, '2018-05-29 09:49:02', '2018-05-29 09:49:02', 439, 2, 1, 1, NULL, NULL, 'RE: RE: RE: RE: CCV', '<p><p>Ahora he hablado con Arantza. En principio, se queda en blanco. Si deciden poner un mensaje, nos dirán.</p></p>', 1, 1, 1, 0, 0),
(448, '2018-05-29 09:49:25', '2018-05-29 09:49:25', 445, 3, 1, 1, NULL, NULL, 'RE: LOPD Olaizola', '<p><p>Kaixo,</p><p>Llamale para explicarle lo de 1+1 y comentale que lo de la lopd LO MIRAMOS, OK?</p><p>Que le digo yo algo sin falta,</p><p><br></p><p><br></p></p>', 1, 1, 1, 0, 0),
(449, '2018-05-29 09:53:02', '2018-05-29 09:53:02', 438, 4, 2, 1, NULL, NULL, 'RE: CCV', '<p><p>ok, ya hago yo, pero que hay que hacer exactamente? dejar una pantalla de cerrado o qué?</p></p>', 1, 1, 1, 0, 0),
(450, '2018-05-29 10:19:26', '2018-05-29 10:19:26', 438, 2, 4, 1, NULL, NULL, 'RE: RE: CCV', '<p><p>Ya está Ion con esto, Alberto. ;)</p></p>', 1, 1, 1, 0, 0),
(451, '2018-05-29 10:41:49', '2018-05-29 10:41:49', 0, 1, 2, 1, NULL, NULL, 'Market Place', '<p><p>Te he mandado un resumen de los Market Places, si hace falta mas desarrollo me dices.</p></p>', 1, 1, 1, 0, 0),
(452, '2018-05-29 10:48:10', '2018-05-29 10:48:10', 451, 2, 1, 1, NULL, NULL, 'RE: Market Place', '<p><p>Ok. Lo miro!</p></p>', 1, 1, 1, 0, 0),
(453, '2018-05-29 11:09:49', '2018-05-29 11:09:49', 0, 3, 4, 1, NULL, NULL, 'CIBILBAO', '<p><p>Para acceder a la aplantilla de cibilbao<br></p><p><a href=\"https://market.envato.com/\">https://market.envato.com/</a></p><p>LauraRuiz</p><p>lanta_lau77</p><p>te vas a la pestaña Download y la plantilla es Soledad. A ver si encuentras el soporte, ok?</p><p>Me dices,</p><p><br></p><p>https://themeforest.net/page/item_support_policy</p></p>', 1, 1, 1, 0, 0),
(454, '2018-05-29 11:50:36', '2018-05-29 11:50:36', 0, 1, 2, 1, NULL, NULL, 'Dossier Lomeña', '<p><p>Os he mandado el dossier de Lomeña para que lo vayais maquetando, estoy pendiente de hablar con Carlos.</p></p>', 1, 1, 1, 0, 0),
(455, '2018-05-29 11:50:36', '2018-05-29 11:50:36', 0, 1, 3, 1, NULL, NULL, 'Dossier Lomeña', '<p><p>Os he mandado el dossier de Lomeña para que lo vayais maquetando, estoy pendiente de hablar con Carlos.</p></p>', 1, 1, 1, 0, 0),
(456, '2018-05-29 11:58:40', '2018-05-29 11:58:40', 455, 3, 1, 1, NULL, NULL, 'RE: Dossier Lomeña', '<p><p>ok Ion</p></p>', 1, 1, 1, 0, 0),
(457, '2018-05-29 12:11:37', '2018-05-29 12:11:37', 453, 4, 3, 1, NULL, NULL, 'RE: CIBILBAO', '<p><p>no encuentro la pestaña Download</p></p>', 1, 1, 1, 0, 0),
(458, '2018-05-29 13:56:44', '2018-05-29 13:56:44', 0, 2, 1, 1, NULL, NULL, 'Move On. Kinendu Connect', '<p><p>Me comenta Ángel a ver si esta semana podría estar el tema del Garmin&nbsp; y lo de Facebook controlado...</p></p>', 1, 1, 1, 0, 0),
(459, '2018-05-29 14:33:22', '2018-05-29 14:33:22', 458, 1, 2, 1, NULL, NULL, 'RE: Move On. Kinendu Connect', '<p><p>Ahora mismo te digo que no, porque tengo que meter horas, y tengo cosas antes que lo suyo. Tendria que entenderlo, para la semana que viene esta fijo.</p></p>', 1, 1, 1, 0, 0),
(460, '2018-05-29 14:33:47', '2018-05-29 14:33:47', 445, 1, 3, 1, NULL, NULL, 'RE: RE: LOPD Olaizola', '<p><p>Maider que le llame mañana a la mañana. Llamare desde la ofi.</p></p>', 1, 1, 1, 0, 0),
(461, '2018-05-29 14:41:25', '2018-05-29 14:41:25', 458, 2, 1, 1, NULL, NULL, 'RE: RE: Move On. Kinendu Connect', '<p><p>Ok. Lasai. Cuando puedas, pásame el cronograma y se lo reenvío.</p></p>', 1, 1, 1, 0, 0),
(462, '2018-05-29 14:52:31', '2018-05-29 14:52:31', 458, 2, 1, 1, NULL, NULL, 'RE: RE: Move On. Kinendu Connect', '<p><p>Me dice Ángel:</p><p>\"Gracias Lander.</p><p></p><p>Qué presupuesto tendría el 2º planteamiento más orientado a la red social con usuario rector, estadísticas, etc...</p><p></p><p>Un saludo\"</p><p>Entiendo que el que le hemos pasado, no? las 35 horas. aprox</p><p><br></p><p><br></p></p>', 1, 1, 1, 0, 0),
(463, '2018-05-29 15:21:23', '2018-05-29 15:21:23', 458, 1, 2, 1, NULL, NULL, 'RE: RE: RE: Move On. Kinendu Connect', '<p><p>Pues no se, porque de esta frase \"Qué presupuesto tendría el 2º planteamiento más orientado a la red social con <b>usuario rector, estadísticas</b>, etc...\" esa parte es el presupuesto, el <b>etc.</b> no se que abarca.</p></p>', 1, 1, 1, 0, 0),
(464, '2018-05-29 15:43:04', '2018-05-29 15:43:04', 445, 3, 1, 1, NULL, NULL, 'RE: RE: RE: LOPD Olaizola', '<p><p>OK, Ion</p></p>', 1, 1, 1, 0, 0),
(465, '2018-05-29 16:14:30', '2018-05-29 16:14:30', 453, 3, 4, 1, NULL, NULL, 'RE: RE: CIBILBAO', '<p><p>una vez que accedes, donde pone mi nombre Laura Ruiz Clicas encima y hay un desplegable. Clica en el desplegable y veras la pestaña download.</p><p>Te saldrán dos productos elige el de soledad. Verás que hay un enlace para support. Clicas en el y te llevará a otra pantalla y sigues para adelante...</p></p>', 1, 1, 1, 0, 0),
(466, '2018-05-29 16:41:53', '2018-05-29 16:41:53', 0, 3, 1, 1, NULL, NULL, 'farmacia Olaizola', '<p><p>¿Has podido terminar con lo que te quedaba para la farmacia?</p><p>Me comentas, ok? que creo que no tardará en llamarme...</p></p>', 1, 1, 1, 0, 0),
(467, '2018-05-29 16:43:41', '2018-05-29 16:43:41', 466, 1, 3, 1, NULL, NULL, 'RE: farmacia Olaizola', '<p><p>Estoy con ello, tengo que ir a donde los peques, luego sigo... voy muy apurado, me he pasado toda la mañana con los presus. Si no me da tiempo para mañana esta fijo, sorry</p></p>', 1, 1, 1, 0, 0),
(468, '2018-05-29 16:44:23', '2018-05-29 16:44:23', 466, 3, 1, 1, NULL, NULL, 'RE: RE: farmacia Olaizola', '<p><p>okis Ion, lasai!</p></p>', 1, 1, 1, 0, 0),
(469, '2018-05-30 10:58:41', '2018-05-30 10:58:41', 453, 4, 3, 1, NULL, NULL, 'RE: RE: RE: CIBILBAO', '<p><p>ok, ya estoy, que es lo que pasa exactamente? cual es el problema porque no funciona?</p></p>', 1, 1, 1, 0, 0),
(470, '2018-05-30 11:43:33', '2018-05-30 11:43:33', 0, 2, 1, 1, NULL, NULL, 'Lomeña', '<p><p>Acuérdate de responderle el mail a Frederick...</p></p>', 1, 1, 1, 0, 0),
(471, '2018-05-30 18:13:02', '2018-05-30 18:13:02', 453, 3, 4, 1, NULL, NULL, 'RE: RE: RE: RE: CIBILBAO', '<p><p>la web funciona, lo único que hay que hacer es un respaldo por si las moscas (duplicación del contenido). Si se actualiza la versión de wordperss que no toque plugins que están instalados y que ya no hay versiones para ello. No se si me he explicado bien.</p><p>Si eso le preguntas a Ion, ok?</p><p>Gracias,</p><p><br></p><p><br></p></p>', 1, 1, 1, 0, 0),
(472, '2018-05-30 18:16:11', '2018-05-30 18:16:11', 0, 3, 4, 1, NULL, NULL, 'NOA CARGO', '<p><p>Kaixo otra vez,</p><p>En la web de NOA CARGO en configuración debe de estar esta información;</p><p>http://192.168.0.200:8080/noacargo/es/</p><p><br></p><p>CONTACTO\r\n</p><p>\r\n</p><p>El tfno. De contacto de NOACARGO es el 943568910,el fax 943568911 y el correo electrónico, noacargo@noacargo.com,nuestra pagina web es www.noacargo.com\r\n</p><p>\r\n</p><p>\r\n</p><p><b>ADMINISTRACCION</b>: </p><p>marijo@noacargo.com \r\n</p><p>                                        patricia@noacargo.com\r\n</p><p>\r\n</p><p><b>DTO DE TRAFICO</b>: </p><p>patxi@noacargo.com /tfno. 609401119\r\n</p><p>                                  mariana@noacargo/com/tfno. 602212536\r\n</p><p>                                  yayza@noacargo.com/tfno647716990\r\n</p><p>\r\n</p><p>\r\n</p><p><b>CONTROL DE DOCUMENTACCION</b>: </p><p>arrate@noacargo.com\r\n</p><p>                                                                     ane@noacargo.com \r\n</p><p>\r\n</p><p>\r\n</p><p><b>DIRECCION</b>: </p><p>joaquin@noacargo.com/tfno 609405265\r\n</p><p><p>\r\n</p><p>\r\n</p><p>\r\n</p><p></p></p><p>patxi@noacargo.com/tfno 609401119</p><p><br></p><p>Hay que modificar esa parte para introducir estos datos ok?</p><p>Gracias!</p></p>', 1, 1, 1, 0, 0),
(473, '2018-05-30 18:25:58', '2018-05-30 18:25:58', 0, 3, 4, 1, 0, NULL, 'NOA CARGO', '<p><p>Alberto,</p><p>Creo que el otro día creaste el cliente de NOA CARGO. El tiempo que invertiste para duplicar el proyecto lo has puesto en cliente. Lo puedes meter en el proyecto NOACARGO-WEB, por favor? :)</p><p>Gracias!</p></p>', 1, 1, 1, 0, 0),
(474, '2018-05-31 08:46:27', '2018-05-31 08:46:27', 0, 4, 1, 1, NULL, NULL, 'cibilbao', '<p><p>que es lo que hay que hacer exactamente Ion?</p><p><br></p><p>Laura Ruiz de Pablo</p><p>RE: RE: RE: RE: CIBILBAO 2018-05-30 18:13:02</p><p>la web funciona, lo único que hay que hacer es un respaldo por si las moscas (duplicación del contenido). Si se actualiza la versión de wordperss que no toque plugins que están instalados y que ya no hay versiones para ello. No se si me he explicado bien.</p><p></p><p>Si eso le preguntas a Ion, ok?</p><p></p><p>Gracias,</p></p>', 1, 1, 1, 0, 0),
(475, '2018-05-31 09:30:41', '2018-05-31 09:30:41', 472, 4, 3, 1, NULL, NULL, 'RE: NOA CARGO', '<p><p>hecho</p><p>donde tienen que mostrarse tantos emails? en el pie y en contacto y localización?</p></p>', 1, 1, 1, 0, 0),
(476, '2018-05-31 09:46:35', '2018-05-31 09:46:35', 472, 3, 4, 1, NULL, NULL, 'RE: RE: NOA CARGO', '<p><p>Egun on!!!!</p><p>k rápido! eskerrik asko,</p><p>En contacto</p><p>En el pie pondremos el general mejor.</p></p>', 1, 1, 1, 0, 0),
(477, '2018-05-31 09:57:01', '2018-05-31 09:57:01', 472, 4, 3, 1, NULL, NULL, 'RE: RE: RE: NOA CARGO', '<p><p>ok, los meto en contacto</p><p>pongo también lo de la LOPD?</p></p>', 1, 1, 1, 0, 0),
(478, '2018-05-31 09:57:48', '2018-05-31 09:57:48', 472, 3, 4, 1, NULL, NULL, 'RE: RE: RE: RE: NOA CARGO', '<p><p>si por favor</p></p>', 1, 1, 1, 0, 0),
(479, '2018-05-31 10:37:40', '2018-05-31 10:37:40', 0, 3, 2, 1, NULL, NULL, 'konik', '<p><p>Mirar si tenemos alguna aceptación del presupuiesto para mandarle a Lekuona</p></p>', 1, 1, 1, 0, 0),
(480, '2018-05-31 12:20:53', '2018-05-31 12:20:53', 0, 3, 1, 1, NULL, NULL, 'LURAUTO', '<p><p>Kaixo Ion,</p><p>Como te he comentado por whatxup, necesitaría que me pasaras un email con todo lo que necesitas, ok?</p><p>Eskerrik asko,</p></p>', 1, 1, 1, 0, 0),
(481, '2018-05-31 12:32:57', '2018-05-31 12:32:57', 474, 1, 4, 1, NULL, NULL, 'RE: cibilbao', '<p><p>Pues asi explicado ni idea. Lo que quedaba pendiente de Cibilbao era poder activar el plugin de theme-child, que no conseguiamos, de esto que comenta Laura ni idea</p></p>', 1, 1, 1, 0, 0),
(482, '2018-05-31 12:37:38', '2018-05-31 12:37:38', 480, 1, 3, 1, NULL, NULL, 'RE: LURAUTO', '<p><p>Ya tienes</p></p>', 1, 1, 1, 0, 0),
(483, '2018-05-31 12:42:12', '2018-05-31 12:42:12', 480, 3, 1, 1, NULL, NULL, 'RE: RE: LURAUTO', '<p><p>ok, ya lo veo, thanks</p></p>', 1, 1, 1, 0, 0),
(484, '2018-05-31 12:44:22', '2018-05-31 12:44:22', 0, 3, 1, 1, NULL, NULL, 'farmacia Olaizola', '<p><p>Kaixo Ion, ¿Cómo tienes lo de la farmacia?</p><p><br></p><p>Me comentas, ok?</p><p><br></p><p>Eskerrik asko :)</p></p>', 1, 1, 1, 0, 0),
(485, '2018-05-31 13:07:54', '2018-05-31 13:07:54', 484, 1, 3, 1, NULL, NULL, 'RE: farmacia Olaizola', 'Ahora me pongo con ello, Maider me insiste con la LOPD, cometnale a Lander que revise please para darle una respuesta. Nos ha mandado un correo con el test para presupuestar.', 1, 1, 1, 0, 0),
(486, '2018-05-31 13:07:54', '2018-05-31 13:07:54', 484, 1, 2, 1, NULL, NULL, 'RE: farmacia Olaizola', 'Ahora me pongo con ello, Maider me insiste con la LOPD, cometnale a Lander que revise please para darle una respuesta. Nos ha mandado un correo con el test para presupuestar.', 1, 1, 1, 0, 0),
(487, '2018-05-31 13:09:59', '2018-05-31 13:09:59', 484, 3, 1, 1, NULL, NULL, 'RE: RE: farmacia Olaizola', '<p><p>ok,Ion, gracias por recordarmelo. Ahora mismo lo mira Lander.</p></p>', 1, 1, 1, 0, 0),
(488, '2018-05-31 13:15:18', '2018-05-31 13:15:18', 484, 2, 1, 1, NULL, NULL, 'RE: RE: farmacia Olaizola', '<p><p>Ok.</p><p>a) En principio los textos están bien. Hay qeu inlcuir algún párrafo nuevo, con alguna cláususla nueva</p><p>b) Yo haría 3 menús: Política de privacidad, Política de Cookies y Aviso legal. Ahora existe un únic capítulo \"AVISO LEGAL Y POLÍTICA DE PRIVACIDAD\"</p><p>c) Incluir el checkbox en cada formulario</p><p>Lo demás, listo.</p></p>', 1, 1, 1, 0, 0),
(489, '2018-05-31 13:15:18', '2018-05-31 13:15:18', 484, 2, 3, 1, NULL, NULL, 'RE: RE: farmacia Olaizola', '<p><p>Ok.</p><p>a) En principio los textos están bien. Hay qeu inlcuir algún párrafo nuevo, con alguna cláususla nueva</p><p>b) Yo haría 3 menús: Política de privacidad, Política de Cookies y Aviso legal. Ahora existe un únic capítulo \"AVISO LEGAL Y POLÍTICA DE PRIVACIDAD\"</p><p>c) Incluir el checkbox en cada formulario</p><p>Lo demás, listo.</p></p>', 1, 1, 1, 0, 0),
(490, '2018-05-31 13:16:37', '2018-05-31 13:16:37', 0, 2, 1, 1, NULL, NULL, 'MOVEON', '<p><p>Ion, escríbeles porfa. Que no se te pase...</p></p>', 1, 1, 1, 0, 0),
(491, '2018-05-31 13:24:29', '2018-05-31 13:24:29', 484, 1, 2, 1, NULL, NULL, 'RE: RE: RE: farmacia Olaizola', '<p><p>Okis, se lo mando ya mismo. Thanx</p></p>', 1, 1, 1, 0, 0),
(492, '2018-05-31 13:25:13', '2018-05-31 13:25:13', 490, 1, 2, 1, NULL, NULL, 'RE: MOVEON', '<p><p>Ya me ha bombardeado via guachap el EC... con el cambio de servidor, he hecho la petición, espero que no pete nada. Lo he programado para las 21:00</p></p>', 1, 1, 1, 0, 0),
(493, '2018-05-31 16:04:31', '2018-05-31 16:04:31', 0, 3, 4, 1, NULL, NULL, 'Distribuciones zamora', '<p><p>Kaixooooo</p><p>\r\n</p><p><p></p></p><p><a href=\"http://lantalau.sytes.net:8090/zamora/\">http://lantalau.sytes.net:8090/zamora/</a><a href=\"http://lantalau.sytes.net:8090/zamora/\"></a></p><p>Podrías copiarme este proyecto a 8080?</p><p>Eskerrik asko,</p><p>Laura</p><p>\r\n</p></p>', 1, 1, 1, 0, 0),
(494, '2018-06-01 07:51:42', '2018-06-01 07:51:42', 0, 3, 4, 1, NULL, NULL, 'Distribuciones zamora', '<p><p>Albert, hoy a la mañana mírame lo de distribuciones zamora, ok?</p><p>Necesito tenerlo en 8080. Es un proyecto del 2016 k se kedo en standby por falta de fotos y justo ayer nos llamaron para retomarlo.</p><p>Cuando lo tengas me comentas,</p><p>Eskerrik asko.</p><p><br></p></p>', 1, 1, 1, 0, 0),
(495, '2018-06-01 10:27:51', '2018-06-01 10:27:51', 0, 1, 3, 1, 0, NULL, 'Cibilbao', '<p><p>Yo ahora te estoy finiquitando lo de Cibilbao, al final he conseguido meter el theme child, pero rehaciendo muchos cambuios, luego cuando lo tenga te confirmo para que lo revises.</p></p>', 1, 1, 1, 0, 0),
(496, '2018-06-01 10:28:56', '2018-06-01 10:28:56', 495, 3, 1, 1, NULL, NULL, 'RE: Cibilbao', '<p><p>perfecto Ion! Eres un crack!!! Ya lo sabe Alberto?&nbsp;</p><p>Para avisarle que no pierda el tiempo con esto,ok?</p><p>gracias!</p><p><br></p></p>', 1, 1, 1, 0, 0),
(497, '2018-06-01 10:29:54', '2018-06-01 10:29:54', 0, 3, 1, 1, 0, NULL, 'farmacia Olaizola', '<p><p>Kaixo,</p><p>En cuanto lo tengas todo me avisas,</p><p><br></p><p>THANKS!</p></p>', 1, 1, 1, 0, 0),
(498, '2018-06-01 10:40:14', '2018-06-01 10:40:14', 493, 4, 3, 1, NULL, NULL, 'RE: Distribuciones zamora', '<p><p>ya está copiado</p></p>', 1, 1, 1, 0, 0),
(499, '2018-06-01 10:42:31', '2018-06-01 10:42:31', 495, 1, 3, 1, NULL, NULL, 'RE: RE: Cibilbao', '<p><p>No, ahora le mando, ni me he dado cuenta</p></p>', 1, 1, 1, 0, 0),
(500, '2018-06-01 10:43:05', '2018-06-01 10:43:05', 474, 1, 4, 1, NULL, NULL, 'RE: cibilbao', 'Pacharl? Olvidate de Cibilbao, ya he conseguido solucionarlo (Icono de brazo cachas) XD', 1, 1, 1, 0, 0),
(501, '2018-06-01 10:43:34', '2018-06-01 10:43:34', 493, 3, 4, 1, NULL, NULL, 'RE: RE: Distribuciones zamora', '<p><p>ok, perfecto!</p></p>', 1, 1, 1, 0, 0),
(502, '2018-06-01 10:43:53', '2018-06-01 10:43:53', 474, 4, 1, 1, NULL, NULL, 'RE: RE: cibilbao', '<p><p>tienes que meter emojis en lantawork (icono de risas) :P</p></p>', 1, 1, 1, 0, 0),
(503, '2018-06-01 10:44:22', '2018-06-01 10:44:22', 0, 3, 4, 1, NULL, NULL, 'cibilbao', '<p><p>Tema cibilbao, dejalo. Ion ya lo ha conseguido, ok? olvidate de esto. Eskerrik asko,</p></p>', 1, 1, 1, 0, 0),
(504, '2018-06-01 10:45:40', '2018-06-01 10:45:40', 503, 4, 3, 1, NULL, NULL, 'RE: cibilbao', '<p><p>ok ', 1, 1, 1, 0, 0),
(505, '2018-06-01 10:51:27', '2018-06-01 10:51:27', 474, 1, 4, 1, NULL, NULL, 'RE: RE: RE: cibilbao', '<p><p>(monton de mierda con ojos) XD</p></p>', 1, 1, 1, 0, 0),
(506, '2018-06-01 10:52:22', '2018-06-01 10:52:22', 474, 4, 1, 1, NULL, NULL, 'RE: RE: RE: RE: cibilbao', '<p><p>', 1, 1, 1, 0, 0),
(507, '2018-06-01 10:53:03', '2018-06-01 10:53:03', 474, 4, 1, 1, NULL, NULL, 'RE: RE: RE: RE: cibilbao', '<p><p>has recibido algo en la anterior nota?</p></p>', 1, 1, 1, 0, 0),
(508, '2018-06-01 10:54:30', '2018-06-01 10:54:30', 474, 1, 4, 1, NULL, NULL, 'RE: RE: RE: RE: RE: cibilbao', '<p><p>Nope, vacio</p></p>', 1, 1, 1, 0, 0),
(509, '2018-06-01 11:07:24', '2018-06-01 11:07:24', 474, 4, 1, 1, NULL, NULL, 'RE: RE: RE: RE: RE: RE: cibilbao', '<p><p>vale, entonces no deja pegar emojis</p></p>', 1, 1, 1, 0, 0),
(510, '2018-06-01 12:27:48', '2018-06-01 12:27:48', 0, 3, 4, 1, NULL, NULL, 'distribuciones zamora', '<p><p>Albert, cuando puedas sube el proyecto distribuciones zamora a 8090, ok?</p><p><br></p><p>Eskerrik asko, me avisas,</p></p>', 1, 1, 1, 0, 0),
(511, '2018-06-01 12:32:56', '2018-06-01 12:32:56', 0, 3, 4, 1, NULL, NULL, 'Distribuciones zamora', '<p><p>He creado el proyecto en lANTAWORK, OK?</p><p>Pon el tiempo en el proyecto DISTRIBUCIONES ZAMORA: WEB</p><p>tHANKS</p></p>', 1, 1, 1, 0, 0),
(512, '2018-06-01 12:35:45', '2018-06-01 12:35:45', 511, 4, 3, 1, NULL, NULL, 'RE: Distribuciones zamora', '<p><p>ya está copiado a 8090</p></p>', 1, 1, 1, 0, 0),
(513, '2018-06-01 12:38:56', '2018-06-01 12:38:56', 0, 3, 4, 1, NULL, NULL, 'goxart pdf', '<p><p>Albert, sube lo de goxart, ok? al la web de ellos directamente.</p><p>Me avisas para que les comente</p></p>', 1, 1, 1, 0, 0),
(514, '2018-06-01 13:25:00', '2018-06-01 13:25:00', 0, 3, 4, 1, NULL, NULL, 'goxart web', '<p><p>Kaixooo ¿Dónde no se ve bien?</p><p>Explicamelo mejor, ok?</p><p><br></p></p>', 1, 1, 1, 0, 0),
(515, '2018-06-01 13:28:20', '2018-06-01 13:28:20', 514, 4, 3, 1, NULL, NULL, 'RE: goxart web', '<p><p>a ver, el problema está que había puesto un tiny a la dirección, pero como tienen puestas 2 direcciones en su web, queda muy espaciado</p><p>he separado las direcciones en 2, porque sino coge las 2 en el pdf, y les he quitado el tiny, pero en el pdf queda mal</p><p>voy a intentar algo, ahora te digo</p></p>', 1, 1, 1, 0, 0),
(516, '2018-06-01 13:39:41', '2018-06-01 13:39:41', 514, 4, 3, 1, NULL, NULL, 'RE: goxart web', '<p><p>vale, ya he solucionado</p><p>he creado un campo nuevo que es para meter la dirección que se va a mostar en el PDF y le he metido un tiny</p></p>', 1, 1, 1, 0, 0),
(517, '2018-06-01 15:08:20', '2018-06-01 15:08:20', 514, 3, 4, 1, NULL, NULL, 'RE: RE: goxart web', '<p><p>ok, ya lo veo bien. lo has modificado, no?</p><p><br></p></p>', 1, 1, 1, 0, 0),
(518, '2018-06-04 13:32:17', '2018-06-04 13:32:17', 0, 2, 3, 1, NULL, NULL, 'Lurauto', '<p><p>Qu ele llames</p></p>', 1, 1, 1, 0, 0),
(519, '2018-06-04 16:02:59', '2018-06-04 16:02:59', 0, 3, 2, 1, NULL, NULL, 'andeye', '<p><p>LLamar a Pedro de Andeye</p></p>', 1, 1, 1, 0, 0),
(520, '2018-06-04 17:51:50', '2018-06-04 17:51:50', 0, 2, 1, 1, NULL, NULL, 'KIROLBET', '<p><p>Te he enviado un mail de Tomás. Agur!</p></p>', 1, 1, 1, 0, 0),
(521, '2018-06-04 18:54:54', '2018-06-04 18:54:54', 0, 2, 3, 1, NULL, NULL, 'Lander Larrea :: MGROTULOS', '<p><p>El diseño para la Ford Connect!</p></p>', 1, 1, 1, 0, 0),
(522, '2018-06-05 08:30:30', '2018-06-05 08:30:30', 0, 2, 3, 1, NULL, NULL, 'Alfredo x Whatsapp', '<p><p>Tienes un whatsapp de un tal Alfredo, al que le diste el contacto de AMG Rótulos</p></p>', 1, 1, 1, 0, 0),
(523, '2018-06-05 09:29:39', '2018-06-05 09:29:39', 0, 2, 1, 1, NULL, NULL, 'OLAN. Comentar con Lander', '', 1, 1, 1, 0, 0),
(524, '2018-06-05 12:03:49', '2018-06-05 12:03:49', 0, 2, 3, 1, NULL, NULL, 'Distr. Zamora', '<p><p>Llamar distribuciones Zamora (Gema)</p><p>943 66 70 83</p></p>', 1, 1, 1, 0, 0),
(525, '2018-06-05 13:44:26', '2018-06-05 13:44:26', 524, 3, 2, 1, NULL, NULL, 'RE: Distr. Zamora', '<p><p>ya está! petardooo</p></p>', 1, 1, 1, 0, 0),
(526, '2018-06-05 13:54:47', '2018-06-05 13:54:47', 522, 3, 2, 1, NULL, NULL, 'RE: Alfredo x Whatsapp', '<p><p>ok, ya está,</p><p>gracias</p></p>', 1, 1, 1, 0, 0),
(527, '2018-06-05 20:08:04', '2018-06-05 20:08:04', 0, 3, 3, 1, NULL, NULL, 'Llamada de tfno mamen', '<p><p>Llamar al tfno k me ha llamado. Una tal mamen.</p></p>', 1, 1, 1, 0, 0),
(528, '2018-06-06 10:39:03', '2018-06-06 10:39:03', 0, 2, 1, 1, NULL, NULL, 'EROSAL :: Módulo de Traducciones', '<p><p>Cuando puedas, hay que incluir el módulo en Erosal.</p></p>', 1, 1, 1, 0, 0),
(529, '2018-06-07 18:04:41', '2018-06-07 18:04:41', 0, 3, 2, 1, NULL, NULL, 'TRANSPECIAL políticas de cookies', '<p><p>Transpecial,</p><p>Cuando entras en transpecial abajo sale el bloque para aceptar las políticas de cookies. Me comenta Fermín que no son las mismas que aparecen en el bloque de \"políticas de cookies\".</p><p>Lo miras, ok?</p><p><br></p></p>', 1, 1, 1, 0, 0),
(530, '2018-06-11 11:22:16', '2018-06-11 11:22:16', 0, 3, 2, 1, NULL, NULL, 'Distribuciones zamora', '<p><p>Poner&nbsp; los textos de la LOPD a la web.</p></p>', 1, 1, 1, 0, 0),
(531, '2018-06-11 11:41:47', '2018-06-11 11:41:47', 0, 3, 1, 1, NULL, NULL, 'web buruz gimnasio cerebral', '<p><p>duplicar please el proyecto de Easo. Y a este nuevo añadirle el módulo de noticias. lo puedes coger de la wb de BNI.</p><p>ESKERRIK ASKOOOOOOO</p></p>', 1, 1, 1, 0, 0),
(532, '2018-06-11 17:05:08', '2018-06-11 17:05:08', 530, 2, 3, 1, NULL, NULL, 'RE: Distribuciones zamora', '<p><p>Listo. Falta hablar del formulario de contacto.</p><p>En la parte inferior, en el footer, hay un formulario. Sin embargo, si le doy a contactar con nosotros, nos hace una mailto. ¿Cómo tiene que ser?</p></p>', 1, 1, 1, 0, 0),
(533, '2018-06-11 18:57:37', '2018-06-11 18:57:37', 0, 2, 1, 1, NULL, NULL, 'ANDEYE. Copiar al servidor nuevo', '<p><p>Hay que copiar este proyecto...</p></p>', 1, 1, 1, 0, 0),
(534, '2018-06-12 10:38:49', '2018-06-12 10:38:49', 533, 1, 2, 1, NULL, NULL, 'RE: ANDEYE. Copiar al servidor nuevo', '<p><p>Copiado!</p></p>', 1, 1, 1, 0, 0),
(535, '2018-06-12 15:49:56', '2018-06-12 15:49:56', 533, 2, 1, 1, NULL, NULL, 'RE: RE: ANDEYE. Copiar al servidor nuevo', '<p><p>Perfect!</p></p>', 1, 1, 1, 0, 0),
(536, '2018-06-13 08:36:07', '2018-06-13 08:36:07', 0, 4, 3, 1, NULL, NULL, 'pintxometro', '<p><p>egun on!</p><p>ayer me escribió el de pintxometro:</p><p><br></p><p>El 12 jun 2018, a las 17:51, <fernandoalvarez@pintxometro.com> <fernandoalvarez@pintxometro.com> escribió:</fernandoalvarez@pintxometro.com></fernandoalvarez@pintxometro.com></p><p></p><p>Buenas tardes Alberto,</p><p>El problema era que quería entrar con el móvil y no lo consigo.</p><p>Con el PC  si puedo entrar.</p><p>Necesito un cursillo acelerado para meter datos porque no soy capaz de meter fotos, etc.</p><p>Cuando podemos quedar para hacerlo por teléfono o es mejor que vaya a la oficina?</p><p><p></p></p><p><br></p></p>', 1, 1, 1, 0, 0),
(537, '2018-06-13 08:54:39', '2018-06-13 08:54:39', 536, 3, 4, 1, NULL, NULL, 'RE: pintxometro', '<p><p>ok, Alberto,</p><p>Ya le comento yo, gracias,</p><p><br></p></p>', 1, 1, 1, 0, 0),
(538, '2018-06-13 08:57:44', '2018-06-13 08:57:44', 0, 3, 2, 1, NULL, NULL, 'Distribuciones zamora', '<p><p>Meter el check box en el formulario de distribuciones Zamora y ya lo tendríamos para subir.</p><p>Eskerrik asko,</p><p><br></p><p><br></p></p>', 1, 1, 1, 0, 0),
(539, '2018-06-13 09:42:00', '2018-06-13 09:42:00', 0, 4, 2, 1, NULL, NULL, 'inutralia', '<p><p>supongo que habréis leído el mail de los de inutralia, que lo van a mirar</p><p>yo no puedo avanzar más en el proyecto, ya me diréis que hago</p></p>', 1, 1, 1, 0, 0),
(540, '2018-06-13 09:42:00', '2018-06-13 09:42:00', 0, 4, 1, 1, NULL, NULL, 'inutralia', '<p><p>supongo que habréis leído el mail de los de inutralia, que lo van a mirar</p><p>yo no puedo avanzar más en el proyecto, ya me diréis que hago</p></p>', 1, 1, 1, 0, 0),
(541, '2018-06-13 10:09:00', '2018-06-13 10:09:00', 540, 1, 4, 1, NULL, NULL, 'RE: inutralia', '<p><p>Nos han contestado que lo miran esta mañana, manda huevos, yo en cuanto sepa algo te aviso</p></p>', 1, 1, 1, 0, 0),
(542, '2018-06-13 12:08:22', '2018-06-13 12:08:22', 0, 3, 1, 1, NULL, NULL, 'varios', '<p><p>Para <b>automovileseuskalduna</b> duplícame please la de JOXEAN GOROSTEGI</p><p>Sumipesca un par de cosillas pero mejor te las comento insitu, eskerrik asko,</p><p><br></p><p><br></p></p>', 1, 1, 1, 0, 0),
(543, '2018-06-13 16:39:58', '2018-06-13 16:39:58', 0, 3, 1, 1, NULL, NULL, 'Distribuciones zamora', '<p><p>Ya está la web subida a su servidor.</p><p>Hay que meter la base de datos.&nbsp;</p><p>te paso el acceso por email ok?</p><p>Thanks</p></p>', 1, 1, 1, 0, 0),
(544, '2018-06-13 17:32:32', '2018-06-13 17:32:32', 0, 3, 1, 1, NULL, NULL, 'web buruz gimnasio cerebral', '<p><p>Subir la web buruz a 8090, please</p><p>Thanks,</p><p><br></p></p>', 1, 1, 1, 0, 0),
(545, '2018-06-14 09:23:29', '2018-06-14 09:23:29', 0, 2, 1, 1, 0, NULL, 'Llamar a Aitor Gª OTAZO', '<p><p>Llamar a Aitor Gª OTAZO</p><p>670 49 90 18</p></p>', 1, 1, 1, 0, 0),
(546, '2018-06-14 10:21:02', '2018-06-14 10:21:02', 544, 1, 3, 1, NULL, NULL, 'RE: web buruz gimnasio cerebral', '<p><p>Subido!</p></p>', 1, 1, 1, 0, 0),
(547, '2018-06-14 12:14:22', '2018-06-14 12:14:22', 544, 3, 1, 1, NULL, NULL, 'RE: RE: web buruz gimnasio cerebral', '<p><p>okis ya le he mandado el email.</p><p>Thanks!!!</p></p>', 1, 1, 1, 0, 0),
(548, '2018-06-14 12:57:57', '2018-06-14 12:57:57', 543, 1, 3, 1, NULL, NULL, 'RE: Distribuciones zamora', '<p><p>Subido y comprobado!</p></p>', 1, 1, 1, 0, 0),
(549, '2018-06-14 18:44:17', '2018-06-14 18:44:17', 0, 3, 1, 1, NULL, NULL, 'Noa cargo web', '<p><p>Kaixo Ion, súbeme please la web de noa cargo a 8090,</p><p>Thanks!</p></p>', 1, 1, 1, 0, 0),
(550, '2018-06-14 18:46:16', '2018-06-14 18:46:16', 0, 3, 2, 1, NULL, NULL, 'web sumipesca', '<p><p>Mañana hablamos de Sumipesca de un par de cosas.</p></p>', 1, 1, 1, 0, 0),
(551, '2018-06-14 19:27:19', '2018-06-14 19:27:19', 0, 3, 1, 1, NULL, NULL, 'web Desos', '<p><p>En el apartado de SERVICIOS no se cargan los 3 servicios, creo que es porque hay un desplegable.<br></p><p>Y dentro de cada servicio quitar la columna de la derecha. Mañana ya te lo comentaré.</p><p>Thanks!</p></p>', 1, 1, 1, 0, 0),
(552, '2018-06-15 10:37:32', '2018-06-15 10:37:32', 0, 3, 1, 1, NULL, NULL, 'MAS QUE DELICATESSEN', '<p><p>Egun On Laura,\r\n</p><p>Tramitando un pedido nos hemos dado cuenta que la pantalla de pedidos realizados sigue apareciendo en desorden, y con la pestaña superior de fecha de pedido no se ordena por la fecha, sólo lo ordena por el primer número (el día) y además creo que sólo tiene en cuenta la pantalla que estás visualizando y no todo el histórico de pedidos.\r\n</p><p>Para una buena gestión de esta información tiene que ordenarlos por la fecha de pedido y aparecer el primero el más reciente. Es decir de más reciente a más antiguo.\r\n</p><p>Por favor revísalo y hablamos.\r\n</p><p>Eskerrik asko.\r\n</p><p>Un saludo,\r\n</p><p>\r\n</p><p><p></p></p><p>Iñigo Garasa\r\n</p></p>', 1, 1, 1, 0, 0),
(553, '2018-06-15 11:50:07', '2018-06-15 11:50:07', 0, 3, 1, 1, NULL, NULL, 'Noa Cargo web', '<p><p>Ya está subido, ok? a la otra nota ni caso</p></p>', 1, 1, 1, 0, 0),
(554, '2018-06-15 11:50:43', '2018-06-15 11:50:43', 0, 3, 1, 1, NULL, NULL, 'sumipesca', '<p><p>Lo mismo, ya está subido, no hagas vaso a la nota de sumipesca</p></p>', 1, 1, 1, 0, 0),
(555, '2018-06-15 13:31:18', '2018-06-15 13:31:18', 0, 3, 1, 1, NULL, NULL, 'Desos web', '<p><p>Esto también ya lo he subido a 8090 pero hay alguna cosa que retocar que lo tendrás en la anterior nota.</p></p>', 1, 1, 1, 0, 0),
(556, '2018-06-18 09:07:01', '2018-06-18 09:07:01', 0, 3, 2, 1, NULL, NULL, 'basque market correo', '<p><p>Te llamará Rakel entre la 13:00 a 13:30,</p><p><br></p></p>', 1, 1, 1, 0, 0),
(557, '2018-06-18 10:10:26', '2018-06-18 10:10:26', 551, 1, 3, 1, NULL, NULL, 'RE: web Desos', '<p><p>Listo!</p></p>', 1, 1, 1, 0, 0),
(558, '2018-06-18 10:54:38', '2018-06-18 10:54:38', 552, 1, 3, 1, NULL, NULL, 'RE: MAS QUE DELICATESSEN', '<p><p>Hay que revisar, tiene miga</p></p>', 1, 1, 1, 0, 0),
(559, '2018-06-18 12:55:54', '2018-06-18 12:55:54', 0, 2, 4, 1, NULL, NULL, '18/06/18 ESTADO PROYECTOS LTL ALBERTO', '<p><p>Buenas Alberto,</p><p>Te comento el parte del estado actual de los proyectos en curso.</p><p><b>BD</b></p><ul><li>Están revisando toda la web y cargando todos los contenidos.</li><li>Booking, esperando</li><li>Queda pandiente subir todo y checklist</li></ul><p><br></p><p><b>TARTUFA</b></p><ul><li>En principio, nuestra parte está</li><li>Ellos están cargando productos etc</li><li>Jesús con su parte</li><li>Creo que quieren tenerla lista en septiembre. Todo lo que veas que está pendiente por nuestra parte, me comentas</li></ul><p><br></p><p><b>INUTRALIA</b></p><ul><li>Está Ion con ellos para solventar la incidencia de conexión</li></ul><p><b><br></b></p><p><b>NIKO</b></p><ul><li>Estamos en contacto con él para varios temas. Te mantenemos informado,&nbsp; a ver si te parecen interesantes</li></ul><p><br></p><p><b>HOTELERYKO</b></p><ul><li>Te llamará luego Ion para explicarte un tema que hay que hacer. Importación de datos de su ERP a la web</li></ul><p><br></p></p>', 1, 1, 1, 0, 0),
(560, '2018-06-18 12:55:54', '2018-06-18 12:55:54', 0, 2, 3, 1, NULL, NULL, '18/06/18 ESTADO PROYECTOS LTL ALBERTO', '<p><p>Buenas Alberto,</p><p>Te comento el parte del estado actual de los proyectos en curso.</p><p><b>BD</b></p><ul><li>Están revisando toda la web y cargando todos los contenidos.</li><li>Booking, esperando</li><li>Queda pandiente subir todo y checklist</li></ul><p><br></p><p><b>TARTUFA</b></p><ul><li>En principio, nuestra parte está</li><li>Ellos están cargando productos etc</li><li>Jesús con su parte</li><li>Creo que quieren tenerla lista en septiembre. Todo lo que veas que está pendiente por nuestra parte, me comentas</li></ul><p><br></p><p><b>INUTRALIA</b></p><ul><li>Está Ion con ellos para solventar la incidencia de conexión</li></ul><p><b><br></b></p><p><b>NIKO</b></p><ul><li>Estamos en contacto con él para varios temas. Te mantenemos informado,&nbsp; a ver si te parecen interesantes</li></ul><p><br></p><p><b>HOTELERYKO</b></p><ul><li>Te llamará luego Ion para explicarte un tema que hay que hacer. Importación de datos de su ERP a la web</li></ul><p><br></p></p>', 1, 1, 1, 0, 0),
(561, '2018-06-18 12:55:54', '2018-06-18 12:55:54', 0, 2, 2, 1, NULL, NULL, '18/06/18 ESTADO PROYECTOS LTL ALBERTO', '<p><p>Buenas Alberto,</p><p>Te comento el parte del estado actual de los proyectos en curso.</p><p><b>BD</b></p><ul><li>Están revisando toda la web y cargando todos los contenidos.</li><li>Booking, esperando</li><li>Queda pandiente subir todo y checklist</li></ul><p><br></p><p><b>TARTUFA</b></p><ul><li>En principio, nuestra parte está</li><li>Ellos están cargando productos etc</li><li>Jesús con su parte</li><li>Creo que quieren tenerla lista en septiembre. Todo lo que veas que está pendiente por nuestra parte, me comentas</li></ul><p><br></p><p><b>INUTRALIA</b></p><ul><li>Está Ion con ellos para solventar la incidencia de conexión</li></ul><p><b><br></b></p><p><b>NIKO</b></p><ul><li>Estamos en contacto con él para varios temas. Te mantenemos informado,&nbsp; a ver si te parecen interesantes</li></ul><p><br></p><p><b>HOTELERYKO</b></p><ul><li>Te llamará luego Ion para explicarte un tema que hay que hacer. Importación de datos de su ERP a la web</li></ul><p><br></p></p>', 1, 1, 1, 0, 0),
(562, '2018-06-18 12:55:54', '2018-06-18 12:55:54', 0, 2, 1, 1, NULL, NULL, '18/06/18 ESTADO PROYECTOS LTL ALBERTO', '<p><p>Buenas Alberto,</p><p>Te comento el parte del estado actual de los proyectos en curso.</p><p><b>BD</b></p><ul><li>Están revisando toda la web y cargando todos los contenidos.</li><li>Booking, esperando</li><li>Queda pandiente subir todo y checklist</li></ul><p><br></p><p><b>TARTUFA</b></p><ul><li>En principio, nuestra parte está</li><li>Ellos están cargando productos etc</li><li>Jesús con su parte</li><li>Creo que quieren tenerla lista en septiembre. Todo lo que veas que está pendiente por nuestra parte, me comentas</li></ul><p><br></p><p><b>INUTRALIA</b></p><ul><li>Está Ion con ellos para solventar la incidencia de conexión</li></ul><p><b><br></b></p><p><b>NIKO</b></p><ul><li>Estamos en contacto con él para varios temas. Te mantenemos informado,&nbsp; a ver si te parecen interesantes</li></ul><p><br></p><p><b>HOTELERYKO</b></p><ul><li>Te llamará luego Ion para explicarte un tema que hay que hacer. Importación de datos de su ERP a la web</li></ul><p><br></p></p>', 1, 1, 1, 0, 0),
(563, '2018-06-18 14:05:30', '2018-06-18 14:05:30', 0, 1, 2, 1, NULL, NULL, 'Connect', '<p><p>TE dejo la ventana del connect abierta para que veas lo que habria que maquetar. Yo luego le voy a meter mano, asi que avisa si te pones para no pisarnos.</p></p>', 1, 1, 1, 0, 0),
(564, '2018-06-18 17:13:28', '2018-06-18 17:13:28', 0, 2, 3, 1, NULL, NULL, 'Manex Muniain', '<p><p>Para reunirse contigo que Jueves a la mañana. Hacia las 10. Que le confirmes ;)</p></p>', 1, 1, 1, 0, 0),
(565, '2018-06-19 12:55:08', '2018-06-19 12:55:08', 0, 2, 1, 1, 0, NULL, 'EHLABE', '<p><p>Mirar el tema de contenidos</p><p>Habilitar footer menu</p></p>', 1, 1, 1, 0, 0),
(566, '2018-06-19 13:12:29', '2018-06-19 13:12:29', 0, 1, 3, 1, NULL, NULL, 'Innovagenio', '<p><p>Que llames a Saioa de Inoovagenio que te explicara mejor el tema del catalogo. 615 008 235</p></p>', 1, 1, 1, 0, 0),
(567, '2018-06-19 14:55:38', '2018-06-19 14:55:38', 0, 2, 1, 1, NULL, NULL, 'FARMACIA OLAIZOLA', '<p><p>Llamar a Maider hacia las 10:30h!! (si no ha llamado ella antes)</p></p>', 1, 1, 1, 0, 0),
(568, '2018-06-19 15:38:02', '2018-06-19 15:38:02', 0, 2, 1, 1, NULL, NULL, 'AITOR GARCÍA', '<p><p>Ion, llámale sin falta a Aitor, por favor. Igual ha sido un tema mío, pero me ha parecido que estaba esperando tu llamada.</p></p>', 1, 1, 1, 0, 0),
(569, '2018-06-19 15:38:02', '2018-06-19 15:38:02', 0, 2, 3, 1, NULL, NULL, 'AITOR GARCÍA', '<p><p>Ion, llámale sin falta a Aitor, por favor. Igual ha sido un tema mío, pero me ha parecido que estaba esperando tu llamada.</p></p>', 1, 1, 1, 0, 0),
(570, '2018-06-19 18:10:30', '2018-06-19 18:10:30', 0, 3, 2, 1, NULL, NULL, 'transpecial', '<p><p>Hay que darle permisos a montxo de transpecial como administrador de google analytics.&nbsp;</p></p>', 1, 1, 1, 0, 0),
(571, '2018-06-20 10:25:32', '2018-06-20 10:25:32', 565, 1, 2, 1, NULL, NULL, 'RE: EHLABE', '<p><p>Listo!</p></p>', 1, 1, 1, 0, 0),
(572, '2018-06-20 13:49:45', '2018-06-20 13:49:45', 0, 1, 2, 1, 0, NULL, 'Oweg', '<p><p>Ya esta lo de Oweg, estaba puesto ordenado de ultimo a primero, lo he quitado y listo.</p></p>', 1, 1, 1, 0, 0),
(573, '2018-06-21 13:59:50', '2018-06-21 13:59:50', 0, 2, 3, 1, NULL, NULL, 'OWEG', '<p><p>Lau. Revis al aweb de Oweg en 8090 y si ves toodo ok, les avisas.</p><p> </p><p>-          Los camiones deben de aparecer en este orden: NORMAL, LARGOS, PORTAPREFABRICADOS / AROS, VOLUMEN y PESO (ok lo hacemos)</p><p>-          Tenéis que poner nuestros datos, ahora están los vuestros. (Si, los solemos poner siempre por el tema del formulario. Para no bombardearos con los emails. Una vez que esté lista la web, los cambiaremos)</p><p>-          En la página de inicio, aparece en los laterales una botones de desplazamiento, que no hacen nada. (Si, eso es porque solo hay una fotos en el SLIDER. Si hubiese otra foto sería para poder pasar a la otra foto)</p><p>-          Síguenos en facebook y twitter, no usamos. (Ok, los quitamos)</p><p> </p><p>- ¿Protección de datos? (Te comento; el tema de la LOPD es independiente al desarrollo de la web)</p><p> </p><p>-          ¿Idiomas? (Ok, los colocamos)</p></p>', 1, 1, 1, 0, 0),
(574, '2018-06-25 10:46:36', '2018-06-25 10:46:36', 0, 1, 2, 1, NULL, NULL, 'Chicas sexys', '<p><p>Ha llamado un señor para preguntar por un presupuesto para una pagina web.&nbsp;</p><p>Quiere algo para enseñar en listado a chicas sexys, al pulsar sobre alguna se nos habre una ficha con una galeria de fotos.</p><p>Tiene que poder ser administrable por ellos, para dar de baja o de alta a chicas nuevas.</p><p>Que el se esta ocupando de las tarjetas y del alquiler de los pisos.</p><p>El presupuesto para esta semana, sin prisa. Para el dia 10 le dan las fotos de las chicas.</p></p>', 1, 1, 1, 0, 0);
INSERT INTO `public_users_mails` (`id`, `creation_date`, `modification_date`, `id_parent`, `id_user_from`, `id_user_to`, `id_empresa`, `id_proyecto`, `id_tarea`, `asunto`, `mensaje`, `leido`, `estado_mensaje`, `estado`, `fav`, `attach`) VALUES
(575, '2018-06-25 10:46:36', '2018-06-25 10:46:36', 0, 1, 3, 1, NULL, NULL, 'Chicas sexys', '<p><p>Ha llamado un señor para preguntar por un presupuesto para una pagina web.&nbsp;</p><p>Quiere algo para enseñar en listado a chicas sexys, al pulsar sobre alguna se nos habre una ficha con una galeria de fotos.</p><p>Tiene que poder ser administrable por ellos, para dar de baja o de alta a chicas nuevas.</p><p>Que el se esta ocupando de las tarjetas y del alquiler de los pisos.</p><p>El presupuesto para esta semana, sin prisa. Para el dia 10 le dan las fotos de las chicas.</p></p>', 1, 1, 1, 0, 0),
(576, '2018-06-25 10:47:22', '2018-06-25 10:47:22', 0, 1, 2, 1, NULL, NULL, 'Contacto Chicas sexys', '<p><p>El contacto:</p><p>Jose 689722777, email tiene pero no usa</p></p>', 1, 1, 1, 0, 0),
(577, '2018-06-25 10:47:22', '2018-06-25 10:47:22', 0, 1, 3, 1, NULL, NULL, 'Contacto Chicas sexys', '<p><p>El contacto:</p><p>Jose 689722777, email tiene pero no usa</p></p>', 1, 1, 1, 0, 0),
(578, '2018-06-25 11:44:09', '2018-06-25 11:44:09', 0, 1, 3, 1, NULL, NULL, 'Okados', '<p><p>Ha llamado el informatico de Okados para hablar del dominio de buscacasas.com, que le llames o que si no te llamara el. Por lo que ha contado parece que lo van a trasladar.</p></p>', 1, 1, 1, 0, 0),
(579, '2018-06-25 12:22:49', '2018-06-25 12:22:49', 576, 2, 1, 1, NULL, NULL, 'RE: Contacto Chicas sexys', '<p><p>Perfecto. Lo hablamos</p></p>', 1, 1, 1, 0, 0),
(580, '2018-06-25 12:23:42', '2018-06-25 12:23:42', 576, 1, 2, 1, NULL, NULL, 'RE: RE: Contacto Chicas sexys', '<p><p>Ha pedido presupuesto a otra empres, que ha buscado en Irun los que tuvieran 5 estrellas, pero que la otra empresa no le estaba cogiendo el telefono. El es de Behobia</p></p>', 1, 1, 1, 0, 0),
(581, '2018-06-25 12:23:42', '2018-06-25 12:23:42', 576, 1, 3, 1, NULL, NULL, 'RE: RE: Contacto Chicas sexys', '<p><p>Ha pedido presupuesto a otra empres, que ha buscado en Irun los que tuvieran 5 estrellas, pero que la otra empresa no le estaba cogiendo el telefono. El es de Behobia</p></p>', 1, 1, 1, 0, 0),
(582, '2018-06-25 12:25:12', '2018-06-25 12:25:12', 576, 2, 1, 1, NULL, NULL, 'RE: RE: RE: Contacto Chicas sexys', '<p><p>Para tenerlo en cuenta, desde luego</p></p>', 1, 1, 1, 0, 0),
(583, '2018-06-25 16:15:29', '2018-06-25 16:15:29', 578, 3, 1, 1, NULL, NULL, 'RE: Okados', '<p><p>Okis me lo.imaginaba. ya me lo habían comentado.&nbsp;</p></p>', 1, 1, 1, 0, 0),
(584, '2018-06-25 16:16:12', '2018-06-25 16:16:12', 576, 3, 1, 1, NULL, NULL, 'RE: RE: RE: Contacto Chicas sexys', '<p><p>Dios mío k miedo... Y eso crees k es legal???</p></p>', 1, 1, 1, 0, 0),
(585, '2018-06-25 16:30:34', '2018-06-25 16:30:34', 576, 3, 1, 1, NULL, NULL, 'RE: RE: RE: Contacto Chicas sexys', '<p><p>Igual será del puti k hay en Behobia.</p></p>', 1, 1, 1, 0, 0),
(586, '2018-06-25 16:33:20', '2018-06-25 16:33:20', 576, 1, 3, 1, NULL, NULL, 'RE: RE: RE: RE: Contacto Chicas sexys', '<p><p>Nu se, no me ha dicho nada, me ha hablado algo de que tenia que hacer tarjetas y que el llevaba las habitaciones o algo asi.</p></p>', 1, 1, 1, 0, 0),
(587, '2018-06-26 09:48:27', '2018-06-26 09:48:27', 0, 2, 1, 1, NULL, NULL, 'Farmacia Olaizola', '<p><p>Llamar a Elena de Farmacia Olaizola</p></p>', 1, 1, 1, 0, 0),
(588, '2018-06-26 10:25:00', '2018-06-26 10:25:00', 0, 2, 3, 1, NULL, NULL, 'Farmacia Olaizola', '<p><p>Llamar a Uxoa a su móvil</p></p>', 1, 1, 1, 0, 0),
(589, '2018-06-26 10:35:57', '2018-06-26 10:35:57', 587, 1, 2, 1, NULL, NULL, 'RE: Farmacia Olaizola', '<p><p>Listo</p></p>', 1, 1, 1, 0, 0),
(590, '2018-06-26 12:15:53', '2018-06-26 12:15:53', 0, 2, 3, 1, NULL, NULL, 'Real Unión', '<p><p>Comentar</p></p>', 1, 1, 1, 0, 0),
(591, '2018-06-26 16:41:03', '2018-06-26 16:41:03', 0, 2, 1, 1, 0, NULL, 'Revisar el captcha y el checkbox', '<p><p>No filtraaaaan</p><p>http://www.andeyecollection.com/es/contacto/</p></p>', 1, 1, 1, 0, 0),
(592, '2018-06-27 08:47:46', '2018-06-27 08:47:46', 0, 4, 2, 1, NULL, NULL, 'hosteleryko', '<p><p>Egun on!</p><p>Por mi parte la importación de Hosteleryko ya está terminada.</p><p>Un comentario para tener en cuenta para el futuro, las 18 horas presupuestadas se han quedado cortas, ya que he tardado algunas más.</p><p>Ya me diréis si tenéis alguna otra cosa más para mí.</p></p>', 1, 1, 1, 0, 0),
(593, '2018-06-27 08:47:46', '2018-06-27 08:47:46', 0, 4, 3, 1, NULL, NULL, 'hosteleryko', '<p><p>Egun on!</p><p>Por mi parte la importación de Hosteleryko ya está terminada.</p><p>Un comentario para tener en cuenta para el futuro, las 18 horas presupuestadas se han quedado cortas, ya que he tardado algunas más.</p><p>Ya me diréis si tenéis alguna otra cosa más para mí.</p></p>', 1, 1, 1, 0, 0),
(594, '2018-06-27 10:32:32', '2018-06-27 10:32:32', 0, 2, 3, 1, NULL, NULL, 'Arizaga construcciones', '<p><p>Llamar a la tarde.</p><p>Me ha preguntado si cerramos en agosto.</p><p>607 67 31 73</p><p><br></p></p>', 1, 1, 1, 0, 0),
(595, '2018-06-27 13:08:39', '2018-06-27 13:08:39', 0, 2, 1, 1, 0, NULL, 'Llamar a Aitor Gª OTAZO', '<p><p>Llamarle sin falta...</p></p>', 1, 1, 1, 0, 0),
(596, '2018-06-27 18:20:22', '2018-06-27 18:20:22', 0, 3, 1, 1, NULL, NULL, 'HUSILLOA', '<p><p>Husillos;</p><p><br></p><p>Kaixo Laura, arratsalde on, \n</p><p>Un par de cosas:\n</p><p>- Realizar por favor la traducción de la web en euskera. \n</p><p>- Tenemos que incluir el logo del grupo en la cabecera y alguna opción para que la gente también pueda visitar las web del grupo y la de Shuton desde nuestra página. ¿como lo hacemos? ¿cual es vuestra propuesta?\n</p><p><p></p></p><p>Eskerrik asko, \n</p></p>', 1, 1, 1, 0, 0),
(597, '2018-06-27 19:18:02', '2018-06-27 19:18:02', 0, 3, 1, 1, NULL, NULL, 'cibilbao', '<p><p>Te he pasado un email de ALTIA sobre error de la base de datos.&nbsp;</p><p>Miralo por si las moscas,. ok?</p><p><br></p><p>Thanks!</p></p>', 1, 1, 1, 0, 0),
(598, '2018-06-29 10:04:45', '2018-06-29 10:04:45', 0, 1, 3, 1, NULL, NULL, 'Ruben de ascensores Bidasoa', '<p><p>Que le llames cuando puedas please</p></p>', 1, 1, 1, 0, 0),
(599, '2018-07-02 11:53:48', '2018-07-02 11:53:48', 0, 3, 2, 1, NULL, NULL, 'BURUZ GIMNASIO CEREBRAL', '<p><p>Te he mandado un email con los textos que me ha pasado ella, ok?</p><p>A parte hay que meter los que tenemos nosotros también, ok?</p><p>Si te parece lioso mañana a la mañana lo hablamos que estaremos los 2.</p><p><br></p></p>', 1, 1, 1, 0, 0),
(600, '2018-07-02 12:11:43', '2018-07-02 12:11:43', 599, 2, 3, 1, NULL, NULL, 'RE: BURUZ GIMNASIO CEREBRAL', '<p><p>Ok. Lasai. Me pongo con ello</p></p>', 1, 1, 1, 0, 0),
(601, '2018-07-03 07:30:33', '2018-07-03 07:30:33', 0, 2, 1, 1, NULL, NULL, 'ANDEYE :: Revisar el captcha y el checkbox', '<p><p>Acuérdate de esto, please</p></p>', 1, 1, 1, 0, 0),
(602, '2018-07-04 14:15:42', '2018-07-04 14:15:42', 0, 2, 2, 1, NULL, NULL, 'ALMAJANO', '<p><p>Llamar a Juan Ignacio Otegi (ITS) para el tema de la LOPD. Alguna pregunta par anosotros tiene.&nbsp; Ya le llamaré yo cuando llegue</p><p>902 102 655</p><p>678 95 17 16</p><p><br></p></p>', 1, 1, 1, 0, 0),
(603, '2018-07-04 14:15:42', '2018-07-04 14:15:42', 0, 2, 3, 1, NULL, NULL, 'ALMAJANO', '<p><p>Llamar a Juan Ignacio Otegi (ITS) para el tema de la LOPD. Alguna pregunta par anosotros tiene.&nbsp; Ya le llamaré yo cuando llegue</p><p>902 102 655</p><p>678 95 17 16</p><p><br></p></p>', 1, 1, 1, 0, 0),
(604, '2018-07-05 13:24:38', '2018-07-05 13:24:38', 0, 2, 3, 1, NULL, NULL, 'INNOVAGENIO', '<p><p>Ha llamado Saioa...</p><p>Debe de haberte mandado un mail el otro día...</p><p>Han creado 2 nuevos grupos para incluirnos y han retirado los anteriores.</p><p>Hay uno que es de negocios digitales. Yo creo que es ese el nuestro.</p><p>Confírmaleen cuál estamos, porfa</p></p>', 1, 1, 1, 0, 0),
(605, '2018-07-06 07:34:35', '2018-07-06 07:34:35', 0, 2, 1, 1, NULL, NULL, 'KIROLBET', 'Egun ooon...<br>Cómo está este tema?', 1, 1, 1, 0, 0),
(606, '2018-07-06 15:46:06', '2018-07-06 15:46:06', 0, 3, 1, 1, NULL, NULL, 'MOVE ON', '<p><p>Mandar mensaje o llamar a ángel para quedar la semana del 9 de Julio. El lunes, mirar la semana y plantearles un día. El comenta el martes al mediodía.</p><p>HABLAMOS ,</p></p>', 1, 1, 1, 0, 0),
(607, '2018-07-06 15:46:06', '2018-07-06 15:46:06', 0, 3, 2, 1, NULL, NULL, 'MOVE ON', '<p><p>Mandar mensaje o llamar a ángel para quedar la semana del 9 de Julio. El lunes, mirar la semana y plantearles un día. El comenta el martes al mediodía.</p><p>HABLAMOS ,</p></p>', 1, 1, 1, 0, 0),
(608, '2018-07-11 12:18:46', '2018-07-11 12:18:46', 0, 3, 1, 1, NULL, NULL, 'tucarnet', '<p><p>Te he mandado email de TUCARNET</p></p>', 1, 1, 1, 0, 0),
(609, '2018-07-11 13:32:36', '2018-07-11 13:32:36', 0, 2, 1, 1, NULL, NULL, 'DENAK. ', '<p><p>Revisión envío de formularios</p></p>', 1, 1, 1, 0, 0),
(610, '2018-07-11 16:11:51', '2018-07-11 16:11:51', 0, 2, 1, 1, NULL, NULL, 'Llamar a Frederik', '', 1, 1, 1, 0, 0),
(611, '2018-07-13 10:16:15', '2018-07-13 10:16:15', 0, 3, 1, 1, NULL, NULL, 'Gorka Lomeña', '<p><p>Llamar a Frederic, Gorka Lomeña.</p></p>', 1, 1, 1, 0, 0),
(612, '2018-07-13 14:44:04', '2018-07-13 14:44:04', 0, 2, 3, 1, NULL, NULL, 'Escribir a SERINCO sobre tema FORO COMUNITARIO', '<p><p>Hay que escribir a Serinco para darle el ok a su solicitud de baja de FORO COMUNITARIO.</p><p>Me ha comentado Carlos que están interesados en montar un sisitema muy sencillito para reservas en la Sociedad de Alexanco. Peor claro, no podemos decir que nos ha docho él,.</p><p>Quizás habría que dejarle caer lo que hacemos, a ver si nos dicen algo</p></p>', 1, 1, 1, 0, 0),
(613, '2018-07-13 15:25:01', '2018-07-13 15:25:01', 0, 2, 3, 1, NULL, NULL, 'Catálogo Emrpesas Creativas', '<p><p>Mirar el book de Innovagenio y enviar nuevas fotos</p></p>', 1, 1, 1, 0, 0),
(614, '2018-07-13 15:25:01', '2018-07-13 15:25:01', 0, 2, 2, 1, NULL, NULL, 'Catálogo Emrpesas Creativas', '<p><p>Mirar el book de Innovagenio y enviar nuevas fotos</p></p>', 1, 1, 1, 0, 0),
(615, '2018-07-13 16:02:25', '2018-07-13 16:02:25', 612, 3, 2, 1, NULL, NULL, 'RE: Escribir a SERINCO sobre tema FORO COMUNITARIO', '<p><p>ok, me llamarán&nbsp; el lunes y les puedo comentar si les interesa.</p></p>', 1, 1, 1, 0, 0),
(616, '2018-07-13 16:14:22', '2018-07-13 16:14:22', 0, 3, 1, 1, NULL, NULL, 'PRESUPUESTO PONCE', '<p><p>Presupuesto PONCE... se nos ha pasado... trankil el lunes lo hablamos, ok?</p><p><br></p></p>', 1, 1, 1, 0, 0),
(617, '2018-07-16 12:59:02', '2018-07-16 12:59:02', 0, 2, 3, 1, NULL, NULL, 'YBH', '<p><p>Llámale a MIguel de MGRótulos para hablar del logotipo \"difuminado\"</p></p>', 1, 1, 1, 0, 0),
(618, '2018-07-16 17:45:56', '2018-07-16 17:45:56', 0, 2, 3, 1, NULL, NULL, 'DESOS ', '<p><p>Me pasó ayer unos texto, ya están metidos. Quiere subir la web ya. Veo que está ya subida.</p><p>Hay un par de cosas que no se ven bien en 8090 y sí en 8080. Creo que no está actualizado</p><p><a href=\"http://lantalau.sytes.net/desos/es/servicios/\">http://lantalau.sytes.net/desos/es/servicios/</a></p><p><br></p><p><br></p></p>', 1, 1, 1, 0, 0),
(619, '2018-07-17 12:21:23', '2018-07-17 12:21:23', 0, 3, 2, 1, NULL, NULL, 'LOPD-DESOS', '<p><p>Mañana sin falta la LOPD desos y subir la web.</p><p><br></p></p>', 1, 1, 1, 0, 0),
(620, '2018-07-17 14:43:36', '2018-07-17 14:43:36', 0, 3, 1, 1, NULL, NULL, 'BURUZ GIMNASIO CEREBRAL', '<p><p>He intentado meter videos pero algo estoy haciendo mal porque no se ven bien.&nbsp; no funcionan. Para que lo&nbsp; mires, ok?</p><p><br></p></p>', 1, 1, 1, 0, 0),
(621, '2018-07-17 14:44:23', '2018-07-17 14:44:23', 0, 3, 1, 1, NULL, NULL, 'BURUZ GIMNASIO CEREBRAL', 'En el apartado de NOTICIAS', 1, 1, 1, 0, 0),
(622, '2018-07-17 16:55:37', '2018-07-17 16:55:37', 0, 3, 2, 1, NULL, NULL, 'HOSTELERYKO', '<p><p>Ha llamado Javier, que mañana le llaméis a partir de las 9:00</p><p><br></p></p>', 1, 1, 1, 0, 0),
(623, '2018-07-17 16:55:37', '2018-07-17 16:55:37', 0, 3, 1, 1, NULL, NULL, 'HOSTELERYKO', '<p><p>Ha llamado Javier, que mañana le llaméis a partir de las 9:00</p><p><br></p></p>', 1, 1, 1, 0, 0),
(624, '2018-07-18 11:52:34', '2018-07-18 11:52:34', 0, 2, 1, 1, NULL, NULL, 'Llamar a Frederick', '', 1, 1, 1, 0, 0),
(625, '2018-07-18 16:29:56', '2018-07-18 16:29:56', 0, 3, 1, 1, NULL, NULL, 'Rehabilitacion Prim', '<p><p>En la web de rehabilitacion prim no se pueden borrar los pedidos. Revisadlo, ok?</p><p>Y de paso revisar todo... thanks!</p></p>', 1, 1, 1, 0, 0),
(626, '2018-07-18 16:31:01', '2018-07-18 16:31:01', 0, 3, 1, 1, NULL, NULL, 'HRC SECURITY', '<p><p>Subir la web. Mañana te daré la contraseña del email que utilizan.</p><p><br></p><p><br></p></p>', 1, 1, 1, 0, 0),
(627, '2018-07-19 09:13:18', '2018-07-19 09:13:18', 0, 2, 3, 1, NULL, NULL, 'Lekuona', '<p><p>Subir facturas</p></p>', 1, 1, 1, 0, 0),
(628, '2018-07-19 13:30:21', '2018-07-19 13:30:21', 0, 3, 1, 1, NULL, NULL, 'BURUZ GIMNASIO CEREBRAL', '<p><p>Subir web buruz</p></p>', 1, 1, 1, 0, 0),
(629, '2018-07-19 13:40:53', '2018-07-19 13:40:53', 0, 3, 1, 1, NULL, NULL, 'BURUZ GIMNASIO CEREBRAL', '<p><p>Te acabo de pasar el email con el correo DE BURUZ y la contraseña de ese correo.</p></p>', 1, 1, 1, 0, 0),
(630, '2018-07-19 14:02:07', '2018-07-19 14:02:07', 0, 3, 1, 1, NULL, NULL, 'Desos', '<p><p>Mirar también lo de Desos. Si lo miras por el móvil el tema de SERVICIOS no va a ninguna parte... me ha llamado para comentarlo.</p></p>', 1, 1, 1, 0, 0),
(631, '2018-07-20 11:41:19', '2018-07-20 11:41:19', 0, 3, 2, 1, NULL, NULL, 'MOVE ON', '<p><p>Mirad el tema de Move on, Me ha comentado ÁNGEL que en presupuestro inicial estaba metido Los entrenamientos y lo streking. Tiene razón? he mirado los presupuestos y hay 3 revisiones de prespuesto. Miradlo bien¡, ok? Yo no se como quedásteis.&nbsp;</p><p>También me ha comentado que hay que hacer las carreras solidarias. Qué igual se podría hacer uno por lo otro... no se... miradlo,</p><p><br></p><p><br></p></p>', 1, 1, 1, 0, 0),
(632, '2018-07-20 11:41:19', '2018-07-20 11:41:19', 0, 3, 1, 1, NULL, NULL, 'MOVE ON', '<p><p>Mirad el tema de Move on, Me ha comentado ÁNGEL que en presupuestro inicial estaba metido Los entrenamientos y lo streking. Tiene razón? he mirado los presupuestos y hay 3 revisiones de prespuesto. Miradlo bien¡, ok? Yo no se como quedásteis.&nbsp;</p><p>También me ha comentado que hay que hacer las carreras solidarias. Qué igual se podría hacer uno por lo otro... no se... miradlo,</p><p><br></p><p><br></p></p>', 1, 1, 1, 0, 0),
(633, '2018-07-20 13:24:55', '2018-07-20 13:24:55', 0, 2, 1, 1, NULL, NULL, 'Preparar y enviar presupuesto a Jose Ángel', '', 1, 1, 1, 0, 0),
(634, '2018-07-20 13:24:55', '2018-07-20 13:24:55', 0, 2, 3, 1, NULL, NULL, 'Preparar y enviar presupuesto a Jose Ángel', '', 1, 1, 1, 0, 0),
(635, '2018-07-20 13:24:55', '2018-07-20 13:24:55', 0, 2, 2, 1, NULL, NULL, 'Preparar y enviar presupuesto a Jose Ángel', '', 1, 1, 1, 0, 0),
(636, '2018-07-20 16:08:23', '2018-07-20 16:08:23', 0, 2, 1, 1, 0, NULL, 'Tucar.net', '<p><p>Toda la info para la LOPD (Nuevo Captcha incluido)&nbsp; subida y actualizada.</p><p>Pero (cómo no?): El envío de formularios ...</p><p>He hecho algún cambio en el sendform.php para que tuviese en cuenta el Captcha; abajo funciona, y arriba no.</p></p>', 1, 1, 1, 0, 0),
(637, '2018-07-23 08:44:04', '2018-07-23 08:44:04', 634, 3, 2, 1, NULL, NULL, 'RE: Preparar y enviar presupuesto a Jose Ángel', '<p><p>okis,</p></p>', 1, 1, 1, 0, 0),
(638, '2018-07-23 08:45:16', '2018-07-23 08:45:16', 0, 3, 2, 1, NULL, NULL, 'muebles endañeta', '<p><p>Kaixo, soy tomas de M.Endañeta. Andamos metiendo nuevos conjuntos en la sección Outlet y nos damos cuenta de que el porcentaje de dto. que calcula automáticamente el panel de control esta al revés; aplicando un 35% de dto., indica que es un 65%. Meteros en nuestra pagina y ver el conjunto dormitorio matrimonio 03; que pone 65%, y es el 35%. Hasta ahora no nos hemos dado cuenta, porque estaban al 50%. Haber como lo solucionamos. Saludos.</p><p>...........................................................................................</p><p>Hola, tambien nos pasa que queremos cambiar el orden de los conjuntos que tenemos en la sección Outlet; y cambiar y poner nuevos en los 3 conjuntos que aparecen en la sección Outlet de la pagina Inicio, y no tenemos de donde acceder a hacer estas cosas. Por donde se accede?</p><p><br></p></p>', 1, 1, 1, 0, 0),
(639, '2018-07-23 08:45:16', '2018-07-23 08:45:16', 0, 3, 1, 1, NULL, NULL, 'muebles endañeta', '<p><p>Kaixo, soy tomas de M.Endañeta. Andamos metiendo nuevos conjuntos en la sección Outlet y nos damos cuenta de que el porcentaje de dto. que calcula automáticamente el panel de control esta al revés; aplicando un 35% de dto., indica que es un 65%. Meteros en nuestra pagina y ver el conjunto dormitorio matrimonio 03; que pone 65%, y es el 35%. Hasta ahora no nos hemos dado cuenta, porque estaban al 50%. Haber como lo solucionamos. Saludos.</p><p>...........................................................................................</p><p>Hola, tambien nos pasa que queremos cambiar el orden de los conjuntos que tenemos en la sección Outlet; y cambiar y poner nuevos en los 3 conjuntos que aparecen en la sección Outlet de la pagina Inicio, y no tenemos de donde acceder a hacer estas cosas. Por donde se accede?</p><p><br></p></p>', 1, 1, 1, 0, 0),
(640, '2018-07-23 17:55:50', '2018-07-23 17:55:50', 0, 2, 3, 1, NULL, NULL, 'Rehabilitación Prim', '<p><p>ya tienes arreglado el tema de Pamimo. Te dejo la hoja en tu parrila</p><p>Hay que avisarle</p></p>', 1, 1, 1, 0, 0),
(641, '2018-07-24 10:43:17', '2018-07-24 10:43:17', 640, 3, 2, 1, NULL, NULL, 'RE: Rehabilitación Prim', '<p><p>thanksssssss very much!</p></p>', 1, 1, 1, 0, 0),
(642, '2018-07-25 17:20:18', '2018-07-25 17:20:18', 0, 3, 1, 1, NULL, NULL, 'muebles endañeta', '<p><p>Mirar la nota que te mandé en su día de Muebles Endañeta.&nbsp;</p></p>', 1, 1, 1, 0, 0),
(643, '2018-07-26 14:52:17', '2018-07-26 14:52:17', 0, 3, 2, 1, NULL, NULL, 'muebles endañeta', '<p><p>Kiaxo Lander,</p><p>Mañana mandar a Endañeta el logotipo en vectorial.&nbsp;</p></p>', 1, 1, 1, 0, 0),
(644, '2018-07-26 14:56:29', '2018-07-26 14:56:29', 0, 3, 1, 1, NULL, NULL, 'Farmiacia almajano', '<p><p>Mirar la tienda Online.</p></p>', 1, 1, 1, 0, 0),
(645, '2018-07-27 09:31:50', '2018-07-27 09:31:50', 643, 2, 3, 1, NULL, NULL, 'RE: muebles endañeta', '<p><p>Listo!</p></p>', 1, 1, 1, 0, 0),
(646, '2018-07-30 16:54:05', '2018-07-30 16:54:05', 0, 2, 1, 1, NULL, NULL, 'GLT :: Pasar proyecto a nuevo servidor. Copia de seguridad de la web actual.', '<p><p>Yo tengo descargada la BBDD nueva</p></p>', 1, 1, 1, 0, 0),
(647, '2018-07-30 16:57:40', '2018-07-30 16:57:40', 0, 2, 3, 1, NULL, NULL, ' sceneinlove@gmail.com', '<p><p>Han mandado una consulta estos de Scene In Love. Habría que fijar con ello s una reunión. Que no se nos pase</p></p>', 1, 1, 1, 0, 0),
(648, '2018-08-01 08:09:09', '2018-08-01 08:09:09', 0, 2, 2, 1, 0, NULL, 'Contactar con Victoria Roteta', '<p><p>Aplazar la reunión de mañana...</p></p>', 1, 1, 1, 0, 0),
(649, '2018-08-01 10:25:31', '2018-08-01 10:25:31', 648, 2, 2, 1, NULL, NULL, 'RE: Contactar con Victoria Roteta', '<p><p>Listo. Mail enviado.</p></p>', 1, 1, 1, 0, 0),
(650, '2018-08-01 10:25:31', '2018-08-01 10:25:31', 648, 2, 3, 1, NULL, NULL, 'RE: Contactar con Victoria Roteta', '<p><p>Listo. Mail enviado.</p></p>', 1, 1, 1, 0, 0),
(651, '2018-08-01 11:17:44', '2018-08-01 11:17:44', 0, 2, 3, 1, 0, NULL, 'Adjuntar factura 3038', '<p><p>KAixo Lau,</p><p><br></p><p>Pásale por favor a Frederick la factura 3038. Creo que le has pasado otra que ya tenía. Agur!</p></p>', 1, 1, 1, 0, 0),
(652, '2018-08-01 12:01:58', '2018-08-01 12:01:58', 0, 1, 3, 1, NULL, NULL, 'Ipiranga', '<p><p>El correo de Ipiranga ya funciona. Cuando quieras pasamos a real.</p></p>', 1, 1, 1, 0, 0),
(653, '2018-08-01 14:08:39', '2018-08-01 14:08:39', 652, 3, 1, 1, NULL, NULL, 'RE: Ipiranga', '<p><p>Kaixooo, subelo ya please, estábamos esperando lo del correo para subirlo</p></p>', 1, 1, 1, 0, 0),
(654, '2018-08-01 14:48:01', '2018-08-01 14:48:01', 0, 3, 1, 1, NULL, NULL, 'Farmacia Olaizola', '<p><p>HOLA Laura , buenos días \r\n</p><p>te comento distintos problemas que tenemos con la web \r\n</p><p>a ver si les podemos dar alguna solución \r\n</p><p>un saludo \r\n</p><p> \r\n</p><p> \r\n</p><p> 1- falta subir los test , maider  os mandó algún ejemplo\r\n</p><p>2-buscador , hay muchas llamadas de clientes anteriores que les cuesta encontrar el producto, el buscador de la otra web era mejor\r\n</p><p>ejemplo: “GASTEEL “ es con dos “e” y si lo escriben con una no lo encuentran \r\n</p><p>3-llama gente y nos mandan mails casi a diario al mail de pedidos  de elan diciendo que no saben ahcer el pedido, esto con la web anterior no ocurría con tanta frecuencia \r\n</p><p><p></p></p><p>4-problemas en la compra , la gebte se queja de que tien problemas en la compra \r\n</p></p>', 1, 1, 1, 0, 0),
(655, '2018-08-01 15:30:21', '2018-08-01 15:30:21', 651, 3, 2, 1, NULL, NULL, 'RE: Adjuntar factura 3038', '<p><p>ok, ya está</p></p>', 1, 1, 1, 0, 0),
(656, '2018-08-01 15:30:34', '2018-08-01 15:30:34', 648, 3, 2, 1, NULL, NULL, 'RE: RE: Contactar con Victoria Roteta', '<p><p>ok,</p></p>', 1, 1, 1, 0, 0),
(657, '2018-08-01 15:30:57', '2018-08-01 15:30:57', 647, 3, 2, 1, NULL, NULL, 'RE:  sceneinlove@gmail.com', '<p><p>ok, ya lo has fijado</p></p>', 1, 1, 1, 0, 0),
(658, '2018-08-01 15:31:16', '2018-08-01 15:31:16', 643, 3, 2, 1, NULL, NULL, 'RE: RE: muebles endañeta', '<p><p>perfecto</p><p><br></p></p>', 1, 1, 1, 0, 0),
(659, '2018-08-01 15:31:50', '2018-08-01 15:31:50', 0, 3, 1, 1, NULL, NULL, 'ipiranga', '<p><p>Los 301</p></p>', 1, 1, 1, 0, 0),
(660, '2018-08-01 17:28:58', '2018-08-01 17:28:58', 0, 3, 1, 1, NULL, NULL, 'ciclosjaizkibel.com', '<p><p>Hola ION, </p><p>Cuando puedas descargate este joomla desde el Firezilla y copialo en le servidor, ok?</p><p>A la tarde me pondré con ello. Thanks</p><p><i>Mando datos para copiar web\r\n</i></p><p><i>Ftp : ftp.ciclosjaizkibel.com</i></p><p><i>Usuario: ylxfuqqx\r\n</i></p><p><i>Contraseña: zabucasi</i></p><p><i><br></i></p><p>\r\n</p><p><i>Http, los mismos\r\n</i></p><p><p></p></p><p><i>Todo minúsculas\r\n</i></p></p>', 1, 1, 1, 0, 0),
(661, '2018-08-01 17:46:01', '2018-08-01 17:46:01', 0, 3, 1, 1, NULL, NULL, 'Gorka Lomeña web', '<p><p>El call to action no va al formulario de contacto, ok?</p><p>Miradlo please,</p><p>Thanks</p></p>', 1, 1, 1, 0, 0),
(662, '2018-08-01 17:46:01', '2018-08-01 17:46:01', 0, 3, 2, 1, NULL, NULL, 'Gorka Lomeña web', '<p><p>El call to action no va al formulario de contacto, ok?</p><p>Miradlo please,</p><p>Thanks</p></p>', 1, 1, 1, 0, 0),
(663, '2018-08-01 18:51:12', '2018-08-01 18:51:12', 0, 2, 1, 1, 0, NULL, 'BD revisar error', '<p><p>Anexo nos dice esto: \"El buscado de la web nos da los siguientes problemas:</p><p></p><p></p><p>Al filtrar desde SAN SEBASTIÁN algunas experiencias de BILBAO aparecen:</p><p></p><p>PINTXOTOUR PRIVADO EN BILBAO</p><p>URDAIBAI TOUR POR LOS PUEBLOS Y NATURALEZA VASCA</p><p>TOUR ARQUITECTÓNICO DE BILBAO Y PUENTE DE BIZCAIA</p><p>RIOJA ALAVESA, VISITA A LA CUNA DEL VINO</p><p>GETARIA VILLA MARINERA</p><p></p><p>Bea, la que está cargando todo en la web ha revisado los filtros y parece que está bien marcado todo en el back.\"</p></p>', 1, 1, 1, 0, 0),
(664, '2018-08-02 07:46:30', '2018-08-02 07:46:30', 0, 1, 2, 1, NULL, NULL, '301', '<p><p>Cuando puedas exportame un excel con los links de ipiranga please.</p></p>', 1, 1, 1, 0, 0),
(665, '2018-08-02 08:32:36', '2018-08-02 08:32:36', 664, 2, 1, 1, NULL, NULL, 'RE: 301', '<p><p>Enviado ;)</p></p>', 1, 1, 1, 0, 0),
(666, '2018-08-02 09:41:35', '2018-08-02 09:41:35', 0, 1, 3, 1, NULL, NULL, 'Ipiranga 301', '<p><p>Listo</p></p>', 1, 1, 1, 0, 0),
(667, '2018-08-02 09:46:32', '2018-08-02 09:46:32', 660, 1, 3, 1, NULL, NULL, 'RE: ciclosjaizkibel.com', '<p><p>Ya lo tienes montado:</p><p>http://lantalau.sytes.net:8080/ciclosjaizkibel</p><p><br></p></p>', 1, 1, 1, 0, 0),
(668, '2018-08-02 09:55:36', '2018-08-02 09:55:36', 661, 1, 3, 1, NULL, NULL, 'RE: Gorka Lomeña web', '<p><p>Corregido</p></p>', 1, 1, 1, 0, 0),
(669, '2018-08-02 10:15:56', '2018-08-02 10:15:56', 0, 2, 3, 1, 0, NULL, 'IPIRANGA. Traducciones euskara', '<p><p>Queda por terminar de meter los defines.</p><p>Podemos ir poco a poco.</p><p>Está metidos hasta \"Jaiotze data\"</p></p>', 1, 1, 1, 0, 0),
(670, '2018-08-02 10:15:56', '2018-08-02 10:15:56', 0, 2, 2, 1, 0, NULL, 'IPIRANGA. Traducciones euskara', '<p><p>Queda por terminar de meter los defines.</p><p>Podemos ir poco a poco.</p><p>Está metidos hasta \"Jaiotze data\"</p></p>', 1, 1, 1, 0, 0),
(671, '2018-08-02 10:59:55', '2018-08-02 10:59:55', 0, 2, 3, 1, NULL, NULL, 'Kinendu Shop', '<p><p>Compra plantilla Templatemonster.com -&gt; 103€</p><p>Pagado por Lander el&nbsp;</p></p>', 1, 1, 1, 0, 0),
(672, '2018-08-02 13:55:13', '2018-08-02 13:55:13', 661, 3, 1, 1, NULL, NULL, 'RE: RE: Gorka Lomeña web', '<p><p>okis</p></p>', 1, 1, 1, 0, 0),
(673, '2018-08-02 13:55:31', '2018-08-02 13:55:31', 660, 3, 1, 1, NULL, NULL, 'RE: RE: ciclosjaizkibel.com', '<p><p>okis</p></p>', 1, 1, 1, 0, 0),
(674, '2018-08-02 13:55:43', '2018-08-02 13:55:43', 666, 3, 1, 1, NULL, NULL, 'RE: Ipiranga 301', '<p><p>okis</p></p>', 1, 1, 1, 0, 0),
(675, '2018-08-02 14:07:28', '2018-08-02 14:07:28', 0, 3, 1, 1, NULL, NULL, 'NOA CARGO IMPORTANTE', '<p><p>Kaixo Ion,</p><p>Hay que subir NOA-CARGO. Para ello ponte en contacto con:</p><p>Llama por favor 943327018 ,imatel,pregunta por David o Tomás ellos te darán lo que necesites,por la tarde no trabajan</p><p>Y pídeles la FTP y el acceso a la Base de datos. Lo haría yo pero a la tarde no trabajan.</p><p>Gracias!</p><p><br></p><p><br></p></p>', 1, 1, 1, 0, 0),
(676, '2018-08-02 16:36:00', '2018-08-02 16:36:00', 0, 2, 1, 1, NULL, NULL, 'DATOS FTP KInendu', '<p><p>Creo que nos tengo el acceso FTP a los subdominios. Me los pasas? ;)</p></p>', 1, 1, 1, 0, 0),
(677, '2018-08-03 12:31:15', '2018-08-03 12:31:15', 0, 2, 3, 1, NULL, NULL, 'IRPF', '<p><p>Me ha llamado Olatz.</p><p>El día 10/08/18 nos pasan el trimestre del adelanto del IRPF. 290,7€ a cada uno de nosotros 2.</p></p>', 1, 1, 1, 0, 0),
(678, '2018-08-08 11:00:14', '2018-08-08 11:00:14', 0, 1, 2, 1, NULL, NULL, 'Logo TeachVLearn', '<p><p>Marcos te va a mandar una imagen para cambiar el logo y adaptarlo en fondo azul para unos videos. Lo necsita el lunes a primera hora</p></p>', 1, 1, 1, 0, 0),
(679, '2018-08-11 11:41:28', '2018-08-11 11:41:28', 678, 2, 1, 1, NULL, NULL, 'RE: Logo TeachVLearn', '<p><p>Perfecto!</p><p><br></p></p>', 1, 1, 1, 0, 0),
(680, '2018-08-14 13:15:24', '2018-08-14 13:15:24', 0, 2, 3, 1, NULL, NULL, 'ARIZAGA', '<p><p>Ion de Arizaga.</p><p>Nos empezará a pasar textos e imágenes la semana que viene.</p></p>', 1, 1, 1, 0, 0),
(681, '2018-08-14 13:16:00', '2018-08-14 13:16:00', 0, 2, 1, 1, NULL, NULL, 'HOSTELERYKO', '<p><p>Realizar importación de productos y categorías</p></p>', 1, 1, 1, 0, 0),
(682, '2018-08-14 13:17:44', '2018-08-14 13:17:44', 0, 2, 1, 1, NULL, NULL, 'LURAUTO', '<p><p>Ha llamado Pedro, de Lurauto.</p><p>Van a llevar el tema entre él y Ángel. Este entra a trabajar la segunda semana de septiembre.</p><p>Van a ir revisando la web para ver si falta alguna cosilla</p></p>', 1, 1, 1, 0, 0),
(683, '2018-08-14 13:17:44', '2018-08-14 13:17:44', 0, 2, 3, 1, NULL, NULL, 'LURAUTO', '<p><p>Ha llamado Pedro, de Lurauto.</p><p>Van a llevar el tema entre él y Ángel. Este entra a trabajar la segunda semana de septiembre.</p><p>Van a ir revisando la web para ver si falta alguna cosilla</p></p>', 1, 1, 1, 0, 0),
(684, '2018-08-21 08:52:51', '2018-08-21 08:52:51', 0, 2, 1, 1, 0, NULL, 'Subir Bidasoa Formación', '<p><p>Al final no subimos este proyecto. Es una web presencial a la que había que meterle los textos legales, checkbox, etc... Me lo descargaste, le añadiste el módulo contenidos, cargamos todo... sólo falta subir.</p><p>Haz una copia de la base de datos vieja por si acaso ;)</p><p>FTP</p><p>UserName: fgrtfnoojhn</p><p>PassWord: &amp;d.eT.5e0uDF</p><p><br></p></p>', 1, 1, 1, 0, 0),
(685, '2018-08-21 09:51:29', '2018-08-21 09:51:29', 0, 2, 3, 1, 0, NULL, 'NOA CARGO', '<p><p>Llamara a Joaquín a la tarde</p></p>', 1, 1, 1, 0, 0),
(686, '2018-08-21 12:53:15', '2018-08-21 12:53:15', 0, 2, 3, 1, NULL, NULL, 'AITOR PAUSOMEDIA', '<p><p>Cuando puedas, le llamas.</p><p>661 15 32 23</p></p>', 1, 1, 1, 0, 0),
(687, '2018-08-22 11:22:08', '2018-08-22 11:22:08', 0, 2, 1, 1, 0, NULL, '!IMPORTANT! No se ven las imágenes', '<p><p>Las imágenes de Ipiranga no se ven.</p><p>HAy que cambiar toidas las rutas en la BBDD de&nbsp;</p><p><a href=\"http://lantalau.sytes.net:8090/\">http://lantalau.sytes.net:8090/</a>&nbsp;a</p><p>http://www.ipirangahusillos.com/</p><p><br></p><p><br></p></p>', 1, 1, 1, 0, 0),
(688, '2018-08-22 11:22:08', '2018-08-22 11:22:08', 0, 2, 3, 1, 0, NULL, '!IMPORTANT! No se ven las imágenes', '<p><p>Las imágenes de Ipiranga no se ven.</p><p>HAy que cambiar toidas las rutas en la BBDD de&nbsp;</p><p><a href=\"http://lantalau.sytes.net:8090/\">http://lantalau.sytes.net:8090/</a>&nbsp;a</p><p>http://www.ipirangahusillos.com/</p><p><br></p><p><br></p></p>', 1, 1, 1, 0, 0),
(689, '2018-08-22 18:32:05', '2018-08-22 18:32:05', 0, 2, 1, 1, 0, NULL, 'Filtro por empresas', '<p><p><p></p><p></p></p><p>Cuando leas esto, me comentas para que lo hablemos.</p><p>Lo qeu nos piden par aintegrar en el 6k4water</p><p>\"En la pantalla de la 6KforWater encima del mapa hay que crear un desplegable por empresas participantes, de manera que cuando seleccionemos Acciona solamente aparezcan las gotas de los empleados de acciona en el mapa. Por defecto tienen que aparecer todos.\"</p></p>', 1, 1, 1, 0, 0),
(690, '2018-08-24 13:47:42', '2018-08-24 13:47:42', 0, 2, 1, 1, NULL, NULL, 'BD - redirecciones 301', '<p><p>Las redirecciones 301 definitivas de BD las tienes en el Google Docs, en la cuenta de hellboy069@...</p></p>', 1, 1, 1, 0, 0),
(691, '2018-08-27 09:55:19', '2018-08-27 09:55:19', 0, 3, 2, 1, NULL, NULL, 'HOSTELERYKO', '<p><p>Ha llamado Hosteleryko. si se había actualizado la web.</p><p>Si eso le llamas, ok?</p></p>', 1, 1, 1, 0, 0),
(692, '2018-08-28 10:50:11', '2018-08-28 10:50:11', 0, 2, 1, 1, NULL, NULL, 'ERREKALDE', '<p><p>Parece que de vez en cuando, la reserva de habitaciones da problemas.</p><p>\"Kaixo Lander.</p><p> </p><p>Me han vuelto a avisar que no han podido efectuar reservas desde la WEB  , y cuando he probado yo, lo mismo ,no me ha dejado aun teniendo disponibilidad.</p><p> </p><p>No se cual es el misterio, pera habrá que retocarlo y dejarlo bien  , porque al final no se ni cuando ni como se bloquea , ni cuanta gente se pasa a booking.com para hacer la reserva porque no pueden desde la web .\"</p><p><br></p><p>Yo he probado y me ha dejado sin problemas. ël dice que probó con Firefox y Chrome y ninguno funcionaba</p></p>', 1, 1, 1, 0, 0),
(693, '2018-08-28 11:39:32', '2018-08-28 11:39:32', 0, 3, 1, 1, NULL, NULL, 'SALGOI LLAMAR', '<p><p>Egun on Ion,</p><p>Me ha llamado un tal <b>Gerardo</b> (699 48 75 98) tienen algún problema con las etiquetas a la hora de imprimir. solo pueden imprimir de 100 en 100.</p><p>Niko está de vacaciones y por eso nos han llamado a nosotros. En cuanto vuelvas el jueves le llamas a Gerardo y hablamos con el, ok?</p><p>HABLAMOS!!!</p><p><br></p></p>', 1, 1, 1, 0, 0),
(694, '2018-08-28 14:36:59', '2018-08-28 14:36:59', 0, 3, 1, 1, NULL, NULL, 'Garayar', '<p><p>La web ya está subida, hay que crear la base de datos etc...</p><p>+===================================+\r\n</p><p>| Domain: garayarberri.com\r\n</p><p>| Ip: 188.165.133.142 (n)\r\n</p><p>| HasCgi: y\r\n</p><p>| UserName: garayarberrighjg\r\n</p><p>| PassWord: x%N?d(SVM_BA\r\n</p><p>| CpanelMod: paper_lantern\r\n</p><p>| HomeRoot: /home\r\n</p><p>| Quota: 4.88 GB\r\n</p><p>| NameServer1: vps462-3.coriaweb.hosting\r\n</p><p>| NameServer2: vps462-4.coriaweb.hosting\r\n</p><p>| NameServer3: \r\n</p><p>| NameServer4: \r\n</p><p>| Contact Email: dominios@lantalau.com\r\n</p><p>| Package: BASICO\r\n</p><p>| Feature List: default\r\n</p><p>| Language: es\r\n</p><p><p>\r\n</p><p>\r\n</p><p></p></p><p>+===================================+\r\n</p></p>', 1, 1, 1, 0, 0),
(695, '2018-08-28 14:40:23', '2018-08-28 14:40:23', 0, 3, 1, 1, NULL, NULL, 'automoviles euskalduna ', '<p><p>web subida pero no carga bien la BD. BD también hecha...</p><p>\r\n</p><p>+===================================+\r\n</p><p>| New Account Info                  |\r\n</p><p>+===================================+\r\n</p><p>| Domain: automovileseuskalduna.com\r\n</p><p>| Ip: 188.165.133.142 (n)\r\n</p><p>| HasCgi: y\r\n</p><p>| UserName: automoedfgb\r\n</p><p>| PassWord: u8q^JpPAjNqe\r\n</p><p>| CpanelMod: paper_lantern\r\n</p><p>| HomeRoot: /home\r\n</p><p>| Quota: 4.88 GB\r\n</p><p>| NameServer1: vps462-3.coriaweb.hosting\r\n</p><p>| NameServer2: vps462-4.coriaweb.hosting\r\n</p><p>| NameServer3: \r\n</p><p>| NameServer4: \r\n</p><p>| Contact Email: dominios@lantalau.com\r\n</p><p>| Package: BASICO\r\n</p><p>| Feature List: default\r\n</p><p>| Language: es\r\n</p><p><p></p></p><p>+===================================+\r\n</p><p><br></p><p><br></p></p>', 1, 1, 1, 0, 0),
(696, '2018-08-28 14:46:33', '2018-08-28 14:46:33', 0, 3, 1, 1, 0, NULL, 'NOA CARGO', '<p><p> \r\n</p><p>Mirad si ya funciona o hay que hablarcon ellos para servidor Linux. Mirad emails</p><p>lesk: https://www.noacargo.com:8443</p><p> \r\n</p><p>         User: jaldanondo              Pass: Plk*0308\r\n</p><p> \r\n</p><p>FTP: ftp://www.noacargo.com\r\n</p><p> \r\n</p><p><p></p></p><p>&nbsp; &nbsp; &nbsp; &nbsp; &nbsp;User:  noacargo                         Pass: Noa2015*\r\n</p><p></p><p></p></p>', 1, 1, 1, 0, 0),
(697, '2018-08-29 08:45:00', '2018-08-29 08:45:00', 0, 3, 1, 1, NULL, NULL, 'HRC SECURETY', '<p><p>Egun on Ion, para subir la web de HRC securety a nuevo servidor:</p><p>Buenos días Cristina:\r\n</p><p>Adjunto los datos solicitados\r\n</p><p>\r\n</p><p>Host: qaai877.hrcsecurity.es\r\n</p><p>\r\n</p><p>Base de datos: qaai877\r\n</p><p>\r\n</p><p>Usuario: qaai877\r\n</p><p>\r\n</p><p>Contraseña: Hrc41221975\r\n</p><p>\r\n</p><p>Saludos, \r\n</p><p>\r\n</p><p><p></p></p><p>Ktel - coneKtamos contigo\r\n</p></p>', 1, 1, 1, 0, 0),
(698, '2018-08-29 13:48:38', '2018-08-29 13:48:38', 0, 3, 1, 1, NULL, NULL, 'web garayar', '<p><p>para el formulario de garayar:</p><p>garayar@garayar.com</p><p>contraseña: donostia</p></p>', 1, 1, 1, 0, 0),
(699, '2018-08-30 10:36:03', '2018-08-30 10:36:03', 0, 1, 3, 1, 0, NULL, 'Revisar email', '<p><p>Revisame el email que te mandaron los de Noa Cargo, porque sigo accediendo al servidor windows.</p></p>', 1, 1, 1, 0, 0),
(700, '2018-08-30 10:47:58', '2018-08-30 10:47:58', 0, 1, 3, 1, NULL, NULL, 'Teachorlearn', '<p><p>Sabes algo del dominio de Teachorlearn.com? No sabemos si esta comprado ni quien lo compro.</p></p>', 1, 1, 1, 0, 0),
(701, '2018-08-30 13:20:47', '2018-08-30 13:20:47', 0, 1, 2, 1, NULL, NULL, 'Contraseña ventas@automovileseuskalduna.com', '<p><p>Teneis la contraseña del correo: ventas@automovileseuskalduna.com ?</p></p>', 1, 1, 1, 0, 0),
(702, '2018-08-30 13:20:47', '2018-08-30 13:20:47', 0, 1, 3, 1, NULL, NULL, 'Contraseña ventas@automovileseuskalduna.com', '<p><p>Teneis la contraseña del correo: ventas@automovileseuskalduna.com ?</p></p>', 1, 1, 1, 0, 0),
(703, '2018-09-11 12:53:16', '2018-09-11 12:53:16', 0, 1, 2, 1, NULL, NULL, 'Horas spam fluidal', '<p><p>He estado deslistando la ip de fluidal a petición suya, aunque haya que facturar. Ha sido 1H en total, si quieres subir a 2 por todo el trifostio...</p></p>', 1, 1, 1, 0, 0),
(704, '2018-09-17 16:20:14', '2018-09-17 16:20:14', 0, 2, 3, 1, 0, NULL, 'LURAUTO', '<p><p>Contactar con Pedro para ver qué pasa con el ppto. enviado.</p><p>&nbsp;Lo querían tener listo para finales de mes, pero si no nos confirman nada... difícil.</p></p>', 1, 1, 1, 0, 0),
(705, '2018-09-17 16:20:14', '2018-09-17 16:20:14', 0, 2, 1, 1, 0, NULL, 'LURAUTO', '<p><p>Contactar con Pedro para ver qué pasa con el ppto. enviado.</p><p>&nbsp;Lo querían tener listo para finales de mes, pero si no nos confirman nada... difícil.</p></p>', 1, 1, 1, 0, 0),
(706, '2018-09-18 08:21:54', '2018-09-18 08:21:54', 0, 2, 1, 1, 0, NULL, 'DESOS. Urgente! ', '<p><p>1) Mirar por qué el logotipo, arriba, no se muestra</p><p>2) Revisar el link del mail de confirmación recibido</p></p>', 1, 1, 1, 0, 0),
(707, '2018-09-18 08:21:54', '2018-09-18 08:21:54', 0, 2, 3, 1, 0, NULL, 'DESOS. Urgente! ', '<p><p>1) Mirar por qué el logotipo, arriba, no se muestra</p><p>2) Revisar el link del mail de confirmación recibido</p></p>', 1, 1, 1, 0, 0),
(708, '2018-09-18 15:01:27', '2018-09-18 15:01:27', 0, 3, 2, 1, 0, NULL, 'basque Destination', '<p><p>Subir las modificaciones realizadas a la web.&nbsp;</p><p><b>Módulo de boletines (</b>URGENTE) subirlo porque mañana necesita mandar el boletín.</p></p>', 1, 1, 1, 0, 0),
(709, '2018-09-18 15:01:27', '2018-09-18 15:01:27', 0, 3, 1, 1, 0, NULL, 'basque Destination', '<p><p>Subir las modificaciones realizadas a la web.&nbsp;</p><p><b>Módulo de boletines (</b>URGENTE) subirlo porque mañana necesita mandar el boletín.</p></p>', 1, 1, 1, 0, 0),
(710, '2018-09-18 16:43:17', '2018-09-18 16:43:17', 0, 3, 2, 1, NULL, NULL, 'fitness  comentarios ', '<p><p>Kaixo Laura\n</p><p>\n</p><p>Sé que no es lo más importante, pero el tema de los comentarios sigue sin resolverse\n</p><p>\n</p><p>Un saludo\n</p><p>\n</p><p><p></p></p><p>Josu\n</p></p>', 1, 1, 1, 0, 0),
(711, '2018-09-18 19:49:00', '2018-09-18 19:49:00', 0, 2, 1, 1, 0, NULL, 'Actualización', '<p><p>Actualizar los productos</p></p>', 1, 1, 1, 0, 0),
(712, '2018-09-18 19:49:00', '2018-09-18 19:49:00', 0, 2, 2, 1, 0, NULL, 'Actualización', '<p><p>Actualizar los productos</p></p>', 1, 1, 1, 0, 0),
(713, '2018-09-19 11:41:27', '2018-09-19 11:41:27', 0, 2, 3, 1, NULL, NULL, 'Jon García, fisiterapeuta', '<p><p>Llamarle en tre las 14-15.</p><p>0033614131031</p></p>', 1, 1, 1, 0, 0),
(714, '2018-09-20 12:52:42', '2018-09-20 12:52:42', 0, 2, 1, 1, NULL, NULL, 'PSICTOTECNICO BIDASOALDE - Google Maps', '<p><p>Nos han dado el Ok&nbsp; a las modificaciones de Google Maps. 45€</p><p>Ojo, que esta puede ser muy buena, eh?</p></p>', 1, 1, 1, 0, 0),
(715, '2018-09-20 12:52:42', '2018-09-20 12:52:42', 0, 2, 3, 1, NULL, NULL, 'PSICTOTECNICO BIDASOALDE - Google Maps', '<p><p>Nos han dado el Ok&nbsp; a las modificaciones de Google Maps. 45€</p><p>Ojo, que esta puede ser muy buena, eh?</p></p>', 1, 1, 1, 0, 0),
(716, '2018-09-20 12:52:42', '2018-09-20 12:52:42', 0, 2, 2, 1, NULL, NULL, 'PSICTOTECNICO BIDASOALDE - Google Maps', '<p><p>Nos han dado el Ok&nbsp; a las modificaciones de Google Maps. 45€</p><p>Ojo, que esta puede ser muy buena, eh?</p></p>', 1, 1, 1, 0, 0),
(717, '2018-09-21 12:57:48', '2018-09-21 12:57:48', 0, 1, 1, 1, NULL, NULL, 'Mirar TArtufa importación', '<p><p>Mirar importación de Tartuda XLSX</p></p>', 1, 1, 1, 0, 0),
(718, '2018-09-21 14:28:54', '2018-09-21 14:28:54', 0, 2, 1, 1, 0, NULL, 'Importación Productos', '<p><p>Cuando puedas, Ion, haz la prueba de importación.</p><p>Thanks! ;)</p></p>', 1, 1, 1, 0, 0),
(719, '2018-09-27 08:25:34', '2018-09-27 08:25:34', 0, 2, 1, 1, 0, NULL, 'WEB LANTALAU', '<p><p>Temas pendientes:</p><p>&nbsp;Analytics</p></p>', 1, 1, 1, 0, 0),
(720, '2018-09-27 08:58:00', '2018-09-27 08:58:00', 0, 2, 3, 1, NULL, NULL, 'Jon García, fisiterapeuta', '<p><p>Te llamará luego</p></p>', 1, 1, 1, 0, 0),
(721, '2018-09-27 10:41:24', '2018-09-27 10:41:24', 0, 2, 1, 1, NULL, NULL, 'HOSTELERYKO :: resumen llamada', '<p><p>Temas a tener en cuenta de Hosteleryko:</p><p>1) Va a contactar con el banco para recoger ofertas</p><p>2) Está con el tema de transportes. Tiene 3 ofertas diferentes</p><p>3) La importación de los títulos del producto padre está perdiendo caracteres (http://lantalau.sytes.net/hosteleryko/es/abrelatas-profesional-sobre-mesa-acero-i-1/)</p><p>4) Hay que incluir la referencia del producto. Si tiene artículo padre, en el listado de artículos (desplegableI). En caso de que no tenga, en lle desarrollo del producto, bajo la descripción.</p><p>5) El botón comprar (listado de productos) únicamente debe mostrarse en los artículo sin producto padre. Si no,... ¿Ver más?</p><p><br></p></p>', 1, 1, 1, 0, 0),
(722, '2018-09-27 17:34:23', '2018-09-27 17:34:23', 0, 3, 2, 1, NULL, NULL, 'calendarios transova', '<p><p>Kaixo, Ha estado Izaskun de Zyma. Me ha comentado que suelen hacer calendarios como los de Transova y de otros formatos por si kieres pedirles presu también.&nbsp;</p><p>Mañana hablamos,</p><p><br></p></p>', 1, 1, 1, 0, 0),
(723, '2018-09-28 08:52:19', '2018-09-28 08:52:19', 0, 3, 2, 1, NULL, NULL, 'CALENDARIOS TRANSOVA', '<p><p>Mensaje de Izaskun de ZYMA</p></p>', 1, 1, 1, 0, 0),
(724, '2018-09-28 09:09:48', '2018-09-28 09:09:48', 0, 3, 2, 1, NULL, NULL, 'Antxeta IRRATIA APP', '<p><p>Se les factura en noviembre la APP apple</p></p>', 1, 1, 1, 0, 0),
(725, '2018-10-01 08:50:58', '2018-10-01 08:50:58', 0, 3, 2, 1, NULL, NULL, 'LOPD- MUEBLES ENDAÑETA', '<p><p>Muebles Endañeta LOPD</p></p>', 1, 1, 1, 0, 0),
(726, '2018-10-01 09:01:23', '2018-10-01 09:01:23', 0, 3, 2, 1, NULL, NULL, 'arizaga', '<p><p>Te ha mandado un correo con cambios y llamarle</p></p>', 1, 1, 1, 0, 0),
(727, '2018-10-01 11:33:45', '2018-10-01 11:33:45', 0, 3, 2, 1, NULL, NULL, 'Endañeta', '<p><p>Mandar el logotipo de Muebles endañeta en vectorial a paula@floresrotulos.es</p><p><br></p></p>', 1, 1, 1, 0, 0),
(728, '2018-10-01 13:17:36', '2018-10-01 13:17:36', 0, 1, 1, 1, NULL, NULL, 'Arizaga', '<p><p>Llamar a Jon Arizaga</p></p>', 1, 1, 1, 0, 0),
(729, '2018-10-01 17:10:09', '2018-10-01 17:10:09', 0, 2, 3, 1, 0, NULL, 'Llamar a Juanjo de Oweg', '<p><p>A partir de las 9</p></p>', 1, 1, 1, 0, 0),
(730, '2018-10-02 12:32:36', '2018-10-02 12:32:36', 0, 1, 2, 1, NULL, NULL, 'Links para Kinendu Races', '<p><p><a href=\"https://www.kirolprobak.com/home.php\">https://www.kirolprobak.com/home.php</a></p><p><a href=\"https://sportmaniacs.com/es\">https://sportmaniacs.com/es</a></p><p>https://www.deporticket.com/</p><p><br></p></p>', 1, 1, 1, 0, 0),
(731, '2018-10-02 18:39:46', '2018-10-02 18:39:46', 0, 3, 1, 1, NULL, NULL, 'para PENSAR...', '<p><p>Pensar, que podemos ofrecerles a los que tienen una web obsoleta... y que no la quieren cambiar.</p><p>Por ejemplo:</p><p>· Coma edificios<br>· Construcciones Lusarreta<br>· Servietxe: responsive<br>· novias itziar<br>· pinturasteel</p><p>· plamar<br>· Plegados metálicos<br>· Telleri zahar<br><br></p><p><br></p></p>', 1, 1, 1, 0, 0),
(732, '2018-10-02 18:39:46', '2018-10-02 18:39:46', 0, 3, 2, 1, NULL, NULL, 'para PENSAR...', '<p><p>Pensar, que podemos ofrecerles a los que tienen una web obsoleta... y que no la quieren cambiar.</p><p>Por ejemplo:</p><p>· Coma edificios<br>· Construcciones Lusarreta<br>· Servietxe: responsive<br>· novias itziar<br>· pinturasteel</p><p>· plamar<br>· Plegados metálicos<br>· Telleri zahar<br><br></p><p><br></p></p>', 1, 1, 1, 0, 0),
(733, '2018-10-03 10:14:54', '2018-10-03 10:14:54', 0, 3, 2, 1, NULL, NULL, 'FOTO A INNOVAGENIO', '<p><p>pasar foto a iNNOVAGENIO</p><p>HERRAMIENTAS ONLINE&nbsp;</p></p>', 1, 1, 1, 0, 0),
(734, '2018-10-03 10:25:33', '2018-10-03 10:25:33', 733, 2, 3, 1, NULL, NULL, 'RE: FOTO A INNOVAGENIO', '<p><p>Enviado x WeTransfer</p></p>', 1, 1, 1, 0, 0),
(735, '2018-10-03 13:24:38', '2018-10-03 13:24:38', 0, 1, 3, 1, NULL, NULL, 'Llamadasa', '<p><p>Luego te llamaran la de Area y Enrique de cefer informatica.</p></p>', 1, 1, 1, 0, 0),
(736, '2018-10-03 17:31:20', '2018-10-03 17:31:20', 0, 3, 1, 1, NULL, NULL, 'lantalau Boletines', '<p><p>Arreglar el módulo de boletines en Lantalau&nbsp;</p></p>', 1, 1, 1, 0, 0),
(737, '2018-10-03 17:44:08', '2018-10-03 17:44:08', 0, 3, 2, 1, NULL, NULL, 'LOPD email', '<p><p>Te he mandado un email de la LOPD para corregir.</p><p><br></p></p>', 1, 1, 1, 0, 0),
(738, '2018-10-03 18:12:31', '2018-10-03 18:12:31', 737, 2, 3, 1, NULL, NULL, 'RE: LOPD email', '<p><p>Respondido</p></p>', 1, 1, 1, 0, 0),
(739, '2018-10-05 10:19:28', '2018-10-05 10:19:28', 0, 2, 3, 1, NULL, NULL, 'ASACOAT', '<p><p>Ha llamado Nuria,</p><p>Parece que le ha vuelto a llegar otro mail del mismo palo.</p><p>Le están revisando de nuevo el ordenador.</p><p>Hemos creado una cuenta web@asacoat.com, y la he configurado en su web para que sea ella en vez de la genérica. Por si acaso.</p><p><br></p><p><br></p></p>', 1, 1, 1, 0, 0),
(740, '2018-10-05 10:19:28', '2018-10-05 10:19:28', 0, 2, 1, 1, NULL, NULL, 'ASACOAT', '<p><p>Ha llamado Nuria,</p><p>Parece que le ha vuelto a llegar otro mail del mismo palo.</p><p>Le están revisando de nuevo el ordenador.</p><p>Hemos creado una cuenta web@asacoat.com, y la he configurado en su web para que sea ella en vez de la genérica. Por si acaso.</p><p><br></p><p><br></p></p>', 1, 1, 1, 0, 0),
(741, '2018-10-05 10:20:36', '2018-10-05 10:20:36', 0, 2, 1, 1, 0, NULL, 'automóviles EUSKALDUNA', '<p><p>He eliminado las imágenes que se mostraban en su web, porque eran de otro taller y le han enviado un burofax para que las eliminásemos. Nos pasaran fotos suyas.</p><p><br></p></p>', 1, 1, 1, 0, 0),
(742, '2018-10-05 10:20:36', '2018-10-05 10:20:36', 0, 2, 3, 1, 0, NULL, 'automóviles EUSKALDUNA', '<p><p>He eliminado las imágenes que se mostraban en su web, porque eran de otro taller y le han enviado un burofax para que las eliminásemos. Nos pasaran fotos suyas.</p><p><br></p></p>', 1, 1, 1, 0, 0),
(743, '2018-10-08 13:03:08', '2018-10-08 13:03:08', 742, 3, 2, 1, NULL, NULL, 'RE: automóviles EUSKALDUNA', '<p><p>k fuerte!!!</p><p>ok!</p></p>', 1, 1, 1, 0, 0),
(744, '2018-10-08 13:04:57', '2018-10-08 13:04:57', 0, 3, 2, 1, NULL, NULL, 'Area', '<p><p>Acabo de hablar con Lara de área.&nbsp;</p><p>Me ha cmentado que mandará los requisitos que necesitamos a antiguos alumnos.</p><p>Pero me ha dejado claro su especialiadad es mas programador diseñador y no tanto programación.</p><p>Lo vamos hablando.</p></p>', 1, 1, 1, 0, 0),
(745, '2018-10-08 13:04:57', '2018-10-08 13:04:57', 0, 3, 1, 1, NULL, NULL, 'Area', '<p><p>Acabo de hablar con Lara de área.&nbsp;</p><p>Me ha cmentado que mandará los requisitos que necesitamos a antiguos alumnos.</p><p>Pero me ha dejado claro su especialiadad es mas programador diseñador y no tanto programación.</p><p>Lo vamos hablando.</p></p>', 1, 1, 1, 0, 0),
(746, '2018-10-10 13:26:45', '2018-10-10 13:26:45', 0, 1, 3, 1, NULL, NULL, 'MgRotulos', '<p><p>Cuando llegues que llames al de MgRotulos</p></p>', 1, 1, 1, 0, 0),
(747, '2018-10-11 15:58:41', '2018-10-11 15:58:41', 0, 2, 1, 1, NULL, NULL, 'HOSTELERYKO', '<p><p>Importation, please!</p><p>Y le avisas... ;)</p></p>', 1, 1, 1, 0, 0),
(748, '2018-10-15 19:13:03', '2018-10-15 19:13:03', 0, 2, 1, 1, 0, NULL, 'Copiar proyecto Mas que Delicatessen a 8090', '', 1, 1, 1, 0, 0),
(749, '2018-10-16 12:31:28', '2018-10-16 12:31:28', 0, 2, 1, 1, NULL, NULL, 'SERVOS :: Google maps', '<p><p>Cuando tengas un ratillo, revisar la integración del Google Maps en la web de Servos</p></p>', 1, 1, 1, 0, 0),
(750, '2018-10-16 15:32:12', '2018-10-16 15:32:12', 0, 2, 3, 1, 0, NULL, 'MQD :: LOPD habilitada y revisada', '<p><p>Ya les puedes enviar la ftra.</p></p>', 1, 1, 1, 0, 0),
(751, '2018-10-17 12:20:07', '2018-10-17 12:20:07', 0, 3, 1, 1, NULL, NULL, 'google map de la web de Artola', '<p><p>http://lantalau.sytes.net/artola/</p><p><br></p></p>', 1, 1, 1, 0, 0),
(752, '2018-10-17 14:52:25', '2018-10-17 14:52:25', 0, 1, 2, 1, NULL, NULL, 'Teach learn', '<p><p>Avisa a Cori que el cpanel de teachorlearn.com esta desactivado:</p><p><br></p><p>\"Cannot read license file</p><p>Para acceder a la interfaz, debe instalar la licencia y asegurarse de que esté activa.\"</p></p>', 1, 1, 1, 0, 0),
(753, '2018-10-17 16:32:54', '2018-10-17 16:32:54', 0, 1, 1, 1, NULL, NULL, 'Prueba de mensaje', '<p><p>Guardara o no?</p></p>', 1, 1, 1, 0, 0),
(754, '2018-10-19 08:59:56', '2018-10-19 08:59:56', 0, 3, 1, 1, NULL, NULL, 'Bizi Soinu web', '<p><p>añadir 2 servicios más. Ahora hay 4&nbsp; y ya de paso arreglar el google map.</p><p>Eskerrik asko,</p><p><br></p><p><br></p></p>', 1, 1, 1, 0, 0),
(755, '2018-10-22 13:01:38', '2018-10-22 13:01:38', 0, 1, 2, 1, NULL, NULL, 'Arizaga', '<p><p>Llama a Arizaga en cuanto puedas</p></p>', 1, 1, 1, 0, 0),
(756, '2018-10-22 19:16:50', '2018-10-22 19:16:50', 0, 2, 1, 1, NULL, NULL, 'Subir BBDD LANTAGEST', '<p><p><br></p></p>', 1, 1, 1, 0, 0),
(757, '2018-10-23 17:49:34', '2018-10-23 17:49:34', 0, 3, 1, 1, NULL, NULL, 'te acabo de pasar lo de Artola', '', 1, 1, 1, 0, 0),
(758, '2018-10-23 17:50:07', '2018-10-23 17:50:07', 0, 3, 1, 1, NULL, NULL, 'Goxart', '<p><p>Te he pasado un email para alguna corrección....</p></p>', 1, 1, 1, 0, 0),
(759, '2018-10-24 10:02:27', '2018-10-24 10:02:27', 0, 3, 1, 1, NULL, NULL, 'google map Reflejo pilomotor', '', 1, 1, 1, 0, 0),
(760, '2018-10-24 11:42:41', '2018-10-24 11:42:41', 759, 1, 3, 1, NULL, NULL, 'RE: google map Reflejo pilomotor', '<p><p>Listo</p></p>', 1, 1, 1, 0, 0),
(761, '2018-10-24 11:42:50', '2018-10-24 11:42:50', 757, 1, 3, 1, NULL, NULL, 'RE: te acabo de pasar lo de Artola', '<p><p>Listo!</p></p>', 1, 1, 1, 0, 0),
(762, '2018-10-24 11:55:36', '2018-10-24 11:55:36', 758, 1, 3, 1, NULL, NULL, 'RE: Goxart', '<p><p>Listo!</p></p>', 1, 1, 1, 0, 0),
(763, '2018-10-24 16:37:22', '2018-10-24 16:37:22', 0, 2, 1, 1, 0, NULL, 'Galarent', '<p><p>Revisar envío de correos en la web</p></p>', 1, 1, 1, 0, 0),
(764, '2018-10-26 12:25:35', '2018-10-26 12:25:35', 0, 2, 3, 1, NULL, NULL, 'Raquel, tienda de informática', '<p><p>Para ver si ya tenemos su ppto. Llámale si falta, por favor.</p><p>Está hasta la 13.30h</p><p>943 66 03 59</p></p>', 1, 1, 1, 0, 0),
(765, '2018-10-29 10:27:20', '2018-10-29 10:27:20', 0, 1, 3, 1, NULL, NULL, 'Telleri Zahar', '<p><p>Ha llamado Ainhoa de Telleri Zahar, que ha recibido un correo de Host Europe para renovar el dominio, cuando normalmente recibe una factura. Que le debiste comentar algo tu del dominio y que tiene dudas. Nos ha reenviado el correo para que le digamos algo.</p></p>', 1, 1, 1, 0, 0);
INSERT INTO `public_users_mails` (`id`, `creation_date`, `modification_date`, `id_parent`, `id_user_from`, `id_user_to`, `id_empresa`, `id_proyecto`, `id_tarea`, `asunto`, `mensaje`, `leido`, `estado_mensaje`, `estado`, `fav`, `attach`) VALUES
(766, '2018-10-29 10:27:20', '2018-10-29 10:27:20', 0, 1, 2, 1, NULL, NULL, 'Telleri Zahar', '<p><p>Ha llamado Ainhoa de Telleri Zahar, que ha recibido un correo de Host Europe para renovar el dominio, cuando normalmente recibe una factura. Que le debiste comentar algo tu del dominio y que tiene dudas. Nos ha reenviado el correo para que le digamos algo.</p></p>', 1, 1, 1, 0, 0),
(767, '2018-10-29 10:45:25', '2018-10-29 10:45:25', 0, 1, 2, 1, 0, NULL, 'Adeepi', '<p><p>Lo de adeepi ya esta subido, a falta de probar funcionalidades. 8H en total</p></p>', 1, 1, 1, 0, 0),
(768, '2018-10-29 10:45:25', '2018-10-29 10:45:25', 0, 1, 3, 1, 0, NULL, 'Adeepi', '<p><p>Lo de adeepi ya esta subido, a falta de probar funcionalidades. 8H en total</p></p>', 1, 1, 1, 0, 0),
(769, '2018-10-30 11:42:04', '2018-10-30 11:42:04', 0, 1, 3, 1, NULL, NULL, 'Pausumedia', '<p><p>Kaixo,</p><p><br></p><p>Gero app-aren aurrekontua prestatu behar dugu.</p></p>', 1, 1, 1, 0, 0),
(770, '2018-10-30 12:43:01', '2018-10-30 12:43:01', 0, 2, 3, 1, NULL, NULL, 'Llamar a Michel de Ciclos Jaizkibel', '', 1, 1, 1, 0, 0),
(771, '2018-10-30 16:51:05', '2018-10-30 16:51:05', 0, 1, 3, 1, NULL, NULL, 'Logotipo Pausumedia', '<p><p>Ahal duzunean eskatu mesedez</p></p>', 1, 1, 1, 0, 0),
(772, '2018-10-30 17:33:24', '2018-10-30 17:33:24', 0, 1, 3, 1, NULL, NULL, 'Pausumedia', '<p><p>Ya he montado el panel de Pausumedia, y le he mandado el correo a Aitor con el acceso. No hace falta el logo, ya lo he sacado.</p></p>', 1, 1, 1, 0, 0),
(773, '2018-10-30 18:17:10', '2018-10-30 18:17:10', 772, 3, 1, 1, NULL, NULL, 'RE: Pausumedia', '<p><p>Ok Ion, ondo!</p></p>', 1, 1, 1, 0, 0),
(774, '2018-10-30 18:22:24', '2018-10-30 18:22:24', 0, 3, 2, 1, NULL, NULL, 'factura adeepi', '<p><p>Ion comenta que lo de adeepi 8 horas. Le haces la factura con el concepto que necesite el proyecto,</p><p>Y le reclamas la factura pendiente que tiene, ok?</p><p><br></p><p>Eskerrik asko,</p><p><br></p><p></p><p></p></p>', 1, 1, 1, 0, 0),
(775, '2018-10-31 09:56:11', '2018-10-31 09:56:11', 0, 2, 1, 1, NULL, NULL, 'MIrar acceso web Restaurante Kabia', '<p><p>http://www.restaurantekabia.com/panel/</p></p>', 1, 1, 1, 0, 0),
(776, '2018-11-06 15:45:22', '2018-11-06 15:45:22', 0, 2, 3, 1, NULL, NULL, 'Belharra', '<p><p>Llamara a Jon de Belharra</p></p>', 1, 1, 1, 0, 0),
(777, '2018-11-06 16:31:56', '2018-11-06 16:31:56', 0, 1, 3, 1, NULL, NULL, 'Llamar Itziar Ayestaran', '<p><p>Cuando puedas que le la llames:</p><p><br></p><p>626539044</p></p>', 1, 1, 1, 0, 0),
(778, '2018-11-07 10:26:55', '2018-11-07 10:26:55', 0, 1, 3, 1, NULL, NULL, 'Llamar a Itziar Ayestaran', '', 1, 1, 1, 0, 0),
(779, '2018-11-07 10:39:38', '2018-11-07 10:39:38', 0, 2, 1, 1, NULL, NULL, 'CANONICAL', '<p><p>https://support.wix.com/es/article/agregando-etiquetas-can%C3%B3nicas</p></p>', 1, 1, 1, 0, 0),
(780, '2018-11-07 11:51:39', '2018-11-07 11:51:39', 0, 3, 2, 1, NULL, NULL, 'LOPD-HAIZEKO', '<p><p>Ya tienes creada en las web de Haizeko.com las páginas de AVISO LEGAL- POLÍTICA DE COOKIES - POLÍTICA DE PRIVACIDAD</p><p>Habría poner en el formulario lo del check.</p><p><br></p></p>', 1, 1, 1, 0, 0),
(781, '2018-11-07 13:50:25', '2018-11-07 13:50:25', 0, 1, 3, 1, NULL, NULL, 'Almajano', '<p><p>Ha llamado el de Almajano, que si puedes recoloques las fotos de las categorias principales, que tambien se las cepillo.</p></p>', 1, 1, 1, 0, 0),
(782, '2018-11-07 15:01:08', '2018-11-07 15:01:08', 0, 1, 3, 1, NULL, NULL, 'Conchi de Haizeko', '<p><p>Luego te llama Conchi de Haizeko</p></p>', 1, 1, 1, 0, 0),
(783, '2018-11-07 16:21:11', '2018-11-07 16:21:11', 0, 3, 2, 1, NULL, NULL, 'koloreko LOPD', '<p><p>LOPD&nbsp;<span style=\"color: rgb(0, 0, 0); font-family: &quot;Source Sans Pro&quot;, &quot;Helvetica Neue&quot;, Helvetica, Arial, sans-serif; font-size: 14px; font-style: normal; font-variant-ligatures: normal; font-variant-caps: normal; font-weight: 400; letter-spacing: normal; orphans: 2; text-align: start; text-indent: 0px; text-transform: none; white-space: normal; widows: 2; word-spacing: 0px; -webkit-text-stroke-width: 0px; background-color: rgb(255, 255, 255); text-decoration-style: initial; text-decoration-color: initial; display: inline !important; float: none;\"><span>&nbsp;</span></span>Koloreko&nbsp; para&nbsp; este viernes please!</p></p>', 1, 1, 1, 0, 0),
(784, '2018-11-12 13:28:03', '2018-11-12 13:28:03', 0, 2, 1, 1, NULL, NULL, 'KOLOREKO', '<p><p>Revisar envío de mails, recaptcha, checkbox...</p></p>', 1, 1, 1, 0, 0),
(785, '2018-11-12 15:13:43', '2018-11-12 15:13:43', 0, 3, 1, 1, NULL, NULL, 'Web Juncal Gaminde', '<p><p>Se podría añadir:</p><p>Ubicación de cada inmueble</p><p>Memoria de calidades: Poder subir un archivo \"pdf\".</p><p>Poder incluir datos del propietario. Esto último mañana lo comento con ella por si lo necesitase.</p><p><br></p></p>', 1, 1, 1, 0, 0),
(786, '2018-11-13 16:37:56', '2018-11-13 16:37:56', 0, 1, 3, 1, NULL, NULL, 'Llamar Jon GArcia', '<p><p>Cuando puedas que llames a Jon Garcia:</p><p><br></p><p>+33 614 13 10 31</p></p>', 1, 1, 1, 0, 0),
(787, '2018-11-13 18:24:48', '2018-11-13 18:24:48', 0, 3, 1, 1, NULL, NULL, 'juncal gaminde', '<ul><li>Las referencias de los inmuebles que sean automáticas</li><li>marca de agua en las fotos</li><li>cuándo le damos a inmueble que haya una búsqueda de precio ascendente /descendente</li><li>Dentro del panel de control. Dentro de Inmuebles: Ordenar la información de esta manera:</li><li>&nbsp; &nbsp; Título del inmueble</li><li>&nbsp; &nbsp; La referencia automática</li><li>&nbsp; &nbsp; Datos Generales</li><li>&nbsp; &nbsp; Datos del inmueble</li><li>&nbsp; &nbsp; Consumo y emisiones</li><li>&nbsp; &nbsp; Características</li><li>&nbsp; &nbsp; ubicación (solo ubicado en el barrio pero no poner piso ni letra)</li><li>&nbsp; &nbsp; Resumen del inmueble.</li><li>Dentro del mismo inmueble, colocar un apartado de Datos del propietario: Nombre- apellidos-teléfono- dirección del piso completo. Esto solo lo puede ver ella, Esta información no es pública.</li></ul>', 1, 1, 1, 0, 0),
(788, '2018-11-13 18:28:08', '2018-11-13 18:28:08', 0, 3, 1, 1, NULL, NULL, 'juncal gaminde', '<p><p>Tema ubicación, que se pueda ubicar por barrios. Por ejemplo: Irun barrio Pio XII,&nbsp; Arbes...etc...</p></p>', 1, 1, 1, 0, 0),
(789, '2018-11-13 18:30:00', '2018-11-13 18:30:00', 0, 3, 1, 1, NULL, NULL, 'tema LANTAWORK', 'Una vez realizada la nota de asistencia, no se puede volver a editar. Estaría bien que se pudiese editar y poder asignar esa nota a otras personas...&nbsp;', 1, 1, 1, 0, 0),
(790, '2018-11-13 18:30:00', '2018-11-13 18:30:00', 0, 3, 2, 1, NULL, NULL, 'tema LANTAWORK', 'Una vez realizada la nota de asistencia, no se puede volver a editar. Estaría bien que se pudiese editar y poder asignar esa nota a otras personas...&nbsp;', 1, 1, 1, 0, 0),
(791, '2018-11-16 16:01:51', '2018-11-16 16:01:51', 0, 3, 1, 1, NULL, NULL, 'gaminde', 'Dentro de la ficha de inmuebles, incorporar un formulario para solicitar información', 1, 1, 1, 0, 0),
(792, '2018-11-22 15:19:46', '2018-11-22 15:19:46', 0, 2, 3, 1, NULL, NULL, 'LARREA', '<p><p>Te ha enviado varios Whastapp. Míralos, please!</p></p>', 1, 1, 1, 0, 0),
(793, '2018-11-22 16:11:50', '2018-11-22 16:11:50', 0, 2, 1, 1, 0, NULL, 'ECOHACK', '<p><p>Apunta la horillaaaaaaa ;)</p></p>', 1, 1, 1, 0, 0),
(794, '2018-11-26 15:41:06', '2018-11-26 15:41:06', 0, 3, 1, 1, NULL, NULL, 'Malaxenborda', '<p><p>Formulario de contacto fuera en las diferentes pantallas.</p><p>El weather que funcione</p><p>Mirar porque carga tan despacio la web</p><p>Pluging roboto creo que no funciona podrimos mirar otro.</p></p>', 1, 1, 1, 0, 0),
(795, '2018-11-27 19:03:18', '2018-11-27 19:03:18', 0, 3, 1, 1, NULL, NULL, 'MANEX MUNIAIN', 'Meter módulo de opiniones en la web,&nbsp;', 1, 1, 1, 0, 0),
(796, '2018-11-28 15:52:37', '2018-11-28 15:52:37', 0, 3, 1, 1, 0, NULL, 'goxart', '<p><p>Mensaje:<br></p><p>Kaixo laura.\r\n</p><p>\r\n</p><p>Tengo una duda. Cuando meto productos en la tienda online hay una pestaña de peso. Pero luego si entro en la pagina no veo donde aparece el peso del producto. \r\n</p><p>\r\n</p><p>Por otro lado queremos poner en la pagina una especie de bolsa de trabajo para que la gente nos envie su curriculum. En la cual habra momentos que tengamos oferta o puede que no pero pueden enviar el curriculum cuando quieran. Un saludo. \r\n</p><p>\r\n</p><p><p></p></p><p>Leire\r\n</p></p>', 1, 1, 1, 0, 0),
(797, '2018-11-28 18:11:41', '2018-11-28 18:11:41', 0, 2, 1, 1, 0, NULL, 'LOPD GLT', '<p><p>Revisar envío de formularios y avisos tras el CAPTCHA y checkbox recién insertados</p></p>', 1, 1, 1, 0, 0),
(798, '2018-11-29 17:00:06', '2018-11-29 17:00:06', 0, 3, 1, 1, NULL, NULL, 'TU CARNET', '<p><p>tpv ADELANTE!</p></p>', 1, 1, 1, 0, 0),
(799, '2018-12-05 13:09:38', '2018-12-05 13:09:38', 0, 3, 1, 1, NULL, NULL, 'Haizeko', '<p><p>Mirar el formulario de envío de&nbsp; Haizeko</p></p>', 1, 1, 1, 0, 0),
(800, '2018-12-05 13:21:50', '2018-12-05 13:21:50', 0, 3, 2, 1, NULL, NULL, 'Lurauto campaña', '<p><p>Ya está hecho, lo único mira el responsive.</p><p><a href=\"http://lantalau.sytes.net:8080/lurauto_mini_cons_2/\">http://lantalau.sytes.net:8080/lurauto_mini_cons_2/</a></p><p><br></p></p>', 1, 1, 1, 0, 0),
(801, '2018-12-05 13:28:48', '2018-12-05 13:28:48', 0, 3, 2, 1, 0, NULL, 'LURAUTO. Landing page. campaña navarra', '<p><p>el proyecto está creado y se llama LURAUTO. Landing page. campaña navarra</p></p>', 1, 1, 1, 0, 0),
(802, '2018-12-05 17:15:42', '2018-12-05 17:15:42', 799, 1, 3, 1, NULL, NULL, 'RE: Haizeko', '<p><p>Listo!</p></p>', 1, 1, 1, 0, 0),
(803, '2018-12-06 10:27:35', '2018-12-06 10:27:35', 0, 1, 2, 1, 0, NULL, 'URLs montadas en el nuevo servidor', '<p><p><a href=\"http://lantalau.sytes.net:8096/kinendu/\">http://lantalau.sytes.net:8096/kinendu/</a></p><p><a href=\"http://lantalau.sytes.net:8096/kinendu-api\">http://lantalau.sytes.net:8096/kinendu-api</a></p><p>http://lantalau.sytes.net:8096/kinendu-connect</p><p><br></p></p>', 1, 1, 1, 0, 0),
(804, '2018-12-07 10:07:50', '2018-12-07 10:07:50', 799, 3, 1, 1, NULL, NULL, 'RE: RE: Haizeko', '<p><p>perfecto!!!!!! thanks!!!</p></p>', 1, 1, 1, 0, 0),
(805, '2018-12-07 12:01:09', '2018-12-07 12:01:09', 803, 2, 1, 1, NULL, NULL, 'RE: URLs montadas en el nuevo servidor', '<p><p>Guay!</p></p>', 1, 1, 1, 0, 0),
(806, '2018-12-07 12:53:23', '2018-12-07 12:53:23', 0, 2, 1, 1, 0, NULL, 'DIDHEYA. Lopd + https', '<p><p>Ya he realizado los últimos cambios de la LOPD de Didheya. Falta forzarles la url a https y facturamos todo</p></p>', 1, 1, 1, 0, 0),
(807, '2018-12-07 12:53:23', '2018-12-07 12:53:23', 0, 2, 3, 1, 0, NULL, 'DIDHEYA. Lopd + https', '<p><p>Ya he realizado los últimos cambios de la LOPD de Didheya. Falta forzarles la url a https y facturamos todo</p></p>', 1, 1, 1, 0, 0),
(808, '2018-12-07 12:53:59', '2018-12-07 12:53:59', 0, 2, 1, 1, 0, NULL, 'ARIZAGA: Numeración proyectos', '<p><p>Esto ya está planteado...</p></p>', 1, 1, 1, 0, 0),
(809, '2018-12-10 16:46:58', '2018-12-10 16:46:58', 0, 1, 3, 1, 0, NULL, 'Llamada', '<p><p>cuando puedas que le llames a Juncal Gaminde:</p><p>607996256</p></p>', 1, 1, 1, 0, 0),
(810, '2018-12-11 16:07:27', '2018-12-11 16:07:27', 0, 2, 1, 1, 0, NULL, 'ENDAÑETA LOPD', '<p><p>No me deja guardar contenidooooos</p></p>', 1, 1, 1, 0, 0),
(811, '2018-12-13 09:49:02', '2018-12-13 09:49:02', 0, 2, 1, 1, 0, NULL, 'HOSTELERYKO', '<p><p>MIrar el mail que te enviado de Redsys y responder ;)</p></p>', 1, 1, 1, 0, 0),
(812, '2018-12-13 13:28:59', '2018-12-13 13:28:59', 0, 2, 3, 1, NULL, NULL, 'CORIA. Supereko', '<p><p>Lau, hay un whatsapp de Jose acerca del estado del tema de Supereko. Para que le tengas informado!</p></p>', 1, 1, 1, 0, 0),
(813, '2018-12-14 10:55:45', '2018-12-14 10:55:45', 0, 3, 1, 1, NULL, NULL, 'google map transpecial', '', 1, 1, 1, 0, 0),
(814, '2018-12-21 11:12:58', '2018-12-21 11:12:58', 0, 3, 1, 1, NULL, NULL, 'Oweg', '<p><p>El 26 hay que subir la web de Oweg. En 8090, no se ve.... Lo pùedes solucionar?</p><p>Thanks</p></p>', 1, 1, 1, 0, 0),
(815, '2018-12-21 11:24:27', '2018-12-21 11:24:27', 0, 3, 2, 1, NULL, NULL, 'ASHEGI', '<p><p>Quitar el formulario de contacto en el footer y en el apartado de contacto.</p><p>Utilizar nuestros textos de LOPD para hacer la política de privacidad poniendo el email que tienen ellos en la web</p><p>La dirección está mal, hay que poner Hospital Universitario....</p></p>', 1, 1, 1, 0, 0),
(816, '2018-12-26 13:32:11', '2018-12-26 13:32:11', 0, 2, 1, 1, 0, NULL, 'INUTRALIA', '<p><p>Angel:</p><p>Buenos días Lander. La nutrición sigue sin funcionar. ¿hasta cuándo está de vacaciones ION?</p><p><br></p><p>Lander:</p><p></p><p>Ion entra a trabajar el miércoles 2. Ya te comentó, si no recuerdo mal, que te lo dejaría todo subido antes de reyes, tal y como le solicitaste ene tu email del 18/12</p><p><br></p><p>Angel:</p><p></p><p>Hola Lander</p><p>Lo que me dijo es que lo dejaba terminado la semana pasada. Lander nadie va a regalar una personalización de menus para reyes porque no va a estar y vamos muy tarde... en fin</p><p></p><p>Un saludo</p></p>', 1, 1, 1, 0, 0),
(817, '2018-12-28 12:07:44', '2018-12-28 12:07:44', 0, 2, 1, 1, 0, NULL, 'COCOLA. Cosas para revisar', '<p><p>Ayer, 27/12/18 tuve reunión con Victoria para terminar de cargar la página.</p><p>He realizado varios&nbsp; cambios pero veo que alguna cosa no funciona:</p><p>1) He ido a cambiar un texto en texto descriptivo del módulo \"Esencias\" y no me deja guardar. He metido el texto a mano en el archivo: cocola/templates/web/cocola/includes/servicios/public/listado.php&nbsp;</p><p>2) El filtro de Síntomas del módulo \"Esencias\" no termina de funcionar. En unos casos sí y en otros no, no sé por qué. Mira por ejemplo el caso de la esencia \"Lombricera\"</p><p>3) No sé. Me da la sensación que el chat se carga a veces sí, y otras no</p><p>4) Habría que publicarla para el 15 de enero. Ya lo he metido en el Google Calendar</p><p>&nbsp;</p><p><br></p></p>', 1, 1, 1, 0, 0),
(818, '2018-12-28 12:40:36', '2018-12-28 12:40:36', 0, 2, 1, 1, 0, NULL, 'Cosas para avanzar', '<p><p>De Inglandia, he metido y adaptadoto el módulo de Contenidos al template Mazel. Falta:</p><p>1) Incorporar el módulo opiniones en la portada</p><p>2) Implementar el módulo de clases, tal cual comentamos (ppto. acaptado)</p><p>Te dejo el diseño impreso en tu mesa.</p><p>Nos ha pedido a ver si podemos dejarla listo en enero.</p></p>', 1, 1, 1, 0, 0),
(819, '2018-12-28 13:05:01', '2018-12-28 13:05:01', 0, 2, 1, 1, 0, NULL, 'Imágenes referencias', '<p><p>Ayer me llamó Javier. Está contento de cómo está quedando la web</p><p>La cuestión es que estaba cargando Maquinaria, y se ha dado cuenta de que, dentro de un mismo producto, las imágenes de las diferentes referencias pueden ser bastante diferentes.</p><p>Me comentaba si es posible mostrar, en el desplegable de cada producto, una imagen del mismo.</p><p>Le comenté que como cada referencia hijo tiene una foto asociada, que habrá casos en los que se va a mostrar&nbsp; la misma imagen del artículo padre... Que le daba igual.</p><p>Si hay que incluir esta tarea a parte, se le comenta y listo</p></p>', 1, 1, 1, 0, 0),
(820, '2018-12-28 13:08:57', '2018-12-28 13:08:57', 0, 2, 1, 1, NULL, NULL, 'HOSTELERYKO', '<p><p>Perdona. La nota anterior hace referencia a Hosteleryko. Se me ha olvidado pasarte la referencia del caso que nos comentaba</p><p>http://hosteleryko-shop.com/hosteleryko/es/batidoras-brazo-fijo-tf/</p></p>', 1, 1, 1, 0, 0),
(821, '2018-12-28 16:23:36', '2018-12-28 16:23:36', 0, 2, 1, 1, 0, NULL, 'GARBILAN. Habilitar opción de servicios', '<p><p>En vez de reservar cuatro bloques, hay que habilitar una zona para generar nuevo servicios:</p><p>\"Poner 10 cuadros con las siguientes descripciones :</p><p> </p><p>Tracteur Solo - Ensemble Tautliner – Ensemble Frigo/fourgon – Ensemble Benne – Ensemble Citerne</p><p> </p><p>Autocars – Ensemble plateau – Intérieur Remorque – NOUVEAU lavage Express – Autres Véhicules\" y poder asociarle un icono a cada uno</p></p>', 1, 1, 1, 0, 0),
(822, '2019-01-02 09:38:50', '2019-01-02 09:38:50', 814, 1, 3, 1, NULL, NULL, 'RE: Oweg', '<p><p>Listo!</p></p>', 1, 1, 1, 0, 0),
(823, '2019-01-02 09:50:19', '2019-01-02 09:50:19', 817, 1, 2, 1, NULL, NULL, 'RE: COCOLA. Cosas para revisar', '<p><p>Todo corregido. Lo del chat no se, igual los horarios? Lo revisamos cuando este subido.</p></p>', 1, 1, 1, 0, 0),
(824, '2019-01-02 10:02:35', '2019-01-02 10:02:35', 819, 1, 2, 1, NULL, NULL, 'RE: Imágenes referencias', '<p>Listo, ya lo he hecho, (25min).<br>Pero no lo he subido:<br><p>http://lantalau.sytes.net:8096/hosteleryko/es/pizarras-menu-caballete/</p><p><br></p></p>', 1, 1, 1, 0, 0),
(825, '2019-01-02 11:47:14', '2019-01-02 11:47:14', 821, 1, 2, 1, NULL, NULL, 'RE: GARBILAN. Habilitar opción de servicios', '<p><p>Listo</p></p>', 1, 1, 1, 0, 0),
(826, '2019-01-03 10:14:37', '2019-01-03 10:14:37', 818, 1, 2, 1, NULL, NULL, 'RE: Cosas para avanzar', '<p><p>Opiniones listo, aunque no tenia el diseño ¿?¿?</p></p>', 1, 1, 1, 0, 0),
(827, '2019-01-03 10:18:57', '2019-01-03 10:18:57', 0, 1, 3, 1, NULL, NULL, 'Ivan Corsam', '<p><p>Te ha llamado Ivan de Corsam, que cuando puedas le llames:</p><p>600901508</p></p>', 1, 1, 1, 0, 0),
(828, '2019-01-07 17:00:39', '2019-01-07 17:00:39', 0, 2, 3, 1, 0, NULL, 'LURAUTO. Llamada', '<p><p>Ha llamado Raquel de Lurauto. Que no se acordaba muy bien cómo estaba el tema de las landing generales, la factura de adelanto, etc... Que hables con ella para informarle</p><p><br></p></p>', 1, 1, 1, 0, 0),
(829, '2019-01-07 17:00:39', '2019-01-07 17:00:39', 0, 2, 1, 1, 0, NULL, 'LURAUTO. Llamada', '<p><p>Ha llamado Raquel de Lurauto. Que no se acordaba muy bien cómo estaba el tema de las landing generales, la factura de adelanto, etc... Que hables con ella para informarle</p><p><br></p></p>', 1, 1, 1, 0, 0),
(830, '2019-01-08 14:31:17', '2019-01-08 14:31:17', 0, 2, 3, 1, 0, NULL, 'PLAMAR :: Enviar factura', '<p><p>LOPD de Plamar lista.</p><p>Si quieres lo revisas por encima y les pasas la \"dolorosa\"</p><p><br></p></p>', 1, 1, 1, 0, 0),
(831, '2019-01-08 14:37:59', '2019-01-08 14:37:59', 0, 2, 1, 1, NULL, NULL, 'BD :: A revisar DESTINOS', '<p><p>DESTINOS</p><p>1) Sección datos básicos.</p><p>&nbsp; &nbsp; 1.1) Eliminar categoría padre si no sirve para nada</p><p>&nbsp; &nbsp; 1.2) Un destinos tipo \"Punto circuito\" no debería de mostrar la opción de abrirse en desarrollo</p><p>&nbsp;&nbsp;&nbsp;&nbsp;1.3) Información práctica. Sirve para algo en destinos? Si es así, no funciona (no se puede desplegar). En Experiencias funciona ok&nbsp;&nbsp;</p><p>&nbsp; &nbsp; 1.4) Si mostramos el mapa (Sección \"Circuito a pie\" con destinos relacionados) el Google Maps da error<br></p></p>', 1, 1, 1, 0, 0),
(832, '2019-01-08 14:37:59', '2019-01-08 14:37:59', 0, 2, 3, 1, NULL, NULL, 'BD :: A revisar DESTINOS', '<p><p>DESTINOS</p><p>1) Sección datos básicos.</p><p>&nbsp; &nbsp; 1.1) Eliminar categoría padre si no sirve para nada</p><p>&nbsp; &nbsp; 1.2) Un destinos tipo \"Punto circuito\" no debería de mostrar la opción de abrirse en desarrollo</p><p>&nbsp;&nbsp;&nbsp;&nbsp;1.3) Información práctica. Sirve para algo en destinos? Si es así, no funciona (no se puede desplegar). En Experiencias funciona ok&nbsp;&nbsp;</p><p>&nbsp; &nbsp; 1.4) Si mostramos el mapa (Sección \"Circuito a pie\" con destinos relacionados) el Google Maps da error<br></p></p>', 1, 1, 1, 0, 0),
(833, '2019-01-08 17:17:02', '2019-01-08 17:17:02', 830, 3, 2, 1, NULL, NULL, 'RE: PLAMAR :: Enviar factura', '<p><p>ok, hayá k va!</p><p>Thanks</p></p>', 1, 1, 1, 0, 0),
(834, '2019-01-09 09:30:16', '2019-01-09 09:30:16', 830, 2, 3, 1, NULL, NULL, 'RE: RE: PLAMAR :: Enviar factura', '<p><p>Allá, dirás... X(</p></p>', 1, 1, 1, 0, 0),
(835, '2019-01-09 09:31:35', '2019-01-09 09:31:35', 0, 2, 1, 1, 0, NULL, 'LANTALAU. Mantenimiento web', '<p><p>Para mirar cuando se pueda....</p><p>1) En nuestro servidor, no se carga. PHP7</p><p>2) AjaxPlorer del servidor real, lo lanza siempre en HTML</p></p>', 1, 1, 1, 0, 0),
(836, '2019-01-09 17:22:22', '2019-01-09 17:22:22', 835, 1, 2, 1, NULL, NULL, 'RE: LANTALAU. Mantenimiento web', '<p><p>Ya funciona abajo</p></p>', 1, 1, 1, 0, 0),
(837, '2019-01-09 19:33:10', '2019-01-09 19:33:10', 835, 2, 1, 1, NULL, NULL, 'RE: RE: LANTALAU. Mantenimiento web', '<p><p>Perfect!</p></p>', 1, 1, 1, 0, 0),
(838, '2019-01-11 18:15:44', '2019-01-11 18:15:44', 830, 3, 2, 1, NULL, NULL, 'RE: RE: RE: PLAMAR :: Enviar factura', '<p><p>ja,ja,ja,ja por dios!!!!</p></p>', 1, 1, 1, 0, 0),
(839, '2019-01-14 11:21:51', '2019-01-14 11:21:51', 0, 2, 1, 1, 0, NULL, 'LARREA :: Mirar Whastapp', '<p><p>Carga de proyecto</p></p>', 1, 1, 1, 0, 0),
(840, '2019-01-14 17:52:03', '2019-01-14 17:52:03', 0, 1, 3, 1, NULL, NULL, 'Pausumedia', '<p><p>TErminado y subido a 8090</p></p>', 1, 1, 1, 0, 0),
(841, '2019-01-14 17:52:20', '2019-01-14 17:52:20', 0, 1, 3, 1, NULL, NULL, 'Andeye', '<p><p>Solucionado, mañana le mando un mensaje</p></p>', 1, 1, 1, 0, 0),
(842, '2019-01-14 17:52:20', '2019-01-14 17:52:20', 0, 1, 1, 1, NULL, NULL, 'Andeye', '<p><p>Solucionado, mañana le mando un mensaje</p></p>', 1, 1, 1, 0, 0),
(843, '2019-01-14 18:03:47', '2019-01-14 18:03:47', 0, 2, 2, 1, NULL, NULL, 'VIA RÁPIDA ', '<p><p>https://docs.woocommerce.com/document/the-customer-booking-process/#</p></p>', 1, 1, 1, 0, 0),
(844, '2019-01-14 18:03:47', '2019-01-14 18:03:47', 0, 2, 1, 1, NULL, NULL, 'VIA RÁPIDA ', '<p><p>https://docs.woocommerce.com/document/the-customer-booking-process/#</p></p>', 1, 1, 1, 0, 0),
(845, '2019-01-14 18:22:15', '2019-01-14 18:22:15', 0, 2, 1, 1, 0, NULL, 'WINDOWSPUR :: Template para web', '<p><p><br></p><p>https://preview.themeforest.net/item/porto-responsive-html5-template/full_screen_preview/4106987</p></p>', 1, 1, 1, 0, 0),
(846, '2019-01-14 18:22:15', '2019-01-14 18:22:15', 0, 2, 2, 1, 0, NULL, 'WINDOWSPUR :: Template para web', '<p><p><br></p><p>https://preview.themeforest.net/item/porto-responsive-html5-template/full_screen_preview/4106987</p></p>', 1, 1, 1, 0, 0),
(847, '2019-01-14 20:52:55', '2019-01-14 20:52:55', 0, 2, 1, 1, 0, NULL, 'KIROLETIK :: Lkamar a Aitor Errazkin', '<p><p>GEIE Pausumedia</p></p>', 1, 1, 1, 0, 0),
(848, '2019-01-15 10:58:03', '2019-01-15 10:58:03', 0, 1, 3, 1, NULL, NULL, 'Llamar a Manex', '<p><p>Cuando puedas que llames a Manex, que es urgente</p><p>627907310</p></p>', 1, 1, 1, 0, 0),
(849, '2019-01-15 11:45:18', '2019-01-15 11:45:18', 0, 1, 3, 1, NULL, NULL, 'Aiert Alonso', '<p><p>Ha llamado Aiert Alonso, que ayer te mando una confirmación de un presupuesto y que le llames para confirmar que los has recibido y empezar con el proyecto.<br></p></p>', 1, 1, 1, 0, 0),
(850, '2019-01-15 17:46:31', '2019-01-15 17:46:31', 0, 3, 1, 1, 0, NULL, 'pausumedia', '<p><p>Kaixo, Ya he visto que han rellenado todo los de pausumedia.</p><p>Te he pasado 2 emails, Uno con los datos del dominio y otro con la FTP.</p><p>En cuanto nos den el OK lo subimos todo para arriba, ok?</p><p>Te avisaré,</p><p><br></p><p>Eskerrik askoooooooo</p></p>', 1, 1, 1, 0, 0),
(851, '2019-01-15 18:20:20', '2019-01-15 18:20:20', 0, 3, 1, 1, 0, NULL, 'pausumedia web', '<p><p>Subid la web de PAURSUMEDIA. Nos ha dado el, ok. En cuanto esté subida avisad a Aitor, ok?</p><p><br></p><p><br></p></p>', 1, 1, 1, 0, 0),
(852, '2019-01-16 10:12:26', '2019-01-16 10:12:26', 0, 2, 3, 1, NULL, NULL, 'CORSAM :: LLAMADA', '<p><p>Iva, de Corsam, que le llames a la tarde.</p><p>600 90 15 08</p></p>', 1, 1, 1, 0, 0),
(853, '2019-01-16 11:17:54', '2019-01-16 11:17:54', 850, 1, 3, 1, NULL, NULL, 'RE: pausumedia', '<p><p>Subido!<br></p></p>', 1, 1, 1, 0, 0),
(854, '2019-01-16 16:31:48', '2019-01-16 16:31:48', 0, 3, 2, 1, NULL, NULL, 'H2 CONTRACT', '<p><p>Hay que hacer la LOPD, OK?</p><p><br></p><p><br></p></p>', 1, 1, 1, 0, 0),
(855, '2019-01-16 18:48:58', '2019-01-16 18:48:58', 0, 2, 1, 1, 0, NULL, 'Quedada con Adeepi ', '<p><p>\"Hola Lander,</p><p> </p><p>El miércoles lo tenemos liado, y el lunes es fiesta en Donosti.</p><p>El resto de los días, por ahora bien.\"</p></p>', 1, 1, 1, 0, 0),
(856, '2019-01-16 18:48:58', '2019-01-16 18:48:58', 0, 2, 2, 1, 0, NULL, 'Quedada con Adeepi ', '<p><p>\"Hola Lander,</p><p> </p><p>El miércoles lo tenemos liado, y el lunes es fiesta en Donosti.</p><p>El resto de los días, por ahora bien.\"</p></p>', 1, 1, 1, 0, 0),
(857, '2019-01-17 11:02:11', '2019-01-17 11:02:11', 0, 2, 3, 1, 0, NULL, 'Casino Irun', '<p><p>ha llamado Álvaro Ripa. Que ok, que lo presupuestemos/facturemos directamente nosotros.</p></p>', 1, 1, 1, 0, 0),
(858, '2019-01-17 13:02:23', '2019-01-17 13:02:23', 0, 1, 3, 1, NULL, NULL, 'Llamar a Itziar Ayestaran', '<p><p>Llamar a Itziar Ayestaran</p><p>626539044</p></p>', 1, 1, 1, 0, 0),
(859, '2019-01-17 15:14:14', '2019-01-17 15:14:14', 858, 3, 1, 1, NULL, NULL, 'RE: Llamar a Itziar Ayestaran', 'ok, listooooo', 1, 1, 1, 0, 0),
(860, '2019-01-17 19:08:57', '2019-01-17 19:08:57', 0, 3, 1, 1, 0, NULL, 'subid la web de OWEG', '<p><p><br></p><p>KAIXO Ion,</p><p>Vete subiendo la web de Oweg al servidor nuestro. Abajo está el acceso, ok? Vamos a dejarla ya subida y el martes Carlos hará el traslado de las cuentas.</p><p>Eskerrik asko</p><p>===================================+\r\n</p><p>| New Account Info                  |\r\n</p><p>+===================================+\r\n</p><p>| Domain: oweg.es\r\n</p><p>| Ip: 188.165.133.142 (n)\r\n</p><p>| HasCgi: y\r\n</p><p>| UserName: efyophdddx\r\n</p><p>| PassWord: coH~%26Y}1jO\r\n</p><p>| CpanelMod: paper_lantern\r\n</p><p>| HomeRoot: /home\r\n</p><p>| Quota: 4.88 GB\r\n</p><p>| NameServer1: vps462-3.coriaweb.hosting\r\n</p><p>| NameServer2: vps462-4.coriaweb.hosting\r\n</p><p>| NameServer3: \r\n</p><p>| NameServer4: \r\n</p><p>| Contact Email: dominios@lantalau.com\r\n</p><p>| Package: BASICO\r\n</p><p>| Feature List: default\r\n</p><p><p></p></p><p>| Language: es\r\n</p></p>', 1, 1, 1, 0, 0),
(861, '2019-01-17 19:36:07', '2019-01-17 19:36:07', 0, 3, 1, 1, 0, NULL, 'basque destination: modificaciones a tener en cuenta después de la formación.', '<p><p>Modificaciones y valorar en un presupuesto las cosas nuevas:</p><p>1- el Banner de la flor en movimiento que ellas la puedan modificar. Creo que está metida a manopla en la web.</p><p>2- En la portada quitar la palabra \"últimas noticias..\" solo dejar el de Basque news.</p><p>3-&nbsp; Apartado de DESTINOS. Que aparezcan los 9 de golpe. Que no haya paginador. Siempre serán 9</p><p>4- Dentro de cada Destino cambiar el orden de aparición de elementos:<br>1: Slider<br>2: Introducción<br>3: Galería de fotos<br>4: Descripción<br>5: Lugares imprescindibles<br>6: Mapa de circuito a pie<br>7: Video.</p><p>8: En los laterales: Experiencias relacionadas , artículos relacionados.</p><p>5- En el apartado TODO POR VER:&nbsp; Incorporar las experiencias en el lateral.</p><p>6- Dentro del panel, en el apartado disponibilidad la letra se ve muy pequña. ampliarla más.</p><p>7- Módulo de opiniones que puedan opinar cualuiera. Dejarlo desde la portada. Habrá que crear un cuarto&nbsp; menu: Opina sobre nosotros.</p><p>8- Apartado de noticias, quitar el paginador también. Que a apaezca todo de golpe. y en los laterales. \"Compra tu experiencia\" y \"experiencias que puedan estar relacionadas con esa noticia\".</p><p>9- Apartado BOLETÍN. Que se pueda importar y exportar a Excell.</p><p>10- poder hacer un mailing personalizado... Esto lo comentamos, ok?</p><p>11- A la hora de pagar, en los pasos a seguir hay 2 que se repiten \" forma de pago\" el último debería de poner... \"confirmación de pago\"</p><p>12- apartado de colaboradores. Me comenta que antes en la web vieja si estaban... esto también lo miramos, ok? igual se pueden meter a mano si no son muchos....</p><p><br></p><p><br></p></p>', 1, 1, 1, 0, 0),
(862, '2019-01-17 19:36:07', '2019-01-17 19:36:07', 0, 3, 2, 1, 0, NULL, 'basque destination: modificaciones a tener en cuenta después de la formación.', '<p><p>Modificaciones y valorar en un presupuesto las cosas nuevas:</p><p>1- el Banner de la flor en movimiento que ellas la puedan modificar. Creo que está metida a manopla en la web.</p><p>2- En la portada quitar la palabra \"últimas noticias..\" solo dejar el de Basque news.</p><p>3-&nbsp; Apartado de DESTINOS. Que aparezcan los 9 de golpe. Que no haya paginador. Siempre serán 9</p><p>4- Dentro de cada Destino cambiar el orden de aparición de elementos:<br>1: Slider<br>2: Introducción<br>3: Galería de fotos<br>4: Descripción<br>5: Lugares imprescindibles<br>6: Mapa de circuito a pie<br>7: Video.</p><p>8: En los laterales: Experiencias relacionadas , artículos relacionados.</p><p>5- En el apartado TODO POR VER:&nbsp; Incorporar las experiencias en el lateral.</p><p>6- Dentro del panel, en el apartado disponibilidad la letra se ve muy pequña. ampliarla más.</p><p>7- Módulo de opiniones que puedan opinar cualuiera. Dejarlo desde la portada. Habrá que crear un cuarto&nbsp; menu: Opina sobre nosotros.</p><p>8- Apartado de noticias, quitar el paginador también. Que a apaezca todo de golpe. y en los laterales. \"Compra tu experiencia\" y \"experiencias que puedan estar relacionadas con esa noticia\".</p><p>9- Apartado BOLETÍN. Que se pueda importar y exportar a Excell.</p><p>10- poder hacer un mailing personalizado... Esto lo comentamos, ok?</p><p>11- A la hora de pagar, en los pasos a seguir hay 2 que se repiten \" forma de pago\" el último debería de poner... \"confirmación de pago\"</p><p>12- apartado de colaboradores. Me comenta que antes en la web vieja si estaban... esto también lo miramos, ok? igual se pueden meter a mano si no son muchos....</p><p><br></p><p><br></p></p>', 1, 1, 1, 0, 0),
(863, '2019-01-18 11:52:54', '2019-01-18 11:52:54', 0, 2, 3, 1, NULL, NULL, 'LEKUONA :: Facturas', '<p><p>A ver si tenemos listas las facturas.&nbsp;</p></p>', 1, 1, 1, 0, 0),
(864, '2019-01-21 12:15:33', '2019-01-21 12:15:33', 0, 2, 3, 1, NULL, NULL, 'Comentar conmigo el tema de MONDRAGON TEAM ACADEMY', '<p><p>Javier Macias Fernandez</p><p>Teampreneur &amp; Co-founder KIMERA</p></p>', 1, 1, 1, 0, 0),
(865, '2019-01-21 15:27:22', '2019-01-21 15:27:22', 0, 3, 1, 1, NULL, NULL, 'Asesoria Lekuona web', '<p><p>Os he mandado un email. Leedlo y le comentáis, algo, ok?</p><p>Eskerrik asko,</p><p><br></p><p><br></p></p>', 1, 1, 1, 0, 0),
(866, '2019-01-21 15:27:22', '2019-01-21 15:27:22', 0, 3, 2, 1, NULL, NULL, 'Asesoria Lekuona web', '<p><p>Os he mandado un email. Leedlo y le comentáis, algo, ok?</p><p>Eskerrik asko,</p><p><br></p><p><br></p></p>', 1, 1, 1, 0, 0),
(867, '2019-01-21 15:46:00', '2019-01-21 15:46:00', 0, 3, 1, 1, NULL, NULL, 'presupuesto para nueva web para alarde hondarribia', '<p><p>Realizar presupuesto para <a href=\"http://www.hondarribikoalardea.com/index.php\">http://www.hondarribikoalardea.com/index.php</a>&nbsp;mirar el email que he mandado, os he hecho copia. Eskerrik asko,</p></p>', 1, 1, 1, 0, 0),
(868, '2019-01-21 15:46:00', '2019-01-21 15:46:00', 0, 3, 2, 1, NULL, NULL, 'presupuesto para nueva web para alarde hondarribia', '<p><p>Realizar presupuesto para <a href=\"http://www.hondarribikoalardea.com/index.php\">http://www.hondarribikoalardea.com/index.php</a>&nbsp;mirar el email que he mandado, os he hecho copia. Eskerrik asko,</p></p>', 1, 1, 1, 0, 0),
(869, '2019-01-22 11:47:17', '2019-01-22 11:47:17', 0, 2, 3, 1, NULL, NULL, 'LEKUONA :: Ftras. proveedores', '<p><p>He llamado Ander. Faltan algunas facturas de al año pasado para hacer cierre de año:</p><p>EUSKALTEL (SEPT/OCT)</p><p>HRC (AGOSTO)</p><p>SERV. TXINGUDI (SEPT/DIC)</p><p><br></p></p>', 1, 1, 1, 0, 0),
(870, '2019-01-22 12:15:13', '2019-01-22 12:15:13', 0, 2, 1, 1, 0, NULL, 'HOSTELERYKO :: logotipo', '<p><p>Meter el logotipo en en listado de productos</p></p>', 1, 1, 1, 0, 0),
(871, '2019-01-22 15:04:40', '2019-01-22 15:04:40', 0, 2, 3, 1, 0, NULL, 'IPIRANGA :: Llamar a Gorka', '<p><p>Hay varios temas que me ha comentado:</p><p>1) Usuarios. Intenta generar una nueva contraseña y enviarla a los usuarios y dice qu eda error. Yo lo acabo de probar con el usuairio de Ion y parece que envía bien</p><p>2) En el móvil las banderitas de los idiomas nos se pueden clicar</p><p>3) Algo que ocmentáteis la última reunión acerca de los catálogos (quitar el buscardor general, etc...) No sé.&nbsp;</p><p>Habla con él y lo habláis</p></p>', 1, 1, 1, 0, 0),
(872, '2019-01-22 16:00:14', '2019-01-22 16:00:14', 0, 2, 3, 1, NULL, NULL, 'Marta Pilates', '<p><p>Tienes unos whatsapps de esta mujer</p></p>', 1, 1, 1, 0, 0),
(873, '2019-01-22 17:58:06', '2019-01-22 17:58:06', 0, 3, 2, 1, NULL, NULL, 'Windowspur', '<p><p>Te ha llamado Asier de windowspur que mañana te llama.&nbsp;</p></p>', 1, 1, 1, 0, 0),
(874, '2019-01-22 18:04:39', '2019-01-22 18:04:39', 0, 3, 2, 1, NULL, NULL, 'lopd oweg', '<p><p>Hacer la LOPD de oweg, han aceptado, ok?</p></p>', 1, 1, 1, 0, 0),
(875, '2019-01-22 18:14:14', '2019-01-22 18:14:14', 0, 3, 1, 1, NULL, NULL, 'IPIRANGA', '<p><p>Quitar dentro de <a href=\"http://www.ipirangahusillos.com\">www.ipirangahusillos.com</a>&nbsp;la carpeta entera de IPIRANGA,&nbsp; no?</p><p>si entras en <a href=\"http://www.ipirangahusillos.com/ipiranga\">www.ipirangahusillos.com/ipiranga</a>&nbsp;se accede. Para que no se equivoquen</p></p>', 1, 1, 1, 0, 0),
(876, '2019-01-22 19:03:53', '2019-01-22 19:03:53', 871, 3, 2, 1, NULL, NULL, 'RE: IPIRANGA :: Llamar a Gorka ', '<p><p>Ya le he llamado pero solo están hasta las 17.15</p><p>Esto ha mandado Gorka:&nbsp;</p><p><i>Arratsaldeon Laura,\r\n</i></p><p>\r\n</p><p><i>Los datos de info@iazgroup.net\r\n</i></p><p><i>Contraseña: 6qbfki6A\r\n</i></p><p><i>Servidores (pop y smtp): mail2.hispatek.com\r\n</i></p><p>\r\n</p><p><i>Hau da zuzentzeko genaukan altal bat.\r\n</i></p><p><i>Honekin aldatu dezakezue?\r\n</i></p><p>\r\n</p><p><i>Azkenengo bileran hitz egin genituen atal batzuk, oraindik ez dira zuzendu.\r\n</i></p><p>\r\n</p><p><i>-Hizkuntzak desblokeatu behar dira.\r\n</i></p><p><i>-Produktuetan filtroak ez dira zuzuzendu filtro orokorra kendu eta zutabe zehatz batzutan filtroak jarri.\r\n</i></p><p>\r\n</p><p></p><p></p><p></p><p><i>Agur bat</i></p><p>Hay que prepara el presupuesto, ok? Ion, calcula lo que te vaya a costar en horas para comentarles. Me refiero a los filtros... Hablamos!</p><p><i>\r\n</i></p></p>', 1, 1, 1, 0, 0),
(877, '2019-01-22 19:03:53', '2019-01-22 19:03:53', 871, 3, 1, 1, NULL, NULL, 'RE: IPIRANGA :: Llamar a Gorka ', '<p><p>Ya le he llamado pero solo están hasta las 17.15</p><p>Esto ha mandado Gorka:&nbsp;</p><p><i>Arratsaldeon Laura,\r\n</i></p><p>\r\n</p><p><i>Los datos de info@iazgroup.net\r\n</i></p><p><i>Contraseña: 6qbfki6A\r\n</i></p><p><i>Servidores (pop y smtp): mail2.hispatek.com\r\n</i></p><p>\r\n</p><p><i>Hau da zuzentzeko genaukan altal bat.\r\n</i></p><p><i>Honekin aldatu dezakezue?\r\n</i></p><p>\r\n</p><p><i>Azkenengo bileran hitz egin genituen atal batzuk, oraindik ez dira zuzendu.\r\n</i></p><p>\r\n</p><p><i>-Hizkuntzak desblokeatu behar dira.\r\n</i></p><p><i>-Produktuetan filtroak ez dira zuzuzendu filtro orokorra kendu eta zutabe zehatz batzutan filtroak jarri.\r\n</i></p><p>\r\n</p><p></p><p></p><p></p><p><i>Agur bat</i></p><p>Hay que prepara el presupuesto, ok? Ion, calcula lo que te vaya a costar en horas para comentarles. Me refiero a los filtros... Hablamos!</p><p><i>\r\n</i></p></p>', 1, 1, 1, 0, 0),
(878, '2019-01-22 19:18:24', '2019-01-22 19:18:24', 0, 3, 1, 1, NULL, NULL, 'Juncal Gaminde', '<p><p>Hola Ion,<br></p><p>Te dejo encima de tu mesa un folio con las nuevas referencias a importar de Juncal Gaminde a la web nueva, ok?</p><p>Vamos hablando,</p><p>Esk,</p></p>', 1, 1, 1, 0, 0),
(879, '2019-01-22 19:29:03', '2019-01-22 19:29:03', 0, 3, 2, 1, 0, NULL, 'URGENTE llamar a primera hora: OWEG', '<p><p>Llama a Oweg y que te den un email que no sea el profesional por ejemplo un \"gmail\" y le mandas el correo de carlos con las cuentas creadas y la nueva configuración, ok?</p><p><br></p><p>Eskerrik askoooooo</p></p>', 1, 1, 1, 0, 0),
(880, '2019-01-23 13:23:58', '2019-01-23 13:23:58', 878, 1, 3, 1, NULL, NULL, 'RE: Juncal Gaminde', '<p><p>Importadas</p></p>', 1, 1, 1, 0, 0),
(881, '2019-01-24 09:50:02', '2019-01-24 09:50:02', 0, 2, 3, 1, 0, NULL, 'HIRULEX :: LLamar a Juanbi', '<p><p>Le he dicho que llegarías hacia las 15:00</p></p>', 1, 1, 1, 0, 0),
(882, '2019-01-24 12:15:45', '2019-01-24 12:15:45', 0, 2, 3, 1, NULL, NULL, 'LEKUONA. Pasar facturas de proveedores sin falta!!!', '', 1, 1, 1, 0, 0),
(883, '2019-01-24 12:16:22', '2019-01-24 12:16:22', 0, 2, 3, 1, 0, NULL, 'GAMINDE: Que le llames luego al móvil', '<p><p>Estaba un poco inquieta con el traslado y quería comentar algo contigo</p></p>', 1, 1, 1, 0, 0),
(884, '2019-01-25 12:56:39', '2019-01-25 12:56:39', 0, 2, 3, 1, NULL, NULL, 'LURVIRUN :: Llamar a Imanol', '<p><p>649 72 67 09</p></p>', 1, 1, 1, 0, 0),
(885, '2019-01-28 10:24:03', '2019-01-28 10:24:03', 0, 2, 3, 1, NULL, NULL, 'BETRIZ :: Llamar', '<p><p>No puede quedar mañana.</p><p>Llámale cuanto antes paar ver cuándo podéis encajarla de nuevo</p><p>669 84 51 61</p><p><br></p><p><br></p></p>', 1, 1, 1, 0, 0),
(886, '2019-01-28 15:49:07', '2019-01-28 15:49:07', 885, 3, 2, 1, NULL, NULL, 'RE: BETRIZ :: Llamar', '<p><p>ye he quedado con ella, mañana a las 9:00 de la mañana. Adelantamos media hora. Ya está puesto en google calendar.</p></p>', 1, 1, 1, 0, 0),
(887, '2019-01-28 16:04:07', '2019-01-28 16:04:07', 0, 2, 1, 1, NULL, NULL, 'PULSIMPATIK :: Revisar envío de formularios y registro', '', 1, 1, 1, 0, 0),
(888, '2019-01-29 11:13:25', '2019-01-29 11:13:25', 0, 3, 1, 1, NULL, NULL, 'LURVIRUN promociones web ', '<p><p>Duplicar la web de IKUSMENDI y ponerle el nombre LURVIRUN.&nbsp;</p><p>Déjamelo en 8080, please,</p><p>Thanks!</p><p><br></p></p>', 1, 1, 1, 0, 0),
(889, '2019-01-29 11:59:51', '2019-01-29 11:59:51', 0, 2, 3, 1, NULL, NULL, 'LLMARA A IMANOL LURVIRUN', '', 1, 1, 1, 0, 0),
(890, '2019-01-29 15:19:03', '2019-01-29 15:19:03', 0, 2, 3, 1, NULL, NULL, 'MARTA ORTIZ - LLamar', '<p><p>\"Cuando puedas me llamas\"</p></p>', 1, 1, 1, 0, 0),
(891, '2019-01-29 15:31:59', '2019-01-29 15:31:59', 0, 2, 3, 1, NULL, NULL, 'MARTA PILATES. Mirar Whatsapp', '', 1, 1, 1, 0, 0),
(892, '2019-01-29 17:19:13', '2019-01-29 17:19:13', 0, 3, 2, 1, NULL, NULL, 'ulma', '<p><p>Ha llamado Igone, ke ha estado todo el día de reunión y que si puede mañána a la tarde lo mira con el tal CARLOS y que te comentarán.</p><p>Y por otra lado, eN ULMA en junio van hacer una comida con los jubilados de ULMA y quieren darles algún detalle. Tenemos que pensar que puede ser... lo hablamos... lo podemos mirar con ONINART.</p></p>', 1, 1, 1, 0, 0),
(893, '2019-01-29 17:19:13', '2019-01-29 17:19:13', 0, 3, 1, 1, NULL, NULL, 'ulma', '<p><p>Ha llamado Igone, ke ha estado todo el día de reunión y que si puede mañána a la tarde lo mira con el tal CARLOS y que te comentarán.</p><p>Y por otra lado, eN ULMA en junio van hacer una comida con los jubilados de ULMA y quieren darles algún detalle. Tenemos que pensar que puede ser... lo hablamos... lo podemos mirar con ONINART.</p></p>', 1, 1, 1, 0, 0),
(894, '2019-01-29 19:37:44', '2019-01-29 19:37:44', 0, 3, 2, 1, NULL, NULL, 'mira el mensaje de un tal ENEKO que ha llegado al email de Lantalau.', '<p><p><br></p><p>\r\n</p></p>', 1, 1, 1, 0, 0),
(895, '2019-01-30 12:58:23', '2019-01-30 12:58:23', 0, 2, 3, 1, 0, NULL, 'Text-shadow metido', '', 1, 1, 1, 0, 0),
(896, '2019-01-30 17:53:38', '2019-01-30 17:53:38', 0, 2, 1, 1, 0, NULL, 'INGLANDIA :: Actualizar 8090', '', 1, 1, 1, 0, 0),
(897, '2019-01-31 11:04:09', '2019-01-31 11:04:09', 888, 1, 3, 1, NULL, NULL, 'RE: LURVIRUN promociones web ', '<p><p>Listo</p><p>http://server:8080/lurvirun/</p></p>', 1, 1, 1, 0, 0),
(898, '2019-01-31 16:13:09', '2019-01-31 16:13:09', 0, 3, 2, 1, NULL, NULL, 'didheya', '<p><p>Llama a Aitor de Didheya para este tema:</p><p>Kaixo Lander,\r\n</p><p>\r\n</p><p>Queremos desglosar la web de Didheya añadiendo la nueva unidad de negocio.\r\n</p><p>\r\n</p><p>Se trata de crear una web paralela.\r\n</p><p>\r\n</p><p>¿Podrías echarnos una mano con la creación y diseño de esa nueva web?\r\n</p><p>\r\n</p><p>A ver si puedes acercarte por aquí en algún momento, si no vamos nosotros.\r\n</p><p>\r\n</p><p><p></p></p><p>Mila ezker, agur bat.\r\n</p></p>', 1, 1, 1, 0, 0),
(899, '2019-02-01 10:54:31', '2019-02-01 10:54:31', 0, 2, 3, 1, NULL, NULL, 'BRYGANTHIA. Ppto. listo para envíp', '<p><p>Le echamos un vistazo y lo enviamos</p></p>', 1, 1, 1, 0, 0),
(900, '2019-02-01 14:01:37', '2019-02-01 14:01:37', 899, 3, 2, 1, NULL, NULL, 'RE: BRYGANTHIA. Ppto. listo para envíp', '<p><p>ok, perfecto,</p><p><br></p><p><br></p></p>', 1, 1, 1, 0, 0),
(901, '2019-02-01 14:40:31', '2019-02-01 14:40:31', 0, 3, 1, 1, NULL, NULL, 'cliente de RESER dominio: drherbella.com', '<p><p>Llamará a las 17:00 para darnos su correo para mandarle la factura.</p><p>Solo le cogéis el email, ok? le comentáis que le mandaré la factura el lunes.</p><p>Thanks!</p><p>Laura</p></p>', 1, 1, 1, 0, 0),
(902, '2019-02-01 14:40:31', '2019-02-01 14:40:31', 0, 3, 2, 1, NULL, NULL, 'cliente de RESER dominio: drherbella.com', '<p><p>Llamará a las 17:00 para darnos su correo para mandarle la factura.</p><p>Solo le cogéis el email, ok? le comentáis que le mandaré la factura el lunes.</p><p>Thanks!</p><p>Laura</p></p>', 1, 1, 1, 0, 0),
(903, '2019-02-04 20:03:05', '2019-02-04 20:03:05', 0, 2, 1, 1, 0, NULL, 'KINENDU. Responder a Ángel mail acerca de Strava', '<p><p>Sin falta... ;)</p></p>', 1, 1, 1, 0, 0),
(904, '2019-02-04 20:03:05', '2019-02-04 20:03:05', 0, 2, 2, 1, 0, NULL, 'KINENDU. Responder a Ángel mail acerca de Strava', '<p><p>Sin falta... ;)</p></p>', 1, 1, 1, 0, 0),
(905, '2019-02-05 10:42:02', '2019-02-05 10:42:02', 0, 2, 3, 1, NULL, NULL, 'Llamar a Nuria de la inmobiliaria', '<p><p>Para saber cómo estaba el tema&nbsp;</p></p>', 1, 1, 1, 0, 0),
(906, '2019-02-05 16:11:51', '2019-02-05 16:11:51', 0, 2, 1, 1, 0, NULL, 'LOPD H2Contract', '<ul><li>Revisar envío ok</li><li>Actualizar el Google Maps</li></ul>', 1, 1, 1, 0, 0),
(907, '2019-02-05 16:26:13', '2019-02-05 16:26:13', 0, 1, 3, 1, NULL, NULL, 'Imano Lurbirun', '<p><p>Que le llames cuando puedas</p><p>649726709</p></p>', 1, 1, 1, 0, 0),
(908, '2019-02-05 18:20:50', '2019-02-05 18:20:50', 0, 3, 2, 1, NULL, NULL, 'LOPD JUNCAL GAMINDE', '<p><p>Tenemos la LOPD de Juncal Gaminde?</p><p>Si es que sí habrá que ponerla, ok?</p><p><br></p><p>Eskerrik asko!</p></p>', 1, 1, 1, 0, 0),
(909, '2019-02-05 18:33:12', '2019-02-05 18:33:12', 0, 3, 2, 1, NULL, NULL, 'henrry', '<p><p>Mira el watxap de Henrry</p></p>', 1, 1, 1, 0, 0),
(910, '2019-02-06 13:02:36', '2019-02-06 13:02:36', 0, 2, 3, 1, NULL, NULL, 'IMANOL :: Lurvirun', '<p><p>Quiere acercarse hacia las 15:45, a ver si es posible. Le he dicho que en principio sí</p></p>', 1, 1, 1, 0, 0),
(911, '2019-02-06 16:05:20', '2019-02-06 16:05:20', 0, 2, 2, 1, NULL, NULL, 'BEATRIZ :: que le llames. ', '<p><p>2º aviso... Al tercero...</p></p>', 1, 1, 1, 0, 0),
(912, '2019-02-06 17:12:42', '2019-02-06 17:12:42', 0, 3, 2, 1, NULL, NULL, 'INMOBILIARIA JUNCAL', '<p><p>Añadir la LOPD a la web</p><p>Y el chechk box al formulario.</p></p>', 1, 1, 1, 0, 0),
(913, '2019-02-06 17:14:13', '2019-02-06 17:14:13', 0, 3, 1, 1, NULL, NULL, 'JUNCAL GAMINDE WEB', '<p><p>Barrios: pestaña que sea todos y organizarlos alfabéticamente.&nbsp;</p><p><br></p><p>Eskerrik askoooo</p></p>', 1, 1, 1, 0, 0),
(914, '2019-02-06 19:45:26', '2019-02-06 19:45:26', 0, 2, 1, 1, 0, NULL, 'TARTUFA :: Consultar con Lander tema pedidos', '', 1, 1, 1, 0, 0),
(915, '2019-02-06 19:47:04', '2019-02-06 19:47:04', 0, 3, 1, 1, NULL, NULL, 'tienes un email mio, míralo, ok?', '', 1, 1, 1, 0, 0),
(916, '2019-02-06 19:47:38', '2019-02-06 19:47:38', 0, 3, 1, 1, NULL, NULL, 'Lurvirun ok!', '<p><p>Lurviron ok, nos ha dado el ok!!!! preparar web</p></p>', 1, 1, 1, 0, 0),
(917, '2019-02-07 10:50:57', '2019-02-07 10:50:57', 913, 1, 3, 1, NULL, NULL, 'RE: JUNCAL GAMINDE WEB', 'Listo!', 1, 1, 1, 0, 0),
(918, '2019-02-07 10:51:09', '2019-02-07 10:51:09', 914, 1, 2, 1, NULL, NULL, 'RE: TARTUFA :: Consultar con Lander tema pedidos', '<p><p>Listo! ;)</p></p>', 1, 1, 1, 0, 0),
(919, '2019-02-07 11:05:50', '2019-02-07 11:05:50', 915, 1, 3, 1, NULL, NULL, 'RE: tienes un email mio, míralo, ok?', '<p><p>Corregido</p></p>', 1, 1, 1, 0, 0),
(920, '2019-02-07 12:10:14', '2019-02-07 12:10:14', 0, 2, 2, 1, NULL, NULL, 'CYBERNETICOS. TEma igor. Talaka', '<p><p>[11:28, 7/2/2019] Lantalau - Diseño web &amp; gráfico: ¡Muchas gracias por contactar con Lantalau - Diseño web &amp; gráfico! En breve contactaremos contigo...</p><p>[11:50, 7/2/2019] Lantalau - Diseño web &amp; gráfico: Kaixo Igor.</p><p>[11:51, 7/2/2019] Lantalau - Diseño web &amp; gráfico: Vemos que Taloka tienen asignado un espacio de 250 Mb, y tiene ocupados 175</p><p>[11:51, 7/2/2019] Lantalau - Diseño web &amp; gráfico: Cuánto espacio necesitaríais para restituir sus correos?</p><p>[12:03, 7/2/2019] Igor Reser: 500 mg</p><p>[12:04, 7/2/2019] Lantalau - Diseño web &amp; gráfico: Ok</p><p>[12:04, 7/2/2019] Lantalau - Diseño web &amp; gráfico: Laura no está ahora. Si quieres yo te subo a 500 y luego hablas con Laura. No sé qué urgencia tienes, por eso...</p><p>[12:05, 7/2/2019] Igor Reser: Ok hacemos así entonces</p><p>[12:08, 7/2/2019] Lantalau - Diseño web &amp; gráfico: Ok</p><p>[12:08, 7/2/2019] Lantalau - Diseño web &amp; gráfico: Listo Igor</p></p>', 1, 1, 1, 0, 0),
(921, '2019-02-07 12:12:34', '2019-02-07 12:12:34', 0, 2, 3, 1, NULL, NULL, 'CYBERNETICOS. Igor (Talaka)', '<p><p>Kaixo Laura...</p><p>Un problemilla a ver si me puedes echar un capote...</p><p>Tenemos un cliente con hosting y dominio taloka.net... el cliente ha borrado sin querer toda la bandeja de entrada del correo: edurne@taloka.net y quiere recuperarlos todos y revisarlos bien antes de volver a tirar... el problema es que tiene poco espacio en disco... pásame please un presu de lo que costaría ampliar el espacio please...eskerrik asko[11:50, 7/2/2019] Lantalau - Diseño web &amp; gráfico: Kaixo Igor.<br></p><p></p><p>[11:51, 7/2/2019] Lantalau - Diseño web &amp; gráfico: Vemos que Taloka tienen asignado un espacio de 250 Mb, y tiene ocupados 175</p><p></p><p>[11:51, 7/2/2019] Lantalau - Diseño web &amp; gráfico: Cuánto espacio necesitaríais para restituir sus correos?</p><p></p><p>[12:03, 7/2/2019] Igor Reser: 500 mg</p><p></p><p>[12:04, 7/2/2019] Lantalau - Diseño web &amp; gráfico: Ok</p><p></p><p>[12:04, 7/2/2019] Lantalau - Diseño web &amp; gráfico: Laura no está ahora. Si quieres yo te subo a 500 y luego hablas con Laura. No sé qué urgencia tienes, por eso...</p><p></p><p>[12:05, 7/2/2019] Igor Reser: Ok hacemos así entonces</p><p></p><p>[12:08, 7/2/2019] Lantalau - Diseño web &amp; gráfico: Ok</p><p></p><p>[12:08, 7/2/2019] Lantalau - Diseño web &amp; gráfico: Listo Igor</p></p>', 1, 1, 1, 0, 0),
(922, '2019-02-07 12:35:10', '2019-02-07 12:35:10', 0, 2, 1, 1, 0, NULL, 'TARTUFA. Tema pendientes para dossier formación', '<p><p>Unas dudillas:<br></p><p><br>1) Portada: Campo \"Descripción Categorias\", dónde se muestra?&nbsp;</p><p>2) Categorías: Imagen desarrollo? Resumen?</p><p>3) Productos: Destacado en portada?</p><p>4) Pedidos &gt; Precios provincias. Sirven para algo actualmente?</p></p>', 1, 1, 1, 0, 0),
(923, '2019-02-07 13:14:56', '2019-02-07 13:14:56', 0, 2, 3, 1, NULL, NULL, 'Beatriz', '<p><p>Y dura, y dura...</p></p>', 1, 1, 1, 0, 0),
(924, '2019-02-07 14:01:36', '2019-02-07 14:01:36', 916, 1, 3, 1, NULL, NULL, 'RE: Lurvirun ok!', '<p><p>Ya lo tienes montado, fusión entre Arintaldea y Gaminde:</p><p>http://lantalau.sytes.net:8080/lurvirun/panel/es/inicio/<br></p></p>', 1, 1, 1, 0, 0),
(925, '2019-02-07 14:59:57', '2019-02-07 14:59:57', 0, 2, 3, 1, NULL, NULL, 'MARTA ORTIZ', '<p><p>Whastappp</p></p>', 1, 1, 1, 0, 0),
(926, '2019-02-08 10:38:08', '2019-02-08 10:38:08', 0, 2, 3, 1, NULL, NULL, 'LEGARRETA (Reser)', '<p><p>La semana que viene, Lunes o martes, Juan Antonio Legarreta pasará a pagar el dominio. Eso me ha dicho.</p><p>608 77 15 37</p></p>', 1, 1, 1, 0, 0),
(927, '2019-02-08 17:21:11', '2019-02-08 17:21:11', 908, 2, 3, 1, 0, NULL, 'RE: LOPD JUNCAL GAMINDE', '<p><p>La LOPD de Gaminde, listo. El lunes lo revisa Ion y lo subimos.<br></p></p>', 1, 1, 1, 0, 0),
(928, '2019-02-08 17:21:11', '2019-02-08 17:21:11', 908, 2, 1, 1, 0, NULL, 'RE: LOPD JUNCAL GAMINDE', '<p><p>La LOPD de Gaminde, listo. El lunes lo revisa Ion y lo subimos.<br></p></p>', 1, 1, 1, 0, 0),
(929, '2019-02-08 17:21:27', '2019-02-08 17:21:27', 912, 2, 3, 1, NULL, NULL, 'RE: INMOBILIARIA JUNCAL', '<p><p>HEcho</p></p>', 1, 1, 1, 0, 0),
(930, '2019-02-11 10:47:35', '2019-02-11 10:47:35', 0, 2, 1, 1, NULL, NULL, 'VPS2. Para limpiar', '<p><p>ataraelectrodomesticos.com<br></p><p>inmobiliariaservos.com</p><p>didheya.com</p><p>kiroletik.eus</p><p>ehlabe.org</p><p>farmaciaalmajano.com</p><p>muxukan.com</p></p>', 1, 1, 1, 0, 0),
(931, '2019-02-11 16:58:32', '2019-02-11 16:58:32', 0, 2, 3, 1, NULL, NULL, 'OLAIZOLA INBMOBILIARIA :: Llamarles para concertar cita ', '<p><p>Contacto creado en LTW</p></p>', 1, 1, 1, 0, 0),
(932, '2019-02-11 17:00:39', '2019-02-11 17:00:39', 0, 1, 3, 1, NULL, NULL, 'Estilos en Lurauto Presenciales', '<p><p>Ya tienes añadido lo de los estilos en las presenciales de Lurauto.</p></p>', 1, 1, 1, 0, 0),
(933, '2019-02-12 17:14:24', '2019-02-12 17:14:24', 0, 3, 2, 1, 0, NULL, 'watxap de IOSU KELLER para revisar', 'Quiere que se haga una planificación para empezar a corregir errores.', 1, 1, 1, 0, 0),
(934, '2019-02-12 17:14:24', '2019-02-12 17:14:24', 0, 3, 1, 1, 0, NULL, 'watxap de IOSU KELLER para revisar', 'Quiere que se haga una planificación para empezar a corregir errores.', 1, 1, 1, 0, 0),
(935, '2019-02-12 17:32:02', '2019-02-12 17:32:02', 0, 3, 2, 1, NULL, NULL, 'OWEG SEARCH CONSOLE?', '', 1, 1, 1, 0, 0),
(936, '2019-02-13 08:50:50', '2019-02-13 08:50:50', 0, 2, 1, 1, NULL, NULL, 'COCOLA :: Revisión Search Console y checklist', '<p><p>Revisión lanzamiento sitemaps y sitemap_image en Search Console</p></p>', 1, 1, 1, 0, 0);
INSERT INTO `public_users_mails` (`id`, `creation_date`, `modification_date`, `id_parent`, `id_user_from`, `id_user_to`, `id_empresa`, `id_proyecto`, `id_tarea`, `asunto`, `mensaje`, `leido`, `estado_mensaje`, `estado`, `fav`, `attach`) VALUES
(937, '2019-02-13 14:51:48', '2019-02-13 14:51:48', 0, 1, 2, 1, 0, NULL, 'Nuevo campo en planos', '<p><p>Ya esta el campo nuevo subido y todo.</p></p>', 1, 1, 1, 0, 0),
(938, '2019-02-13 14:51:48', '2019-02-13 14:51:48', 0, 1, 3, 1, 0, NULL, 'Nuevo campo en planos', '<p><p>Ya esta el campo nuevo subido y todo.</p></p>', 1, 1, 1, 0, 0),
(939, '2019-02-13 14:52:38', '2019-02-13 14:52:38', 0, 1, 2, 1, NULL, NULL, 'Tu carnet', '<p><p>Corregida la pifia en las reservas.&nbsp;</p><p>Suprimida la opción de pago con tarjeta.</p></p>', 1, 1, 1, 0, 0),
(940, '2019-02-13 15:08:40', '2019-02-13 15:08:40', 0, 1, 2, 1, NULL, NULL, 'Acceso Teamviewer Ulma', '<p><p>353926409\r\n</p><p>s299nf</p></p>', 1, 1, 1, 0, 0),
(941, '2019-02-13 15:23:31', '2019-02-13 15:23:31', 0, 1, 2, 1, NULL, NULL, 'Llamar a Aitor de Didheya', '<p><p>Urgente!</p><p>606440719</p></p>', 1, 1, 1, 0, 0),
(942, '2019-02-13 15:50:44', '2019-02-13 15:50:44', 941, 2, 1, 1, NULL, NULL, 'RE: Llamar a Aitor de Didheya', '<p><p>Listo. Tengo que hablar contigo para comentarte este proyecto, ok? Aguuuur</p></p>', 1, 1, 1, 0, 0),
(943, '2019-02-13 17:23:37', '2019-02-13 17:23:37', 938, 3, 1, 1, NULL, NULL, 'RE: Nuevo campo en planos', '<p><p>muchas thankssss</p></p>', 1, 1, 1, 0, 0),
(944, '2019-02-13 17:26:27', '2019-02-13 17:26:27', 0, 3, 1, 1, 0, NULL, 'GAMINDE WEB', '<p><p>Dentro del panel de </p><p>· Gaminde en los inmuebles, en los datos del propietario quitar dirección y en vez de eso poner campo de email.</p><p>· los filtros: dentro del apartado inmueble, colocar filtro de precios. nº de habitaciones. Esto me comentas y te lo explico, ok?</p><p>Eskerrik askoooo</p></p>', 1, 1, 1, 0, 0),
(945, '2019-02-13 19:37:10', '2019-02-13 19:37:10', 0, 2, 1, 1, NULL, NULL, 'KELLER. Subir CSS', '<p><p>- enrique_keller/skin/frontend/keller/default/css/bootstrap-grid.css</p><p>- enrique_keller/skin/frontend/keller/default/css/custom-ltl.css</p><p></p><p></p><p></p><p></p></p>', 1, 1, 1, 0, 0),
(946, '2019-02-14 16:59:21', '2019-02-14 16:59:21', 0, 1, 2, 1, NULL, NULL, 'Maquetación producto', '<p><p>He maquetado como he podido, pero es una guarrada de maquetación la verdad.</p></p>', 1, 1, 1, 0, 0),
(947, '2019-02-15 10:47:36', '2019-02-15 10:47:36', 0, 2, 3, 1, 0, NULL, 'Juncal Gaminde. Revisar', '<p><p>Panel de gestión de la web:</p><p>1) Importar el dato teléfono</p><p>2) Habilitar nuevo campo email</p><p>3) Habilitar nuevo campo Observaciones</p><p><br></p></p>', 1, 1, 1, 0, 0),
(948, '2019-02-15 10:47:36', '2019-02-15 10:47:36', 0, 2, 1, 1, 0, NULL, 'Juncal Gaminde. Revisar', '<p><p>Panel de gestión de la web:</p><p>1) Importar el dato teléfono</p><p>2) Habilitar nuevo campo email</p><p>3) Habilitar nuevo campo Observaciones</p><p><br></p></p>', 1, 1, 1, 0, 0),
(949, '2019-02-18 17:42:38', '2019-02-18 17:42:38', 0, 1, 3, 1, NULL, NULL, 'Lurauto', '<p><p>Ya esta subida la web, pero necesito un correo valido para hacer los envios. Les mandas correo please?</p></p>', 1, 1, 1, 0, 0),
(950, '2019-02-19 19:15:01', '2019-02-19 19:15:01', 0, 3, 1, 1, 0, NULL, 'COLAVORADORES BASQUE DESTINATION', '<p><p>Tema COLAVORADORES. Email importante os he mandado para mañana miércoles. leerlo, ok?</p><p><br></p><p><br></p></p>', 1, 1, 1, 0, 0),
(951, '2019-02-19 19:15:01', '2019-02-19 19:15:01', 0, 3, 2, 1, 0, NULL, 'COLAVORADORES BASQUE DESTINATION', '<p><p>Tema COLAVORADORES. Email importante os he mandado para mañana miércoles. leerlo, ok?</p><p><br></p><p><br></p></p>', 1, 1, 1, 0, 0),
(952, '2019-02-20 19:25:40', '2019-02-20 19:25:40', 0, 3, 1, 1, NULL, NULL, 'SERVIETXE.', 'Subid Servietxe a 8090 please! :)', 1, 1, 1, 0, 0);

-- --------------------------------------------------------

--
-- Estructura de tabla para la tabla `public_users_recovery`
--

CREATE TABLE `public_users_recovery` (
  `creation_date` datetime NOT NULL,
  `modification_date` datetime NOT NULL,
  `uid` varchar(255) NOT NULL,
  `email` varchar(255) NOT NULL,
  `recovery` varchar(255) NOT NULL,
  `changed` int(1) NOT NULL DEFAULT 0
) ENGINE=MyISAM DEFAULT CHARSET=utf8mb3 COLLATE=utf8mb3_general_ci;

--
-- Volcado de datos para la tabla `public_users_recovery`
--

INSERT INTO `public_users_recovery` (`creation_date`, `modification_date`, `uid`, `email`, `recovery`, `changed`) VALUES
('2021-09-09 10:52:39', '2021-09-09 10:52:39', '3', 'hellboy069@gmail.com', '16cdd44621ff06e11fb8d4b3c0ddcfd5', 1),
('2021-09-09 10:53:59', '2021-09-09 10:53:59', '3', 'info@koloreko.com', '5d289ce99993122f28d9781044ee3bf9', 1),
('2022-03-21 14:53:13', '2022-03-21 14:53:13', '3', 'info@koloreko.com', '32041bb3e519974bba1b44d7114dfa0b', 0),
('2022-07-05 12:30:02', '2022-07-05 12:30:02', '2', 'lantalau@lantalau.com', '0cd219c3c8c54c27b7c23671a0e3f7d6', 1),
('2022-09-29 16:32:36', '2022-09-29 16:32:36', '1', 'ion@lantalau.com', 'c44869488efc545591237d0b11e4df1f', 0),
('2022-10-04 16:16:41', '2022-10-04 16:16:41', '3', 'info@koloreko.com', '0b568fcfb0b7f08c98b4fd7c387b356d', 1),
('2022-10-17 11:33:30', '2022-10-17 11:33:30', '1', 'ion@lantalau.com', '34ad70884a343b03cdcb465e5fd761ed', 0);

-- --------------------------------------------------------

--
-- Estructura de tabla para la tabla `public_users_tipos`
--

CREATE TABLE `public_users_tipos` (
  `id` int(5) NOT NULL,
  `orden` int(5) NOT NULL,
  `estado` int(1) NOT NULL
) ENGINE=InnoDB DEFAULT CHARSET=utf8mb3 COLLATE=utf8mb3_general_ci;

--
-- Volcado de datos para la tabla `public_users_tipos`
--

INSERT INTO `public_users_tipos` (`id`, `orden`, `estado`) VALUES
(1, 1, 1),
(2, 2, 1),
(3, 3, 1),
(4, 5, 1),
(5, 4, 1);

-- --------------------------------------------------------

--
-- Estructura de tabla para la tabla `public_users_tipos_lang`
--

CREATE TABLE `public_users_tipos_lang` (
  `id` int(5) NOT NULL,
  `id_rel` int(5) NOT NULL,
  `lang` varchar(2) NOT NULL,
  `value` varchar(100) NOT NULL
) ENGINE=InnoDB DEFAULT CHARSET=utf8mb3 COLLATE=utf8mb3_general_ci;

--
-- Volcado de datos para la tabla `public_users_tipos_lang`
--

INSERT INTO `public_users_tipos_lang` (`id`, `id_rel`, `lang`, `value`) VALUES
(1, 1, 'es', 'SuperAdmin'),
(2, 2, 'es', 'Admin'),
(3, 3, 'es', 'Comercial'),
(4, 4, 'es', 'Administrativa'),
(5, 5, 'es', 'Jefe - Comercial');

-- --------------------------------------------------------

--
-- Estructura de tabla para la tabla `sync`
--

CREATE TABLE `sync` (
  `id` int(10) NOT NULL,
  `creation_date` datetime NOT NULL,
  `action` int(2) NOT NULL,
  `code` varchar(30) NOT NULL,
  `complete` int(1) NOT NULL DEFAULT 0,
  `working` int(1) NOT NULL DEFAULT 0,
  `downloading` int(1) NOT NULL DEFAULT 0,
  `review` text NOT NULL
) ENGINE=InnoDB DEFAULT CHARSET=utf8mb3 COLLATE=utf8mb3_general_ci;

--
-- Volcado de datos para la tabla `sync`
--

INSERT INTO `sync` (`id`, `creation_date`, `action`, `code`, `complete`, `working`, `downloading`, `review`) VALUES
(1, '2019-06-04 14:31:35', 1, '', 0, 0, 0, '');

-- --------------------------------------------------------

--
-- Estructura de tabla para la tabla `users`
--

CREATE TABLE `users` (
  `id` int(100) NOT NULL,
  `fecha_creacion` datetime NOT NULL,
  `fecha_ultimo_acceso` datetime NOT NULL,
  `alias` varchar(20) NOT NULL,
  `nombre` varchar(100) NOT NULL,
  `apellidos` varchar(100) NOT NULL,
  `email` varchar(100) NOT NULL,
  `pass` varchar(20) NOT NULL,
  `passmd5` varchar(40) NOT NULL,
  `avatar` varchar(100) NOT NULL,
  `estado` int(1) NOT NULL,
  `tipo` int(1) NOT NULL
) ENGINE=InnoDB DEFAULT CHARSET=utf8mb3 COLLATE=utf8mb3_general_ci;

--
-- Volcado de datos para la tabla `users`
--

INSERT INTO `users` (`id`, `fecha_creacion`, `fecha_ultimo_acceso`, `alias`, `nombre`, `apellidos`, `email`, `pass`, `passmd5`, `avatar`, `estado`, `tipo`) VALUES
(1, '2013-01-14 11:03:51', '2025-04-08 09:09:15', 'iaadesign', 'Ion', 'Altamira Alcalde', 'info@iaadesign.com', 'jarl5525', '35ce3c4159fb8a19b515fec48c318f57', 'upload/usuarios/Zamora_erreala_classics.jpg', 1, 1),
(2, '2013-07-16 13:51:03', '2025-03-18 11:47:11', 'lantalau', 'lander', 'carrera', 'lantalau@lantalau.com', 'lanta_lau', '2e2cd4a3c85b6509e10d7506da98bda9', 'upload/sliders/Pruebas/prueba1.jpg', 1, 1);

-- --------------------------------------------------------

--
-- Estructura de tabla para la tabla `users_logs`
--

CREATE TABLE `users_logs` (
  `id` int(10) NOT NULL,
  `id_usuario` int(10) NOT NULL,
  `id_modulo` int(10) NOT NULL,
  `id_rel` int(10) NOT NULL,
  `accion` varchar(100) NOT NULL,
  `fecha` datetime NOT NULL
) ENGINE=InnoDB DEFAULT CHARSET=utf8mb3 COLLATE=utf8mb3_general_ci;

--
-- Volcado de datos para la tabla `users_logs`
--

INSERT INTO `users_logs` (`id`, `id_usuario`, `id_modulo`, `id_rel`, `accion`, `fecha`) VALUES
(1, 1, 5, 1, 'save', '2021-06-07 10:27:14'),
(2, 1, 5, 2, 'delete', '2021-06-07 10:27:30'),
(3, 1, 5, 3, 'delete', '2021-06-07 10:27:32'),
(4, 1, 5, 4, 'delete', '2021-06-07 10:27:35'),
(5, 1, 0, 0, 'login', '2021-06-23 14:57:45'),
(6, 1, 67, 6, 'save', '2021-06-23 15:05:21'),
(7, 1, 67, 8, 'insert', '2021-06-23 15:05:28'),
(8, 1, 67, 8, 'save', '2021-06-23 15:08:22'),
(9, 1, 67, 1, 'save', '2021-06-23 15:08:33'),
(10, 1, 67, 8, 'save', '2021-06-23 15:35:07'),
(11, 1, 16, 63, 'save', '2021-06-23 15:49:31'),
(12, 1, 16, 86, 'save', '2021-06-23 15:49:48'),
(13, 1, 16, 52, 'save', '2021-06-23 15:50:12'),
(14, 1, 16, 174, 'save', '2021-06-23 15:50:25'),
(15, 1, 16, 49, 'save', '2021-06-23 15:50:59'),
(16, 1, 16, 179, 'save', '2021-06-23 15:51:16'),
(17, 1, 16, 226, 'save', '2021-06-23 15:52:44'),
(18, 1, 16, 232, 'insert', '2021-06-23 15:54:17'),
(19, 1, 16, 213, 'save', '2021-06-23 15:54:31'),
(20, 1, 16, 232, 'save', '2021-06-23 15:54:48'),
(21, 1, 67, 9, 'insert', '2021-06-23 16:14:35'),
(22, 1, 67, 9, 'save', '2021-06-23 16:15:36'),
(23, 1, 16, 233, 'insert', '2021-06-23 16:41:37'),
(24, 1, 16, 234, 'insert', '2021-06-23 17:42:51'),
(25, 1, 16, 234, 'save', '2021-06-23 17:42:58'),
(26, 1, 16, 235, 'insert', '2021-06-23 17:43:17'),
(27, 1, 16, 236, 'insert', '2021-06-23 17:43:38'),
(28, 1, 16, 237, 'insert', '2021-06-23 17:51:16'),
(29, 1, 16, 237, 'save', '2021-06-23 17:51:28'),
(30, 1, 16, 238, 'insert', '2021-08-23 15:32:21'),
(31, 1, 16, 238, 'save', '2021-08-23 15:42:53'),
(32, 1, 16, 239, 'insert', '2021-09-01 10:54:57'),
(33, 1, 16, 240, 'insert', '2021-09-01 10:58:44'),
(34, 1, 16, 225, 'save', '2021-09-01 11:10:54'),
(35, 1, 16, 241, 'insert', '2021-09-01 11:26:38'),
(36, 1, 16, 242, 'insert', '2021-09-01 12:03:13'),
(37, 1, 16, 242, 'save', '2021-09-01 12:03:26'),
(38, 1, 16, 242, 'save', '2021-09-01 12:03:39'),
(39, 1, 16, 242, 'save', '2021-09-01 12:03:45'),
(40, 1, 16, 242, 'save', '2021-09-01 12:03:55'),
(41, 1, 16, 242, 'save', '2021-09-01 12:03:59'),
(42, 1, 16, 242, 'save', '2021-09-01 12:04:02'),
(43, 1, 16, 242, 'save', '2021-09-01 12:04:06'),
(44, 1, 16, 242, 'save', '2021-09-01 12:04:15'),
(45, 1, 16, 243, 'insert', '2021-09-01 12:31:28'),
(46, 1, 16, 243, 'save', '2021-09-01 12:31:43'),
(47, 1, 16, 244, 'insert', '2021-09-01 13:52:34'),
(48, 1, 16, 245, 'insert', '2021-09-01 15:30:00'),
(49, 1, 16, 245, 'save', '2021-09-01 15:30:09'),
(50, 1, 16, 246, 'insert', '2021-09-01 15:30:46'),
(51, 1, 16, 46, 'save', '2021-09-02 09:32:07'),
(52, 1, 67, 10, 'insert', '2021-09-02 10:46:36'),
(53, 1, 67, 10, 'save', '2021-09-02 10:46:40'),
(54, 1, 67, 11, 'insert', '2021-09-02 10:47:09'),
(55, 1, 67, 12, 'insert', '2021-09-02 10:47:35'),
(56, 1, 67, 13, 'insert', '2021-09-02 10:48:06'),
(57, 1, 67, 13, 'save', '2021-09-02 10:48:47'),
(58, 1, 67, 12, 'save', '2021-09-02 10:49:05'),
(59, 1, 67, 12, 'save', '2021-09-02 10:51:03'),
(60, 1, 9, 1, 'save', '2021-09-02 10:57:57'),
(61, 2, 67, 9, 'save', '2021-09-07 14:04:59'),
(62, 2, 16, 247, 'insert', '2021-09-07 14:18:07'),
(63, 2, 16, 248, 'insert', '2021-09-07 14:38:29'),
(64, 2, 16, 249, 'insert', '2021-09-07 14:38:54'),
(65, 2, 16, 248, 'save', '2021-09-07 14:39:09'),
(66, 2, 16, 248, 'save', '2021-09-07 14:39:35'),
(67, 2, 16, 249, 'save', '2021-09-07 14:39:59'),
(68, 2, 16, 249, 'save', '2021-09-07 14:40:13'),
(69, 2, 16, 250, 'insert', '2021-09-07 14:44:57'),
(70, 2, 16, 249, 'save', '2021-09-07 14:56:45'),
(71, 2, 16, 248, 'save', '2021-09-07 14:56:52'),
(72, 2, 16, 248, 'save', '2021-09-07 14:56:55'),
(73, 2, 16, 249, 'save', '2021-09-07 14:57:01'),
(74, 2, 16, 251, 'insert', '2021-09-07 14:57:13'),
(75, 2, 16, 252, 'insert', '2021-09-07 14:57:19'),
(76, 2, 16, 249, 'save', '2021-09-07 15:07:30'),
(77, 2, 16, 248, 'save', '2021-09-07 15:07:33'),
(78, 2, 16, 253, 'insert', '2021-09-07 16:02:55'),
(79, 2, 16, 254, 'insert', '2021-09-07 16:31:28'),
(80, 2, 16, 255, 'insert', '2021-09-07 16:31:38'),
(81, 2, 16, 256, 'insert', '2021-09-07 16:31:49'),
(82, 2, 16, 257, 'insert', '2021-09-07 16:31:58'),
(83, 2, 16, 254, 'save', '2021-09-07 16:53:05'),
(84, 2, 16, 205, 'save', '2021-09-07 16:53:45'),
(85, 2, 67, 10, 'save', '2021-09-07 16:58:16'),
(86, 2, 67, 10, 'save', '2021-09-07 16:58:35'),
(87, 1, 16, 121, 'save', '2021-09-16 11:41:09'),
(88, 1, 16, 120, 'save', '2021-09-16 11:41:13'),
(89, 1, 16, 258, 'insert', '2021-09-16 15:25:27'),
(90, 1, 16, 259, 'insert', '2021-09-17 15:02:17'),
(91, 1, 16, 260, 'insert', '2021-09-21 10:12:31'),
(92, 1, 16, 261, 'insert', '2021-09-21 10:13:14'),
(93, 1, 16, 261, 'save', '2021-09-21 10:13:26'),
(94, 1, 16, 262, 'insert', '2021-09-21 10:13:45'),
(95, 1, 16, 263, 'insert', '2021-09-21 10:14:05'),
(96, 1, 16, 263, 'save', '2021-09-21 10:14:24'),
(97, 1, 16, 262, 'save', '2021-09-21 10:14:33'),
(98, 1, 16, 176, 'save', '2021-09-21 14:47:21'),
(99, 1, 16, 264, 'insert', '2021-09-21 14:47:39'),
(100, 1, 16, 233, 'save', '2021-09-21 15:40:12'),
(101, 1, 67, 13, 'save', '2021-09-21 15:40:55'),
(102, 1, 16, 233, 'save', '2021-09-21 15:49:49'),
(103, 1, 16, 233, 'save', '2021-09-21 15:50:29'),
(104, 1, 16, 233, 'save', '2021-09-21 15:50:56'),
(105, 1, 16, 265, 'insert', '2021-09-21 15:51:22'),
(106, 1, 16, 265, 'save', '2021-09-21 15:51:25'),
(107, 1, 16, 266, 'insert', '2021-09-21 15:56:21'),
(108, 1, 16, 176, 'save', '2021-09-21 15:58:30'),
(109, 1, 16, 267, 'insert', '2021-09-21 16:54:57'),
(110, 1, 16, 261, 'save', '2021-09-22 09:14:36'),
(111, 1, 16, 176, 'save', '2021-09-22 09:15:10'),
(112, 1, 16, 233, 'save', '2021-09-22 09:34:25'),
(113, 1, 16, 265, 'save', '2021-09-22 09:34:40'),
(114, 1, 16, 248, 'save', '2021-10-07 11:28:42'),
(115, 1, 16, 249, 'save', '2021-10-07 11:29:01'),
(116, 1, 16, 249, 'save', '2021-10-07 11:29:25'),
(117, 1, 16, 248, 'save', '2021-10-07 11:29:51'),
(118, 1, 16, 249, 'save', '2021-10-07 11:29:56'),
(119, 1, 16, 248, 'save', '2021-10-07 11:30:11'),
(120, 1, 16, 249, 'save', '2021-10-07 11:30:14'),
(121, 1, 7, 1, 'save', '2021-11-10 14:46:50'),
(122, 1, 7, 7, 'save', '2021-11-10 14:48:47'),
(123, 1, 7, 5, 'delete', '2021-11-10 14:49:06'),
(124, 1, 7, 6, 'delete', '2021-11-10 14:49:08'),
(125, 1, 16, 268, 'insert', '2022-02-11 13:44:00'),
(126, 1, 16, 140, 'save', '2022-02-11 14:27:32'),
(127, 1, 16, 140, 'save', '2022-02-11 14:28:22'),
(128, 1, 16, 269, 'insert', '2022-02-11 15:25:37'),
(129, 1, 16, 270, 'insert', '2022-02-11 17:10:43'),
(130, 1, 16, 271, 'insert', '2022-02-11 17:11:30'),
(131, 1, 0, 0, 'login', '2022-02-22 15:02:38'),
(132, 1, 67, 11, 'save', '2022-02-22 15:02:50'),
(133, 1, 67, 11, 'save', '2022-02-22 15:03:04'),
(134, 1, 67, 11, 'save', '2022-02-22 15:03:41'),
(135, 1, 67, 11, 'save', '2022-02-22 15:03:44'),
(136, 1, 67, 11, 'save', '2022-02-22 15:03:52'),
(137, 1, 67, 10, 'save', '2022-02-23 16:19:18'),
(138, 1, 67, 11, 'save', '2022-02-23 16:49:38'),
(139, 1, 16, 55, 'save', '2022-02-23 17:11:52'),
(140, 1, 16, 176, 'save', '2022-02-23 17:12:20'),
(141, 1, 16, 63, 'save', '2022-02-23 17:12:35'),
(142, 1, 16, 31, 'save', '2022-02-24 14:55:24'),
(143, 1, 16, 158, 'delete', '2022-02-24 14:55:28'),
(144, 1, 16, 273, 'insert', '2022-02-28 11:30:38'),
(145, 1, 16, 274, 'insert', '2022-02-28 11:31:08'),
(146, 1, 16, 275, 'insert', '2022-02-28 11:31:31'),
(147, 1, 16, 276, 'insert', '2022-02-28 12:41:30'),
(148, 1, 16, 277, 'insert', '2022-02-28 12:41:47'),
(149, 1, 16, 278, 'insert', '2022-02-28 12:42:03'),
(150, 1, 16, 279, 'insert', '2022-03-01 09:51:03'),
(151, 1, 16, 278, 'save', '2022-03-01 11:11:10'),
(152, 1, 67, 10, 'save', '2022-03-01 12:08:50'),
(153, 1, 67, 10, 'save', '2022-03-01 12:09:14'),
(154, 1, 16, 55, 'save', '2022-03-01 13:55:48'),
(155, 1, 16, 280, 'insert', '2022-03-22 16:57:08'),
(156, 1, 16, 281, 'insert', '2022-03-22 16:57:22'),
(157, 1, 0, 0, 'login', '2022-05-16 11:28:23'),
(158, 1, 16, 282, 'insert', '2022-05-17 09:06:00'),
(159, 1, 67, 14, 'insert', '2022-05-17 10:47:29'),
(160, 1, 67, 14, 'save', '2022-05-17 10:47:43'),
(161, 1, 67, 14, 'save', '2022-05-17 10:47:53'),
(162, 1, 67, 14, 'save', '2022-05-17 10:51:42'),
(163, 1, 16, 275, 'save', '2022-06-17 15:19:46'),
(164, 1, 16, 275, 'save', '2022-06-17 15:19:51'),
(165, 1, 16, 283, 'insert', '2022-06-17 15:20:17'),
(166, 1, 16, 284, 'insert', '2022-06-17 15:20:37'),
(167, 1, 16, 233, 'save', '2022-06-17 15:38:51'),
(168, 1, 16, 31, 'save', '2022-06-17 15:43:14'),
(169, 1, 67, 12, 'save', '2022-06-21 12:20:14'),
(170, 1, 16, 236, 'save', '2022-06-21 12:44:03'),
(171, 1, 16, 233, 'save', '2022-06-21 12:44:15'),
(172, 1, 16, 285, 'insert', '2022-06-21 13:50:36'),
(173, 1, 16, 275, 'save', '2022-06-21 14:05:03'),
(174, 1, 16, 31, 'save', '2022-06-21 14:05:16'),
(175, 1, 16, 286, 'insert', '2022-06-21 14:35:51'),
(176, 1, 16, 287, 'insert', '2022-06-22 10:37:57'),
(177, 1, 16, 288, 'insert', '2022-06-22 11:27:29'),
(178, 1, 16, 289, 'insert', '2022-06-22 11:29:48'),
(179, 1, 16, 290, 'insert', '2022-06-22 11:30:42'),
(180, 1, 0, 0, 'login', '2022-06-27 13:38:53'),
(181, 1, 16, 261, 'save', '2022-06-27 13:43:56'),
(182, 1, 16, 291, 'insert', '2022-06-27 14:08:20'),
(183, 1, 16, 292, 'insert', '2022-06-27 14:42:54'),
(184, 1, 16, 292, 'save', '2022-06-27 14:44:40'),
(185, 1, 16, 293, 'insert', '2022-06-27 14:45:45'),
(186, 1, 16, 294, 'insert', '2022-06-28 09:13:27'),
(187, 1, 16, 295, 'insert', '2022-06-28 10:34:30'),
(188, 1, 16, 296, 'insert', '2022-06-28 10:52:07'),
(189, 1, 16, 296, 'save', '2022-06-28 10:52:17'),
(190, 1, 16, 297, 'insert', '2022-06-28 10:52:36'),
(191, 1, 16, 298, 'insert', '2022-06-28 11:46:56'),
(192, 1, 16, 298, 'save', '2022-06-28 11:47:47'),
(193, 1, 0, 0, 'login', '2022-06-29 08:45:52'),
(194, 1, 16, 249, 'save', '2022-06-29 13:21:50'),
(195, 1, 16, 248, 'save', '2022-06-29 13:21:55'),
(196, 1, 16, 249, 'save', '2022-06-29 14:12:39'),
(197, 1, 16, 299, 'insert', '2022-06-29 14:12:46'),
(198, 1, 16, 299, 'save', '2022-06-29 14:12:55'),
(199, 1, 16, 234, 'save', '2022-06-29 14:16:02'),
(200, 1, 16, 300, 'insert', '2022-07-12 14:10:28'),
(201, 1, 16, 301, 'insert', '2022-07-12 14:10:40'),
(202, 1, 16, 302, 'insert', '2022-08-05 09:17:13'),
(203, 1, 16, 302, 'save', '2022-08-05 09:18:36'),
(204, 1, 16, 302, 'save', '2022-08-05 09:41:01'),
(205, 1, 16, 303, 'insert', '2022-08-05 10:07:40'),
(206, 1, 16, 304, 'insert', '2022-08-05 10:07:58'),
(207, 1, 16, 305, 'insert', '2022-08-05 10:08:10'),
(208, 1, 16, 306, 'insert', '2022-08-05 10:09:23'),
(209, 1, 16, 305, 'save', '2022-08-05 10:09:42'),
(210, 1, 16, 306, 'save', '2022-08-05 10:18:08'),
(211, 1, 16, 306, 'save', '2022-08-05 11:15:26'),
(212, 1, 16, 306, 'save', '2022-08-05 11:15:53'),
(213, 1, 16, 306, 'save', '2022-08-05 11:16:22'),
(214, 1, 16, 302, 'save', '2022-08-05 11:16:31'),
(215, 1, 16, 66, 'save', '2022-08-05 11:22:03'),
(216, 1, 0, 0, 'login', '2022-09-26 08:25:47'),
(217, 1, 16, 307, 'insert', '2022-09-26 08:26:09'),
(218, 1, 16, 301, 'save', '2022-09-26 09:10:49'),
(219, 1, 16, 300, 'save', '2022-09-26 09:10:53'),
(220, 1, 16, 308, 'insert', '2022-09-26 09:48:50'),
(221, 1, 16, 308, 'save', '2022-09-26 09:50:56'),
(222, 1, 16, 308, 'save', '2022-09-26 09:51:42'),
(223, 1, 16, 303, 'save', '2022-09-26 09:53:04'),
(224, 1, 16, 46, 'save', '2022-09-26 11:14:05'),
(225, 1, 16, 309, 'insert', '2022-09-26 11:17:40'),
(226, 1, 16, 310, 'insert', '2022-09-28 13:04:20'),
(227, 1, 0, 0, 'login', '2022-09-29 16:30:51'),
(228, 1, 8, 5, 'save', '2022-09-29 16:31:17'),
(229, 1, 8, 7, 'save', '2022-09-29 16:31:26'),
(230, 1, 8, 9, 'save', '2022-09-29 16:31:44'),
(231, 1, 8, 8, 'save', '2022-09-29 16:31:54'),
(232, 1, 8, 12, 'save', '2022-09-29 16:32:14'),
(233, 1, 0, 0, 'login', '2022-10-04 12:45:07'),
(234, 1, 16, 300, 'save', '2022-10-04 12:45:43'),
(235, 1, 16, 300, 'save', '2022-10-04 12:45:55'),
(236, 1, 0, 0, 'login', '2022-10-04 16:35:57'),
(237, 1, 0, 0, 'login', '2022-10-25 13:18:41'),
(238, 1, 16, 254, 'save', '2022-10-25 13:19:20'),
(239, 1, 0, 0, 'login', '2022-11-02 10:44:35'),
(240, 1, 0, 0, 'login', '2022-11-04 11:11:52'),
(241, 1, 0, 0, 'login', '2022-11-10 13:22:19'),
(242, 1, 16, 312, 'insert', '2022-11-10 13:22:44'),
(243, 1, 16, 313, 'insert', '2022-11-10 13:23:02'),
(244, 1, 16, 267, 'save', '2022-11-10 13:23:16'),
(245, 1, 16, 135, 'save', '2022-11-10 13:24:20'),
(246, 1, 16, 300, 'save', '2022-11-10 13:24:52'),
(247, 1, 16, 310, 'save', '2022-11-10 13:24:55'),
(248, 1, 16, 300, 'save', '2022-11-10 13:25:19'),
(249, 1, 16, 301, 'save', '2022-11-10 13:25:32'),
(250, 1, 16, 176, 'save', '2022-11-10 13:25:57'),
(251, 1, 16, 63, 'save', '2022-11-10 13:26:09'),
(252, 1, 0, 0, 'login', '2022-11-10 15:38:41'),
(253, 1, 16, 301, 'save', '2022-11-10 15:39:02'),
(254, 1, 16, 300, 'save', '2022-11-10 15:39:06'),
(255, 1, 16, 265, 'save', '2022-11-10 15:39:30'),
(256, 1, 16, 234, 'save', '2022-11-10 16:00:57'),
(257, 1, 16, 174, 'save', '2022-11-10 16:11:41'),
(258, 1, 16, 86, 'save', '2022-11-10 16:11:57'),
(259, 1, 0, 0, 'login', '2022-11-14 08:35:34'),
(260, 1, 16, 282, 'save', '2022-11-14 08:37:35'),
(261, 1, 16, 314, 'insert', '2022-11-14 08:38:02'),
(262, 1, 16, 315, 'insert', '2022-11-14 08:38:21'),
(263, 1, 16, 63, 'save', '2022-11-14 08:38:35'),
(264, 1, 16, 316, 'insert', '2022-11-14 08:40:02'),
(265, 1, 16, 316, 'save', '2022-11-14 08:40:17'),
(266, 1, 0, 0, 'login', '2022-11-15 11:13:13'),
(267, 1, 16, 317, 'insert', '2022-11-15 11:13:41'),
(268, 1, 0, 0, 'login', '2022-11-15 13:44:59'),
(269, 1, 16, 318, 'insert', '2022-11-15 13:45:19'),
(270, 1, 16, 319, 'insert', '2022-11-15 13:48:01'),
(271, 1, 0, 0, 'login', '2022-11-16 14:00:56'),
(272, 1, 16, 320, 'insert', '2022-11-16 14:01:13'),
(273, 1, 16, 320, 'save', '2022-11-16 14:01:28'),
(274, 1, 16, 320, 'save', '2022-11-16 14:01:32'),
(275, 1, 16, 320, 'save', '2022-11-16 14:01:48'),
(276, 1, 0, 0, 'login', '2022-11-18 08:44:43'),
(277, 1, 16, 321, 'insert', '2022-11-18 09:03:07'),
(278, 1, 16, 322, 'insert', '2022-11-18 09:03:37'),
(279, 1, 0, 0, 'login', '2022-11-21 14:48:53'),
(280, 1, 16, 323, 'insert', '2022-11-21 14:49:17'),
(281, 1, 16, 324, 'insert', '2022-11-21 14:49:35'),
(282, 1, 16, 325, 'insert', '2022-11-21 14:49:53'),
(283, 1, 16, 326, 'insert', '2022-11-21 14:50:36'),
(284, 1, 0, 0, 'login', '2022-11-22 09:01:33'),
(285, 1, 0, 0, 'login', '2022-11-22 12:11:57'),
(286, 1, 16, 174, 'save', '2022-11-22 12:13:33'),
(287, 1, 16, 174, 'save', '2022-11-22 12:13:48'),
(288, 1, 0, 0, 'login', '2022-11-24 12:33:47'),
(289, 1, 16, 314, 'save', '2022-11-24 12:34:02'),
(290, 1, 0, 0, 'login', '2022-11-24 15:23:09'),
(291, 1, 16, 287, 'save', '2022-11-24 15:23:22'),
(292, 1, 16, 275, 'save', '2022-11-24 15:23:35'),
(293, 1, 16, 66, 'save', '2022-11-24 15:23:44'),
(294, 1, 0, 0, 'login', '2022-11-25 09:45:59'),
(295, 1, 16, 63, 'save', '2022-11-25 09:46:15'),
(296, 1, 0, 0, 'login', '2022-12-02 09:48:55'),
(297, 1, 0, 0, 'login', '2022-12-16 08:47:37'),
(298, 1, 16, 327, 'insert', '2022-12-16 08:48:30'),
(299, 1, 0, 0, 'login', '2023-01-11 12:04:34'),
(300, 1, 16, 328, 'insert', '2023-01-11 12:04:52'),
(301, 1, 0, 0, 'login', '2023-01-11 13:19:44'),
(302, 1, 16, 329, 'insert', '2023-01-11 13:20:07'),
(303, 1, 16, 329, 'save', '2023-01-11 13:20:09'),
(304, 1, 0, 0, 'login', '2023-02-09 12:28:23'),
(305, 1, 0, 0, 'login', '2023-02-22 10:25:27'),
(306, 1, 16, 335, 'insert', '2023-02-22 10:26:02'),
(307, 1, 16, 336, 'insert', '2023-02-22 10:26:59'),
(308, 1, 16, 337, 'insert', '2023-02-22 10:27:16'),
(309, 1, 16, 338, 'insert', '2023-02-22 10:28:10'),
(310, 1, 0, 0, 'login', '2023-02-22 14:01:58'),
(311, 1, 16, 339, 'insert', '2023-02-22 14:02:16'),
(312, 1, 0, 0, 'login', '2023-02-22 15:24:01'),
(313, 1, 0, 0, 'login', '2023-02-27 12:34:32'),
(314, 1, 8, 27, 'save', '2023-02-27 12:35:40'),
(315, 1, 16, 340, 'insert', '2023-02-27 12:36:02'),
(316, 1, 16, 341, 'insert', '2023-02-27 12:36:19'),
(317, 1, 16, 63, 'save', '2023-02-27 12:36:40'),
(318, 1, 16, 326, 'save', '2023-02-27 12:37:00'),
(319, 1, 0, 0, 'login', '2023-03-06 09:46:46'),
(320, 1, 16, 233, 'save', '2023-03-06 09:47:01'),
(321, 1, 0, 0, 'login', '2023-03-06 14:52:30'),
(322, 1, 16, 174, 'save', '2023-03-06 14:52:42'),
(323, 1, 16, 50, 'save', '2023-03-06 14:56:11'),
(324, 1, 16, 276, 'save', '2023-03-06 14:56:22'),
(325, 1, 0, 0, 'login', '2023-03-17 11:53:52'),
(326, 1, 16, 342, 'insert', '2023-03-17 11:54:24'),
(327, 1, 0, 0, 'login', '2023-03-21 12:05:47'),
(328, 1, 16, 329, 'save', '2023-03-21 12:06:00'),
(329, 1, 0, 0, 'login', '2023-03-28 15:14:00'),
(330, 1, 16, 277, 'save', '2023-03-28 15:14:12'),
(331, 1, 0, 0, 'login', '2023-03-31 10:21:02'),
(332, 1, 0, 0, 'login', '2023-04-05 10:40:56'),
(333, 1, 16, 174, 'save', '2023-04-05 10:41:16'),
(334, 1, 0, 0, 'login', '2023-06-08 09:15:42'),
(335, 1, 16, 329, 'save', '2023-06-08 09:16:05'),
(336, 1, 16, 343, 'insert', '2023-06-08 09:16:27'),
(337, 1, 16, 343, 'save', '2023-06-08 09:16:33'),
(338, 1, 0, 0, 'login', '2023-06-14 13:15:55'),
(339, 1, 16, 344, 'insert', '2023-06-14 13:16:18'),
(340, 1, 16, 345, 'insert', '2023-06-14 13:17:03'),
(341, 1, 0, 0, 'login', '2023-11-30 09:03:22'),
(342, 1, 0, 0, 'login', '2024-04-04 10:21:03'),
(343, 1, 0, 0, 'login', '2024-04-08 15:38:01'),
(344, 1, 16, 346, 'insert', '2024-04-08 15:38:20'),
(345, 1, 0, 0, 'login', '2024-04-09 12:26:58'),
(346, 1, 0, 0, 'login', '2024-05-28 12:13:40'),
(347, 1, 7, 8, 'insert', '2024-05-28 12:16:23'),
(348, 2, 0, 0, 'login', '2024-05-30 13:44:03'),
(349, 2, 0, 0, 'login', '2024-05-30 16:45:12'),
(350, 1, 0, 0, 'login', '2024-05-31 09:13:03'),
(351, 2, 0, 0, 'login', '2024-05-31 09:23:28'),
(352, 2, 0, 0, 'login', '2024-05-31 10:58:10'),
(353, 1, 0, 0, 'login', '2024-06-24 10:21:27'),
(354, 2, 0, 0, 'login', '2024-06-24 11:33:15'),
(355, 1, 0, 0, 'login', '2024-07-12 12:10:13'),
(356, 1, 0, 0, 'login', '2024-08-08 13:56:50'),
(357, 1, 8, 29, 'insert', '2024-08-08 14:05:48'),
(358, 1, 16, 347, 'insert', '2024-08-08 14:06:28'),
(359, 1, 16, 347, 'save', '2024-08-08 14:14:11'),
(360, 2, 0, 0, 'login', '2024-08-08 14:18:38'),
(361, 2, 16, 347, 'save', '2024-08-08 14:22:31'),
(362, 2, 16, 347, 'save', '2024-08-08 14:22:36'),
(363, 2, 16, 347, 'save', '2024-08-08 14:23:19'),
(364, 1, 0, 0, 'login', '2024-09-17 10:20:58'),
(365, 1, 0, 0, 'login', '2024-09-17 11:14:07'),
(366, 2, 0, 0, 'login', '2024-09-18 10:48:06'),
(367, 2, 0, 0, 'login', '2024-09-19 17:57:21'),
(368, 2, 0, 0, 'login', '2024-09-23 12:39:23'),
(369, 1, 0, 0, 'login', '2024-09-25 10:13:54'),
(370, 2, 0, 0, 'login', '2024-09-25 11:00:06'),
(371, 1, 0, 0, 'login', '2024-10-09 13:37:42'),
(372, 1, 0, 0, 'login', '2024-10-23 11:03:52'),
(373, 1, 0, 0, 'login', '2024-10-30 12:07:58'),
(374, 1, 0, 0, 'login', '2024-11-07 09:00:03'),
(375, 1, 0, 0, 'login', '2024-12-10 12:41:52'),
(376, 1, 0, 0, 'login', '2024-12-18 14:10:19'),
(377, 1, 0, 0, 'login', '2024-12-19 20:19:05'),
(378, 1, 0, 0, 'login', '2024-12-30 13:24:55'),
(379, 1, 0, 0, 'login', '2025-01-07 12:17:45'),
(380, 1, 0, 0, 'login', '2025-01-14 13:35:53'),
(381, 1, 0, 0, 'login', '2025-01-27 14:09:25'),
(382, 1, 0, 0, 'login', '2025-01-27 15:37:10'),
(383, 1, 0, 0, 'login', '2025-01-30 10:13:46'),
(384, 1, 0, 0, 'login', '2025-02-06 12:48:19'),
(385, 1, 0, 0, 'login', '2025-02-13 13:30:45'),
(386, 1, 0, 0, 'login', '2025-02-17 09:42:19'),
(387, 2, 0, 0, 'login', '2025-02-21 12:54:08'),
(388, 1, 0, 0, 'login', '2025-02-24 10:55:50'),
(389, 1, 0, 0, 'login', '2025-03-18 11:43:04'),
(390, 2, 0, 0, 'login', '2025-03-18 11:47:11'),
(391, 1, 0, 0, 'login', '2025-04-03 13:47:39');

-- --------------------------------------------------------

--
-- Estructura de tabla para la tabla `users_tipos`
--

CREATE TABLE `users_tipos` (
  `id` int(5) NOT NULL,
  `orden` int(5) NOT NULL,
  `estado` int(1) NOT NULL
) ENGINE=InnoDB DEFAULT CHARSET=utf8mb3 COLLATE=utf8mb3_general_ci;

--
-- Volcado de datos para la tabla `users_tipos`
--

INSERT INTO `users_tipos` (`id`, `orden`, `estado`) VALUES
(1, 1, 1),
(2, 2, 1),
(3, 3, 1);

-- --------------------------------------------------------

--
-- Estructura de tabla para la tabla `users_tipos_lang`
--

CREATE TABLE `users_tipos_lang` (
  `id` int(5) NOT NULL,
  `id_rel` int(5) NOT NULL,
  `lang` varchar(2) NOT NULL,
  `value` varchar(100) NOT NULL
) ENGINE=InnoDB DEFAULT CHARSET=utf8mb3 COLLATE=utf8mb3_general_ci;

--
-- Volcado de datos para la tabla `users_tipos_lang`
--

INSERT INTO `users_tipos_lang` (`id`, `id_rel`, `lang`, `value`) VALUES
(1, 1, 'es', 'Administrador'),
(2, 2, 'es', 'Cliente'),
(3, 3, 'es', 'Empleado');

-- --------------------------------------------------------

--
-- Estructura de tabla para la tabla `vis_visitas`
--

CREATE TABLE `vis_visitas` (
  `id` int(10) NOT NULL,
  `id_module` int(10) NOT NULL,
  `id_element` int(10) NOT NULL,
  `fecha` datetime NOT NULL,
  `ip` varchar(20) NOT NULL,
  `id_user` int(10) NOT NULL
) ENGINE=MyISAM DEFAULT CHARSET=utf8mb3 COLLATE=utf8mb3_general_ci;

--
-- Índices para tablas volcadas
--

--
-- Indices de la tabla `avisos`
--
ALTER TABLE `avisos`
  ADD UNIQUE KEY `id` (`id`),
  ADD KEY `id_rel` (`code`);

--
-- Indices de la tabla `avisos_lang`
--
ALTER TABLE `avisos_lang`
  ADD PRIMARY KEY (`id`),
  ADD UNIQUE KEY `id` (`id`),
  ADD KEY `id_rel` (`id_rel`);

--
-- Indices de la tabla `config`
--
ALTER TABLE `config`
  ADD PRIMARY KEY (`id`),
  ADD UNIQUE KEY `id` (`id`);

--
-- Indices de la tabla `config_user`
--
ALTER TABLE `config_user`
  ADD PRIMARY KEY (`id`),
  ADD UNIQUE KEY `id` (`id`);

--
-- Indices de la tabla `def_defines`
--
ALTER TABLE `def_defines`
  ADD PRIMARY KEY (`id`),
  ADD UNIQUE KEY `id` (`id`);

--
-- Indices de la tabla `def_defines_lang`
--
ALTER TABLE `def_defines_lang`
  ADD PRIMARY KEY (`id`),
  ADD UNIQUE KEY `id` (`id`),
  ADD KEY `id_rel` (`id_rel`);

--
-- Indices de la tabla `estados`
--
ALTER TABLE `estados`
  ADD PRIMARY KEY (`id`);

--
-- Indices de la tabla `estados_lang`
--
ALTER TABLE `estados_lang`
  ADD PRIMARY KEY (`id`),
  ADD KEY `id_rel` (`id_rel`);

--
-- Indices de la tabla `geo_municipios`
--
ALTER TABLE `geo_municipios`
  ADD KEY `id` (`id`);

--
-- Indices de la tabla `geo_paises`
--
ALTER TABLE `geo_paises`
  ADD PRIMARY KEY (`id`);

--
-- Indices de la tabla `geo_provincias`
--
ALTER TABLE `geo_provincias`
  ADD KEY `id` (`id`);

--
-- Indices de la tabla `languages`
--
ALTER TABLE `languages`
  ADD PRIMARY KEY (`id`),
  ADD UNIQUE KEY `id` (`id`);

--
-- Indices de la tabla `links`
--
ALTER TABLE `links`
  ADD PRIMARY KEY (`id`),
  ADD UNIQUE KEY `id` (`id`);

--
-- Indices de la tabla `menus`
--
ALTER TABLE `menus`
  ADD UNIQUE KEY `id` (`id`);

--
-- Indices de la tabla `menus_colores`
--
ALTER TABLE `menus_colores`
  ADD UNIQUE KEY `id` (`id`);

--
-- Indices de la tabla `menus_lang`
--
ALTER TABLE `menus_lang`
  ADD UNIQUE KEY `id` (`id`);

--
-- Indices de la tabla `menu_posiciones`
--
ALTER TABLE `menu_posiciones`
  ADD PRIMARY KEY (`id`);

--
-- Indices de la tabla `menu_posiciones_lang`
--
ALTER TABLE `menu_posiciones_lang`
  ADD PRIMARY KEY (`id`),
  ADD KEY `id_rel` (`id_rel`);

--
-- Indices de la tabla `modules`
--
ALTER TABLE `modules`
  ADD UNIQUE KEY `id_2` (`id`),
  ADD KEY `id` (`id`);

--
-- Indices de la tabla `modules_attributes`
--
ALTER TABLE `modules_attributes`
  ADD UNIQUE KEY `id_2` (`id`),
  ADD KEY `id` (`id`),
  ADD KEY `id_rel` (`id_rel`),
  ADD KEY `id_rel_2` (`id_rel`);

--
-- Indices de la tabla `modules_attributes_public`
--
ALTER TABLE `modules_attributes_public`
  ADD UNIQUE KEY `id_2` (`id`),
  ADD KEY `id` (`id`),
  ADD KEY `id_rel` (`id_rel`),
  ADD KEY `id_rel_2` (`id_rel`);

--
-- Indices de la tabla `modules_lang`
--
ALTER TABLE `modules_lang`
  ADD PRIMARY KEY (`id`),
  ADD UNIQUE KEY `id` (`id`),
  ADD KEY `id_rel` (`id_rel`);

--
-- Indices de la tabla `modules_rel`
--
ALTER TABLE `modules_rel`
  ADD PRIMARY KEY (`id`),
  ADD UNIQUE KEY `id` (`id`),
  ADD KEY `id_modulo` (`id_modulo`),
  ADD KEY `id_rel_modulo` (`id_rel_modulo`);

--
-- Indices de la tabla `not_notificaciones`
--
ALTER TABLE `not_notificaciones`
  ADD PRIMARY KEY (`id`);

--
-- Indices de la tabla `not_notificaciones_lang`
--
ALTER TABLE `not_notificaciones_lang`
  ADD PRIMARY KEY (`id`),
  ADD KEY `id_rel` (`id_rel`);

--
-- Indices de la tabla `not_notificaciones_usos`
--
ALTER TABLE `not_notificaciones_usos`
  ADD PRIMARY KEY (`id`);

--
-- Indices de la tabla `not_notificaciones_usos_lang`
--
ALTER TABLE `not_notificaciones_usos_lang`
  ADD PRIMARY KEY (`id`),
  ADD KEY `id_rel` (`id_rel`);

--
-- Indices de la tabla `panel_menus`
--
ALTER TABLE `panel_menus`
  ADD UNIQUE KEY `id` (`id`);

--
-- Indices de la tabla `panel_menus_lang`
--
ALTER TABLE `panel_menus_lang`
  ADD PRIMARY KEY (`id`),
  ADD UNIQUE KEY `id` (`id`),
  ADD KEY `id_rel` (`id_rel`);

--
-- Indices de la tabla `panel_menu_posiciones`
--
ALTER TABLE `panel_menu_posiciones`
  ADD PRIMARY KEY (`id`);

--
-- Indices de la tabla `panel_menu_posiciones_lang`
--
ALTER TABLE `panel_menu_posiciones_lang`
  ADD PRIMARY KEY (`id`),
  ADD KEY `id_rel` (`id_rel`);

--
-- Indices de la tabla `public_users`
--
ALTER TABLE `public_users`
  ADD PRIMARY KEY (`id`),
  ADD UNIQUE KEY `id` (`id`);

--
-- Indices de la tabla `public_users_estados`
--
ALTER TABLE `public_users_estados`
  ADD PRIMARY KEY (`id`);

--
-- Indices de la tabla `public_users_estados_lang`
--
ALTER TABLE `public_users_estados_lang`
  ADD PRIMARY KEY (`id`),
  ADD KEY `id_rel` (`id_rel`);

--
-- Indices de la tabla `public_users_mails`
--
ALTER TABLE `public_users_mails`
  ADD PRIMARY KEY (`id`),
  ADD KEY `id_user_from` (`id_user_from`),
  ADD KEY `id_user_to` (`id_user_to`);

--
-- Indices de la tabla `public_users_tipos`
--
ALTER TABLE `public_users_tipos`
  ADD PRIMARY KEY (`id`);

--
-- Indices de la tabla `public_users_tipos_lang`
--
ALTER TABLE `public_users_tipos_lang`
  ADD PRIMARY KEY (`id`),
  ADD KEY `id_rel` (`id_rel`);

--
-- Indices de la tabla `sync`
--
ALTER TABLE `sync`
  ADD UNIQUE KEY `id_2` (`id`),
  ADD KEY `id` (`id`);

--
-- Indices de la tabla `users`
--
ALTER TABLE `users`
  ADD PRIMARY KEY (`id`),
  ADD UNIQUE KEY `id` (`id`);

--
-- Indices de la tabla `users_logs`
--
ALTER TABLE `users_logs`
  ADD PRIMARY KEY (`id`),
  ADD UNIQUE KEY `id` (`id`),
  ADD KEY `id_usuario` (`id_usuario`);

--
-- Indices de la tabla `users_tipos`
--
ALTER TABLE `users_tipos`
  ADD PRIMARY KEY (`id`);

--
-- Indices de la tabla `users_tipos_lang`
--
ALTER TABLE `users_tipos_lang`
  ADD PRIMARY KEY (`id`),
  ADD KEY `id_rel` (`id_rel`);

--
-- Indices de la tabla `vis_visitas`
--
ALTER TABLE `vis_visitas`
  ADD PRIMARY KEY (`id`),
  ADD UNIQUE KEY `id` (`id`);

--
-- AUTO_INCREMENT de las tablas volcadas
--

--
-- AUTO_INCREMENT de la tabla `avisos`
--
ALTER TABLE `avisos`
  MODIFY `id` int(10) NOT NULL AUTO_INCREMENT, AUTO_INCREMENT=161;

--
-- AUTO_INCREMENT de la tabla `avisos_lang`
--
ALTER TABLE `avisos_lang`
  MODIFY `id` int(10) NOT NULL AUTO_INCREMENT, AUTO_INCREMENT=102;

--
-- AUTO_INCREMENT de la tabla `config`
--
ALTER TABLE `config`
  MODIFY `id` int(2) NOT NULL AUTO_INCREMENT, AUTO_INCREMENT=30;

--
-- AUTO_INCREMENT de la tabla `config_user`
--
ALTER TABLE `config_user`
  MODIFY `id` int(2) NOT NULL AUTO_INCREMENT, AUTO_INCREMENT=21;

--
-- AUTO_INCREMENT de la tabla `def_defines`
--
ALTER TABLE `def_defines`
  MODIFY `id` int(10) NOT NULL AUTO_INCREMENT, AUTO_INCREMENT=348;

--
-- AUTO_INCREMENT de la tabla `def_defines_lang`
--
ALTER TABLE `def_defines_lang`
  MODIFY `id` int(10) NOT NULL AUTO_INCREMENT, AUTO_INCREMENT=519;

--
-- AUTO_INCREMENT de la tabla `estados`
--
ALTER TABLE `estados`
  MODIFY `id` int(5) NOT NULL AUTO_INCREMENT, AUTO_INCREMENT=3;

--
-- AUTO_INCREMENT de la tabla `estados_lang`
--
ALTER TABLE `estados_lang`
  MODIFY `id` int(5) NOT NULL AUTO_INCREMENT, AUTO_INCREMENT=3;

--
-- AUTO_INCREMENT de la tabla `geo_municipios`
--
ALTER TABLE `geo_municipios`
  MODIFY `id` bigint(11) NOT NULL AUTO_INCREMENT, AUTO_INCREMENT=8123;

--
-- AUTO_INCREMENT de la tabla `geo_paises`
--
ALTER TABLE `geo_paises`
  MODIFY `id` int(11) NOT NULL AUTO_INCREMENT, AUTO_INCREMENT=241;

--
-- AUTO_INCREMENT de la tabla `geo_provincias`
--
ALTER TABLE `geo_provincias`
  MODIFY `id` int(2) NOT NULL AUTO_INCREMENT, AUTO_INCREMENT=53;

--
-- AUTO_INCREMENT de la tabla `languages`
--
ALTER TABLE `languages`
  MODIFY `id` int(3) NOT NULL AUTO_INCREMENT, AUTO_INCREMENT=5;

--
-- AUTO_INCREMENT de la tabla `links`
--
ALTER TABLE `links`
  MODIFY `id` int(10) NOT NULL AUTO_INCREMENT;

--
-- AUTO_INCREMENT de la tabla `menus`
--
ALTER TABLE `menus`
  MODIFY `id` int(10) NOT NULL AUTO_INCREMENT, AUTO_INCREMENT=15;

--
-- AUTO_INCREMENT de la tabla `menus_colores`
--
ALTER TABLE `menus_colores`
  MODIFY `id` int(2) NOT NULL AUTO_INCREMENT, AUTO_INCREMENT=17;

--
-- AUTO_INCREMENT de la tabla `menus_lang`
--
ALTER TABLE `menus_lang`
  MODIFY `id` int(10) NOT NULL AUTO_INCREMENT, AUTO_INCREMENT=21;

--
-- AUTO_INCREMENT de la tabla `menu_posiciones`
--
ALTER TABLE `menu_posiciones`
  MODIFY `id` int(5) NOT NULL AUTO_INCREMENT, AUTO_INCREMENT=6;

--
-- AUTO_INCREMENT de la tabla `menu_posiciones_lang`
--
ALTER TABLE `menu_posiciones_lang`
  MODIFY `id` int(5) NOT NULL AUTO_INCREMENT, AUTO_INCREMENT=6;

--
-- AUTO_INCREMENT de la tabla `modules`
--
ALTER TABLE `modules`
  MODIFY `id` int(10) NOT NULL AUTO_INCREMENT, AUTO_INCREMENT=87;

--
-- AUTO_INCREMENT de la tabla `modules_attributes`
--
ALTER TABLE `modules_attributes`
  MODIFY `id` int(10) NOT NULL AUTO_INCREMENT, AUTO_INCREMENT=25;

--
-- AUTO_INCREMENT de la tabla `modules_attributes_public`
--
ALTER TABLE `modules_attributes_public`
  MODIFY `id` int(10) NOT NULL AUTO_INCREMENT, AUTO_INCREMENT=29;

--
-- AUTO_INCREMENT de la tabla `modules_lang`
--
ALTER TABLE `modules_lang`
  MODIFY `id` int(10) NOT NULL AUTO_INCREMENT, AUTO_INCREMENT=66;

--
-- AUTO_INCREMENT de la tabla `modules_rel`
--
ALTER TABLE `modules_rel`
  MODIFY `id` int(11) NOT NULL AUTO_INCREMENT;

--
-- AUTO_INCREMENT de la tabla `not_notificaciones`
--
ALTER TABLE `not_notificaciones`
  MODIFY `id` int(5) NOT NULL AUTO_INCREMENT, AUTO_INCREMENT=2;

--
-- AUTO_INCREMENT de la tabla `not_notificaciones_lang`
--
ALTER TABLE `not_notificaciones_lang`
  MODIFY `id` int(5) NOT NULL AUTO_INCREMENT, AUTO_INCREMENT=5;

--
-- AUTO_INCREMENT de la tabla `not_notificaciones_usos`
--
ALTER TABLE `not_notificaciones_usos`
  MODIFY `id` int(5) NOT NULL AUTO_INCREMENT;

--
-- AUTO_INCREMENT de la tabla `not_notificaciones_usos_lang`
--
ALTER TABLE `not_notificaciones_usos_lang`
  MODIFY `id` int(5) NOT NULL AUTO_INCREMENT;

--
-- AUTO_INCREMENT de la tabla `panel_menus`
--
ALTER TABLE `panel_menus`
  MODIFY `id` int(10) NOT NULL AUTO_INCREMENT, AUTO_INCREMENT=9;

--
-- AUTO_INCREMENT de la tabla `panel_menus_lang`
--
ALTER TABLE `panel_menus_lang`
  MODIFY `id` int(10) NOT NULL AUTO_INCREMENT, AUTO_INCREMENT=10;

--
-- AUTO_INCREMENT de la tabla `panel_menu_posiciones`
--
ALTER TABLE `panel_menu_posiciones`
  MODIFY `id` int(5) NOT NULL AUTO_INCREMENT, AUTO_INCREMENT=5;

--
-- AUTO_INCREMENT de la tabla `panel_menu_posiciones_lang`
--
ALTER TABLE `panel_menu_posiciones_lang`
  MODIFY `id` int(5) NOT NULL AUTO_INCREMENT, AUTO_INCREMENT=5;

--
-- AUTO_INCREMENT de la tabla `public_users`
--
ALTER TABLE `public_users`
  MODIFY `id` int(100) NOT NULL AUTO_INCREMENT, AUTO_INCREMENT=7;

--
-- AUTO_INCREMENT de la tabla `public_users_estados`
--
ALTER TABLE `public_users_estados`
  MODIFY `id` int(5) NOT NULL AUTO_INCREMENT, AUTO_INCREMENT=5;

--
-- AUTO_INCREMENT de la tabla `public_users_estados_lang`
--
ALTER TABLE `public_users_estados_lang`
  MODIFY `id` int(5) NOT NULL AUTO_INCREMENT, AUTO_INCREMENT=5;

--
-- AUTO_INCREMENT de la tabla `public_users_mails`
--
ALTER TABLE `public_users_mails`
  MODIFY `id` int(11) NOT NULL AUTO_INCREMENT, AUTO_INCREMENT=953;

--
-- AUTO_INCREMENT de la tabla `public_users_tipos`
--
ALTER TABLE `public_users_tipos`
  MODIFY `id` int(5) NOT NULL AUTO_INCREMENT, AUTO_INCREMENT=6;

--
-- AUTO_INCREMENT de la tabla `public_users_tipos_lang`
--
ALTER TABLE `public_users_tipos_lang`
  MODIFY `id` int(5) NOT NULL AUTO_INCREMENT, AUTO_INCREMENT=6;

--
-- AUTO_INCREMENT de la tabla `sync`
--
ALTER TABLE `sync`
  MODIFY `id` int(10) NOT NULL AUTO_INCREMENT, AUTO_INCREMENT=2;

--
-- AUTO_INCREMENT de la tabla `users`
--
ALTER TABLE `users`
  MODIFY `id` int(100) NOT NULL AUTO_INCREMENT, AUTO_INCREMENT=3;

--
-- AUTO_INCREMENT de la tabla `users_logs`
--
ALTER TABLE `users_logs`
  MODIFY `id` int(10) NOT NULL AUTO_INCREMENT, AUTO_INCREMENT=392;

--
-- AUTO_INCREMENT de la tabla `users_tipos`
--
ALTER TABLE `users_tipos`
  MODIFY `id` int(5) NOT NULL AUTO_INCREMENT, AUTO_INCREMENT=4;

--
-- AUTO_INCREMENT de la tabla `users_tipos_lang`
--
ALTER TABLE `users_tipos_lang`
  MODIFY `id` int(5) NOT NULL AUTO_INCREMENT, AUTO_INCREMENT=4;

--
-- AUTO_INCREMENT de la tabla `vis_visitas`
--
ALTER TABLE `vis_visitas`
  MODIFY `id` int(10) NOT NULL AUTO_INCREMENT;

--
-- Restricciones para tablas volcadas
--

--
-- Filtros para la tabla `def_defines_lang`
--
ALTER TABLE `def_defines_lang`
  ADD CONSTRAINT `def_defines_lang_ibfk_1` FOREIGN KEY (`id_rel`) REFERENCES `def_defines` (`id`) ON DELETE CASCADE;

--
-- Filtros para la tabla `estados_lang`
--
ALTER TABLE `estados_lang`
  ADD CONSTRAINT `estados_lang_ibfk_1` FOREIGN KEY (`id_rel`) REFERENCES `estados` (`id`) ON DELETE CASCADE;

--
-- Filtros para la tabla `menu_posiciones_lang`
--
ALTER TABLE `menu_posiciones_lang`
  ADD CONSTRAINT `menu_posiciones_lang_ibfk_1` FOREIGN KEY (`id_rel`) REFERENCES `menu_posiciones` (`id`) ON DELETE CASCADE;

--
-- Filtros para la tabla `modules_attributes`
--
ALTER TABLE `modules_attributes`
  ADD CONSTRAINT `modules_attributes_ibfk_1` FOREIGN KEY (`id_rel`) REFERENCES `modules` (`id`) ON DELETE CASCADE;

--
-- Filtros para la tabla `modules_attributes_public`
--
ALTER TABLE `modules_attributes_public`
  ADD CONSTRAINT `modules_attributes_public_ibfk_1` FOREIGN KEY (`id_rel`) REFERENCES `modules` (`id`) ON DELETE CASCADE;

--
-- Filtros para la tabla `modules_lang`
--
ALTER TABLE `modules_lang`
  ADD CONSTRAINT `modules_lang_ibfk_1` FOREIGN KEY (`id_rel`) REFERENCES `modules` (`id`) ON DELETE CASCADE;

--
-- Filtros para la tabla `modules_rel`
--
ALTER TABLE `modules_rel`
  ADD CONSTRAINT `modules_rel_ibfk_1` FOREIGN KEY (`id_modulo`) REFERENCES `modules` (`id`) ON DELETE CASCADE,
  ADD CONSTRAINT `modules_rel_ibfk_2` FOREIGN KEY (`id_rel_modulo`) REFERENCES `modules` (`id`) ON DELETE CASCADE;

--
-- Filtros para la tabla `not_notificaciones_usos_lang`
--
ALTER TABLE `not_notificaciones_usos_lang`
  ADD CONSTRAINT `not_notificaciones_usos_lang_ibfk_1` FOREIGN KEY (`id_rel`) REFERENCES `not_notificaciones_usos` (`id`) ON DELETE CASCADE;

--
-- Filtros para la tabla `panel_menus_lang`
--
ALTER TABLE `panel_menus_lang`
  ADD CONSTRAINT `panel_menus_lang_ibfk_1` FOREIGN KEY (`id_rel`) REFERENCES `panel_menus` (`id`) ON DELETE CASCADE;

--
-- Filtros para la tabla `panel_menu_posiciones_lang`
--
ALTER TABLE `panel_menu_posiciones_lang`
  ADD CONSTRAINT `panel_menu_posiciones_lang_ibfk_1` FOREIGN KEY (`id_rel`) REFERENCES `panel_menu_posiciones` (`id`) ON DELETE CASCADE;

--
-- Filtros para la tabla `public_users_estados_lang`
--
ALTER TABLE `public_users_estados_lang`
  ADD CONSTRAINT `public_users_estados_lang_ibfk_1` FOREIGN KEY (`id_rel`) REFERENCES `public_users_estados` (`id`) ON DELETE CASCADE;

--
-- Filtros para la tabla `public_users_mails`
--
ALTER TABLE `public_users_mails`
  ADD CONSTRAINT `public_users_mails_ibfk_1` FOREIGN KEY (`id_user_from`) REFERENCES `public_users` (`id`) ON DELETE CASCADE,
  ADD CONSTRAINT `public_users_mails_ibfk_2` FOREIGN KEY (`id_user_to`) REFERENCES `public_users` (`id`) ON DELETE CASCADE;
COMMIT;

